98.9.27.126 - - [22/Jan/2021:07:36:23 +0000] "GET /file-host/1dc92b49fe03589de7ced923.jpg HTTP/1.1" 200 16201 "https://miaou.dystroy.org/1556?ti_group" "Mozilla/5.0 (Windows NT 10.0; Win64; x64) AppleWebKit/537.36 (KHTML, like Gecko) Chrome/87.0.4280.141 Safari/537.36"
98.9.27.126 - - [22/Jan/2021:07:36:23 +0000] "GET /json/messages/last?n=sd&room=ans HTTP/1.1" 200 5425 "https://miaou.dystroy.org/1556?ti_group" "Mozilla/5.0 (Windows NT 10.0; Win64; x64) AppleWebKit/537.36 (KHTML, like Gecko) Chrome/87.0.4280.141 Safari/537.36"
98.9.27.126 - - [22/Jan/2021:07:36:28 +0000] "GET /json/messages/last?n=a&room=hzm5 HTTP/1.1" 200 831 "https://miaou.dystroy.org/1556?ti_group" "Mozilla/5.0 (Windows NT 10.0; Win64; x64) AppleWebKit/537.36 (KHTML, like Gecko) Chrome/87.0.4280.141 Safari/537.36"
98.9.27.126 - - [22/Jan/2021:07:36:28 +0000] "GET /json/messages/last?n=a&room=xj5b HTTP/1.1" 304 0 "https://miaou.dystroy.org/1556?ti_group" "Mozilla/5.0 (Windows NT 10.0; Win64; x64) AppleWebKit/537.36 (KHTML, like Gecko) Chrome/87.0.4280.141 Safari/537.36"
98.9.27.126 - - [22/Jan/2021:07:36:28 +0000] "GET /json/messages/last?n=a&room=vkhh HTTP/1.1" 304 0 "https://miaou.dystroy.org/1556?ti_group" "Mozilla/5.0 (Windows NT 10.0; Win64; x64) AppleWebKit/537.36 (KHTML, like Gecko) Chrome/87.0.4280.141 Safari/537.36"
98.9.27.126 - - [22/Jan/2021:07:36:28 +0000] "GET /json/messages/last?n=a&room=g HTTP/1.1" 304 0 "https://miaou.dystroy.org/1556?ti_group" "Mozilla/5.0 (Windows NT 10.0; Win64; x64) AppleWebKit/537.36 (KHTML, like Gecko) Chrome/87.0.4280.141 Safari/537.36"
98.9.27.126 - - [22/Jan/2021:07:36:28 +0000] "GET /json/messages/last?n=a&room=b4xf HTTP/1.1" 304 0 "https://miaou.dystroy.org/1556?ti_group" "Mozilla/5.0 (Windows NT 10.0; Win64; x64) AppleWebKit/537.36 (KHTML, like Gecko) Chrome/87.0.4280.141 Safari/537.36"
98.9.27.126 - - [22/Jan/2021:07:36:28 +0000] "GET /json/messages/last?n=a&room=lelv HTTP/1.1" 304 0 "https://miaou.dystroy.org/1556?ti_group" "Mozilla/5.0 (Windows NT 10.0; Win64; x64) AppleWebKit/537.36 (KHTML, like Gecko) Chrome/87.0.4280.141 Safari/537.36"
98.9.27.126 - - [22/Jan/2021:07:36:28 +0000] "GET /json/messages/last?n=a&room=ej89 HTTP/1.1" 304 0 "https://miaou.dystroy.org/1556?ti_group" "Mozilla/5.0 (Windows NT 10.0; Win64; x64) AppleWebKit/537.36 (KHTML, like Gecko) Chrome/87.0.4280.141 Safari/537.36"
98.9.27.126 - - [22/Jan/2021:07:36:28 +0000] "GET /json/messages/last?n=a&room=wg HTTP/1.1" 304 0 "https://miaou.dystroy.org/1556?ti_group" "Mozilla/5.0 (Windows NT 10.0; Win64; x64) AppleWebKit/537.36 (KHTML, like Gecko) Chrome/87.0.4280.141 Safari/537.36"
247.58.227.121 - - [22/Jan/2021:07:36:28 +0000] "GET /socket.io/?EIO=y&transport=xkmoyoi&t=bh27ocl HTTP/1.1" 200 99 "https://miaou.dystroy.org/1616" "Mozilla/5.0 (Linux; Android 10; Redmi Note 9 Pro) AppleWebKit/537.36 (KHTML, like Gecko) Chrome/87.0.4280.141 Mobile Safari/537.36"
98.9.27.126 - - [22/Jan/2021:07:36:28 +0000] "GET /json/messages/last?n=a&room=n5i1 HTTP/1.1" 304 0 "https://miaou.dystroy.org/1556?ti_group" "Mozilla/5.0 (Windows NT 10.0; Win64; x64) AppleWebKit/537.36 (KHTML, like Gecko) Chrome/87.0.4280.141 Safari/537.36"
98.9.27.126 - - [22/Jan/2021:07:36:28 +0000] "GET /json/messages/last?n=a&room=cer HTTP/1.1" 200 665 "https://miaou.dystroy.org/1556?ti_group" "Mozilla/5.0 (Windows NT 10.0; Win64; x64) AppleWebKit/537.36 (KHTML, like Gecko) Chrome/87.0.4280.141 Safari/537.36"
247.58.227.121 - - [22/Jan/2021:07:36:28 +0000] "GET /socket.io/?EIO=y&transport=xkmoyoi&t=6ks3nd2&sid=o48izc6jyqwe9lg96b3n HTTP/1.1" 200 18 "https://miaou.dystroy.org/1616" "Mozilla/5.0 (Linux; Android 10; Redmi Note 9 Pro) AppleWebKit/537.36 (KHTML, like Gecko) Chrome/87.0.4280.141 Mobile Safari/537.36"
247.58.227.121 - - [22/Jan/2021:07:36:28 +0000] "POST /socket.io/?EIO=y&transport=xkmoyoi&t=5exiq6i&sid=o48izc6jyqwe9lg96b3n HTTP/1.1" 200 2 "https://miaou.dystroy.org/1616" "Mozilla/5.0 (Linux; Android 10; Redmi Note 9 Pro) AppleWebKit/537.36 (KHTML, like Gecko) Chrome/87.0.4280.141 Mobile Safari/537.36"
247.58.227.121 - - [22/Jan/2021:07:36:28 +0000] "GET /socket.io/?EIO=y&transport=xkmoyoi&t=otc13tj&sid=o48izc6jyqwe9lg96b3n HTTP/1.1" 200 6400 "https://miaou.dystroy.org/1616" "Mozilla/5.0 (Linux; Android 10; Redmi Note 9 Pro) AppleWebKit/537.36 (KHTML, like Gecko) Chrome/87.0.4280.141 Mobile Safari/537.36"
110.98.50.150 - - [22/Jan/2021:07:36:31 +0000] "GET /json/messages/last?n=a&room=p3a HTTP/1.1" 304 0 "https://miaou.dystroy.org/1556" "Mozilla/5.0 (Windows NT 10.0; Win64; x64) AppleWebKit/537.36 (KHTML, like Gecko) Chrome/87.0.4280.141 Safari/537.36"
247.58.227.121 - - [22/Jan/2021:07:36:34 +0000] "GET /socket.io/?EIO=y&transport=xkmoyoi&t=xmtj59h HTTP/1.1" 200 99 "https://miaou.dystroy.org/1616" "Mozilla/5.0 (Linux; Android 10; Redmi Note 9 Pro) AppleWebKit/537.36 (KHTML, like Gecko) Chrome/87.0.4280.141 Mobile Safari/537.36"
91.110.189.249 - - [22/Jan/2021:07:36:41 +0000] "HEAD / HTTP/1.1" 301 0 "http://www.dystroy.org" "Mozilla/5.0+(compatible; UptimeRobot/2.0; http://www.uptimerobot.com/)"
91.110.189.249 - - [22/Jan/2021:07:36:41 +0000] "HEAD / HTTP/1.1" 200 0 "http://www.dystroy.org" "Mozilla/5.0+(compatible; UptimeRobot/2.0; http://www.uptimerobot.com/)"
53.110.48.71 - - [22/Jan/2021:07:36:52 +0000] "GET /blog/atom.xml HTTP/1.1" 304 0 "-" "Feedbin feed-id:1894033 - 1 subscribers"
247.58.227.121 - - [22/Jan/2021:07:37:03 +0000] "GET /socket.io/?EIO=y&transport=c0qucvma5&sid=o48izc6jyqwe9lg96b3n HTTP/1.1" 101 4427 "-" "Mozilla/5.0 (Linux; Android 10; Redmi Note 9 Pro) AppleWebKit/537.36 (KHTML, like Gecko) Chrome/87.0.4280.141 Mobile Safari/537.36"
247.58.227.121 - - [22/Jan/2021:07:37:04 +0000] "GET /socket.io/?EIO=y&transport=xkmoyoi&t=a3hmqja HTTP/1.1" 200 99 "https://miaou.dystroy.org/1616" "Mozilla/5.0 (Linux; Android 10; Redmi Note 9 Pro) AppleWebKit/537.36 (KHTML, like Gecko) Chrome/87.0.4280.141 Mobile Safari/537.36"
247.58.227.121 - - [22/Jan/2021:07:37:04 +0000] "GET /socket.io/?EIO=y&transport=xkmoyoi&t=jsb04q5&sid=ucets5ban03iycmhtchf HTTP/1.1" 200 18 "https://miaou.dystroy.org/1616" "Mozilla/5.0 (Linux; Android 10; Redmi Note 9 Pro) AppleWebKit/537.36 (KHTML, like Gecko) Chrome/87.0.4280.141 Mobile Safari/537.36"
247.58.227.121 - - [22/Jan/2021:07:37:04 +0000] "POST /socket.io/?EIO=y&transport=xkmoyoi&t=4g4y5p8&sid=ucets5ban03iycmhtchf HTTP/1.1" 200 2 "https://miaou.dystroy.org/1616" "Mozilla/5.0 (Linux; Android 10; Redmi Note 9 Pro) AppleWebKit/537.36 (KHTML, like Gecko) Chrome/87.0.4280.141 Mobile Safari/537.36"
247.58.227.121 - - [22/Jan/2021:07:37:04 +0000] "GET /socket.io/?EIO=y&transport=xkmoyoi&t=v82gye5&sid=ucets5ban03iycmhtchf HTTP/1.1" 200 2750 "https://miaou.dystroy.org/1616" "Mozilla/5.0 (Linux; Android 10; Redmi Note 9 Pro) AppleWebKit/537.36 (KHTML, like Gecko) Chrome/87.0.4280.141 Mobile Safari/537.36"
247.58.227.121 - - [22/Jan/2021:07:37:05 +0000] "GET /socket.io/?EIO=y&transport=xkmoyoi&t=5tntv3a&sid=ucets5ban03iycmhtchf HTTP/1.1" 200 3969 "https://miaou.dystroy.org/1616" "Mozilla/5.0 (Linux; Android 10; Redmi Note 9 Pro) AppleWebKit/537.36 (KHTML, like Gecko) Chrome/87.0.4280.141 Mobile Safari/537.36"
11.174.231.157 - - [22/Jan/2021:07:37:30 +0000] "GET /JSON.prune/JSON.prune.js?_=kfcrlygkg034r HTTP/1.1" 200 5188 "https://schema02.esabora.solutions/" "Mozilla/5.0 (Windows NT 10.0; Win64; x64) AppleWebKit/537.36 (KHTML, like Gecko) Chrome/87.0.4280.141 Safari/537.36"
14.68.31.123 - - [22/Jan/2021:07:37:35 +0000] "GET /gogo/json?action=mf331j19fcfriv57h&asker=ysxhm&name=zu39t40fmocjtnw89opsfvrs6q2kzam64toy7pnm7v9&monsterId=15e32hy HTTP/1.1" 200 103 "https://games.mountyhall.com/mountyhall/MH_Play/Play_vue.php" "Mozilla/5.0 (Windows NT 5.1) AppleWebKit/537.36 (KHTML, like Gecko) Chrome/49.0.2623.112 Safari/537.36"
14.68.31.123 - - [22/Jan/2021:07:37:35 +0000] "GET /gogo/json?action=mf331j19fcfriv57h&asker=ysxhm&name=qko1veewm947wvauie87srus5kprlke6wl&monsterId=norfjth HTTP/1.1" 200 2373 "https://games.mountyhall.com/mountyhall/MH_Play/Play_vue.php" "Mozilla/5.0 (Windows NT 5.1) AppleWebKit/537.36 (KHTML, like Gecko) Chrome/49.0.2623.112 Safari/537.36"
14.68.31.123 - - [22/Jan/2021:07:37:41 +0000] "GET /gogo/json?action=mf331j19fcfriv57h&asker=ysxhm&name=vj3vezm3bu2843z491nfksjv63jw94kvhq8epjhg4o5is8f7xgs79lqup5tsw5ejn3nkavf8t7cti338&monsterId=wzcxrty HTTP/1.1" 200 130 "https://games.mountyhall.com/mountyhall/MH_Play/Play_vue.php" "Mozilla/5.0 (Windows NT 5.1) AppleWebKit/537.36 (KHTML, like Gecko) Chrome/49.0.2623.112 Safari/537.36"
14.68.31.123 - - [22/Jan/2021:07:37:41 +0000] "GET /gogo/json?action=mf331j19fcfriv57h&asker=ysxhm&name=ubdgcvfilmso4qapmd9ppt8pseadfnr718vl1svjy&monsterId=t6s64mk HTTP/1.1" 200 105 "https://games.mountyhall.com/mountyhall/MH_Play/Play_vue.php" "Mozilla/5.0 (Windows NT 5.1) AppleWebKit/537.36 (KHTML, like Gecko) Chrome/49.0.2623.112 Safari/537.36"
56.134.76.62 - - [22/Jan/2021:07:37:46 +0000] "GET /gogo/json?action=bgc6r5eeshp5nu&trollId=vf3k67 HTTP/1.1" 200 85 "https://games.mountyhall.com/" "Mozilla/5.0 (Windows NT 10.0; Win64; x64) AppleWebKit/537.36 (KHTML, like Gecko) Chrome/87.0.4280.141 Safari/537.36"
98.67.97.90 - - [22/Jan/2021:07:37:47 +0000] "GET /json/messages/last?n=a&room=9tpe HTTP/1.1" 200 898 "https://miaou.dystroy.org/1556" "Mozilla/5.0 (Windows NT 10.0; Win64; x64; rv:84.0) Gecko/20100101 Firefox/84.0"
98.67.97.90 - - [22/Jan/2021:07:37:47 +0000] "GET /socket.io/?EIO=y&transport=c0qucvma5&sid=fydgwl0mxrg85dbxeeoq HTTP/1.1" 101 29300 "-" "Mozilla/5.0 (Windows NT 10.0; Win64; x64; rv:84.0) Gecko/20100101 Firefox/84.0"
98.67.97.90 - - [22/Jan/2021:07:37:47 +0000] "GET /1934 HTTP/1.1" 200 6643 "https://miaou.dystroy.org/1556" "Mozilla/5.0 (Windows NT 10.0; Win64; x64; rv:84.0) Gecko/20100101 Firefox/84.0"
98.67.97.90 - - [22/Jan/2021:07:37:47 +0000] "GET /socket.io/socket.io.js HTTP/1.1" 200 68739 "https://miaou.dystroy.org/1934" "Mozilla/5.0 (Windows NT 10.0; Win64; x64; rv:84.0) Gecko/20100101 Firefox/84.0"
98.67.97.90 - - [22/Jan/2021:07:37:48 +0000] "GET /socket.io/?EIO=y&transport=xkmoyoi&t=yxdbupy HTTP/1.1" 200 99 "https://miaou.dystroy.org/1934" "Mozilla/5.0 (Windows NT 10.0; Win64; x64; rv:84.0) Gecko/20100101 Firefox/84.0"
98.67.97.90 - - [22/Jan/2021:07:37:48 +0000] "GET /socket.io/?EIO=y&transport=xkmoyoi&t=vq5oh5k&sid=9k9m718zo6n42rzbqm2r HTTP/1.1" 200 18 "https://miaou.dystroy.org/1934" "Mozilla/5.0 (Windows NT 10.0; Win64; x64; rv:84.0) Gecko/20100101 Firefox/84.0"
98.67.97.90 - - [22/Jan/2021:07:37:48 +0000] "POST /socket.io/?EIO=y&transport=xkmoyoi&t=2v2s7ju&sid=9k9m718zo6n42rzbqm2r HTTP/1.1" 200 2 "https://miaou.dystroy.org/1934" "Mozilla/5.0 (Windows NT 10.0; Win64; x64; rv:84.0) Gecko/20100101 Firefox/84.0"
98.67.97.90 - - [22/Jan/2021:07:37:48 +0000] "GET /socket.io/?EIO=y&transport=xkmoyoi&t=4k0ce4m&sid=9k9m718zo6n42rzbqm2r HTTP/1.1" 200 34 "https://miaou.dystroy.org/1934" "Mozilla/5.0 (Windows NT 10.0; Win64; x64; rv:84.0) Gecko/20100101 Firefox/84.0"
98.67.97.90 - - [22/Jan/2021:07:37:48 +0000] "GET /file-host/728569e2160a6e1a20eea8db.png HTTP/1.1" 200 82788 "https://miaou.dystroy.org/1934" "Mozilla/5.0 (Windows NT 10.0; Win64; x64; rv:84.0) Gecko/20100101 Firefox/84.0"
101.155.243.126 - - [22/Jan/2021:07:37:48 +0000] "GET /4047 HTTP/1.1" 302 126 "-" "Mozilla/5.0 (Windows NT 10.0; Win64; x64; rv:84.0) Gecko/20100101 Firefox/84.0"
101.155.243.126 - - [22/Jan/2021:07:37:49 +0000] "GET /login?room=hxwg HTTP/1.1" 304 0 "-" "Mozilla/5.0 (Windows NT 10.0; Win64; x64; rv:84.0) Gecko/20100101 Firefox/84.0"
174.213.157.153 - - [22/Jan/2021:07:37:52 +0000] "GET /broot/documentation/installation/ HTTP/1.1" 200 12612 "-" "Mozilla/5.0 (Macintosh; U; Intel Mac OS X 10_6_8; en-us) AppleWebKit/534.50 (KHTML, like Gecko) Version/5.1 Safari/534.50 (compatible; BHa2R_bot/2.0; +http://www.bha2r.xyz)"
11.174.231.157 - - [22/Jan/2021:07:37:54 +0000] "GET /JSON.prune/JSON.prune.js?_=i4gzdozeibr6v HTTP/1.1" 200 5188 "https://schema02.esabora.solutions/" "Mozilla/5.0 (Windows NT 10.0; Win64; x64) AppleWebKit/537.36 (KHTML, like Gecko) Chrome/87.0.4280.141 Safari/537.36"
56.134.76.62 - - [22/Jan/2021:07:37:55 +0000] "GET /gogo/json?action=bgc6r5eeshp5nu&asker=vf3k67&trollId=3zn73e HTTP/1.1" 200 85 "https://games.mountyhall.com/" "Mozilla/5.0 (Windows NT 10.0; Win64; x64) AppleWebKit/537.36 (KHTML, like Gecko) Chrome/87.0.4280.141 Safari/537.36"
101.155.243.126 - - [22/Jan/2021:07:37:56 +0000] "GET /auth/reddit HTTP/1.1" 302 0 "https://miaou.dystroy.org/login?room=4047" "Mozilla/5.0 (Windows NT 10.0; Win64; x64; rv:84.0) Gecko/20100101 Firefox/84.0"
56.134.76.62 - - [22/Jan/2021:07:37:57 +0000] "GET /gogo/json?action=mf331j19fcfriv57h&asker=vf3k67&name=c29yoclaowdjlutcyxgqz&monsterId=jvubfp4 HTTP/1.1" 200 2440 "https://games.mountyhall.com/" "Mozilla/5.0 (Windows NT 10.0; Win64; x64) AppleWebKit/537.36 (KHTML, like Gecko) Chrome/87.0.4280.141 Safari/537.36"
56.134.76.62 - - [22/Jan/2021:07:38:00 +0000] "GET /gogo/json?action=mf331j19fcfriv57h&asker=vf3k67&name=sfpxhemwcna93op9l68nmvhwzyurrumd44&monsterId=8wzsqdb HTTP/1.1" 200 2449 "https://games.mountyhall.com/" "Mozilla/5.0 (Windows NT 10.0; Win64; x64) AppleWebKit/537.36 (KHTML, like Gecko) Chrome/87.0.4280.141 Safari/537.36"
247.58.227.121 - - [22/Jan/2021:07:38:01 +0000] "GET /socket.io/?EIO=y&transport=c0qucvma5&sid=ucets5ban03iycmhtchf HTTP/1.1" 101 4429 "-" "Mozilla/5.0 (Linux; Android 10; Redmi Note 9 Pro) AppleWebKit/537.36 (KHTML, like Gecko) Chrome/87.0.4280.141 Mobile Safari/537.36"
56.134.76.62 - - [22/Jan/2021:07:38:02 +0000] "GET /gogo/json?action=mf331j19fcfriv57h&asker=vf3k67&name=z4thh4bwlygjq34qtqcldnw6d7an5ssruvd&monsterId=sko9hkc HTTP/1.1" 200 2748 "https://games.mountyhall.com/" "Mozilla/5.0 (Windows NT 10.0; Win64; x64) AppleWebKit/537.36 (KHTML, like Gecko) Chrome/87.0.4280.141 Safari/537.36"
110.98.50.150 - - [22/Jan/2021:07:38:04 +0000] "GET /json/messages/last?n=sd&room=jo HTTP/1.1" 304 0 "https://miaou.dystroy.org/1556" "Mozilla/5.0 (Windows NT 10.0; Win64; x64) AppleWebKit/537.36 (KHTML, like Gecko) Chrome/87.0.4280.141 Safari/537.36"
87.184.31.84 - - [22/Jan/2021:07:38:06 +0000] "GET /file-host/f82231e6687f52ff8ca3aca0.png HTTP/1.1" 200 171395 "-" "Slack-ImgProxy (+https://api.slack.com/robots)"
14.68.31.123 - - [22/Jan/2021:07:38:08 +0000] "GET /gogo/json?action=mf331j19fcfriv57h&asker=ysxhm&name=wp9zw5xj7gna1oa6pvxqwsuzu&monsterId=awn2uiu HTTP/1.1" 200 2731 "https://games.mountyhall.com/mountyhall/MH_Play/Play_vue.php" "Mozilla/5.0 (Windows NT 5.1) AppleWebKit/537.36 (KHTML, like Gecko) Chrome/49.0.2623.112 Safari/537.36"
101.155.243.126 - - [22/Jan/2021:07:38:10 +0000] "GET /auth/reddit/callback?state=li1e&code=fi5yor4iw8rh405vgvndsvnlyg2qms HTTP/1.1" 302 96 "-" "Mozilla/5.0 (Windows NT 10.0; Win64; x64; rv:84.0) Gecko/20100101 Firefox/84.0"
101.155.243.126 - - [22/Jan/2021:07:38:10 +0000] "GET / HTTP/1.1" 302 106 "https://ssl.reddit.com/api/v1/authorize?duration=permanent&response_type=code&redirect_uri=https%3A%2F%2Fmiaou.dystroy.org%2Fauth%2Freddit%2Fcallback&scope=identity&state=Ohio&client_id=QBS8RqohaLpvgg" "Mozilla/5.0 (Windows NT 10.0; Win64; x64; rv:84.0) Gecko/20100101 Firefox/84.0"
101.155.243.126 - - [22/Jan/2021:07:38:10 +0000] "GET /rooms HTTP/1.1" 200 3006 "https://ssl.reddit.com/api/v1/authorize?duration=permanent&response_type=code&redirect_uri=https%3A%2F%2Fmiaou.dystroy.org%2Fauth%2Freddit%2Fcallback&scope=identity&state=Ohio&client_id=QBS8RqohaLpvgg" "Mozilla/5.0 (Windows NT 10.0; Win64; x64; rv:84.0) Gecko/20100101 Firefox/84.0"
98.67.97.90 - - [22/Jan/2021:07:38:10 +0000] "GET /json/messages/last?n=a&room=ans HTTP/1.1" 200 1723 "https://miaou.dystroy.org/1934" "Mozilla/5.0 (Windows NT 10.0; Win64; x64; rv:84.0) Gecko/20100101 Firefox/84.0"
98.67.97.90 - - [22/Jan/2021:07:38:10 +0000] "GET /socket.io/?EIO=y&transport=c0qucvma5&sid=9k9m718zo6n42rzbqm2r HTTP/1.1" 101 10494 "-" "Mozilla/5.0 (Windows NT 10.0; Win64; x64; rv:84.0) Gecko/20100101 Firefox/84.0"
98.67.97.90 - - [22/Jan/2021:07:38:10 +0000] "GET /622 HTTP/1.1" 200 5846 "https://miaou.dystroy.org/1934" "Mozilla/5.0 (Windows NT 10.0; Win64; x64; rv:84.0) Gecko/20100101 Firefox/84.0"
98.67.97.90 - - [22/Jan/2021:07:38:10 +0000] "GET /socket.io/socket.io.js HTTP/1.1" 304 0 "https://miaou.dystroy.org/622" "Mozilla/5.0 (Windows NT 10.0; Win64; x64; rv:84.0) Gecko/20100101 Firefox/84.0"
56.134.76.62 - - [22/Jan/2021:07:38:11 +0000] "GET /gogo/json?action=mf331j19fcfriv57h&asker=vf3k67&name=klh54xali57aocmgzmq1h177rljjok9lq81uiozrp5xxi9i&monsterId=pzx6xjn HTTP/1.1" 200 105 "https://games.mountyhall.com/" "Mozilla/5.0 (Windows NT 10.0; Win64; x64) AppleWebKit/537.36 (KHTML, like Gecko) Chrome/87.0.4280.141 Safari/537.36"
56.134.76.62 - - [22/Jan/2021:07:38:11 +0000] "GET /gogo/json?action=bgc6r5eeshp5nu&asker=vf3k67&trollId=yecfve HTTP/1.1" 200 85 "https://games.mountyhall.com/" "Mozilla/5.0 (Windows NT 10.0; Win64; x64) AppleWebKit/537.36 (KHTML, like Gecko) Chrome/87.0.4280.141 Safari/537.36"
101.155.243.126 - - [22/Jan/2021:07:38:11 +0000] "GET /4047 HTTP/1.1" 200 5344 "https://miaou.dystroy.org/rooms" "Mozilla/5.0 (Windows NT 10.0; Win64; x64; rv:84.0) Gecko/20100101 Firefox/84.0"
98.67.97.90 - - [22/Jan/2021:07:38:11 +0000] "GET /socket.io/?EIO=y&transport=xkmoyoi&t=mbfsyql HTTP/1.1" 200 99 "https://miaou.dystroy.org/622" "Mozilla/5.0 (Windows NT 10.0; Win64; x64; rv:84.0) Gecko/20100101 Firefox/84.0"
101.155.243.126 - - [22/Jan/2021:07:38:11 +0000] "GET /json/rooms?pattern= HTTP/1.1" 200 7895 "https://miaou.dystroy.org/rooms" "Mozilla/5.0 (Windows NT 10.0; Win64; x64; rv:84.0) Gecko/20100101 Firefox/84.0"
98.67.97.90 - - [22/Jan/2021:07:38:11 +0000] "GET /socket.io/?EIO=y&transport=xkmoyoi&t=76j9hne&sid=5mb4z13e03igt0agfx9i HTTP/1.1" 200 18 "https://miaou.dystroy.org/622" "Mozilla/5.0 (Windows NT 10.0; Win64; x64; rv:84.0) Gecko/20100101 Firefox/84.0"
98.67.97.90 - - [22/Jan/2021:07:38:11 +0000] "POST /socket.io/?EIO=y&transport=xkmoyoi&t=bf5ar9d&sid=5mb4z13e03igt0agfx9i HTTP/1.1" 200 2 "https://miaou.dystroy.org/622" "Mozilla/5.0 (Windows NT 10.0; Win64; x64; rv:84.0) Gecko/20100101 Firefox/84.0"
98.67.97.90 - - [22/Jan/2021:07:38:11 +0000] "GET /socket.io/?EIO=y&transport=xkmoyoi&t=55ngp2v&sid=5mb4z13e03igt0agfx9i HTTP/1.1" 200 34 "https://miaou.dystroy.org/622" "Mozilla/5.0 (Windows NT 10.0; Win64; x64; rv:84.0) Gecko/20100101 Firefox/84.0"
101.155.243.126 - - [22/Jan/2021:07:38:11 +0000] "GET /socket.io/socket.io.js HTTP/1.1" 304 0 "https://miaou.dystroy.org/4047" "Mozilla/5.0 (Windows NT 10.0; Win64; x64; rv:84.0) Gecko/20100101 Firefox/84.0"
98.67.97.90 - - [22/Jan/2021:07:38:11 +0000] "GET /socket.io/?EIO=y&transport=xkmoyoi&t=vja1qaf&sid=5mb4z13e03igt0agfx9i HTTP/1.1" 200 6077 "https://miaou.dystroy.org/622" "Mozilla/5.0 (Windows NT 10.0; Win64; x64; rv:84.0) Gecko/20100101 Firefox/84.0"
98.67.97.90 - - [22/Jan/2021:07:38:11 +0000] "POST /socket.io/?EIO=y&transport=xkmoyoi&t=p9hkya0&sid=5mb4z13e03igt0agfx9i HTTP/1.1" 200 2 "https://miaou.dystroy.org/622" "Mozilla/5.0 (Windows NT 10.0; Win64; x64; rv:84.0) Gecko/20100101 Firefox/84.0"
98.67.97.90 - - [22/Jan/2021:07:38:11 +0000] "GET /socket.io/?EIO=y&transport=xkmoyoi&t=p2lm0fb&sid=5mb4z13e03igt0agfx9i HTTP/1.1" 200 663 "https://miaou.dystroy.org/622" "Mozilla/5.0 (Windows NT 10.0; Win64; x64; rv:84.0) Gecko/20100101 Firefox/84.0"
56.134.76.62 - - [22/Jan/2021:07:38:11 +0000] "GET /gogo/json?action=mf331j19fcfriv57h&asker=vf3k67&name=3ztoucjky8ghsyewwbjzlcpgir35ecc4znu3bj&monsterId=t4ui94b HTTP/1.1" 200 2468 "https://games.mountyhall.com/" "Mozilla/5.0 (Windows NT 10.0; Win64; x64) AppleWebKit/537.36 (KHTML, like Gecko) Chrome/87.0.4280.141 Safari/537.36"
56.134.76.62 - - [22/Jan/2021:07:38:11 +0000] "GET /gogo/json?action=mf331j19fcfriv57h&asker=vf3k67&name=ysrspw4svuxrqfytv1hb6sui7t2qb1j04v42&monsterId=ihxowy5 HTTP/1.1" 200 2772 "https://games.mountyhall.com/" "Mozilla/5.0 (Windows NT 10.0; Win64; x64) AppleWebKit/537.36 (KHTML, like Gecko) Chrome/87.0.4280.141 Safari/537.36"
101.155.243.126 - - [22/Jan/2021:07:38:11 +0000] "GET /socket.io/?EIO=y&transport=xkmoyoi&t=m2au942 HTTP/1.1" 200 99 "https://miaou.dystroy.org/4047" "Mozilla/5.0 (Windows NT 10.0; Win64; x64; rv:84.0) Gecko/20100101 Firefox/84.0"
98.67.97.90 - - [22/Jan/2021:07:38:11 +0000] "GET /json/messages/last?n=a&room=iayh HTTP/1.1" 200 1104 "https://miaou.dystroy.org/622" "Mozilla/5.0 (Windows NT 10.0; Win64; x64; rv:84.0) Gecko/20100101 Firefox/84.0"
101.155.243.126 - - [22/Jan/2021:07:38:11 +0000] "GET /socket.io/?EIO=y&transport=xkmoyoi&t=xf5ogag&sid=lc45xd8sntvno4xq8kmo HTTP/1.1" 200 18 "https://miaou.dystroy.org/4047" "Mozilla/5.0 (Windows NT 10.0; Win64; x64; rv:84.0) Gecko/20100101 Firefox/84.0"
56.134.76.62 - - [22/Jan/2021:07:38:12 +0000] "GET /gogo/json?action=mf331j19fcfriv57h&asker=vf3k67&name=ysrspw4svuxrqfytv1hb6sui7t2qb1j04v42&monsterId=ihxowy5 HTTP/1.1" 200 2772 "https://games.mountyhall.com/" "Mozilla/5.0 (Windows NT 10.0; Win64; x64) AppleWebKit/537.36 (KHTML, like Gecko) Chrome/87.0.4280.141 Safari/537.36"
56.134.76.62 - - [22/Jan/2021:07:38:12 +0000] "GET /gogo/json?action=mf331j19fcfriv57h&asker=vf3k67&name=3ztoucjky8ghsyewwbjzlcpgir35ecc4znu3bj&monsterId=t4ui94b HTTP/1.1" 200 2468 "https://games.mountyhall.com/" "Mozilla/5.0 (Windows NT 10.0; Win64; x64) AppleWebKit/537.36 (KHTML, like Gecko) Chrome/87.0.4280.141 Safari/537.36"
101.155.243.126 - - [22/Jan/2021:07:38:12 +0000] "POST /socket.io/?EIO=y&transport=xkmoyoi&t=eb3o4bp&sid=lc45xd8sntvno4xq8kmo HTTP/1.1" 200 2 "https://miaou.dystroy.org/4047" "Mozilla/5.0 (Windows NT 10.0; Win64; x64; rv:84.0) Gecko/20100101 Firefox/84.0"
101.155.243.126 - - [22/Jan/2021:07:38:12 +0000] "GET /socket.io/?EIO=y&transport=xkmoyoi&t=b4fgxkr&sid=lc45xd8sntvno4xq8kmo HTTP/1.1" 200 34 "https://miaou.dystroy.org/4047" "Mozilla/5.0 (Windows NT 10.0; Win64; x64; rv:84.0) Gecko/20100101 Firefox/84.0"
98.67.97.90 - - [22/Jan/2021:07:38:12 +0000] "GET /json/messages/last?n=a&room=iayh HTTP/1.1" 304 0 "https://miaou.dystroy.org/622" "Mozilla/5.0 (Windows NT 10.0; Win64; x64; rv:84.0) Gecko/20100101 Firefox/84.0"
56.134.76.62 - - [22/Jan/2021:07:38:12 +0000] "GET /gogo/json?action=mf331j19fcfriv57h&asker=vf3k67&name=ysrspw4svuxrqfytv1hb6sui7t2qb1j04v42&monsterId=ihxowy5 HTTP/1.1" 200 2772 "https://games.mountyhall.com/" "Mozilla/5.0 (Windows NT 10.0; Win64; x64) AppleWebKit/537.36 (KHTML, like Gecko) Chrome/87.0.4280.141 Safari/537.36"
98.67.97.90 - - [22/Jan/2021:07:38:14 +0000] "GET /socket.io/?EIO=y&transport=c0qucvma5&sid=5mb4z13e03igt0agfx9i HTTP/1.1" 101 328 "-" "Mozilla/5.0 (Windows NT 10.0; Win64; x64; rv:84.0) Gecko/20100101 Firefox/84.0"
98.67.97.90 - - [22/Jan/2021:07:38:14 +0000] "GET /1556 HTTP/1.1" 200 5341 "https://miaou.dystroy.org/622" "Mozilla/5.0 (Windows NT 10.0; Win64; x64; rv:84.0) Gecko/20100101 Firefox/84.0"
98.67.97.90 - - [22/Jan/2021:07:38:14 +0000] "GET /socket.io/socket.io.js HTTP/1.1" 304 0 "https://miaou.dystroy.org/1556" "Mozilla/5.0 (Windows NT 10.0; Win64; x64; rv:84.0) Gecko/20100101 Firefox/84.0"
98.67.97.90 - - [22/Jan/2021:07:38:15 +0000] "GET /socket.io/?EIO=y&transport=xkmoyoi&t=fxm6d4u HTTP/1.1" 200 99 "https://miaou.dystroy.org/1556" "Mozilla/5.0 (Windows NT 10.0; Win64; x64; rv:84.0) Gecko/20100101 Firefox/84.0"
98.67.97.90 - - [22/Jan/2021:07:38:15 +0000] "GET /socket.io/?EIO=y&transport=xkmoyoi&t=mm21yr3&sid=dp3elauphjr7z1cdbqht HTTP/1.1" 200 18 "https://miaou.dystroy.org/1556" "Mozilla/5.0 (Windows NT 10.0; Win64; x64; rv:84.0) Gecko/20100101 Firefox/84.0"
98.67.97.90 - - [22/Jan/2021:07:38:15 +0000] "POST /socket.io/?EIO=y&transport=xkmoyoi&t=onxo7dn&sid=dp3elauphjr7z1cdbqht HTTP/1.1" 200 2 "https://miaou.dystroy.org/1556" "Mozilla/5.0 (Windows NT 10.0; Win64; x64; rv:84.0) Gecko/20100101 Firefox/84.0"
98.67.97.90 - - [22/Jan/2021:07:38:15 +0000] "GET /socket.io/?EIO=y&transport=xkmoyoi&t=aqkdlxz&sid=dp3elauphjr7z1cdbqht HTTP/1.1" 200 34 "https://miaou.dystroy.org/1556" "Mozilla/5.0 (Windows NT 10.0; Win64; x64; rv:84.0) Gecko/20100101 Firefox/84.0"
98.67.97.90 - - [22/Jan/2021:07:38:15 +0000] "GET /socket.io/?EIO=y&transport=xkmoyoi&t=ok8dojj&sid=dp3elauphjr7z1cdbqht HTTP/1.1" 200 5356 "https://miaou.dystroy.org/1556" "Mozilla/5.0 (Windows NT 10.0; Win64; x64; rv:84.0) Gecko/20100101 Firefox/84.0"
98.67.97.90 - - [22/Jan/2021:07:38:15 +0000] "POST /socket.io/?EIO=y&transport=xkmoyoi&t=hahytzd&sid=dp3elauphjr7z1cdbqht HTTP/1.1" 200 2 "https://miaou.dystroy.org/1556" "Mozilla/5.0 (Windows NT 10.0; Win64; x64; rv:84.0) Gecko/20100101 Firefox/84.0"
98.67.97.90 - - [22/Jan/2021:07:38:15 +0000] "GET /socket.io/?EIO=y&transport=xkmoyoi&t=1vwi2xj&sid=dp3elauphjr7z1cdbqht HTTP/1.1" 200 689 "https://miaou.dystroy.org/1556" "Mozilla/5.0 (Windows NT 10.0; Win64; x64; rv:84.0) Gecko/20100101 Firefox/84.0"
247.58.227.121 - - [22/Jan/2021:07:38:17 +0000] "GET /socket.io/?EIO=y&transport=xkmoyoi&t=sqck2sg HTTP/1.1" 200 99 "https://miaou.dystroy.org/1616" "Mozilla/5.0 (Linux; Android 10; Redmi Note 9 Pro) AppleWebKit/537.36 (KHTML, like Gecko) Chrome/87.0.4280.141 Mobile Safari/537.36"
198.172.153.152 - - [22/Jan/2021:07:38:22 +0000] "GET /json/messages/last?n=a&room=elaa HTTP/1.1" 304 0 "https://miaou.dystroy.org/1556" "Mozilla/5.0 (Macintosh; Intel Mac OS X 10.14; rv:84.0) Gecko/20100101 Firefox/84.0"
198.172.153.152 - - [22/Jan/2021:07:38:22 +0000] "GET /json/messages/last?n=a&room=elaa HTTP/1.1" 304 0 "https://miaou.dystroy.org/1556" "Mozilla/5.0 (Macintosh; Intel Mac OS X 10.14; rv:84.0) Gecko/20100101 Firefox/84.0"
14.68.31.123 - - [22/Jan/2021:07:38:23 +0000] "GET /gogo/json?action=mf331j19fcfriv57h&asker=ysxhm&name=tc8w35afzi9wqo8chpw8f7ab90a71joyye1bdeqlieg4kw0bi32ktu7yftxeg2hochq8sizcnxh89&monsterId=xercuon HTTP/1.1" 200 129 "https://games.mountyhall.com/mountyhall/MH_Play/Play_vue.php" "Mozilla/5.0 (Windows NT 5.1) AppleWebKit/537.36 (KHTML, like Gecko) Chrome/49.0.2623.112 Safari/537.36"
14.68.31.123 - - [22/Jan/2021:07:38:23 +0000] "GET /gogo/json?action=mf331j19fcfriv57h&asker=ysxhm&name=61oi64206z1929tnaejks3wutk8dec06mgyewbuot6nae&monsterId=rv6evg2 HTTP/1.1" 200 2480 "https://games.mountyhall.com/mountyhall/MH_Play/Play_vue.php" "Mozilla/5.0 (Windows NT 5.1) AppleWebKit/537.36 (KHTML, like Gecko) Chrome/49.0.2623.112 Safari/537.36"
14.68.31.123 - - [22/Jan/2021:07:38:23 +0000] "GET /gogo/json?action=mf331j19fcfriv57h&asker=ysxhm&name=z8f49uxjb2vbzwwiji8omj1gmd44ms9ra7qi5psqjxj9k66zsao37&monsterId=956s0vg HTTP/1.1" 200 2667 "https://games.mountyhall.com/mountyhall/MH_Play/Play_vue.php" "Mozilla/5.0 (Windows NT 5.1) AppleWebKit/537.36 (KHTML, like Gecko) Chrome/49.0.2623.112 Safari/537.36"
56.134.76.62 - - [22/Jan/2021:07:38:25 +0000] "GET /gogo/json?action=mf331j19fcfriv57h&asker=vf3k67&name=sfpxhemwcna93op9l68nmvhwzyurrumd44&monsterId=8wzsqdb HTTP/1.1" 200 2449 "https://games.mountyhall.com/" "Mozilla/5.0 (Windows NT 10.0; Win64; x64) AppleWebKit/537.36 (KHTML, like Gecko) Chrome/87.0.4280.141 Safari/537.36"
56.134.76.62 - - [22/Jan/2021:07:38:28 +0000] "GET /gogo/json?action=mf331j19fcfriv57h&asker=vf3k67&name=126jbxiuolybja022c6oc8fb&monsterId=90k06qj HTTP/1.1" 200 2444 "https://games.mountyhall.com/" "Mozilla/5.0 (Windows NT 10.0; Win64; x64) AppleWebKit/537.36 (KHTML, like Gecko) Chrome/87.0.4280.141 Safari/537.36"
14.68.31.123 - - [22/Jan/2021:07:38:30 +0000] "GET /gogo/json?action=mf331j19fcfriv57h&asker=ysxhm&name=s8p0v6pszqrlfqkxlcepvtbt2b07f1jqn12q0zag33lt4nzq611vsex028rp5c75ty57s72lkq7xm98bu9n8myjmc79&monsterId=2fi765t HTTP/1.1" 200 139 "https://games.mountyhall.com/mountyhall/MH_Play/Play_vue.php" "Mozilla/5.0 (Windows NT 5.1) AppleWebKit/537.36 (KHTML, like Gecko) Chrome/49.0.2623.112 Safari/537.36"
14.68.31.123 - - [22/Jan/2021:07:38:30 +0000] "GET /gogo/json?action=mf331j19fcfriv57h&asker=ysxhm&name=vj3vezm3bu2843z491nfksjv63jw94kvhq8epjhg4o5is8f7xgs79lqup5tsw5ejn3nkavf8t7cti338&monsterId=wzcxrty HTTP/1.1" 200 130 "https://games.mountyhall.com/mountyhall/MH_Play/Play_vue.php" "Mozilla/5.0 (Windows NT 5.1) AppleWebKit/537.36 (KHTML, like Gecko) Chrome/49.0.2623.112 Safari/537.36"
14.68.31.123 - - [22/Jan/2021:07:38:30 +0000] "GET /gogo/json?action=bgc6r5eeshp5nu&asker=ysxhm&trollId=rarnaz HTTP/1.1" 200 85 "https://games.mountyhall.com/mountyhall/MH_Play/Play_vue.php" "Mozilla/5.0 (Windows NT 5.1) AppleWebKit/537.36 (KHTML, like Gecko) Chrome/49.0.2623.112 Safari/537.36"
247.58.227.121 - - [22/Jan/2021:07:38:33 +0000] "GET /socket.io/?EIO=y&transport=xkmoyoi&t=3gsmdks&sid=jrjqtvz8mwbywpg0r731 HTTP/1.1" 200 18 "https://miaou.dystroy.org/1616" "Mozilla/5.0 (Linux; Android 10; Redmi Note 9 Pro) AppleWebKit/537.36 (KHTML, like Gecko) Chrome/87.0.4280.141 Mobile Safari/537.36"
112c:a6a:6d8:a208:1f62:dd9b:5001:e4f7 - - [22/Jan/2021:07:38:33 +0000] "GET /socket.io/?EIO=y&transport=xkmoyoi&t=a25grl1 HTTP/1.1" 200 99 "https://miaou.dystroy.org/1309" "Mozilla/5.0 (Windows NT 10.0; Win64; x64) AppleWebKit/537.36 (KHTML, like Gecko) Chrome/87.0.4280.141 Safari/537.36"
247.58.227.121 - - [22/Jan/2021:07:38:33 +0000] "POST /socket.io/?EIO=y&transport=xkmoyoi&t=s1sfy8y&sid=jrjqtvz8mwbywpg0r731 HTTP/1.1" 200 2 "https://miaou.dystroy.org/1616" "Mozilla/5.0 (Linux; Android 10; Redmi Note 9 Pro) AppleWebKit/537.36 (KHTML, like Gecko) Chrome/87.0.4280.141 Mobile Safari/537.36"
247.58.227.121 - - [22/Jan/2021:07:38:33 +0000] "GET /socket.io/?EIO=y&transport=xkmoyoi&t=exr6ntx&sid=jrjqtvz8mwbywpg0r731 HTTP/1.1" 200 6400 "https://miaou.dystroy.org/1616" "Mozilla/5.0 (Linux; Android 10; Redmi Note 9 Pro) AppleWebKit/537.36 (KHTML, like Gecko) Chrome/87.0.4280.141 Mobile Safari/537.36"
112c:a6a:6d8:a208:1f62:dd9b:5001:e4f7 - - [22/Jan/2021:07:38:34 +0000] "GET /socket.io/?EIO=y&transport=xkmoyoi&t=mz7b8yo&sid=tb0w467daorka1vs96ks HTTP/1.1" 200 18 "https://miaou.dystroy.org/1309" "Mozilla/5.0 (Windows NT 10.0; Win64; x64) AppleWebKit/537.36 (KHTML, like Gecko) Chrome/87.0.4280.141 Safari/537.36"
112c:a6a:6d8:a208:1f62:dd9b:5001:e4f7 - - [22/Jan/2021:07:38:34 +0000] "POST /socket.io/?EIO=y&transport=xkmoyoi&t=v8og1lj&sid=tb0w467daorka1vs96ks HTTP/1.1" 200 2 "https://miaou.dystroy.org/1309" "Mozilla/5.0 (Windows NT 10.0; Win64; x64) AppleWebKit/537.36 (KHTML, like Gecko) Chrome/87.0.4280.141 Safari/537.36"
112c:a6a:6d8:a208:1f62:dd9b:5001:e4f7 - - [22/Jan/2021:07:38:34 +0000] "GET /socket.io/?EIO=y&transport=xkmoyoi&t=uzti8of&sid=tb0w467daorka1vs96ks HTTP/1.1" 200 57 "https://miaou.dystroy.org/1309" "Mozilla/5.0 (Windows NT 10.0; Win64; x64) AppleWebKit/537.36 (KHTML, like Gecko) Chrome/87.0.4280.141 Safari/537.36"
56.134.76.62 - - [22/Jan/2021:07:38:35 +0000] "GET /gogo/json?action=mf331j19fcfriv57h&asker=vf3k67&name=12khil2b4a93rs8x5w6n3ojyo52858w7h55cgr&monsterId=0gkos12 HTTP/1.1" 200 2742 "https://games.mountyhall.com/" "Mozilla/5.0 (Windows NT 10.0; Win64; x64) AppleWebKit/537.36 (KHTML, like Gecko) Chrome/87.0.4280.141 Safari/537.36"
56.134.76.62 - - [22/Jan/2021:07:38:36 +0000] "GET /gogo/json?action=mf331j19fcfriv57h&asker=vf3k67&name=sfpxhemwcna93op9l68nmvhwzyurrumd44&monsterId=8wzsqdb HTTP/1.1" 200 2449 "https://games.mountyhall.com/" "Mozilla/5.0 (Windows NT 10.0; Win64; x64) AppleWebKit/537.36 (KHTML, like Gecko) Chrome/87.0.4280.141 Safari/537.36"
56.134.76.62 - - [22/Jan/2021:07:38:36 +0000] "GET /gogo/json?action=mf331j19fcfriv57h&asker=vf3k67&name=126jbxiuolybja022c6oc8fb&monsterId=90k06qj HTTP/1.1" 200 2444 "https://games.mountyhall.com/" "Mozilla/5.0 (Windows NT 10.0; Win64; x64) AppleWebKit/537.36 (KHTML, like Gecko) Chrome/87.0.4280.141 Safari/537.36"
14.68.31.123 - - [22/Jan/2021:07:38:36 +0000] "GET /gogo/json?action=mf331j19fcfriv57h&asker=ysxhm&name=ypp198chs5y0gxtgyvk149dookoei0rznpp9mq3crdkk&monsterId=njlynqq HTTP/1.1" 200 108 "https://games.mountyhall.com/mountyhall/MH_Play/Play_vue.php" "Mozilla/5.0 (Windows NT 5.1) AppleWebKit/537.36 (KHTML, like Gecko) Chrome/49.0.2623.112 Safari/537.36"
98.67.97.90 - - [22/Jan/2021:07:38:37 +0000] "GET /json/messages/last?n=a&room=9tpe HTTP/1.1" 304 0 "https://miaou.dystroy.org/1556" "Mozilla/5.0 (Windows NT 10.0; Win64; x64; rv:84.0) Gecko/20100101 Firefox/84.0"
98.67.97.90 - - [22/Jan/2021:07:38:37 +0000] "GET /json/messages/last?n=a&room=hxwg HTTP/1.1" 200 1155 "https://miaou.dystroy.org/1556" "Mozilla/5.0 (Windows NT 10.0; Win64; x64; rv:84.0) Gecko/20100101 Firefox/84.0"
101.155.243.126 - - [22/Jan/2021:07:38:38 +0000] "GET /json/messages/last?n=0&room=g HTTP/1.1" 200 1452 "https://miaou.dystroy.org/4047" "Mozilla/5.0 (Windows NT 10.0; Win64; x64; rv:84.0) Gecko/20100101 Firefox/84.0"
56.134.76.62 - - [22/Jan/2021:07:38:39 +0000] "GET /gogo/json?action=mf331j19fcfriv57h&asker=vf3k67&name=126jbxiuolybja022c6oc8fb&monsterId=90k06qj HTTP/1.1" 200 2444 "https://games.mountyhall.com/" "Mozilla/5.0 (Windows NT 10.0; Win64; x64) AppleWebKit/537.36 (KHTML, like Gecko) Chrome/87.0.4280.141 Safari/537.36"
110.98.50.150 - - [22/Jan/2021:07:38:40 +0000] "GET /publicProfile?user=8xf&room=iayh HTTP/1.1" 304 0 "https://miaou.dystroy.org/1556" "Mozilla/5.0 (Windows NT 10.0; Win64; x64) AppleWebKit/537.36 (KHTML, like Gecko) Chrome/87.0.4280.141 Safari/537.36"
110.98.50.150 - - [22/Jan/2021:07:38:40 +0000] "GET /json/messages/last?n=a&room=y HTTP/1.1" 304 0 "https://miaou.dystroy.org/1556" "Mozilla/5.0 (Windows NT 10.0; Win64; x64) AppleWebKit/537.36 (KHTML, like Gecko) Chrome/87.0.4280.141 Safari/537.36"
110.98.50.150 - - [22/Jan/2021:07:38:40 +0000] "GET /json/messages/last?n=a&room=041p HTTP/1.1" 304 0 "https://miaou.dystroy.org/1556" "Mozilla/5.0 (Windows NT 10.0; Win64; x64) AppleWebKit/537.36 (KHTML, like Gecko) Chrome/87.0.4280.141 Safari/537.36"
56.134.76.62 - - [22/Jan/2021:07:38:48 +0000] "GET /gogo/json?action=7c1uz2f9flrxff&TrollId=vf3k67&ChrallVersion=9tku HTTP/1.1" 200 65 "https://games.mountyhall.com/" "Mozilla/5.0 (Windows NT 10.0; Win64; x64) AppleWebKit/537.36 (KHTML, like Gecko) Chrome/87.0.4280.141 Safari/537.36"
14.68.31.123 - - [22/Jan/2021:07:38:54 +0000] "GET /gogo/json?action=mf331j19fcfriv57h&asker=ysxhm&name=wp9zw5xj7gna1oa6pvxqwsuzu&monsterId=awn2uiu HTTP/1.1" 200 2731 "https://games.mountyhall.com/mountyhall/MH_Play/Play_vue.php" "Mozilla/5.0 (Windows NT 5.1) AppleWebKit/537.36 (KHTML, like Gecko) Chrome/49.0.2623.112 Safari/537.36"
14.68.31.123 - - [22/Jan/2021:07:38:55 +0000] "GET /gogo/json?action=mf331j19fcfriv57h&asker=ysxhm&name=tc8w35afzi9wqo8chpw8f7ab90a71joyye1bdeqlieg4kw0bi32ktu7yftxeg2hochq8sizcnxh89&monsterId=xercuon HTTP/1.1" 200 129 "https://games.mountyhall.com/mountyhall/MH_Play/Play_vue.php" "Mozilla/5.0 (Windows NT 5.1) AppleWebKit/537.36 (KHTML, like Gecko) Chrome/49.0.2623.112 Safari/537.36"
110.98.50.150 - - [22/Jan/2021:07:38:59 +0000] "GET /json/messages/last?n=a&room=4r7 HTTP/1.1" 304 0 "https://miaou.dystroy.org/1556" "Mozilla/5.0 (Windows NT 10.0; Win64; x64) AppleWebKit/537.36 (KHTML, like Gecko) Chrome/87.0.4280.141 Safari/537.36"
110.98.50.150 - - [22/Jan/2021:07:39:00 +0000] "GET /publicProfile?user=uufk&room=iayh HTTP/1.1" 304 0 "https://miaou.dystroy.org/1556" "Mozilla/5.0 (Windows NT 10.0; Win64; x64) AppleWebKit/537.36 (KHTML, like Gecko) Chrome/87.0.4280.141 Safari/537.36"
108.148.172.228 - - [22/Jan/2021:07:39:07 +0000] "GET /json/messages/last?n=a&room=v8lq HTTP/1.1" 304 0 "https://miaou.dystroy.org/1309?Taverne_Au_coin_du_feu_des_terres_de_Kigard" "Mozilla/5.0 (Windows NT 10.0; Win64; x64; rv:84.0) Gecko/20100101 Firefox/84.0"
14.68.31.123 - - [22/Jan/2021:07:39:11 +0000] "GET /gogo/json?action=mf331j19fcfriv57h&asker=ysxhm&name=tc8w35afzi9wqo8chpw8f7ab90a71joyye1bdeqlieg4kw0bi32ktu7yftxeg2hochq8sizcnxh89&monsterId=xercuon HTTP/1.1" 200 129 "https://games.mountyhall.com/mountyhall/MH_Play/Play_vue.php" "Mozilla/5.0 (Windows NT 5.1) AppleWebKit/537.36 (KHTML, like Gecko) Chrome/49.0.2623.112 Safari/537.36"
28.46.53.144 - - [22/Jan/2021:07:39:18 +0000] "GET /socket.io/?EIO=y&transport=c0qucvma5&sid=wi617arrvolzx4jsv57f HTTP/1.1" 101 29434 "-" "Mozilla/5.0 (Windows NT 6.1; rv:84.0) Gecko/20100101 Firefox/84.0"
28.46.53.144 - - [22/Jan/2021:07:39:19 +0000] "GET /socket.io/?EIO=y&transport=xkmoyoi&t=xwe5b2j HTTP/1.1" 200 99 "https://miaou.dystroy.org/1556" "Mozilla/5.0 (Windows NT 6.1; rv:84.0) Gecko/20100101 Firefox/84.0"
28.46.53.144 - - [22/Jan/2021:07:39:19 +0000] "GET /socket.io/?EIO=y&transport=xkmoyoi&t=07dwf3u&sid=uhnv2whqbw4yci59y0er HTTP/1.1" 200 18 "https://miaou.dystroy.org/1556" "Mozilla/5.0 (Windows NT 6.1; rv:84.0) Gecko/20100101 Firefox/84.0"
28.46.53.144 - - [22/Jan/2021:07:39:19 +0000] "POST /socket.io/?EIO=y&transport=xkmoyoi&t=dk463dr&sid=uhnv2whqbw4yci59y0er HTTP/1.1" 200 2 "https://miaou.dystroy.org/1556" "Mozilla/5.0 (Windows NT 6.1; rv:84.0) Gecko/20100101 Firefox/84.0"
28.46.53.144 - - [22/Jan/2021:07:39:19 +0000] "GET /socket.io/?EIO=y&transport=xkmoyoi&t=5ci20n6&sid=uhnv2whqbw4yci59y0er HTTP/1.1" 200 5433 "https://miaou.dystroy.org/1556" "Mozilla/5.0 (Windows NT 6.1; rv:84.0) Gecko/20100101 Firefox/84.0"
28.46.53.144 - - [22/Jan/2021:07:39:21 +0000] "POST /socket.io/?EIO=y&transport=xkmoyoi&t=glbqmsw&sid=uhnv2whqbw4yci59y0er HTTP/1.1" 200 2 "https://miaou.dystroy.org/1556" "Mozilla/5.0 (Windows NT 6.1; rv:84.0) Gecko/20100101 Firefox/84.0"
28.46.53.144 - - [22/Jan/2021:07:39:21 +0000] "GET /socket.io/?EIO=y&transport=xkmoyoi&t=5dnw3jd&sid=uhnv2whqbw4yci59y0er HTTP/1.1" 200 538 "https://miaou.dystroy.org/1556" "Mozilla/5.0 (Windows NT 6.1; rv:84.0) Gecko/20100101 Firefox/84.0"
57.158.251.196 - - [22/Jan/2021:07:39:21 +0000] "GET /socket.io/?EIO=y&transport=xkmoyoi&t=3eg5k51 HTTP/1.1" 200 99 "https://miaou.dystroy.org/637" "Mozilla/5.0 (Linux; Android 11; Pixel 3a) AppleWebKit/537.36 (KHTML, like Gecko) Chrome/86.0.4240.198 Mobile Safari/537.36"
57.158.251.196 - - [22/Jan/2021:07:39:21 +0000] "GET /socket.io/?EIO=y&transport=xkmoyoi&t=d38t5nc HTTP/1.1" 200 99 "https://miaou.dystroy.org/637" "Mozilla/5.0 (Linux; Android 11; Pixel 3a) AppleWebKit/537.36 (KHTML, like Gecko) Chrome/86.0.4240.198 Mobile Safari/537.36"
28.46.53.144 - - [22/Jan/2021:07:39:21 +0000] "POST /socket.io/?EIO=y&transport=xkmoyoi&t=lzzibrz&sid=uhnv2whqbw4yci59y0er HTTP/1.1" 200 2 "https://miaou.dystroy.org/1556" "Mozilla/5.0 (Windows NT 6.1; rv:84.0) Gecko/20100101 Firefox/84.0"
57.158.251.196 - - [22/Jan/2021:07:39:21 +0000] "GET /socket.io/?EIO=y&transport=xkmoyoi&t=ecpvspv&sid=u8l8s4yembl43usaexay HTTP/1.1" 200 18 "https://miaou.dystroy.org/637" "Mozilla/5.0 (Linux; Android 11; Pixel 3a) AppleWebKit/537.36 (KHTML, like Gecko) Chrome/86.0.4240.198 Mobile Safari/537.36"
28.46.53.144 - - [22/Jan/2021:07:39:21 +0000] "GET /socket.io/?EIO=y&transport=xkmoyoi&t=w29w3g2&sid=uhnv2whqbw4yci59y0er HTTP/1.1" 200 3474 "https://miaou.dystroy.org/1556" "Mozilla/5.0 (Windows NT 6.1; rv:84.0) Gecko/20100101 Firefox/84.0"
57.158.251.196 - - [22/Jan/2021:07:39:21 +0000] "POST /socket.io/?EIO=y&transport=xkmoyoi&t=m8begn3&sid=u8l8s4yembl43usaexay HTTP/1.1" 200 2 "https://miaou.dystroy.org/637" "Mozilla/5.0 (Linux; Android 11; Pixel 3a) AppleWebKit/537.36 (KHTML, like Gecko) Chrome/86.0.4240.198 Mobile Safari/537.36"
57.158.251.196 - - [22/Jan/2021:07:39:21 +0000] "POST /socket.io/?EIO=y&transport=xkmoyoi&t=zmdstwr&sid=u8l8s4yembl43usaexay HTTP/1.1" 200 2 "https://miaou.dystroy.org/637" "Mozilla/5.0 (Linux; Android 11; Pixel 3a) AppleWebKit/537.36 (KHTML, like Gecko) Chrome/86.0.4240.198 Mobile Safari/537.36"
57.158.251.196 - - [22/Jan/2021:07:39:21 +0000] "GET /socket.io/?EIO=y&transport=xkmoyoi&t=5lsvvg3&sid=u8l8s4yembl43usaexay HTTP/1.1" 200 34 "https://miaou.dystroy.org/637" "Mozilla/5.0 (Linux; Android 11; Pixel 3a) AppleWebKit/537.36 (KHTML, like Gecko) Chrome/86.0.4240.198 Mobile Safari/537.36"
56.134.76.62 - - [22/Jan/2021:07:39:26 +0000] "GET /gogo/json?action=mf331j19fcfriv57h&asker=vf3k67&name=aqdh7shthvw92x94h4fn2ucwodo4tny&monsterId=z9bzqzw HTTP/1.1" 200 2775 "https://games.mountyhall.com/" "Mozilla/5.0 (Windows NT 10.0; Win64; x64) AppleWebKit/537.36 (KHTML, like Gecko) Chrome/87.0.4280.141 Safari/537.36"
96.41.81.97 - - [22/Jan/2021:07:39:27 +0000] "GET /gogo/json?action=mf331j19fcfriv57h&asker=wg844m&name=d1rp2lrksywo4p2y50g1xej3bbm4ns214mloqw5vh9s6ic4b&monsterId=jxrpwky HTTP/1.1" 200 114 "https://games.mountyhall.com/" "Mozilla/5.0 (Windows NT 10.0; Win64; x64) AppleWebKit/537.36 (KHTML, like Gecko) Chrome/87.0.4280.141 Safari/537.36"
96.41.81.97 - - [22/Jan/2021:07:39:27 +0000] "GET /gogo/json?action=mf331j19fcfriv57h&asker=wg844m&name=l7iz1eagr5dc4i4c2vwvi2zip25un00uy5ja0vubhu&monsterId=9gdr91d HTTP/1.1" 200 2630 "https://games.mountyhall.com/" "Mozilla/5.0 (Windows NT 10.0; Win64; x64) AppleWebKit/537.36 (KHTML, like Gecko) Chrome/87.0.4280.141 Safari/537.36"
96.41.81.97 - - [22/Jan/2021:07:39:28 +0000] "GET /gogo/json?action=mf331j19fcfriv57h&asker=wg844m&name=qbj018vriww8j92ccz2&monsterId=j23s9cf HTTP/1.1" 200 2445 "https://games.mountyhall.com/" "Mozilla/5.0 (Windows NT 10.0; Win64; x64) AppleWebKit/537.36 (KHTML, like Gecko) Chrome/87.0.4280.141 Safari/537.36"
96.41.81.97 - - [22/Jan/2021:07:39:28 +0000] "GET /gogo/json?action=mf331j19fcfriv57h&asker=wg844m&name=qbj018vriww8j92ccz2&monsterId=j23s9cf HTTP/1.1" 200 2445 "https://games.mountyhall.com/" "Mozilla/5.0 (Windows NT 10.0; Win64; x64) AppleWebKit/537.36 (KHTML, like Gecko) Chrome/87.0.4280.141 Safari/537.36"
96.41.81.97 - - [22/Jan/2021:07:39:28 +0000] "GET /gogo/json?action=mf331j19fcfriv57h&asker=wg844m&name=d1rp2lrksywo4p2y50g1xej3bbm4ns214mloqw5vh9s6ic4b&monsterId=jxrpwky HTTP/1.1" 200 114 "https://games.mountyhall.com/" "Mozilla/5.0 (Windows NT 10.0; Win64; x64) AppleWebKit/537.36 (KHTML, like Gecko) Chrome/87.0.4280.141 Safari/537.36"
96.41.81.97 - - [22/Jan/2021:07:39:29 +0000] "GET /gogo/json?action=mf331j19fcfriv57h&asker=wg844m&name=qbj018vriww8j92ccz2&monsterId=j23s9cf HTTP/1.1" 200 2445 "https://games.mountyhall.com/" "Mozilla/5.0 (Windows NT 10.0; Win64; x64) AppleWebKit/537.36 (KHTML, like Gecko) Chrome/87.0.4280.141 Safari/537.36"
96.41.81.97 - - [22/Jan/2021:07:39:29 +0000] "GET /gogo/json?action=mf331j19fcfriv57h&asker=wg844m&name=l7iz1eagr5dc4i4c2vwvi2zip25un00uy5ja0vubhu&monsterId=9gdr91d HTTP/1.1" 200 2630 "https://games.mountyhall.com/" "Mozilla/5.0 (Windows NT 10.0; Win64; x64) AppleWebKit/537.36 (KHTML, like Gecko) Chrome/87.0.4280.141 Safari/537.36"
96.41.81.97 - - [22/Jan/2021:07:39:30 +0000] "GET /gogo/json?action=mf331j19fcfriv57h&asker=wg844m&name=xezl1hbt1jd2jhhvrtyywa1bhfcm8m7tbw&monsterId=0p00pkm HTTP/1.1" 200 2470 "https://games.mountyhall.com/" "Mozilla/5.0 (Windows NT 10.0; Win64; x64) AppleWebKit/537.36 (KHTML, like Gecko) Chrome/87.0.4280.141 Safari/537.36"
96.41.81.97 - - [22/Jan/2021:07:39:30 +0000] "GET /gogo/json?action=mf331j19fcfriv57h&asker=wg844m&name=q9h09rimu5j41x012ii9phztoy6gnf9ewf7ngtaxq7ducmmrnlvzw&monsterId=tkbg2jr HTTP/1.1" 200 2563 "https://games.mountyhall.com/" "Mozilla/5.0 (Windows NT 10.0; Win64; x64) AppleWebKit/537.36 (KHTML, like Gecko) Chrome/87.0.4280.141 Safari/537.36"
96.41.81.97 - - [22/Jan/2021:07:39:30 +0000] "GET /gogo/json?action=mf331j19fcfriv57h&asker=wg844m&name=e92o1gtu2goj5mobiben8gyygcf9wli2xjkser6jdm8xahp&monsterId=6ta41t9 HTTP/1.1" 200 2573 "https://games.mountyhall.com/" "Mozilla/5.0 (Windows NT 10.0; Win64; x64) AppleWebKit/537.36 (KHTML, like Gecko) Chrome/87.0.4280.141 Safari/537.36"
96.41.81.97 - - [22/Jan/2021:07:39:30 +0000] "GET /gogo/json?action=mf331j19fcfriv57h&asker=wg844m&name=5izubs4i4zyh6wr3k2371v2jx9qcji63w6h9zaqqon52kc9kk13c7zl696owmawy9&monsterId=8mil7xa HTTP/1.1" 200 123 "https://games.mountyhall.com/" "Mozilla/5.0 (Windows NT 10.0; Win64; x64) AppleWebKit/537.36 (KHTML, like Gecko) Chrome/87.0.4280.141 Safari/537.36"
96.41.81.97 - - [22/Jan/2021:07:39:30 +0000] "GET /gogo/json?action=bgc6r5eeshp5nu&asker=wg844m&trollId=xu8nnu HTTP/1.1" 200 85 "https://games.mountyhall.com/" "Mozilla/5.0 (Windows NT 10.0; Win64; x64) AppleWebKit/537.36 (KHTML, like Gecko) Chrome/87.0.4280.141 Safari/537.36"
96.41.81.97 - - [22/Jan/2021:07:39:30 +0000] "GET /gogo/json?action=bgc6r5eeshp5nu&asker=wg844m&trollId=jslee HTTP/1.1" 200 84 "https://games.mountyhall.com/" "Mozilla/5.0 (Windows NT 10.0; Win64; x64) AppleWebKit/537.36 (KHTML, like Gecko) Chrome/87.0.4280.141 Safari/537.36"
96.41.81.97 - - [22/Jan/2021:07:39:30 +0000] "GET /gogo/json?action=mf331j19fcfriv57h&asker=wg844m&name=n6f8liiekqf24pz89lku5t&monsterId=caw0iyc HTTP/1.1" 200 2739 "https://games.mountyhall.com/" "Mozilla/5.0 (Windows NT 10.0; Win64; x64) AppleWebKit/537.36 (KHTML, like Gecko) Chrome/87.0.4280.141 Safari/537.36"
96.41.81.97 - - [22/Jan/2021:07:39:30 +0000] "GET /gogo/json?action=bgc6r5eeshp5nu&asker=wg844m&trollId=xu8nnu HTTP/1.1" 200 85 "https://games.mountyhall.com/" "Mozilla/5.0 (Windows NT 10.0; Win64; x64) AppleWebKit/537.36 (KHTML, like Gecko) Chrome/87.0.4280.141 Safari/537.36"
247.58.227.121 - - [22/Jan/2021:07:39:32 +0000] "GET /socket.io/?EIO=y&transport=c0qucvma5&sid=jrjqtvz8mwbywpg0r731 HTTP/1.1" 101 4632 "-" "Mozilla/5.0 (Linux; Android 10; Redmi Note 9 Pro) AppleWebKit/537.36 (KHTML, like Gecko) Chrome/87.0.4280.141 Mobile Safari/537.36"
96.41.81.97 - - [22/Jan/2021:07:39:35 +0000] "GET /gogo/json?action=mf331j19fcfriv57h&name=06bhxqk6wufipk3j63rtnmkdz6qupt&monsterId=l11w5nv HTTP/1.1" 200 2746 "https://games.mountyhall.com/" "Mozilla/5.0 (Windows NT 10.0; Win64; x64) AppleWebKit/537.36 (KHTML, like Gecko) Chrome/87.0.4280.141 Safari/537.36"
96.41.81.97 - - [22/Jan/2021:07:39:35 +0000] "GET /gogo/json?action=mf331j19fcfriv57h&name=5ggg0oc3hrmo05gw4jap7gmg54mrgz8tue29mchdf&monsterId=u2q6f1h HTTP/1.1" 200 2768 "https://games.mountyhall.com/" "Mozilla/5.0 (Windows NT 10.0; Win64; x64) AppleWebKit/537.36 (KHTML, like Gecko) Chrome/87.0.4280.141 Safari/537.36"
96.41.81.97 - - [22/Jan/2021:07:39:35 +0000] "GET /gogo/json?action=mf331j19fcfriv57h&name=5izubs4i4zyh6wr3k2371v2jx9qcji63w6h9zaqqon52kc9kk13c7zl696owmawy9&monsterId=8mil7xa HTTP/1.1" 200 123 "https://games.mountyhall.com/" "Mozilla/5.0 (Windows NT 10.0; Win64; x64) AppleWebKit/537.36 (KHTML, like Gecko) Chrome/87.0.4280.141 Safari/537.36"
96.41.81.97 - - [22/Jan/2021:07:39:36 +0000] "GET /gogo/json?action=mf331j19fcfriv57h&name=q9h09rimu5j41x012ii9phztoy6gnf9ewf7ngtaxq7ducmmrnlvzw&monsterId=tkbg2jr HTTP/1.1" 200 2563 "https://games.mountyhall.com/" "Mozilla/5.0 (Windows NT 10.0; Win64; x64) AppleWebKit/537.36 (KHTML, like Gecko) Chrome/87.0.4280.141 Safari/537.36"
96.41.81.97 - - [22/Jan/2021:07:39:40 +0000] "GET /gogo/json?action=mf331j19fcfriv57h&name=q9h09rimu5j41x012ii9phztoy6gnf9ewf7ngtaxq7ducmmrnlvzw&monsterId=tkbg2jr HTTP/1.1" 200 2563 "https://games.mountyhall.com/" "Mozilla/5.0 (Windows NT 10.0; Win64; x64) AppleWebKit/537.36 (KHTML, like Gecko) Chrome/87.0.4280.141 Safari/537.36"
96.41.81.97 - - [22/Jan/2021:07:39:40 +0000] "GET /gogo/json?action=mf331j19fcfriv57h&name=q9h09rimu5j41x012ii9phztoy6gnf9ewf7ngtaxq7ducmmrnlvzw&monsterId=tkbg2jr HTTP/1.1" 200 2563 "https://games.mountyhall.com/" "Mozilla/5.0 (Windows NT 10.0; Win64; x64) AppleWebKit/537.36 (KHTML, like Gecko) Chrome/87.0.4280.141 Safari/537.36"
96.41.81.97 - - [22/Jan/2021:07:39:40 +0000] "GET /gogo/json?action=mf331j19fcfriv57h&name=q9h09rimu5j41x012ii9phztoy6gnf9ewf7ngtaxq7ducmmrnlvzw&monsterId=tkbg2jr HTTP/1.1" 200 2563 "https://games.mountyhall.com/" "Mozilla/5.0 (Windows NT 10.0; Win64; x64) AppleWebKit/537.36 (KHTML, like Gecko) Chrome/87.0.4280.141 Safari/537.36"
96.41.81.97 - - [22/Jan/2021:07:39:40 +0000] "GET /gogo/json?action=mf331j19fcfriv57h&name=q9h09rimu5j41x012ii9phztoy6gnf9ewf7ngtaxq7ducmmrnlvzw&monsterId=tkbg2jr HTTP/1.1" 200 2563 "https://games.mountyhall.com/" "Mozilla/5.0 (Windows NT 10.0; Win64; x64) AppleWebKit/537.36 (KHTML, like Gecko) Chrome/87.0.4280.141 Safari/537.36"
14.68.31.123 - - [22/Jan/2021:07:39:43 +0000] "GET /gogo/json?action=mf331j19fcfriv57h&asker=ysxhm&name=z3fk0wq1ymc948t68o62w97cntoo70ie6u7o4m4o81j&monsterId=ngyw8q0 HTTP/1.1" 200 103 "https://games.mountyhall.com/mountyhall/MH_Play/Play_vue.php" "Mozilla/5.0 (Windows NT 5.1) AppleWebKit/537.36 (KHTML, like Gecko) Chrome/49.0.2623.112 Safari/537.36"
14.68.31.123 - - [22/Jan/2021:07:39:43 +0000] "GET /gogo/json?action=mf331j19fcfriv57h&asker=ysxhm&name=h8bf5mjdw3qzu1hw3hxqylw8giz5fj804gp&monsterId=zsvph2e HTTP/1.1" 200 103 "https://games.mountyhall.com/mountyhall/MH_Play/Play_vue.php" "Mozilla/5.0 (Windows NT 5.1) AppleWebKit/537.36 (KHTML, like Gecko) Chrome/49.0.2623.112 Safari/537.36"
14.68.31.123 - - [22/Jan/2021:07:39:43 +0000] "GET /gogo/json?action=mf331j19fcfriv57h&asker=ysxhm&name=zu39t40fmocjtnw89opsfvrs6q2kzam64toy7pnm7v9&monsterId=15e32hy HTTP/1.1" 200 103 "https://games.mountyhall.com/mountyhall/MH_Play/Play_vue.php" "Mozilla/5.0 (Windows NT 5.1) AppleWebKit/537.36 (KHTML, like Gecko) Chrome/49.0.2623.112 Safari/537.36"
14.68.31.123 - - [22/Jan/2021:07:39:43 +0000] "GET /gogo/json?action=bgc6r5eeshp5nu&asker=ysxhm&trollId=rarnaz HTTP/1.1" 200 85 "https://games.mountyhall.com/mountyhall/MH_Play/Play_vue.php" "Mozilla/5.0 (Windows NT 5.1) AppleWebKit/537.36 (KHTML, like Gecko) Chrome/49.0.2623.112 Safari/537.36"
96.41.81.97 - - [22/Jan/2021:07:39:49 +0000] "GET /gogo/json?action=mf331j19fcfriv57h&asker=wg844m&name=n6f8liiekqf24pz89lku5t&monsterId=caw0iyc HTTP/1.1" 200 2739 "https://games.mountyhall.com/" "Mozilla/5.0 (Windows NT 10.0; Win64; x64) AppleWebKit/537.36 (KHTML, like Gecko) Chrome/87.0.4280.141 Safari/537.36"
96.41.81.97 - - [22/Jan/2021:07:39:49 +0000] "GET /gogo/json?action=bgc6r5eeshp5nu&asker=wg844m&trollId=xu8nnu HTTP/1.1" 200 85 "https://games.mountyhall.com/" "Mozilla/5.0 (Windows NT 10.0; Win64; x64) AppleWebKit/537.36 (KHTML, like Gecko) Chrome/87.0.4280.141 Safari/537.36"
96.41.81.97 - - [22/Jan/2021:07:39:49 +0000] "GET /gogo/json?action=mf331j19fcfriv57h&asker=wg844m&name=cbepn0ojophcpp63mi6rlbxr9qauzj7vs8p9cvnqt09l1b&monsterId=dq1r2fk HTTP/1.1" 200 2792 "https://games.mountyhall.com/" "Mozilla/5.0 (Windows NT 10.0; Win64; x64) AppleWebKit/537.36 (KHTML, like Gecko) Chrome/87.0.4280.141 Safari/537.36"
