28.46.53.144 - - [22/Jan/2021:08:12:05 +0000] "GET /json/messages/last?n=a&room=jo HTTP/1.1" 200 1143 "https://miaou.dystroy.org/3836" "Mozilla/5.0 (Windows NT 6.1; rv:84.0) Gecko/20100101 Firefox/84.0"
28.46.53.144 - - [22/Jan/2021:08:12:06 +0000] "GET /json/messages/last?n=a&room=jo HTTP/1.1" 200 1143 "https://miaou.dystroy.org/3836" "Mozilla/5.0 (Windows NT 6.1; rv:84.0) Gecko/20100101 Firefox/84.0"
28.46.53.144 - - [22/Jan/2021:08:12:07 +0000] "GET /json/messages/last?n=a&room=jo HTTP/1.1" 200 1143 "https://miaou.dystroy.org/3836" "Mozilla/5.0 (Windows NT 6.1; rv:84.0) Gecko/20100101 Firefox/84.0"
28.46.53.144 - - [22/Jan/2021:08:12:08 +0000] "GET /socket.io/?EIO=y&transport=c0qucvma5&sid=e9h9j259ss832t1ypuaf HTTP/1.1" 101 22078 "-" "Mozilla/5.0 (Windows NT 6.1; rv:84.0) Gecko/20100101 Firefox/84.0"
28.46.53.144 - - [22/Jan/2021:08:12:11 +0000] "GET /socket.io/?EIO=y&transport=xkmoyoi&t=9qogl58 HTTP/1.1" 200 99 "https://miaou.dystroy.org/12" "Mozilla/5.0 (Windows NT 6.1; rv:84.0) Gecko/20100101 Firefox/84.0"
28.46.53.144 - - [22/Jan/2021:08:12:12 +0000] "GET /socket.io/?EIO=y&transport=xkmoyoi&t=49lrmcl&sid=61o3kop1e55wv1epawst HTTP/1.1" 200 18 "https://miaou.dystroy.org/12" "Mozilla/5.0 (Windows NT 6.1; rv:84.0) Gecko/20100101 Firefox/84.0"
28.46.53.144 - - [22/Jan/2021:08:12:12 +0000] "GET /socket.io/?EIO=y&transport=xkmoyoi&t=ewhqpse&sid=61o3kop1e55wv1epawst HTTP/1.1" 200 3 "https://miaou.dystroy.org/12" "Mozilla/5.0 (Windows NT 6.1; rv:84.0) Gecko/20100101 Firefox/84.0"
61e3:f08:a7f:95e8:1cba:8117:79f:1a6f - - [22/Jan/2021:08:12:17 +0000] "GET /gogo/json?action=7c1uz2f9flrxff&TrollId=avy242&ChrallVersion=9tku HTTP/1.1" 200 65 "https://games.mountyhall.com/" "Mozilla/5.0 (Windows NT 10.0; Win64; x64) AppleWebKit/537.36 (KHTML, like Gecko) Chrome/87.0.4280.141 Safari/537.36"
65.213.137.36 - - [22/Jan/2021:08:12:18 +0000] "POST /socket.io/?EIO=y&transport=xkmoyoi&t=hhcx2qj&sid=c8ifzlzokfrxlxvpnd0y HTTP/1.1" 400 52 "https://miaou.dystroy.org/2444" "Mozilla/5.0 (Linux; Android 8.1.0; Moto G (5)) AppleWebKit/537.36 (KHTML, like Gecko) Chrome/87.0.4280.101 Mobile Safari/537.36"
65.213.137.36 - - [22/Jan/2021:08:12:18 +0000] "GET /socket.io/?EIO=y&transport=xkmoyoi&t=2duftlx&sid=c8ifzlzokfrxlxvpnd0y HTTP/1.1" 400 52 "https://miaou.dystroy.org/2444" "Mozilla/5.0 (Linux; Android 8.1.0; Moto G (5)) AppleWebKit/537.36 (KHTML, like Gecko) Chrome/87.0.4280.101 Mobile Safari/537.36"
65.213.137.36 - - [22/Jan/2021:08:12:18 +0000] "POST /socket.io/?EIO=y&transport=xkmoyoi&t=szzcn5u&sid=c8ifzlzokfrxlxvpnd0y HTTP/1.1" 400 52 "https://miaou.dystroy.org/2444" "Mozilla/5.0 (Linux; Android 8.1.0; Moto G (5)) AppleWebKit/537.36 (KHTML, like Gecko) Chrome/87.0.4280.101 Mobile Safari/537.36"
40.205.208.119 - - [22/Jan/2021:08:12:19 +0000] "POST /sciz-webhook HTTP/1.1" 200 0 "-" "python-requests/2.21.0"
718a:47b:fb6:384a:cdc3:abef:afd9:5d62 - - [22/Jan/2021:08:12:24 +0000] "GET /json/messages/last?n=a&room=mte5 HTTP/1.1" 304 0 "https://miaou.dystroy.org/3728" "Mozilla/5.0 (Windows NT 10.0; Win64; x64; rv:84.0) Gecko/20100101 Firefox/84.0"
61e3:f08:a7f:95e8:1cba:8117:79f:1a6f - - [22/Jan/2021:08:12:25 +0000] "GET /gogo/json?action=bgc6r5eeshp5nu&asker=avy242&trollId=efgome HTTP/1.1" 200 85 "https://games.mountyhall.com/" "Mozilla/5.0 (Windows NT 10.0; Win64; x64) AppleWebKit/537.36 (KHTML, like Gecko) Chrome/87.0.4280.141 Safari/537.36"
61e3:f08:a7f:95e8:1cba:8117:79f:1a6f - - [22/Jan/2021:08:12:25 +0000] "GET /gogo/json?action=mf331j19fcfriv57h&asker=avy242&name=itm8f1e6puq0ptnlkcipqzjkoqekmf92x15f6wgtk8gsczjdaxxe61i&monsterId=98t5qmu HTTP/1.1" 200 2386 "https://games.mountyhall.com/" "Mozilla/5.0 (Windows NT 10.0; Win64; x64) AppleWebKit/537.36 (KHTML, like Gecko) Chrome/87.0.4280.141 Safari/537.36"
61e3:f08:a7f:95e8:1cba:8117:79f:1a6f - - [22/Jan/2021:08:12:25 +0000] "GET /gogo/json?action=bgc6r5eeshp5nu&asker=avy242&trollId=efgome HTTP/1.1" 200 85 "https://games.mountyhall.com/" "Mozilla/5.0 (Windows NT 10.0; Win64; x64) AppleWebKit/537.36 (KHTML, like Gecko) Chrome/87.0.4280.141 Safari/537.36"
61e3:f08:a7f:95e8:1cba:8117:79f:1a6f - - [22/Jan/2021:08:12:27 +0000] "GET /gogo/json?action=bgc6r5eeshp5nu&trollId=411w1w HTTP/1.1" 200 85 "https://games.mountyhall.com/" "Mozilla/5.0 (Windows NT 10.0; Win64; x64) AppleWebKit/537.36 (KHTML, like Gecko) Chrome/87.0.4280.141 Safari/537.36"
61e3:f08:a7f:95e8:1cba:8117:79f:1a6f - - [22/Jan/2021:08:12:32 +0000] "GET /gogo/json?action=7c1uz2f9flrxff&TrollId=avy242&ChrallVersion=9tku HTTP/1.1" 200 65 "https://games.mountyhall.com/" "Mozilla/5.0 (Windows NT 10.0; Win64; x64) AppleWebKit/537.36 (KHTML, like Gecko) Chrome/87.0.4280.141 Safari/537.36"
40.205.208.119 - - [22/Jan/2021:08:12:34 +0000] "POST /sciz-webhook HTTP/1.1" 200 0 "-" "python-requests/2.21.0"
61e3:f08:a7f:95e8:1cba:8117:79f:1a6f - - [22/Jan/2021:08:12:39 +0000] "GET /gogo/json?action=mf331j19fcfriv57h&asker=avy242&name=lgice9jq7bf5ijflia42xgwpoy5uyxaqj74ygd2m8beeewzced5jiwqa&monsterId=o5lksex HTTP/1.1" 200 110 "https://games.mountyhall.com/" "Mozilla/5.0 (Windows NT 10.0; Win64; x64) AppleWebKit/537.36 (KHTML, like Gecko) Chrome/87.0.4280.141 Safari/537.36"
61e3:f08:a7f:95e8:1cba:8117:79f:1a6f - - [22/Jan/2021:08:12:39 +0000] "GET /gogo/json?action=mf331j19fcfriv57h&asker=avy242&name=skicnmwd8gpaf7temijyzn82tb8gdriv7tsdgodvj0nx&monsterId=fnysyir HTTP/1.1" 200 104 "https://games.mountyhall.com/" "Mozilla/5.0 (Windows NT 10.0; Win64; x64) AppleWebKit/537.36 (KHTML, like Gecko) Chrome/87.0.4280.141 Safari/537.36"
61e3:f08:a7f:95e8:1cba:8117:79f:1a6f - - [22/Jan/2021:08:12:39 +0000] "GET /gogo/json?action=mf331j19fcfriv57h&asker=avy242&name=e92o1gtu2goj5mobiben8gyygcf9wli2xjkser6jdm8xahp&monsterId=44s74we HTTP/1.1" 200 2573 "https://games.mountyhall.com/" "Mozilla/5.0 (Windows NT 10.0; Win64; x64) AppleWebKit/537.36 (KHTML, like Gecko) Chrome/87.0.4280.141 Safari/537.36"
61e3:f08:a7f:95e8:1cba:8117:79f:1a6f - - [22/Jan/2021:08:12:39 +0000] "GET /gogo/json?action=mf331j19fcfriv57h&asker=avy242&name=awfj9qodcoifvrcg8a4s8w8pca1xjciw0&monsterId=ru14yim HTTP/1.1" 200 101 "https://games.mountyhall.com/" "Mozilla/5.0 (Windows NT 10.0; Win64; x64) AppleWebKit/537.36 (KHTML, like Gecko) Chrome/87.0.4280.141 Safari/537.36"
61e3:f08:a7f:95e8:1cba:8117:79f:1a6f - - [22/Jan/2021:08:12:40 +0000] "GET /gogo/json?action=mf331j19fcfriv57h&asker=avy242&name=awfj9qodcoifvrcg8a4s8w8pca1xjciw0&monsterId=ru14yim HTTP/1.1" 200 101 "https://games.mountyhall.com/" "Mozilla/5.0 (Windows NT 10.0; Win64; x64) AppleWebKit/537.36 (KHTML, like Gecko) Chrome/87.0.4280.141 Safari/537.36"
61e3:f08:a7f:95e8:1cba:8117:79f:1a6f - - [22/Jan/2021:08:12:41 +0000] "GET /gogo/json?action=bgc6r5eeshp5nu&asker=avy242&trollId=411w1w HTTP/1.1" 200 85 "https://games.mountyhall.com/" "Mozilla/5.0 (Windows NT 10.0; Win64; x64) AppleWebKit/537.36 (KHTML, like Gecko) Chrome/87.0.4280.141 Safari/537.36"
61e3:f08:a7f:95e8:1cba:8117:79f:1a6f - - [22/Jan/2021:08:12:41 +0000] "GET /gogo/json?action=bgc6r5eeshp5nu&asker=avy242&trollId=gvn69 HTTP/1.1" 200 84 "https://games.mountyhall.com/" "Mozilla/5.0 (Windows NT 10.0; Win64; x64) AppleWebKit/537.36 (KHTML, like Gecko) Chrome/87.0.4280.141 Safari/537.36"
61e3:f08:a7f:95e8:1cba:8117:79f:1a6f - - [22/Jan/2021:08:12:41 +0000] "GET /gogo/json?action=bgc6r5eeshp5nu&asker=avy242&trollId=8hrf HTTP/1.1" 200 83 "https://games.mountyhall.com/" "Mozilla/5.0 (Windows NT 10.0; Win64; x64) AppleWebKit/537.36 (KHTML, like Gecko) Chrome/87.0.4280.141 Safari/537.36"
61e3:f08:a7f:95e8:1cba:8117:79f:1a6f - - [22/Jan/2021:08:12:41 +0000] "GET /gogo/json?action=bgc6r5eeshp5nu&asker=avy242&trollId=gvn69 HTTP/1.1" 200 84 "https://games.mountyhall.com/" "Mozilla/5.0 (Windows NT 10.0; Win64; x64) AppleWebKit/537.36 (KHTML, like Gecko) Chrome/87.0.4280.141 Safari/537.36"
61e3:f08:a7f:95e8:1cba:8117:79f:1a6f - - [22/Jan/2021:08:12:41 +0000] "GET /gogo/json?action=bgc6r5eeshp5nu&asker=avy242&trollId=411w1w HTTP/1.1" 200 85 "https://games.mountyhall.com/" "Mozilla/5.0 (Windows NT 10.0; Win64; x64) AppleWebKit/537.36 (KHTML, like Gecko) Chrome/87.0.4280.141 Safari/537.36"
61e3:f08:a7f:95e8:1cba:8117:79f:1a6f - - [22/Jan/2021:08:12:41 +0000] "GET /gogo/json?action=mf331j19fcfriv57h&asker=avy242&name=rqmxc19vbncoe2iq8lgy8s8of&monsterId=w0xu4qb HTTP/1.1" 200 2453 "https://games.mountyhall.com/" "Mozilla/5.0 (Windows NT 10.0; Win64; x64) AppleWebKit/537.36 (KHTML, like Gecko) Chrome/87.0.4280.141 Safari/537.36"
61e3:f08:a7f:95e8:1cba:8117:79f:1a6f - - [22/Jan/2021:08:12:41 +0000] "GET /gogo/json?action=mf331j19fcfriv57h&asker=avy242&name=f2ebcnky69h67rpkwn10tjjfi&monsterId=nqzaurn HTTP/1.1" 200 2451 "https://games.mountyhall.com/" "Mozilla/5.0 (Windows NT 10.0; Win64; x64) AppleWebKit/537.36 (KHTML, like Gecko) Chrome/87.0.4280.141 Safari/537.36"
61e3:f08:a7f:95e8:1cba:8117:79f:1a6f - - [22/Jan/2021:08:12:41 +0000] "GET /gogo/json?action=mf331j19fcfriv57h&asker=avy242&name=8tz1jofeix2phuagybougvjxbab1e5p27gl6aco1rk3&monsterId=xx8k4rx HTTP/1.1" 200 2374 "https://games.mountyhall.com/" "Mozilla/5.0 (Windows NT 10.0; Win64; x64) AppleWebKit/537.36 (KHTML, like Gecko) Chrome/87.0.4280.141 Safari/537.36"
61e3:f08:a7f:95e8:1cba:8117:79f:1a6f - - [22/Jan/2021:08:12:41 +0000] "GET /gogo/json?action=mf331j19fcfriv57h&asker=avy242&name=8tz1jofeix2phuagybougvjxbab1e5p27gl6aco1rk3&monsterId=qtid1h0 HTTP/1.1" 200 2374 "https://games.mountyhall.com/" "Mozilla/5.0 (Windows NT 10.0; Win64; x64) AppleWebKit/537.36 (KHTML, like Gecko) Chrome/87.0.4280.141 Safari/537.36"
61e3:f08:a7f:95e8:1cba:8117:79f:1a6f - - [22/Jan/2021:08:12:41 +0000] "GET /gogo/json?action=mf331j19fcfriv57h&asker=avy242&name=0qupi47ro502xbz7lhpwvl2fgekuz71lued81&monsterId=nkl93wm HTTP/1.1" 200 2460 "https://games.mountyhall.com/" "Mozilla/5.0 (Windows NT 10.0; Win64; x64) AppleWebKit/537.36 (KHTML, like Gecko) Chrome/87.0.4280.141 Safari/537.36"
61e3:f08:a7f:95e8:1cba:8117:79f:1a6f - - [22/Jan/2021:08:12:41 +0000] "GET /gogo/json?action=mf331j19fcfriv57h&asker=avy242&name=e92o1gtu2goj5mobiben8gyygcf9wli2xjkser6jdm8xahp&monsterId=44s74we HTTP/1.1" 200 2573 "https://games.mountyhall.com/" "Mozilla/5.0 (Windows NT 10.0; Win64; x64) AppleWebKit/537.36 (KHTML, like Gecko) Chrome/87.0.4280.141 Safari/537.36"
61e3:f08:a7f:95e8:1cba:8117:79f:1a6f - - [22/Jan/2021:08:12:41 +0000] "GET /gogo/json?action=mf331j19fcfriv57h&asker=avy242&name=skicnmwd8gpaf7temijyzn82tb8gdriv7tsdgodvj0nx&monsterId=fnysyir HTTP/1.1" 200 104 "https://games.mountyhall.com/" "Mozilla/5.0 (Windows NT 10.0; Win64; x64) AppleWebKit/537.36 (KHTML, like Gecko) Chrome/87.0.4280.141 Safari/537.36"
61e3:f08:a7f:95e8:1cba:8117:79f:1a6f - - [22/Jan/2021:08:12:42 +0000] "GET /gogo/json?action=mf331j19fcfriv57h&asker=avy242&name=e92o1gtu2goj5mobiben8gyygcf9wli2xjkser6jdm8xahp&monsterId=44s74we HTTP/1.1" 200 2573 "https://games.mountyhall.com/" "Mozilla/5.0 (Windows NT 10.0; Win64; x64) AppleWebKit/537.36 (KHTML, like Gecko) Chrome/87.0.4280.141 Safari/537.36"
61e3:f08:a7f:95e8:1cba:8117:79f:1a6f - - [22/Jan/2021:08:12:42 +0000] "GET /gogo/json?action=mf331j19fcfriv57h&asker=avy242&name=0qupi47ro502xbz7lhpwvl2fgekuz71lued81&monsterId=nkl93wm HTTP/1.1" 200 2460 "https://games.mountyhall.com/" "Mozilla/5.0 (Windows NT 10.0; Win64; x64) AppleWebKit/537.36 (KHTML, like Gecko) Chrome/87.0.4280.141 Safari/537.36"
28.46.53.144 - - [22/Jan/2021:08:12:43 +0000] "GET /socket.io/?EIO=y&transport=xkmoyoi&t=955qszt HTTP/1.1" 200 99 "https://miaou.dystroy.org/12" "Mozilla/5.0 (Windows NT 6.1; rv:84.0) Gecko/20100101 Firefox/84.0"
28.46.53.144 - - [22/Jan/2021:08:12:43 +0000] "GET /socket.io/?EIO=y&transport=xkmoyoi&t=yxgeboq&sid=5w6n9njzvc30wkxmzejs HTTP/1.1" 200 18 "https://miaou.dystroy.org/12" "Mozilla/5.0 (Windows NT 6.1; rv:84.0) Gecko/20100101 Firefox/84.0"
28.46.53.144 - - [22/Jan/2021:08:12:43 +0000] "POST /socket.io/?EIO=y&transport=xkmoyoi&t=rgxy7gz&sid=5w6n9njzvc30wkxmzejs HTTP/1.1" 200 2 "https://miaou.dystroy.org/12" "Mozilla/5.0 (Windows NT 6.1; rv:84.0) Gecko/20100101 Firefox/84.0"
28.46.53.144 - - [22/Jan/2021:08:12:43 +0000] "GET /socket.io/?EIO=y&transport=xkmoyoi&t=b97c6gn&sid=5w6n9njzvc30wkxmzejs HTTP/1.1" 200 6518 "https://miaou.dystroy.org/12" "Mozilla/5.0 (Windows NT 6.1; rv:84.0) Gecko/20100101 Firefox/84.0"
28.46.53.144 - - [22/Jan/2021:08:12:43 +0000] "POST /socket.io/?EIO=y&transport=xkmoyoi&t=vz2v57y&sid=5w6n9njzvc30wkxmzejs HTTP/1.1" 200 2 "https://miaou.dystroy.org/12" "Mozilla/5.0 (Windows NT 6.1; rv:84.0) Gecko/20100101 Firefox/84.0"
28.46.53.144 - - [22/Jan/2021:08:12:43 +0000] "GET /socket.io/?EIO=y&transport=xkmoyoi&t=c9pqdtr&sid=5w6n9njzvc30wkxmzejs HTTP/1.1" 200 88 "https://miaou.dystroy.org/12" "Mozilla/5.0 (Windows NT 6.1; rv:84.0) Gecko/20100101 Firefox/84.0"
61e3:f08:a7f:95e8:1cba:8117:79f:1a6f - - [22/Jan/2021:08:12:45 +0000] "GET /gogo/json?action=mf331j19fcfriv57h&asker=avy242&name=rqmxc19vbncoe2iq8lgy8s8of&monsterId=w0xu4qb HTTP/1.1" 200 2453 "https://games.mountyhall.com/" "Mozilla/5.0 (Windows NT 10.0; Win64; x64) AppleWebKit/537.36 (KHTML, like Gecko) Chrome/87.0.4280.141 Safari/537.36"
61e3:f08:a7f:95e8:1cba:8117:79f:1a6f - - [22/Jan/2021:08:12:45 +0000] "GET /gogo/json?action=mf331j19fcfriv57h&asker=avy242&name=8tz1jofeix2phuagybougvjxbab1e5p27gl6aco1rk3&monsterId=xx8k4rx HTTP/1.1" 200 2374 "https://games.mountyhall.com/" "Mozilla/5.0 (Windows NT 10.0; Win64; x64) AppleWebKit/537.36 (KHTML, like Gecko) Chrome/87.0.4280.141 Safari/537.36"
61e3:f08:a7f:95e8:1cba:8117:79f:1a6f - - [22/Jan/2021:08:12:45 +0000] "GET /gogo/json?action=mf331j19fcfriv57h&asker=avy242&name=8tz1jofeix2phuagybougvjxbab1e5p27gl6aco1rk3&monsterId=qtid1h0 HTTP/1.1" 200 2374 "https://games.mountyhall.com/" "Mozilla/5.0 (Windows NT 10.0; Win64; x64) AppleWebKit/537.36 (KHTML, like Gecko) Chrome/87.0.4280.141 Safari/537.36"
61e3:f08:a7f:95e8:1cba:8117:79f:1a6f - - [22/Jan/2021:08:12:45 +0000] "GET /gogo/json?action=mf331j19fcfriv57h&asker=avy242&name=e92o1gtu2goj5mobiben8gyygcf9wli2xjkser6jdm8xahp&monsterId=44s74we HTTP/1.1" 200 2573 "https://games.mountyhall.com/" "Mozilla/5.0 (Windows NT 10.0; Win64; x64) AppleWebKit/537.36 (KHTML, like Gecko) Chrome/87.0.4280.141 Safari/537.36"
61e3:f08:a7f:95e8:1cba:8117:79f:1a6f - - [22/Jan/2021:08:12:45 +0000] "GET /gogo/json?action=mf331j19fcfriv57h&asker=avy242&name=skicnmwd8gpaf7temijyzn82tb8gdriv7tsdgodvj0nx&monsterId=fnysyir HTTP/1.1" 200 104 "https://games.mountyhall.com/" "Mozilla/5.0 (Windows NT 10.0; Win64; x64) AppleWebKit/537.36 (KHTML, like Gecko) Chrome/87.0.4280.141 Safari/537.36"
61e3:f08:a7f:95e8:1cba:8117:79f:1a6f - - [22/Jan/2021:08:12:45 +0000] "GET /gogo/json?action=mf331j19fcfriv57h&asker=avy242&name=skicnmwd8gpaf7temijyzn82tb8gdriv7tsdgodvj0nx&monsterId=fnysyir HTTP/1.1" 200 104 "https://games.mountyhall.com/" "Mozilla/5.0 (Windows NT 10.0; Win64; x64) AppleWebKit/537.36 (KHTML, like Gecko) Chrome/87.0.4280.141 Safari/537.36"
61e3:f08:a7f:95e8:1cba:8117:79f:1a6f - - [22/Jan/2021:08:12:46 +0000] "GET /gogo/json?action=mf331j19fcfriv57h&asker=avy242&name=e92o1gtu2goj5mobiben8gyygcf9wli2xjkser6jdm8xahp&monsterId=44s74we HTTP/1.1" 200 2573 "https://games.mountyhall.com/" "Mozilla/5.0 (Windows NT 10.0; Win64; x64) AppleWebKit/537.36 (KHTML, like Gecko) Chrome/87.0.4280.141 Safari/537.36"
61e3:f08:a7f:95e8:1cba:8117:79f:1a6f - - [22/Jan/2021:08:12:46 +0000] "GET /gogo/json?action=mf331j19fcfriv57h&asker=avy242&name=skicnmwd8gpaf7temijyzn82tb8gdriv7tsdgodvj0nx&monsterId=fnysyir HTTP/1.1" 200 104 "https://games.mountyhall.com/" "Mozilla/5.0 (Windows NT 10.0; Win64; x64) AppleWebKit/537.36 (KHTML, like Gecko) Chrome/87.0.4280.141 Safari/537.36"
61e3:f08:a7f:95e8:1cba:8117:79f:1a6f - - [22/Jan/2021:08:12:46 +0000] "GET /gogo/json?action=mf331j19fcfriv57h&asker=avy242&name=e92o1gtu2goj5mobiben8gyygcf9wli2xjkser6jdm8xahp&monsterId=44s74we HTTP/1.1" 200 2573 "https://games.mountyhall.com/" "Mozilla/5.0 (Windows NT 10.0; Win64; x64) AppleWebKit/537.36 (KHTML, like Gecko) Chrome/87.0.4280.141 Safari/537.36"
61e3:f08:a7f:95e8:1cba:8117:79f:1a6f - - [22/Jan/2021:08:12:46 +0000] "GET /gogo/json?action=mf331j19fcfriv57h&asker=avy242&name=awfj9qodcoifvrcg8a4s8w8pca1xjciw0&monsterId=ru14yim HTTP/1.1" 200 101 "https://games.mountyhall.com/" "Mozilla/5.0 (Windows NT 10.0; Win64; x64) AppleWebKit/537.36 (KHTML, like Gecko) Chrome/87.0.4280.141 Safari/537.36"
28.46.53.144 - - [22/Jan/2021:08:12:48 +0000] "GET /socket.io/?EIO=y&transport=c0qucvma5&sid=61o3kop1e55wv1epawst HTTP/1.1" 101 10 "-" "Mozilla/5.0 (Windows NT 6.1; rv:84.0) Gecko/20100101 Firefox/84.0"
22.205.194.252 - - [22/Jan/2021:08:12:55 +0000] "GET /gogo/json?action=mf331j19fcfriv57h&name=jbhk7m1b4hqg8rf7rpxjimuigjqoe4eormtu77s1wjelsy&monsterId=clidajc HTTP/1.1" 200 2764 "https://games.mountyhall.com/" "Mozilla/5.0 (Windows NT 10.0; Win64; x64) AppleWebKit/537.36 (KHTML, like Gecko) Chrome/87.0.4280.141 Safari/537.36"
22.205.194.252 - - [22/Jan/2021:08:12:56 +0000] "GET /gogo/json?action=mf331j19fcfriv57h&name=y5k01gl9noofj4c7wqw3nt4lvibrrt1xta7x5ag117z92&monsterId=l2cse4a HTTP/1.1" 200 109 "https://games.mountyhall.com/" "Mozilla/5.0 (Windows NT 10.0; Win64; x64) AppleWebKit/537.36 (KHTML, like Gecko) Chrome/87.0.4280.141 Safari/537.36"
22.205.194.252 - - [22/Jan/2021:08:12:56 +0000] "GET /gogo/json?action=mf331j19fcfriv57h&name=y5k01gl9noofj4c7wqw3nt4lvibrrt1xta7x5ag117z92&monsterId=l2cse4a HTTP/1.1" 200 109 "https://games.mountyhall.com/" "Mozilla/5.0 (Windows NT 10.0; Win64; x64) AppleWebKit/537.36 (KHTML, like Gecko) Chrome/87.0.4280.141 Safari/537.36"
22.205.194.252 - - [22/Jan/2021:08:12:56 +0000] "GET /gogo/json?action=mf331j19fcfriv57h&name=y5k01gl9noofj4c7wqw3nt4lvibrrt1xta7x5ag117z92&monsterId=l2cse4a HTTP/1.1" 200 109 "https://games.mountyhall.com/" "Mozilla/5.0 (Windows NT 10.0; Win64; x64) AppleWebKit/537.36 (KHTML, like Gecko) Chrome/87.0.4280.141 Safari/537.36"
22.205.194.252 - - [22/Jan/2021:08:12:57 +0000] "GET /gogo/json?action=mf331j19fcfriv57h&name=y5k01gl9noofj4c7wqw3nt4lvibrrt1xta7x5ag117z92&monsterId=l2cse4a HTTP/1.1" 200 109 "https://games.mountyhall.com/" "Mozilla/5.0 (Windows NT 10.0; Win64; x64) AppleWebKit/537.36 (KHTML, like Gecko) Chrome/87.0.4280.141 Safari/537.36"
22.205.194.252 - - [22/Jan/2021:08:13:08 +0000] "GET /gogo/json?action=mf331j19fcfriv57h&name=y5k01gl9noofj4c7wqw3nt4lvibrrt1xta7x5ag117z92&monsterId=l2cse4a HTTP/1.1" 200 109 "https://games.mountyhall.com/" "Mozilla/5.0 (Windows NT 10.0; Win64; x64) AppleWebKit/537.36 (KHTML, like Gecko) Chrome/87.0.4280.141 Safari/537.36"
28.46.53.144 - - [22/Jan/2021:08:13:09 +0000] "GET /3836 HTTP/1.1" 200 4780 "https://miaou.dystroy.org/rooms" "Mozilla/5.0 (Windows NT 6.1; rv:84.0) Gecko/20100101 Firefox/84.0"
12.146.12.185 - - [22/Jan/2021:08:13:09 +0000] "GET /publicProfile?user=7re&room=skbd HTTP/1.1" 304 0 "https://miaou.dystroy.org/3728" "Mozilla/5.0 (Windows NT 10.0; Win64; x64) AppleWebKit/537.36 (KHTML, like Gecko) Chrome/87.0.4280.141 Safari/537.36"
28.46.53.144 - - [22/Jan/2021:08:13:10 +0000] "GET /socket.io/socket.io.js HTTP/1.1" 304 0 "https://miaou.dystroy.org/3836" "Mozilla/5.0 (Windows NT 6.1; rv:84.0) Gecko/20100101 Firefox/84.0"
28.46.53.144 - - [22/Jan/2021:08:13:10 +0000] "GET /socket.io/?EIO=y&transport=xkmoyoi&t=q0s36mg HTTP/1.1" 200 99 "https://miaou.dystroy.org/1556" "Mozilla/5.0 (Windows NT 6.1; rv:84.0) Gecko/20100101 Firefox/84.0"
12.146.12.185 - - [22/Jan/2021:08:13:10 +0000] "GET /json/rooms?pattern= HTTP/1.1" 200 10419 "https://miaou.dystroy.org/3728" "Mozilla/5.0 (Windows NT 10.0; Win64; x64) AppleWebKit/537.36 (KHTML, like Gecko) Chrome/87.0.4280.141 Safari/537.36"
28.46.53.144 - - [22/Jan/2021:08:13:10 +0000] "GET /socket.io/?EIO=y&transport=xkmoyoi&t=fpvz3y4&sid=uqhp0s22stedxemgvxh7 HTTP/1.1" 200 18 "https://miaou.dystroy.org/1556" "Mozilla/5.0 (Windows NT 6.1; rv:84.0) Gecko/20100101 Firefox/84.0"
28.46.53.144 - - [22/Jan/2021:08:13:10 +0000] "POST /socket.io/?EIO=y&transport=xkmoyoi&t=eye1se5&sid=uqhp0s22stedxemgvxh7 HTTP/1.1" 200 2 "https://miaou.dystroy.org/1556" "Mozilla/5.0 (Windows NT 6.1; rv:84.0) Gecko/20100101 Firefox/84.0"
28.46.53.144 - - [22/Jan/2021:08:13:10 +0000] "GET /socket.io/?EIO=y&transport=xkmoyoi&t=naeua84&sid=uqhp0s22stedxemgvxh7 HTTP/1.1" 200 207 "https://miaou.dystroy.org/1556" "Mozilla/5.0 (Windows NT 6.1; rv:84.0) Gecko/20100101 Firefox/84.0"
28.46.53.144 - - [22/Jan/2021:08:13:10 +0000] "GET /socket.io/?EIO=y&transport=xkmoyoi&t=14zxq3r&sid=uqhp0s22stedxemgvxh7 HTTP/1.1" 200 5421 "https://miaou.dystroy.org/1556" "Mozilla/5.0 (Windows NT 6.1; rv:84.0) Gecko/20100101 Firefox/84.0"
28.46.53.144 - - [22/Jan/2021:08:13:10 +0000] "GET /socket.io/?EIO=y&transport=xkmoyoi&t=dabn3sa HTTP/1.1" 200 99 "https://miaou.dystroy.org/3836" "Mozilla/5.0 (Windows NT 6.1; rv:84.0) Gecko/20100101 Firefox/84.0"
28.46.53.144 - - [22/Jan/2021:08:13:11 +0000] "GET /file-host/f7d2fe99d4c6e3972754a679.png HTTP/1.1" 304 0 "https://miaou.dystroy.org/3836" "Mozilla/5.0 (Windows NT 6.1; rv:84.0) Gecko/20100101 Firefox/84.0"
28.46.53.144 - - [22/Jan/2021:08:13:11 +0000] "GET /file-host/876ab796b3991f4bcb2ebda9.png HTTP/1.1" 304 0 "https://miaou.dystroy.org/3836" "Mozilla/5.0 (Windows NT 6.1; rv:84.0) Gecko/20100101 Firefox/84.0"
28.46.53.144 - - [22/Jan/2021:08:13:11 +0000] "GET /socket.io/?EIO=y&transport=xkmoyoi&t=p8ofmyn&sid=pjqqpn2l581cb1pubifw HTTP/1.1" 200 18 "https://miaou.dystroy.org/3836" "Mozilla/5.0 (Windows NT 6.1; rv:84.0) Gecko/20100101 Firefox/84.0"
28.46.53.144 - - [22/Jan/2021:08:13:11 +0000] "POST /socket.io/?EIO=y&transport=xkmoyoi&t=xrikpgo&sid=uqhp0s22stedxemgvxh7 HTTP/1.1" 200 2 "https://miaou.dystroy.org/1556" "Mozilla/5.0 (Windows NT 6.1; rv:84.0) Gecko/20100101 Firefox/84.0"
28.46.53.144 - - [22/Jan/2021:08:13:11 +0000] "GET /socket.io/?EIO=y&transport=xkmoyoi&t=ooccj6o&sid=uqhp0s22stedxemgvxh7 HTTP/1.1" 200 564 "https://miaou.dystroy.org/1556" "Mozilla/5.0 (Windows NT 6.1; rv:84.0) Gecko/20100101 Firefox/84.0"
28.46.53.144 - - [22/Jan/2021:08:13:11 +0000] "GET /socket.io/?EIO=y&transport=xkmoyoi&t=gu5wg5y&sid=pjqqpn2l581cb1pubifw HTTP/1.1" 200 23 "https://miaou.dystroy.org/3836" "Mozilla/5.0 (Windows NT 6.1; rv:84.0) Gecko/20100101 Firefox/84.0"
28.46.53.144 - - [22/Jan/2021:08:13:11 +0000] "POST /socket.io/?EIO=y&transport=xkmoyoi&t=0da8skg&sid=pjqqpn2l581cb1pubifw HTTP/1.1" 200 2 "https://miaou.dystroy.org/3836" "Mozilla/5.0 (Windows NT 6.1; rv:84.0) Gecko/20100101 Firefox/84.0"
28.46.53.144 - - [22/Jan/2021:08:13:12 +0000] "GET /socket.io/?EIO=y&transport=xkmoyoi&t=pj9q2wt&sid=pjqqpn2l581cb1pubifw HTTP/1.1" 200 3702 "https://miaou.dystroy.org/3836" "Mozilla/5.0 (Windows NT 6.1; rv:84.0) Gecko/20100101 Firefox/84.0"
40.205.208.119 - - [22/Jan/2021:08:13:13 +0000] "POST /sciz-webhook HTTP/1.1" 200 0 "-" "python-requests/2.21.0"
12.146.12.185 - - [22/Jan/2021:08:13:14 +0000] "POST /error HTTP/1.1" 200 2 "https://miaou.dystroy.org/3728" "Mozilla/5.0 (Windows NT 10.0; Win64; x64) AppleWebKit/537.36 (KHTML, like Gecko) Chrome/87.0.4280.141 Safari/537.36"
12.146.12.185 - - [22/Jan/2021:08:13:14 +0000] "GET /1260?SpaceBullet HTTP/1.1" 200 4986 "https://miaou.dystroy.org/3728" "Mozilla/5.0 (Windows NT 10.0; Win64; x64) AppleWebKit/537.36 (KHTML, like Gecko) Chrome/87.0.4280.141 Safari/537.36"
12.146.12.185 - - [22/Jan/2021:08:13:14 +0000] "GET /socket.io/?EIO=y&transport=c0qucvma5&sid=n3a81ich1obn3jhecrt2 HTTP/1.1" 101 6599 "-" "Mozilla/5.0 (Windows NT 10.0; Win64; x64) AppleWebKit/537.36 (KHTML, like Gecko) Chrome/87.0.4280.141 Safari/537.36"
12.146.12.185 - - [22/Jan/2021:08:13:14 +0000] "GET /socket.io/socket.io.js HTTP/1.1" 304 0 "https://miaou.dystroy.org/1260?SpaceBullet" "Mozilla/5.0 (Windows NT 10.0; Win64; x64) AppleWebKit/537.36 (KHTML, like Gecko) Chrome/87.0.4280.141 Safari/537.36"
12.146.12.185 - - [22/Jan/2021:08:13:14 +0000] "GET /socket.io/?EIO=y&transport=xkmoyoi&t=xx6zc7x HTTP/1.1" 200 99 "https://miaou.dystroy.org/1260?SpaceBullet" "Mozilla/5.0 (Windows NT 10.0; Win64; x64) AppleWebKit/537.36 (KHTML, like Gecko) Chrome/87.0.4280.141 Safari/537.36"
12.146.12.185 - - [22/Jan/2021:08:13:14 +0000] "GET /socket.io/?EIO=y&transport=xkmoyoi&t=1iosxpj&sid=9whd7m204r40e41abcmf HTTP/1.1" 200 18 "https://miaou.dystroy.org/1260?SpaceBullet" "Mozilla/5.0 (Windows NT 10.0; Win64; x64) AppleWebKit/537.36 (KHTML, like Gecko) Chrome/87.0.4280.141 Safari/537.36"
12.146.12.185 - - [22/Jan/2021:08:13:14 +0000] "POST /socket.io/?EIO=y&transport=xkmoyoi&t=a88exxf&sid=9whd7m204r40e41abcmf HTTP/1.1" 200 2 "https://miaou.dystroy.org/1260?SpaceBullet" "Mozilla/5.0 (Windows NT 10.0; Win64; x64) AppleWebKit/537.36 (KHTML, like Gecko) Chrome/87.0.4280.141 Safari/537.36"
12.146.12.185 - - [22/Jan/2021:08:13:14 +0000] "GET /socket.io/?EIO=y&transport=xkmoyoi&t=tzh5ty1&sid=9whd7m204r40e41abcmf HTTP/1.1" 200 34 "https://miaou.dystroy.org/1260?SpaceBullet" "Mozilla/5.0 (Windows NT 10.0; Win64; x64) AppleWebKit/537.36 (KHTML, like Gecko) Chrome/87.0.4280.141 Safari/537.36"
12.146.12.185 - - [22/Jan/2021:08:13:15 +0000] "GET /socket.io/?EIO=y&transport=xkmoyoi&t=sn931zm&sid=9whd7m204r40e41abcmf HTTP/1.1" 200 3654 "https://miaou.dystroy.org/1260?SpaceBullet" "Mozilla/5.0 (Windows NT 10.0; Win64; x64) AppleWebKit/537.36 (KHTML, like Gecko) Chrome/87.0.4280.141 Safari/537.36"
12.146.12.185 - - [22/Jan/2021:08:13:15 +0000] "POST /socket.io/?EIO=y&transport=xkmoyoi&t=n17wq4y&sid=9whd7m204r40e41abcmf HTTP/1.1" 200 2 "https://miaou.dystroy.org/1260?SpaceBullet" "Mozilla/5.0 (Windows NT 10.0; Win64; x64) AppleWebKit/537.36 (KHTML, like Gecko) Chrome/87.0.4280.141 Safari/537.36"
12.146.12.185 - - [22/Jan/2021:08:13:15 +0000] "GET /socket.io/?EIO=y&transport=xkmoyoi&t=330dwat&sid=9whd7m204r40e41abcmf HTTP/1.1" 200 463 "https://miaou.dystroy.org/1260?SpaceBullet" "Mozilla/5.0 (Windows NT 10.0; Win64; x64) AppleWebKit/537.36 (KHTML, like Gecko) Chrome/87.0.4280.141 Safari/537.36"
12.146.12.185 - - [22/Jan/2021:08:13:20 +0000] "GET /12?Mountyhall HTTP/1.1" 200 5756 "https://miaou.dystroy.org/1260?SpaceBullet" "Mozilla/5.0 (Windows NT 10.0; Win64; x64) AppleWebKit/537.36 (KHTML, like Gecko) Chrome/87.0.4280.141 Safari/537.36"
12.146.12.185 - - [22/Jan/2021:08:13:20 +0000] "GET /socket.io/?EIO=y&transport=c0qucvma5&sid=9whd7m204r40e41abcmf HTTP/1.1" 101 208 "-" "Mozilla/5.0 (Windows NT 10.0; Win64; x64) AppleWebKit/537.36 (KHTML, like Gecko) Chrome/87.0.4280.141 Safari/537.36"
12.146.12.185 - - [22/Jan/2021:08:13:20 +0000] "GET /socket.io/socket.io.js HTTP/1.1" 304 0 "https://miaou.dystroy.org/12?Mountyhall" "Mozilla/5.0 (Windows NT 10.0; Win64; x64) AppleWebKit/537.36 (KHTML, like Gecko) Chrome/87.0.4280.141 Safari/537.36"
12.146.12.185 - - [22/Jan/2021:08:13:21 +0000] "GET /socket.io/?EIO=y&transport=xkmoyoi&t=0u9kb52 HTTP/1.1" 200 99 "https://miaou.dystroy.org/12?Mountyhall" "Mozilla/5.0 (Windows NT 10.0; Win64; x64) AppleWebKit/537.36 (KHTML, like Gecko) Chrome/87.0.4280.141 Safari/537.36"
12.146.12.185 - - [22/Jan/2021:08:13:21 +0000] "GET /socket.io/?EIO=y&transport=xkmoyoi&t=mhnh7hj&sid=4a698ude6blpw0nfay3f HTTP/1.1" 200 18 "https://miaou.dystroy.org/12?Mountyhall" "Mozilla/5.0 (Windows NT 10.0; Win64; x64) AppleWebKit/537.36 (KHTML, like Gecko) Chrome/87.0.4280.141 Safari/537.36"
12.146.12.185 - - [22/Jan/2021:08:13:21 +0000] "POST /socket.io/?EIO=y&transport=xkmoyoi&t=agxptx6&sid=4a698ude6blpw0nfay3f HTTP/1.1" 200 2 "https://miaou.dystroy.org/12?Mountyhall" "Mozilla/5.0 (Windows NT 10.0; Win64; x64) AppleWebKit/537.36 (KHTML, like Gecko) Chrome/87.0.4280.141 Safari/537.36"
12.146.12.185 - - [22/Jan/2021:08:13:21 +0000] "GET /socket.io/?EIO=y&transport=xkmoyoi&t=fbwynue&sid=4a698ude6blpw0nfay3f HTTP/1.1" 200 207 "https://miaou.dystroy.org/12?Mountyhall" "Mozilla/5.0 (Windows NT 10.0; Win64; x64) AppleWebKit/537.36 (KHTML, like Gecko) Chrome/87.0.4280.141 Safari/537.36"
12.146.12.185 - - [22/Jan/2021:08:13:21 +0000] "GET /socket.io/?EIO=y&transport=xkmoyoi&t=o70se9d&sid=4a698ude6blpw0nfay3f HTTP/1.1" 200 6413 "https://miaou.dystroy.org/12?Mountyhall" "Mozilla/5.0 (Windows NT 10.0; Win64; x64) AppleWebKit/537.36 (KHTML, like Gecko) Chrome/87.0.4280.141 Safari/537.36"
12.146.12.185 - - [22/Jan/2021:08:13:22 +0000] "GET /json/external-link-preview?url=mdj90rsgviqm5cksup07xzsdjtqk59s8jlbjjcp768yt60e396ab3rm7w3zeigcso6o6i2p1navowmyki6q87j8r3pbs812b6rhsufcbw HTTP/1.1" 304 0 "https://miaou.dystroy.org/12?Mountyhall" "Mozilla/5.0 (Windows NT 10.0; Win64; x64) AppleWebKit/537.36 (KHTML, like Gecko) Chrome/87.0.4280.141 Safari/537.36"
28.46.53.144 - - [22/Jan/2021:08:13:27 +0000] "GET /file-host/501388d9c22cf92ba0a8b51e.jpg HTTP/1.1" 304 0 "https://miaou.dystroy.org/3836" "Mozilla/5.0 (Windows NT 6.1; rv:84.0) Gecko/20100101 Firefox/84.0"
28.46.53.144 - - [22/Jan/2021:08:13:27 +0000] "POST /socket.io/?EIO=y&transport=xkmoyoi&t=rsd8oxh&sid=pjqqpn2l581cb1pubifw HTTP/1.1" 200 2 "https://miaou.dystroy.org/3836" "Mozilla/5.0 (Windows NT 6.1; rv:84.0) Gecko/20100101 Firefox/84.0"
28.46.53.144 - - [22/Jan/2021:08:13:27 +0000] "GET /socket.io/?EIO=y&transport=xkmoyoi&t=8k8cmd8&sid=pjqqpn2l581cb1pubifw HTTP/1.1" 200 564 "https://miaou.dystroy.org/3836" "Mozilla/5.0 (Windows NT 6.1; rv:84.0) Gecko/20100101 Firefox/84.0"
28.46.53.144 - - [22/Jan/2021:08:13:28 +0000] "GET /socket.io/?EIO=y&transport=c0qucvma5&sid=pjqqpn2l581cb1pubifw HTTP/1.1" 101 10 "-" "Mozilla/5.0 (Windows NT 6.1; rv:84.0) Gecko/20100101 Firefox/84.0"
28.46.53.144 - - [22/Jan/2021:08:13:28 +0000] "GET /file-host/91f90b9a78a868ec32d9394b.jpg HTTP/1.1" 304 0 "https://miaou.dystroy.org/3836" "Mozilla/5.0 (Windows NT 6.1; rv:84.0) Gecko/20100101 Firefox/84.0"
77.223.140.69 - - [22/Jan/2021:08:13:28 +0000] "GET /socket.io/?EIO=y&transport=c0qucvma5&sid=o2ue3xmpdqajuzjz25nf HTTP/1.1" 101 9072 "-" "Mozilla/5.0 (Linux; Android 10; Redmi Note 7) AppleWebKit/537.36 (KHTML, like Gecko) Chrome/87.0.4280.101 Mobile Safari/537.36"
28.46.53.144 - - [22/Jan/2021:08:13:29 +0000] "GET /socket.io/?EIO=y&transport=xkmoyoi&t=b6z9pyy HTTP/1.1" 200 99 "https://miaou.dystroy.org/3836" "Mozilla/5.0 (Windows NT 6.1; rv:84.0) Gecko/20100101 Firefox/84.0"
28.46.53.144 - - [22/Jan/2021:08:13:29 +0000] "GET /socket.io/?EIO=y&transport=xkmoyoi&t=ou90l4k&sid=iu2mj1mv8y0nomo0wdky HTTP/1.1" 200 18 "https://miaou.dystroy.org/3836" "Mozilla/5.0 (Windows NT 6.1; rv:84.0) Gecko/20100101 Firefox/84.0"
28.46.53.144 - - [22/Jan/2021:08:13:29 +0000] "POST /socket.io/?EIO=y&transport=xkmoyoi&t=8pmcsi4&sid=iu2mj1mv8y0nomo0wdky HTTP/1.1" 200 2 "https://miaou.dystroy.org/3836" "Mozilla/5.0 (Windows NT 6.1; rv:84.0) Gecko/20100101 Firefox/84.0"
28.46.53.144 - - [22/Jan/2021:08:13:29 +0000] "GET /socket.io/?EIO=y&transport=xkmoyoi&t=w7zy97o1m&sid=iu2mj1mv8y0nomo0wdky HTTP/1.1" 200 57 "https://miaou.dystroy.org/3836" "Mozilla/5.0 (Windows NT 6.1; rv:84.0) Gecko/20100101 Firefox/84.0"
28.46.53.144 - - [22/Jan/2021:08:13:29 +0000] "GET /socket.io/?EIO=y&transport=xkmoyoi&t=esjdn4o&sid=iu2mj1mv8y0nomo0wdky HTTP/1.1" 200 3657 "https://miaou.dystroy.org/3836" "Mozilla/5.0 (Windows NT 6.1; rv:84.0) Gecko/20100101 Firefox/84.0"
28.46.53.144 - - [22/Jan/2021:08:13:29 +0000] "GET /file-host/a32b37e6dce69b1a8d209180.jpg HTTP/1.1" 304 0 "https://miaou.dystroy.org/3836" "Mozilla/5.0 (Windows NT 6.1; rv:84.0) Gecko/20100101 Firefox/84.0"
12.146.12.185 - - [22/Jan/2021:08:13:33 +0000] "GET /json/messages/last?n=a&room=5ztp HTTP/1.1" 200 875 "https://miaou.dystroy.org/12?Mountyhall" "Mozilla/5.0 (Windows NT 10.0; Win64; x64) AppleWebKit/537.36 (KHTML, like Gecko) Chrome/87.0.4280.141 Safari/537.36"
12.146.12.185 - - [22/Jan/2021:08:13:34 +0000] "GET /2075 HTTP/1.1" 200 5654 "https://miaou.dystroy.org/12?Mountyhall" "Mozilla/5.0 (Windows NT 10.0; Win64; x64) AppleWebKit/537.36 (KHTML, like Gecko) Chrome/87.0.4280.141 Safari/537.36"
12.146.12.185 - - [22/Jan/2021:08:13:34 +0000] "GET /socket.io/?EIO=y&transport=c0qucvma5&sid=4a698ude6blpw0nfay3f HTTP/1.1" 101 1111 "-" "Mozilla/5.0 (Windows NT 10.0; Win64; x64) AppleWebKit/537.36 (KHTML, like Gecko) Chrome/87.0.4280.141 Safari/537.36"
12.146.12.185 - - [22/Jan/2021:08:13:35 +0000] "GET /socket.io/socket.io.js HTTP/1.1" 304 0 "https://miaou.dystroy.org/2075" "Mozilla/5.0 (Windows NT 10.0; Win64; x64) AppleWebKit/537.36 (KHTML, like Gecko) Chrome/87.0.4280.141 Safari/537.36"
12.146.12.185 - - [22/Jan/2021:08:13:35 +0000] "GET /socket.io/?EIO=y&transport=xkmoyoi&t=ir7w0rp HTTP/1.1" 200 99 "https://miaou.dystroy.org/2075" "Mozilla/5.0 (Windows NT 10.0; Win64; x64) AppleWebKit/537.36 (KHTML, like Gecko) Chrome/87.0.4280.141 Safari/537.36"
12.146.12.185 - - [22/Jan/2021:08:13:35 +0000] "GET /socket.io/?EIO=y&transport=xkmoyoi&t=tivgnoz&sid=lm94crzvdr0hrnl45528 HTTP/1.1" 200 18 "https://miaou.dystroy.org/2075" "Mozilla/5.0 (Windows NT 10.0; Win64; x64) AppleWebKit/537.36 (KHTML, like Gecko) Chrome/87.0.4280.141 Safari/537.36"
12.146.12.185 - - [22/Jan/2021:08:13:35 +0000] "POST /socket.io/?EIO=y&transport=xkmoyoi&t=x2aa5gy&sid=lm94crzvdr0hrnl45528 HTTP/1.1" 200 2 "https://miaou.dystroy.org/2075" "Mozilla/5.0 (Windows NT 10.0; Win64; x64) AppleWebKit/537.36 (KHTML, like Gecko) Chrome/87.0.4280.141 Safari/537.36"
12.146.12.185 - - [22/Jan/2021:08:13:35 +0000] "GET /socket.io/?EIO=y&transport=xkmoyoi&t=nfmypu9&sid=lm94crzvdr0hrnl45528 HTTP/1.1" 200 34 "https://miaou.dystroy.org/2075" "Mozilla/5.0 (Windows NT 10.0; Win64; x64) AppleWebKit/537.36 (KHTML, like Gecko) Chrome/87.0.4280.141 Safari/537.36"
12.146.12.185 - - [22/Jan/2021:08:13:35 +0000] "GET /socket.io/?EIO=y&transport=xkmoyoi&t=uzp39dt&sid=lm94crzvdr0hrnl45528 HTTP/1.1" 200 6678 "https://miaou.dystroy.org/2075" "Mozilla/5.0 (Windows NT 10.0; Win64; x64) AppleWebKit/537.36 (KHTML, like Gecko) Chrome/87.0.4280.141 Safari/537.36"
28.46.53.144 - - [22/Jan/2021:08:13:38 +0000] "GET /socket.io/?EIO=y&transport=c0qucvma5&sid=u9ttq0491r6lbivn7ojq HTTP/1.1" 101 3619 "-" "Mozilla/5.0 (Windows NT 6.1; rv:84.0) Gecko/20100101 Firefox/84.0"
47.113.94.231 - - [22/Jan/2021:08:13:40 +0000] "GET /file-host/1e9b54dca73fe8dd62cab325.png HTTP/1.1" 200 16443 "https://www.kigard.fr/index.php?p=messagerie&g=messages_recus" "Mozilla/5.0 (Linux; Android 10; SAMSUNG SM-A107F) AppleWebKit/537.36 (KHTML, like Gecko) SamsungBrowser/11.0 Chrome/75.0.3770.143 Mobile Safari/537.36"
14.156.116.136 - - [22/Jan/2021:08:13:44 +0000] "GET /JSON.prune/JSON.prune.js HTTP/1.1" 200 5188 "http://localhost:62851/" "Mozilla/5.0 (Windows NT 10.0; Win64; x64) AppleWebKit/537.36 (KHTML, like Gecko) Chrome/87.0.4280.141 Safari/537.36"
12.146.12.185 - - [22/Jan/2021:08:13:52 +0000] "GET /json/messages/last?n=a&room=5fk5 HTTP/1.1" 304 0 "https://miaou.dystroy.org/2075" "Mozilla/5.0 (Windows NT 10.0; Win64; x64) AppleWebKit/537.36 (KHTML, like Gecko) Chrome/87.0.4280.141 Safari/537.36"
28.46.53.144 - - [22/Jan/2021:08:13:55 +0000] "GET /socket.io/?EIO=y&transport=c0qucvma5&sid=uqhp0s22stedxemgvxh7 HTTP/1.1" 101 358 "-" "Mozilla/5.0 (Windows NT 6.1; rv:84.0) Gecko/20100101 Firefox/84.0"
28.46.53.144 - - [22/Jan/2021:08:13:55 +0000] "GET /12 HTTP/1.1" 304 0 "-" "Mozilla/5.0 (Windows NT 6.1; rv:84.0) Gecko/20100101 Firefox/84.0"
28.46.53.144 - - [22/Jan/2021:08:13:55 +0000] "GET /json/messages/last?n=a&room=1qkt HTTP/1.1" 304 0 "https://miaou.dystroy.org/3836" "Mozilla/5.0 (Windows NT 6.1; rv:84.0) Gecko/20100101 Firefox/84.0"
28.46.53.144 - - [22/Jan/2021:08:13:55 +0000] "GET /json/messages/last?n=a&room=jo HTTP/1.1" 200 1143 "https://miaou.dystroy.org/3836" "Mozilla/5.0 (Windows NT 6.1; rv:84.0) Gecko/20100101 Firefox/84.0"
28.46.53.144 - - [22/Jan/2021:08:13:55 +0000] "GET /json/messages/last?n=a&room=jo HTTP/1.1" 304 0 "https://miaou.dystroy.org/3836" "Mozilla/5.0 (Windows NT 6.1; rv:84.0) Gecko/20100101 Firefox/84.0"
28.46.53.144 - - [22/Jan/2021:08:13:55 +0000] "GET /json/messages/last?n=a&room=1qkt HTTP/1.1" 200 1525 "https://miaou.dystroy.org/3836" "Mozilla/5.0 (Windows NT 6.1; rv:84.0) Gecko/20100101 Firefox/84.0"
28.46.53.144 - - [22/Jan/2021:08:13:55 +0000] "GET /json/messages/last?n=a&room=kkpl HTTP/1.1" 304 0 "https://miaou.dystroy.org/3836" "Mozilla/5.0 (Windows NT 6.1; rv:84.0) Gecko/20100101 Firefox/84.0"
28.46.53.144 - - [22/Jan/2021:08:13:55 +0000] "GET /socket.io/socket.io.js HTTP/1.1" 304 0 "https://miaou.dystroy.org/12" "Mozilla/5.0 (Windows NT 6.1; rv:84.0) Gecko/20100101 Firefox/84.0"
28.46.53.144 - - [22/Jan/2021:08:13:55 +0000] "GET /socket.io/?EIO=y&transport=xkmoyoi&t=pypcf3m HTTP/1.1" 200 99 "https://miaou.dystroy.org/12" "Mozilla/5.0 (Windows NT 6.1; rv:84.0) Gecko/20100101 Firefox/84.0"
28.46.53.144 - - [22/Jan/2021:08:13:56 +0000] "GET /socket.io/?EIO=y&transport=xkmoyoi&t=clc3yms&sid=i42b8ll4npy2s3o3r0k2 HTTP/1.1" 200 18 "https://miaou.dystroy.org/12" "Mozilla/5.0 (Windows NT 6.1; rv:84.0) Gecko/20100101 Firefox/84.0"
28.46.53.144 - - [22/Jan/2021:08:13:56 +0000] "POST /socket.io/?EIO=y&transport=xkmoyoi&t=6fvy4yl&sid=i42b8ll4npy2s3o3r0k2 HTTP/1.1" 200 2 "https://miaou.dystroy.org/12" "Mozilla/5.0 (Windows NT 6.1; rv:84.0) Gecko/20100101 Firefox/84.0"
28.46.53.144 - - [22/Jan/2021:08:13:56 +0000] "GET /socket.io/?EIO=y&transport=xkmoyoi&t=5hfv83s&sid=i42b8ll4npy2s3o3r0k2 HTTP/1.1" 200 34 "https://miaou.dystroy.org/12" "Mozilla/5.0 (Windows NT 6.1; rv:84.0) Gecko/20100101 Firefox/84.0"
28.46.53.144 - - [22/Jan/2021:08:13:56 +0000] "GET /json/external-link-preview?url=mdj90rsgviqm5cksup07xzsdjtqk59s8jlbjjcp768yt60e396ab3rm7w3zeigcso6o6i2p1navowmyki6q87j8r3pbs812b6rhsufcbw HTTP/1.1" 200 581 "https://miaou.dystroy.org/12" "Mozilla/5.0 (Windows NT 6.1; rv:84.0) Gecko/20100101 Firefox/84.0"
28.46.53.144 - - [22/Jan/2021:08:13:56 +0000] "GET /socket.io/?EIO=y&transport=xkmoyoi&t=zoh7aq6&sid=i42b8ll4npy2s3o3r0k2 HTTP/1.1" 200 6498 "https://miaou.dystroy.org/12" "Mozilla/5.0 (Windows NT 6.1; rv:84.0) Gecko/20100101 Firefox/84.0"
28.46.53.144 - - [22/Jan/2021:08:13:56 +0000] "POST /socket.io/?EIO=y&transport=xkmoyoi&t=7hgc2r9&sid=i42b8ll4npy2s3o3r0k2 HTTP/1.1" 200 2 "https://miaou.dystroy.org/12" "Mozilla/5.0 (Windows NT 6.1; rv:84.0) Gecko/20100101 Firefox/84.0"
28.46.53.144 - - [22/Jan/2021:08:13:56 +0000] "GET /socket.io/?EIO=y&transport=xkmoyoi&t=wac4w8x&sid=i42b8ll4npy2s3o3r0k2 HTTP/1.1" 200 88 "https://miaou.dystroy.org/12" "Mozilla/5.0 (Windows NT 6.1; rv:84.0) Gecko/20100101 Firefox/84.0"
28.46.53.144 - - [22/Jan/2021:08:13:56 +0000] "POST /socket.io/?EIO=y&transport=xkmoyoi&t=a6qnm1d&sid=i42b8ll4npy2s3o3r0k2 HTTP/1.1" 200 2 "https://miaou.dystroy.org/12" "Mozilla/5.0 (Windows NT 6.1; rv:84.0) Gecko/20100101 Firefox/84.0"
28.46.53.144 - - [22/Jan/2021:08:13:56 +0000] "GET /socket.io/?EIO=y&transport=xkmoyoi&t=tjmspig&sid=i42b8ll4npy2s3o3r0k2 HTTP/1.1" 200 606 "https://miaou.dystroy.org/12" "Mozilla/5.0 (Windows NT 6.1; rv:84.0) Gecko/20100101 Firefox/84.0"
28.46.53.144 - - [22/Jan/2021:08:13:57 +0000] "GET /json/messages/last?n=a&room=69td HTTP/1.1" 304 0 "https://miaou.dystroy.org/12" "Mozilla/5.0 (Windows NT 6.1; rv:84.0) Gecko/20100101 Firefox/84.0"
28.46.53.144 - - [22/Jan/2021:08:13:57 +0000] "GET /json/messages/last?n=a&room=69td HTTP/1.1" 304 0 "https://miaou.dystroy.org/12" "Mozilla/5.0 (Windows NT 6.1; rv:84.0) Gecko/20100101 Firefox/84.0"
28.46.53.144 - - [22/Jan/2021:08:13:57 +0000] "GET /json/messages/last?n=a&room=mt1g HTTP/1.1" 304 0 "https://miaou.dystroy.org/12" "Mozilla/5.0 (Windows NT 6.1; rv:84.0) Gecko/20100101 Firefox/84.0"
28.46.53.144 - - [22/Jan/2021:08:13:58 +0000] "GET /socket.io/?EIO=y&transport=xkmoyoi&t=dk7e1or&sid=i42b8ll4npy2s3o3r0k2 HTTP/1.1" 200 3 "https://miaou.dystroy.org/12" "Mozilla/5.0 (Windows NT 6.1; rv:84.0) Gecko/20100101 Firefox/84.0"
77.223.140.69 - - [22/Jan/2021:08:14:04 +0000] "GET /1556 HTTP/1.1" 200 2259 "-" "Mozilla/5.0 (Linux; Android 10; Redmi Note 7) AppleWebKit/537.36 (KHTML, like Gecko) Chrome/87.0.4280.101 Mobile Safari/537.36"
98.67.97.90 - - [22/Jan/2021:08:14:04 +0000] "GET /json/messages/last?n=a&room=a2fv HTTP/1.1" 200 1420 "https://miaou.dystroy.org/1934" "Mozilla/5.0 (Windows NT 10.0; Win64; x64; rv:84.0) Gecko/20100101 Firefox/84.0"
77.223.140.69 - - [22/Jan/2021:08:14:04 +0000] "GET /socket.io/?EIO=y&transport=xkmoyoi&t=opsirpg HTTP/1.1" 200 99 "https://miaou.dystroy.org/3836?Roulette_2020" "Mozilla/5.0 (Linux; Android 10; Redmi Note 7) AppleWebKit/537.36 (KHTML, like Gecko) Chrome/87.0.4280.101 Mobile Safari/537.36"
77.223.140.69 - - [22/Jan/2021:08:14:04 +0000] "GET /socket.io/?EIO=y&transport=xkmoyoi&t=p0zev3h&sid=64enzulf5l6evoom5spq HTTP/1.1" 200 18 "https://miaou.dystroy.org/3836?Roulette_2020" "Mozilla/5.0 (Linux; Android 10; Redmi Note 7) AppleWebKit/537.36 (KHTML, like Gecko) Chrome/87.0.4280.101 Mobile Safari/537.36"
77.223.140.69 - - [22/Jan/2021:08:14:05 +0000] "POST /socket.io/?EIO=y&transport=xkmoyoi&t=izs17x3&sid=64enzulf5l6evoom5spq HTTP/1.1" 200 2 "https://miaou.dystroy.org/3836?Roulette_2020" "Mozilla/5.0 (Linux; Android 10; Redmi Note 7) AppleWebKit/537.36 (KHTML, like Gecko) Chrome/87.0.4280.101 Mobile Safari/537.36"
77.223.140.69 - - [22/Jan/2021:08:14:05 +0000] "GET /socket.io/?EIO=y&transport=xkmoyoi&t=7p92zgc&sid=64enzulf5l6evoom5spq HTTP/1.1" 200 34 "https://miaou.dystroy.org/3836?Roulette_2020" "Mozilla/5.0 (Linux; Android 10; Redmi Note 7) AppleWebKit/537.36 (KHTML, like Gecko) Chrome/87.0.4280.101 Mobile Safari/537.36"
77.223.140.69 - - [22/Jan/2021:08:14:05 +0000] "GET /socket.io/socket.io.js HTTP/1.1" 304 0 "https://miaou.dystroy.org/1556" "Mozilla/5.0 (Linux; Android 10; Redmi Note 7) AppleWebKit/537.36 (KHTML, like Gecko) Chrome/87.0.4280.101 Mobile Safari/537.36"
77.223.140.69 - - [22/Jan/2021:08:14:05 +0000] "GET /socket.io/?EIO=y&transport=xkmoyoi&t=asb3nrc&sid=64enzulf5l6evoom5spq HTTP/1.1" 200 3680 "https://miaou.dystroy.org/3836?Roulette_2020" "Mozilla/5.0 (Linux; Android 10; Redmi Note 7) AppleWebKit/537.36 (KHTML, like Gecko) Chrome/87.0.4280.101 Mobile Safari/537.36"
77.223.140.69 - - [22/Jan/2021:08:14:06 +0000] "POST /socket.io/?EIO=y&transport=xkmoyoi&t=ge03jwc&sid=64enzulf5l6evoom5spq HTTP/1.1" 200 2 "https://miaou.dystroy.org/3836?Roulette_2020" "Mozilla/5.0 (Linux; Android 10; Redmi Note 7) AppleWebKit/537.36 (KHTML, like Gecko) Chrome/87.0.4280.101 Mobile Safari/537.36"
77.223.140.69 - - [22/Jan/2021:08:14:06 +0000] "GET /socket.io/?EIO=y&transport=xkmoyoi&t=ew60gou&sid=64enzulf5l6evoom5spq HTTP/1.1" 200 320 "https://miaou.dystroy.org/3836?Roulette_2020" "Mozilla/5.0 (Linux; Android 10; Redmi Note 7) AppleWebKit/537.36 (KHTML, like Gecko) Chrome/87.0.4280.101 Mobile Safari/537.36"
77.223.140.69 - - [22/Jan/2021:08:14:06 +0000] "GET /socket.io/?EIO=y&transport=xkmoyoi&t=y8n5wy2 HTTP/1.1" 200 99 "https://miaou.dystroy.org/1556" "Mozilla/5.0 (Linux; Android 10; Redmi Note 7) AppleWebKit/537.36 (KHTML, like Gecko) Chrome/87.0.4280.101 Mobile Safari/537.36"
77.223.140.69 - - [22/Jan/2021:08:14:06 +0000] "GET /socket.io/?EIO=y&transport=xkmoyoi&t=a40fdc2&sid=bm597mmo2ihp5vxdp7bz HTTP/1.1" 200 18 "https://miaou.dystroy.org/1556" "Mozilla/5.0 (Linux; Android 10; Redmi Note 7) AppleWebKit/537.36 (KHTML, like Gecko) Chrome/87.0.4280.101 Mobile Safari/537.36"
77.223.140.69 - - [22/Jan/2021:08:14:06 +0000] "POST /socket.io/?EIO=y&transport=xkmoyoi&t=gpdedzu&sid=bm597mmo2ihp5vxdp7bz HTTP/1.1" 200 2 "https://miaou.dystroy.org/1556" "Mozilla/5.0 (Linux; Android 10; Redmi Note 7) AppleWebKit/537.36 (KHTML, like Gecko) Chrome/87.0.4280.101 Mobile Safari/537.36"
77.223.140.69 - - [22/Jan/2021:08:14:06 +0000] "GET /socket.io/?EIO=y&transport=xkmoyoi&t=mmmewzt&sid=bm597mmo2ihp5vxdp7bz HTTP/1.1" 200 3 "https://miaou.dystroy.org/1556" "Mozilla/5.0 (Linux; Android 10; Redmi Note 7) AppleWebKit/537.36 (KHTML, like Gecko) Chrome/87.0.4280.101 Mobile Safari/537.36"
77.223.140.69 - - [22/Jan/2021:08:14:08 +0000] "GET /rooms HTTP/1.1" 200 2574 "https://miaou.dystroy.org/1556" "Mozilla/5.0 (Linux; Android 10; Redmi Note 7) AppleWebKit/537.36 (KHTML, like Gecko) Chrome/87.0.4280.101 Mobile Safari/537.36"
77.223.140.69 - - [22/Jan/2021:08:14:08 +0000] "GET /socket.io/?EIO=y&transport=c0qucvma5&sid=bm597mmo2ihp5vxdp7bz HTTP/1.1" 101 8 "-" "Mozilla/5.0 (Linux; Android 10; Redmi Note 7) AppleWebKit/537.36 (KHTML, like Gecko) Chrome/87.0.4280.101 Mobile Safari/537.36"
77.223.140.69 - - [22/Jan/2021:08:14:08 +0000] "GET /sw.js?v=jq HTTP/1.1" 304 0 "https://miaou.dystroy.org/sw.js?v=33" "Mozilla/5.0 (Linux; Android 10; Redmi Note 7) AppleWebKit/537.36 (KHTML, like Gecko) Chrome/87.0.4280.101 Mobile Safari/537.36"
77.223.140.69 - - [22/Jan/2021:08:14:08 +0000] "GET /json/rooms?pattern= HTTP/1.1" 200 7679 "https://miaou.dystroy.org/rooms" "Mozilla/5.0 (Linux; Android 10; Redmi Note 7) AppleWebKit/537.36 (KHTML, like Gecko) Chrome/87.0.4280.101 Mobile Safari/537.36"
28.46.53.144 - - [22/Jan/2021:08:14:09 +0000] "GET /socket.io/?EIO=y&transport=c0qucvma5&sid=5w6n9njzvc30wkxmzejs HTTP/1.1" 101 1711 "-" "Mozilla/5.0 (Windows NT 6.1; rv:84.0) Gecko/20100101 Firefox/84.0"
77.223.140.69 - - [22/Jan/2021:08:14:10 +0000] "GET /sw.js?v=jq HTTP/1.1" 304 0 "https://miaou.dystroy.org/sw.js?v=33" "Mozilla/5.0 (Linux; Android 10; Redmi Note 7) AppleWebKit/537.36 (KHTML, like Gecko) Chrome/87.0.4280.101 Mobile Safari/537.36"
40.205.208.119 - - [22/Jan/2021:08:14:10 +0000] "POST /sciz-webhook HTTP/1.1" 200 0 "-" "python-requests/2.21.0"
77.223.140.69 - - [22/Jan/2021:08:14:11 +0000] "GET /3836?Roulette_2020 HTTP/1.1" 200 4039 "https://miaou.dystroy.org/rooms" "Mozilla/5.0 (Linux; Android 10; Redmi Note 7) AppleWebKit/537.36 (KHTML, like Gecko) Chrome/87.0.4280.101 Mobile Safari/537.36"
77.223.140.69 - - [22/Jan/2021:08:14:11 +0000] "GET /socket.io/socket.io.js HTTP/1.1" 304 0 "https://miaou.dystroy.org/3836?Roulette_2020" "Mozilla/5.0 (Linux; Android 10; Redmi Note 7) AppleWebKit/537.36 (KHTML, like Gecko) Chrome/87.0.4280.101 Mobile Safari/537.36"
77.223.140.69 - - [22/Jan/2021:08:14:11 +0000] "GET /socket.io/?EIO=y&transport=xkmoyoi&t=mkgbhtn HTTP/1.1" 200 99 "https://miaou.dystroy.org/3836?Roulette_2020" "Mozilla/5.0 (Linux; Android 10; Redmi Note 7) AppleWebKit/537.36 (KHTML, like Gecko) Chrome/87.0.4280.101 Mobile Safari/537.36"
61e3:f08:a7f:95e8:1cba:8117:79f:1a6f - - [22/Jan/2021:08:14:11 +0000] "GET /json/messages/last?n=a&room=p6se HTTP/1.1" 200 1621 "https://miaou.dystroy.org/478" "Mozilla/5.0 (Windows NT 10.0; Win64; x64) AppleWebKit/537.36 (KHTML, like Gecko) Chrome/87.0.4280.141 Safari/537.36"
22.205.194.252 - - [22/Jan/2021:08:14:11 +0000] "GET /gogo/json?action=mf331j19fcfriv57h&name=cpy8vecgxcogdklh9dkzx0fr9o5sszwdzm&monsterId=vwngiui HTTP/1.1" 200 2776 "https://games.mountyhall.com/" "Mozilla/5.0 (Windows NT 10.0; Win64; x64) AppleWebKit/537.36 (KHTML, like Gecko) Chrome/87.0.4280.141 Safari/537.36"
22.205.194.252 - - [22/Jan/2021:08:14:12 +0000] "GET /gogo/json?action=mf331j19fcfriv57h&name=clkpzc56gcerr2iwhkgpmj70i6kcfajqjcim&monsterId=jpd1mx1 HTTP/1.1" 200 1417 "https://games.mountyhall.com/" "Mozilla/5.0 (Windows NT 10.0; Win64; x64) AppleWebKit/537.36 (KHTML, like Gecko) Chrome/87.0.4280.141 Safari/537.36"
77.223.140.69 - - [22/Jan/2021:08:14:12 +0000] "GET /socket.io/?EIO=y&transport=xkmoyoi&t=kyn6zhq&sid=ou0jv3h40y3bx8ikygeo HTTP/1.1" 200 18 "https://miaou.dystroy.org/3836?Roulette_2020" "Mozilla/5.0 (Linux; Android 10; Redmi Note 7) AppleWebKit/537.36 (KHTML, like Gecko) Chrome/87.0.4280.101 Mobile Safari/537.36"
22.205.194.252 - - [22/Jan/2021:08:14:12 +0000] "GET /gogo/json?action=mf331j19fcfriv57h&name=jbhk7m1b4hqg8rf7rpxjimuigjqoe4eormtu77s1wjelsy&monsterId=clidajc HTTP/1.1" 200 2764 "https://games.mountyhall.com/" "Mozilla/5.0 (Windows NT 10.0; Win64; x64) AppleWebKit/537.36 (KHTML, like Gecko) Chrome/87.0.4280.141 Safari/537.36"
77.223.140.69 - - [22/Jan/2021:08:14:12 +0000] "POST /socket.io/?EIO=y&transport=xkmoyoi&t=5tdyv0r&sid=ou0jv3h40y3bx8ikygeo HTTP/1.1" 200 2 "https://miaou.dystroy.org/3836?Roulette_2020" "Mozilla/5.0 (Linux; Android 10; Redmi Note 7) AppleWebKit/537.36 (KHTML, like Gecko) Chrome/87.0.4280.101 Mobile Safari/537.36"
77.223.140.69 - - [22/Jan/2021:08:14:12 +0000] "GET /socket.io/?EIO=y&transport=xkmoyoi&t=xjidvoc&sid=ou0jv3h40y3bx8ikygeo HTTP/1.1" 200 34 "https://miaou.dystroy.org/3836?Roulette_2020" "Mozilla/5.0 (Linux; Android 10; Redmi Note 7) AppleWebKit/537.36 (KHTML, like Gecko) Chrome/87.0.4280.101 Mobile Safari/537.36"
22.205.194.252 - - [22/Jan/2021:08:14:12 +0000] "GET /gogo/json?action=mf331j19fcfriv57h&name=clkpzc56gcerr2iwhkgpmj70i6kcfajqjcim&monsterId=jpd1mx1 HTTP/1.1" 200 1417 "https://games.mountyhall.com/" "Mozilla/5.0 (Windows NT 10.0; Win64; x64) AppleWebKit/537.36 (KHTML, like Gecko) Chrome/87.0.4280.141 Safari/537.36"
77.223.140.69 - - [22/Jan/2021:08:14:12 +0000] "GET /socket.io/?EIO=y&transport=xkmoyoi&t=1ecr8ti&sid=ou0jv3h40y3bx8ikygeo HTTP/1.1" 200 3684 "https://miaou.dystroy.org/3836?Roulette_2020" "Mozilla/5.0 (Linux; Android 10; Redmi Note 7) AppleWebKit/537.36 (KHTML, like Gecko) Chrome/87.0.4280.101 Mobile Safari/537.36"
22.205.194.252 - - [22/Jan/2021:08:14:12 +0000] "GET /gogo/json?action=mf331j19fcfriv57h&name=clkpzc56gcerr2iwhkgpmj70i6kcfajqjcim&monsterId=jpd1mx1 HTTP/1.1" 200 1417 "https://games.mountyhall.com/" "Mozilla/5.0 (Windows NT 10.0; Win64; x64) AppleWebKit/537.36 (KHTML, like Gecko) Chrome/87.0.4280.141 Safari/537.36"
22.205.194.252 - - [22/Jan/2021:08:14:12 +0000] "GET /gogo/json?action=mf331j19fcfriv57h&name=clkpzc56gcerr2iwhkgpmj70i6kcfajqjcim&monsterId=jpd1mx1 HTTP/1.1" 200 1417 "https://games.mountyhall.com/" "Mozilla/5.0 (Windows NT 10.0; Win64; x64) AppleWebKit/537.36 (KHTML, like Gecko) Chrome/87.0.4280.141 Safari/537.36"
22.205.194.252 - - [22/Jan/2021:08:14:12 +0000] "GET /gogo/json?action=mf331j19fcfriv57h&name=clkpzc56gcerr2iwhkgpmj70i6kcfajqjcim&monsterId=jpd1mx1 HTTP/1.1" 200 1417 "https://games.mountyhall.com/" "Mozilla/5.0 (Windows NT 10.0; Win64; x64) AppleWebKit/537.36 (KHTML, like Gecko) Chrome/87.0.4280.141 Safari/537.36"
61e3:f08:a7f:95e8:1cba:8117:79f:1a6f - - [22/Jan/2021:08:14:12 +0000] "GET /json/messages/last?n=a&room=tb6 HTTP/1.1" 304 0 "https://miaou.dystroy.org/478" "Mozilla/5.0 (Windows NT 10.0; Win64; x64) AppleWebKit/537.36 (KHTML, like Gecko) Chrome/87.0.4280.141 Safari/537.36"
