8534:58a:9dc:591:c5fb:1600:7faa:67ef - - [22/Jan/2021:08:25:05 +0000] "GET /gogo/json?action=mf331j19fcfriv57h&asker=dzjim&name=f8w9prnjeofv0jss5jh9fcu1ghulkfrutnao5s8fvv5&monsterId=7slmk1x HTTP/1.1" 200 103 "https://games.mountyhall.com/" "Mozilla/5.0 (Windows NT 10.0; Win64; x64) AppleWebKit/537.36 (KHTML, like Gecko) Chrome/87.0.4280.141 Safari/537.36"
2d06:0029:e34:172e:9aa4:3527:a89c:b59 - - [22/Jan/2021:08:25:05 +0000] "GET /gogo/json?action=bgc6r5eeshp5nu&trollId=0ttt53zmf HTTP/1.1" 200 88 "https://games.mountyhall.com/" "Mozilla/5.0 (Windows NT 10.0; Win64; x64) AppleWebKit/537.36 (KHTML, like Gecko) Chrome/87.0.4280.141 Safari/537.36"
2d06:0029:e34:172e:9aa4:3527:a89c:b59 - - [22/Jan/2021:08:25:05 +0000] "GET /gogo/json?action=mf331j19fcfriv57h&name=n4dsmb4820wwraqdnur3n0kzttpf8wv9m&monsterId=0ttt53zmf HTTP/1.1" 200 2455 "https://games.mountyhall.com/" "Mozilla/5.0 (Windows NT 10.0; Win64; x64) AppleWebKit/537.36 (KHTML, like Gecko) Chrome/87.0.4280.141 Safari/537.36"
40.205.208.119 - - [22/Jan/2021:08:25:08 +0000] "POST /sciz-webhook HTTP/1.1" 200 0 "-" "python-requests/2.21.0"
40.205.208.119 - - [22/Jan/2021:08:25:08 +0000] "POST /sciz-webhook HTTP/1.1" 200 0 "-" "python-requests/2.21.0"
8534:58a:9dc:591:c5fb:1600:7faa:67ef - - [22/Jan/2021:08:25:08 +0000] "GET /gogo/json?action=mf331j19fcfriv57h&asker=dzjim&name=f8w9prnjeofv0jss5jh9fcu1ghulkfrutnao5s8fvv5&monsterId=7slmk1x HTTP/1.1" 200 103 "https://games.mountyhall.com/" "Mozilla/5.0 (Windows NT 10.0; Win64; x64) AppleWebKit/537.36 (KHTML, like Gecko) Chrome/87.0.4280.141 Safari/537.36"
8534:58a:9dc:591:c5fb:1600:7faa:67ef - - [22/Jan/2021:08:25:08 +0000] "GET /gogo/json?action=mf331j19fcfriv57h&asker=dzjim&name=aelzp1nre6pgzdlg18zpohc54av&monsterId=7tatibh HTTP/1.1" 200 2765 "https://games.mountyhall.com/" "Mozilla/5.0 (Windows NT 10.0; Win64; x64) AppleWebKit/537.36 (KHTML, like Gecko) Chrome/87.0.4280.141 Safari/537.36"
178.45.92.2 - - [22/Jan/2021:08:25:09 +0000] "GET /robots.txt HTTP/1.1" 404 2047 "-" "Mozilla/5.0 (compatible; bingbot/2.0; +http://www.bing.com/bingbot.htm)"
178.45.92.2 - - [22/Jan/2021:08:25:10 +0000] "GET /robots.txt HTTP/1.1" 404 2047 "-" "Mozilla/5.0 (compatible; bingbot/2.0; +http://www.bing.com/bingbot.htm)"
8534:58a:9dc:591:c5fb:1600:7faa:67ef - - [22/Jan/2021:08:25:13 +0000] "GET /gogo/json?action=mf331j19fcfriv57h&asker=dzjim&name=f8w9prnjeofv0jss5jh9fcu1ghulkfrutnao5s8fvv5&monsterId=7slmk1x HTTP/1.1" 200 103 "https://games.mountyhall.com/" "Mozilla/5.0 (Windows NT 10.0; Win64; x64) AppleWebKit/537.36 (KHTML, like Gecko) Chrome/87.0.4280.141 Safari/537.36"
8534:58a:9dc:591:c5fb:1600:7faa:67ef - - [22/Jan/2021:08:25:15 +0000] "GET /gogo/json?action=mf331j19fcfriv57h&asker=dzjim&name=hr0lnbnh5r9kwrvixmtduknqchev2uwi6601clyf2aw18h5tes&monsterId=z4o0ir8 HTTP/1.1" 200 1532 "https://games.mountyhall.com/" "Mozilla/5.0 (Windows NT 10.0; Win64; x64) AppleWebKit/537.36 (KHTML, like Gecko) Chrome/87.0.4280.141 Safari/537.36"
8534:58a:9dc:591:c5fb:1600:7faa:67ef - - [22/Jan/2021:08:25:16 +0000] "GET /gogo/json?action=mf331j19fcfriv57h&asker=dzjim&name=hfttrppdo5ncriz41z7519ou11u7963ng7zneh3cge9zo5&monsterId=5wko3a3 HTTP/1.1" 200 2540 "https://games.mountyhall.com/" "Mozilla/5.0 (Windows NT 10.0; Win64; x64) AppleWebKit/537.36 (KHTML, like Gecko) Chrome/87.0.4280.141 Safari/537.36"
8534:58a:9dc:591:c5fb:1600:7faa:67ef - - [22/Jan/2021:08:25:17 +0000] "GET /gogo/json?action=mf331j19fcfriv57h&asker=dzjim&name=aelzp1nre6pgzdlg18zpohc54av&monsterId=7tatibh HTTP/1.1" 200 2765 "https://games.mountyhall.com/" "Mozilla/5.0 (Windows NT 10.0; Win64; x64) AppleWebKit/537.36 (KHTML, like Gecko) Chrome/87.0.4280.141 Safari/537.36"
8534:58a:9dc:591:c5fb:1600:7faa:67ef - - [22/Jan/2021:08:25:18 +0000] "GET /gogo/json?action=mf331j19fcfriv57h&asker=dzjim&name=f8w9prnjeofv0jss5jh9fcu1ghulkfrutnao5s8fvv5&monsterId=7slmk1x HTTP/1.1" 200 103 "https://games.mountyhall.com/" "Mozilla/5.0 (Windows NT 10.0; Win64; x64) AppleWebKit/537.36 (KHTML, like Gecko) Chrome/87.0.4280.141 Safari/537.36"
8534:58a:9dc:591:c5fb:1600:7faa:67ef - - [22/Jan/2021:08:25:18 +0000] "GET /gogo/json?action=mf331j19fcfriv57h&asker=dzjim&name=hr0lnbnh5r9kwrvixmtduknqchev2uwi6601clyf2aw18h5tes&monsterId=z4o0ir8 HTTP/1.1" 200 1532 "https://games.mountyhall.com/" "Mozilla/5.0 (Windows NT 10.0; Win64; x64) AppleWebKit/537.36 (KHTML, like Gecko) Chrome/87.0.4280.141 Safari/537.36"
8534:58a:9dc:591:c5fb:1600:7faa:67ef - - [22/Jan/2021:08:25:18 +0000] "GET /gogo/json?action=mf331j19fcfriv57h&asker=dzjim&name=0ys1ay29n8vtwk4d75ahpbg5wisx3o7c4&monsterId=ybw21ow HTTP/1.1" 200 2766 "https://games.mountyhall.com/" "Mozilla/5.0 (Windows NT 10.0; Win64; x64) AppleWebKit/537.36 (KHTML, like Gecko) Chrome/87.0.4280.141 Safari/537.36"
8534:58a:9dc:591:c5fb:1600:7faa:67ef - - [22/Jan/2021:08:25:22 +0000] "GET /gogo/json?action=bgc6r5eeshp5nu&asker=dzjim&trollId=esxv1n HTTP/1.1" 200 85 "https://games.mountyhall.com/" "Mozilla/5.0 (Windows NT 10.0; Win64; x64) AppleWebKit/537.36 (KHTML, like Gecko) Chrome/87.0.4280.141 Safari/537.36"
f088:073f:2bf7:f3a3:9163:4750:43fd:4e29 - - [22/Jan/2021:08:25:28 +0000] "GET /gogo/json?action=mf331j19fcfriv57h&asker=3ssruh&name=81433uforvpfjtukldej4fkryv675z0w&monsterId=xthfcqb HTTP/1.1" 200 2463 "https://games.mountyhall.com/" "Mozilla/5.0 (Windows NT 10.0; Win64; x64) AppleWebKit/537.36 (KHTML, like Gecko) Chrome/87.0.4280.141 Safari/537.36 Edg/87.0.664.75"
f088:073f:2bf7:f3a3:9163:4750:43fd:4e29 - - [22/Jan/2021:08:25:28 +0000] "GET /gogo/json?action=mf331j19fcfriv57h&asker=3ssruh&name=dgrd0nm4auhamoqkvxvcwif&monsterId=wgy1vsw HTTP/1.1" 200 2041 "https://games.mountyhall.com/" "Mozilla/5.0 (Windows NT 10.0; Win64; x64) AppleWebKit/537.36 (KHTML, like Gecko) Chrome/87.0.4280.141 Safari/537.36 Edg/87.0.664.75"
f088:073f:2bf7:f3a3:9163:4750:43fd:4e29 - - [22/Jan/2021:08:25:29 +0000] "GET /gogo/json?action=mf331j19fcfriv57h&asker=3ssruh&name=81433uforvpfjtukldej4fkryv675z0w&monsterId=xthfcqb HTTP/1.1" 200 2463 "https://games.mountyhall.com/" "Mozilla/5.0 (Windows NT 10.0; Win64; x64) AppleWebKit/537.36 (KHTML, like Gecko) Chrome/87.0.4280.141 Safari/537.36 Edg/87.0.664.75"
f088:073f:2bf7:f3a3:9163:4750:43fd:4e29 - - [22/Jan/2021:08:25:29 +0000] "GET /gogo/json?action=mf331j19fcfriv57h&asker=3ssruh&name=dgrd0nm4auhamoqkvxvcwif&monsterId=wgy1vsw HTTP/1.1" 200 2041 "https://games.mountyhall.com/" "Mozilla/5.0 (Windows NT 10.0; Win64; x64) AppleWebKit/537.36 (KHTML, like Gecko) Chrome/87.0.4280.141 Safari/537.36 Edg/87.0.664.75"
12.146.12.185 - - [22/Jan/2021:08:25:29 +0000] "GET /json/rooms?pattern= HTTP/1.1" 200 10422 "https://miaou.dystroy.org/3728" "Mozilla/5.0 (Windows NT 10.0; Win64; x64) AppleWebKit/537.36 (KHTML, like Gecko) Chrome/87.0.4280.141 Safari/537.36"
f088:073f:2bf7:f3a3:9163:4750:43fd:4e29 - - [22/Jan/2021:08:25:29 +0000] "GET /gogo/json?action=mf331j19fcfriv57h&asker=3ssruh&name=81433uforvpfjtukldej4fkryv675z0w&monsterId=xthfcqb HTTP/1.1" 200 2463 "https://games.mountyhall.com/" "Mozilla/5.0 (Windows NT 10.0; Win64; x64) AppleWebKit/537.36 (KHTML, like Gecko) Chrome/87.0.4280.141 Safari/537.36 Edg/87.0.664.75"
f088:073f:2bf7:f3a3:9163:4750:43fd:4e29 - - [22/Jan/2021:08:25:29 +0000] "GET /gogo/json?action=mf331j19fcfriv57h&asker=3ssruh&name=v3yypowl9yogxw30gm4o1b99ov4rhp7cet45oa6utmhu&monsterId=o60qs0v HTTP/1.1" 200 1387 "https://games.mountyhall.com/" "Mozilla/5.0 (Windows NT 10.0; Win64; x64) AppleWebKit/537.36 (KHTML, like Gecko) Chrome/87.0.4280.141 Safari/537.36 Edg/87.0.664.75"
12.146.12.185 - - [22/Jan/2021:08:25:37 +0000] "GET /2603?SCIZ HTTP/1.1" 200 5256 "https://miaou.dystroy.org/3728" "Mozilla/5.0 (Windows NT 10.0; Win64; x64) AppleWebKit/537.36 (KHTML, like Gecko) Chrome/87.0.4280.141 Safari/537.36"
12.146.12.185 - - [22/Jan/2021:08:25:38 +0000] "GET /socket.io/?EIO=y&transport=c0qucvma5&sid=wiuepih5v5t3p1777xya HTTP/1.1" 101 10194 "-" "Mozilla/5.0 (Windows NT 10.0; Win64; x64) AppleWebKit/537.36 (KHTML, like Gecko) Chrome/87.0.4280.141 Safari/537.36"
12.146.12.185 - - [22/Jan/2021:08:25:38 +0000] "GET /socket.io/socket.io.js HTTP/1.1" 304 0 "https://miaou.dystroy.org/2603?SCIZ" "Mozilla/5.0 (Windows NT 10.0; Win64; x64) AppleWebKit/537.36 (KHTML, like Gecko) Chrome/87.0.4280.141 Safari/537.36"
12.146.12.185 - - [22/Jan/2021:08:25:38 +0000] "GET /socket.io/?EIO=y&transport=xkmoyoi&t=n63fz54 HTTP/1.1" 200 99 "https://miaou.dystroy.org/2603?SCIZ" "Mozilla/5.0 (Windows NT 10.0; Win64; x64) AppleWebKit/537.36 (KHTML, like Gecko) Chrome/87.0.4280.141 Safari/537.36"
12.146.12.185 - - [22/Jan/2021:08:25:38 +0000] "GET /socket.io/?EIO=y&transport=xkmoyoi&t=qgpedyf&sid=h0dlf4bu6cu1kz2z89s7 HTTP/1.1" 200 18 "https://miaou.dystroy.org/2603?SCIZ" "Mozilla/5.0 (Windows NT 10.0; Win64; x64) AppleWebKit/537.36 (KHTML, like Gecko) Chrome/87.0.4280.141 Safari/537.36"
12.146.12.185 - - [22/Jan/2021:08:25:39 +0000] "POST /socket.io/?EIO=y&transport=xkmoyoi&t=bdv89og&sid=h0dlf4bu6cu1kz2z89s7 HTTP/1.1" 200 2 "https://miaou.dystroy.org/2603?SCIZ" "Mozilla/5.0 (Windows NT 10.0; Win64; x64) AppleWebKit/537.36 (KHTML, like Gecko) Chrome/87.0.4280.141 Safari/537.36"
12.146.12.185 - - [22/Jan/2021:08:25:39 +0000] "GET /socket.io/?EIO=y&transport=xkmoyoi&t=1uirb2y&sid=h0dlf4bu6cu1kz2z89s7 HTTP/1.1" 200 34 "https://miaou.dystroy.org/2603?SCIZ" "Mozilla/5.0 (Windows NT 10.0; Win64; x64) AppleWebKit/537.36 (KHTML, like Gecko) Chrome/87.0.4280.141 Safari/537.36"
f088:073f:2bf7:f3a3:9163:4750:43fd:4e29 - - [22/Jan/2021:08:25:41 +0000] "GET /gogo/json?action=mf331j19fcfriv57h&asker=3ssruh&name=v3yypowl9yogxw30gm4o1b99ov4rhp7cet45oa6utmhu&monsterId=o60qs0v HTTP/1.1" 200 1387 "https://games.mountyhall.com/" "Mozilla/5.0 (Windows NT 10.0; Win64; x64) AppleWebKit/537.36 (KHTML, like Gecko) Chrome/87.0.4280.141 Safari/537.36 Edg/87.0.664.75"
66.117.89.209 - - [22/Jan/2021:08:25:43 +0000] "GET /socket.io/?EIO=y&transport=c0qucvma5&sid=nx2jel2z9ap1oc9lzxg0 HTTP/1.1" 101 35 "-" "Mozilla/5.0 (Linux; Android 10; ONEPLUS A6013) AppleWebKit/537.36 (KHTML, like Gecko) Chrome/87.0.4280.141 Mobile Safari/537.36"
66.117.89.209 - - [22/Jan/2021:08:25:46 +0000] "GET /socket.io/?EIO=y&transport=xkmoyoi&t=jo4mfub HTTP/1.1" 200 99 "https://miaou.dystroy.org/1616" "Mozilla/5.0 (Linux; Android 10; ONEPLUS A6013) AppleWebKit/537.36 (KHTML, like Gecko) Chrome/87.0.4280.141 Mobile Safari/537.36"
66.117.89.209 - - [22/Jan/2021:08:25:46 +0000] "GET /socket.io/?EIO=y&transport=xkmoyoi&t=dx1rc3v&sid=aosujepb6oda3fnfhwiz HTTP/1.1" 200 18 "https://miaou.dystroy.org/1616" "Mozilla/5.0 (Linux; Android 10; ONEPLUS A6013) AppleWebKit/537.36 (KHTML, like Gecko) Chrome/87.0.4280.141 Mobile Safari/537.36"
66.117.89.209 - - [22/Jan/2021:08:25:46 +0000] "POST /socket.io/?EIO=y&transport=xkmoyoi&t=9t9a0ts&sid=aosujepb6oda3fnfhwiz HTTP/1.1" 200 2 "https://miaou.dystroy.org/1616" "Mozilla/5.0 (Linux; Android 10; ONEPLUS A6013) AppleWebKit/537.36 (KHTML, like Gecko) Chrome/87.0.4280.141 Mobile Safari/537.36"
66.117.89.209 - - [22/Jan/2021:08:25:46 +0000] "GET /socket.io/?EIO=y&transport=xkmoyoi&t=pwvzqpi&sid=aosujepb6oda3fnfhwiz HTTP/1.1" 200 6376 "https://miaou.dystroy.org/1616" "Mozilla/5.0 (Linux; Android 10; ONEPLUS A6013) AppleWebKit/537.36 (KHTML, like Gecko) Chrome/87.0.4280.141 Mobile Safari/537.36"
f088:073f:2bf7:f3a3:9163:4750:43fd:4e29 - - [22/Jan/2021:08:25:46 +0000] "GET /gogo/json?action=7c1uz2f9flrxff&TrollId=3ssruh&ChrallVersion=9tku HTTP/1.1" 200 65 "https://games.mountyhall.com/" "Mozilla/5.0 (Windows NT 10.0; Win64; x64) AppleWebKit/537.36 (KHTML, like Gecko) Chrome/87.0.4280.141 Safari/537.36 Edg/87.0.664.75"
66.117.89.209 - - [22/Jan/2021:08:25:47 +0000] "POST /socket.io/?EIO=y&transport=xkmoyoi&t=34phuxs&sid=aosujepb6oda3fnfhwiz HTTP/1.1" 200 2 "https://miaou.dystroy.org/1616" "Mozilla/5.0 (Linux; Android 10; ONEPLUS A6013) AppleWebKit/537.36 (KHTML, like Gecko) Chrome/87.0.4280.141 Mobile Safari/537.36"
66.117.89.209 - - [22/Jan/2021:08:25:47 +0000] "GET /socket.io/?EIO=y&transport=xkmoyoi&t=3p8bsvw&sid=aosujepb6oda3fnfhwiz HTTP/1.1" 200 433 "https://miaou.dystroy.org/1616" "Mozilla/5.0 (Linux; Android 10; ONEPLUS A6013) AppleWebKit/537.36 (KHTML, like Gecko) Chrome/87.0.4280.141 Mobile Safari/537.36"
29bb:5e8:dba0:0e91:8baf:4bda:e159:0a62 - - [22/Jan/2021:08:26:12 +0000] "GET /file-host/62a741961809665033c27f89.png HTTP/1.1" 200 840491 "https://www.kigard.fr/" "Mozilla/5.0 (Windows NT 10.0; Win64; x64) AppleWebKit/537.36 (KHTML, like Gecko) Chrome/87.0.4280.141 Safari/537.36 Edg/87.0.664.75"
12.146.12.185 - - [22/Jan/2021:08:26:14 +0000] "GET /json/messages/last?n=a&room=skbd HTTP/1.1" 200 1039 "https://miaou.dystroy.org/2603?SCIZ" "Mozilla/5.0 (Windows NT 10.0; Win64; x64) AppleWebKit/537.36 (KHTML, like Gecko) Chrome/87.0.4280.141 Safari/537.36"
6.132.179.138 - - [22/Jan/2021:08:26:15 +0000] "GET /file-host/f82231e6687f52ff8ca3aca0.png HTTP/1.1" 200 171395 "-" "Slack-ImgProxy (+https://api.slack.com/robots)"
12.146.12.185 - - [22/Jan/2021:08:26:15 +0000] "GET /json/messages/last?n=a&room=skbd HTTP/1.1" 304 0 "https://miaou.dystroy.org/2603?SCIZ" "Mozilla/5.0 (Windows NT 10.0; Win64; x64) AppleWebKit/537.36 (KHTML, like Gecko) Chrome/87.0.4280.141 Safari/537.36"
12.146.12.185 - - [22/Jan/2021:08:26:16 +0000] "GET /3728 HTTP/1.1" 200 5480 "https://miaou.dystroy.org/2603?SCIZ" "Mozilla/5.0 (Windows NT 10.0; Win64; x64) AppleWebKit/537.36 (KHTML, like Gecko) Chrome/87.0.4280.141 Safari/537.36"
12.146.12.185 - - [22/Jan/2021:08:26:16 +0000] "GET /socket.io/?EIO=y&transport=c0qucvma5&sid=h0dlf4bu6cu1kz2z89s7 HTTP/1.1" 101 7614 "-" "Mozilla/5.0 (Windows NT 10.0; Win64; x64) AppleWebKit/537.36 (KHTML, like Gecko) Chrome/87.0.4280.141 Safari/537.36"
12.146.12.185 - - [22/Jan/2021:08:26:16 +0000] "GET /socket.io/socket.io.js HTTP/1.1" 304 0 "https://miaou.dystroy.org/3728" "Mozilla/5.0 (Windows NT 10.0; Win64; x64) AppleWebKit/537.36 (KHTML, like Gecko) Chrome/87.0.4280.141 Safari/537.36"
12.146.12.185 - - [22/Jan/2021:08:26:16 +0000] "GET /socket.io/?EIO=y&transport=xkmoyoi&t=jysrm47 HTTP/1.1" 200 99 "https://miaou.dystroy.org/3728" "Mozilla/5.0 (Windows NT 10.0; Win64; x64) AppleWebKit/537.36 (KHTML, like Gecko) Chrome/87.0.4280.141 Safari/537.36"
12.146.12.185 - - [22/Jan/2021:08:26:16 +0000] "GET /socket.io/?EIO=y&transport=xkmoyoi&t=ta35hf0&sid=nltoqwaaxjaxn85d6irr HTTP/1.1" 200 18 "https://miaou.dystroy.org/3728" "Mozilla/5.0 (Windows NT 10.0; Win64; x64) AppleWebKit/537.36 (KHTML, like Gecko) Chrome/87.0.4280.141 Safari/537.36"
12.146.12.185 - - [22/Jan/2021:08:26:16 +0000] "POST /socket.io/?EIO=y&transport=xkmoyoi&t=wp31rxy&sid=nltoqwaaxjaxn85d6irr HTTP/1.1" 200 2 "https://miaou.dystroy.org/3728" "Mozilla/5.0 (Windows NT 10.0; Win64; x64) AppleWebKit/537.36 (KHTML, like Gecko) Chrome/87.0.4280.141 Safari/537.36"
12.146.12.185 - - [22/Jan/2021:08:26:16 +0000] "GET /socket.io/?EIO=y&transport=xkmoyoi&t=n9tqcl0&sid=nltoqwaaxjaxn85d6irr HTTP/1.1" 200 34 "https://miaou.dystroy.org/3728" "Mozilla/5.0 (Windows NT 10.0; Win64; x64) AppleWebKit/537.36 (KHTML, like Gecko) Chrome/87.0.4280.141 Safari/537.36"
12.146.12.185 - - [22/Jan/2021:08:26:17 +0000] "GET /socket.io/?EIO=y&transport=xkmoyoi&t=7qfoths&sid=nltoqwaaxjaxn85d6irr HTTP/1.1" 200 4708 "https://miaou.dystroy.org/3728" "Mozilla/5.0 (Windows NT 10.0; Win64; x64) AppleWebKit/537.36 (KHTML, like Gecko) Chrome/87.0.4280.141 Safari/537.36"
40.205.208.119 - - [22/Jan/2021:08:26:18 +0000] "POST /sciz-webhook HTTP/1.1" 200 0 "-" "python-requests/2.21.0"
66.117.89.209 - - [22/Jan/2021:08:26:20 +0000] "GET /socket.io/?EIO=y&transport=c0qucvma5&sid=aosujepb6oda3fnfhwiz HTTP/1.1" 101 3971 "-" "Mozilla/5.0 (Linux; Android 10; ONEPLUS A6013) AppleWebKit/537.36 (KHTML, like Gecko) Chrome/87.0.4280.141 Mobile Safari/537.36"
40.190.208.45 - - [22/Jan/2021:08:26:22 +0000] "GET /file-host/cfe9079a46d5a4c1ae7950f1.jpg HTTP/1.1" 200 186650 "https://games.mountyhall.com/mountyhall/View/PJView_Trolligion.php?ai_IDPJ=31909" "Mozilla/5.0 (Windows NT 10.0; Win64; x64; rv:84.0) Gecko/20100101 Firefox/84.0"
27.221.137.155 - - [22/Jan/2021:08:26:25 +0000] "GET /file-host/f82231e6687f52ff8ca3aca0.png HTTP/1.1" 200 171395 "-" "Slack-ImgProxy (+https://api.slack.com/robots)"
66.117.89.209 - - [22/Jan/2021:08:26:28 +0000] "GET /socket.io/?EIO=y&transport=xkmoyoi&t=o1rutgj HTTP/1.1" 200 99 "https://miaou.dystroy.org/1616" "Mozilla/5.0 (Linux; Android 10; ONEPLUS A6013) AppleWebKit/537.36 (KHTML, like Gecko) Chrome/87.0.4280.141 Mobile Safari/537.36"
66.117.89.209 - - [22/Jan/2021:08:26:28 +0000] "GET /socket.io/?EIO=y&transport=xkmoyoi&t=0h29z9w&sid=vam4o6ouhnsye3kyduxg HTTP/1.1" 200 18 "https://miaou.dystroy.org/1616" "Mozilla/5.0 (Linux; Android 10; ONEPLUS A6013) AppleWebKit/537.36 (KHTML, like Gecko) Chrome/87.0.4280.141 Mobile Safari/537.36"
66.117.89.209 - - [22/Jan/2021:08:26:29 +0000] "POST /socket.io/?EIO=y&transport=xkmoyoi&t=44vrw3o&sid=vam4o6ouhnsye3kyduxg HTTP/1.1" 200 2 "https://miaou.dystroy.org/1616" "Mozilla/5.0 (Linux; Android 10; ONEPLUS A6013) AppleWebKit/537.36 (KHTML, like Gecko) Chrome/87.0.4280.141 Mobile Safari/537.36"
66.117.89.209 - - [22/Jan/2021:08:26:29 +0000] "GET /socket.io/?EIO=y&transport=xkmoyoi&t=nsjfm9k&sid=vam4o6ouhnsye3kyduxg HTTP/1.1" 200 6376 "https://miaou.dystroy.org/1616" "Mozilla/5.0 (Linux; Android 10; ONEPLUS A6013) AppleWebKit/537.36 (KHTML, like Gecko) Chrome/87.0.4280.141 Mobile Safari/537.36"
5944:383a:2493:e9bf:9eea:862f:6073:7996 - - [22/Jan/2021:08:26:29 +0000] "GET /gogo/json?action=7c1uz2f9flrxff&TrollId=17glst&ChrallVersion=9tku HTTP/1.1" 200 65 "https://games.mountyhall.com/" "Mozilla/5.0 (Windows NT 10.0; Win64; x64) AppleWebKit/537.36 (KHTML, like Gecko) Chrome/87.0.4280.141 Safari/537.36"
66.117.89.209 - - [22/Jan/2021:08:26:30 +0000] "POST /socket.io/?EIO=y&transport=xkmoyoi&t=fob6bff&sid=vam4o6ouhnsye3kyduxg HTTP/1.1" 200 2 "https://miaou.dystroy.org/1616" "Mozilla/5.0 (Linux; Android 10; ONEPLUS A6013) AppleWebKit/537.36 (KHTML, like Gecko) Chrome/87.0.4280.141 Mobile Safari/537.36"
66.117.89.209 - - [22/Jan/2021:08:26:30 +0000] "GET /socket.io/?EIO=y&transport=xkmoyoi&t=p2d6862&sid=vam4o6ouhnsye3kyduxg HTTP/1.1" 200 433 "https://miaou.dystroy.org/1616" "Mozilla/5.0 (Linux; Android 10; ONEPLUS A6013) AppleWebKit/537.36 (KHTML, like Gecko) Chrome/87.0.4280.141 Mobile Safari/537.36"
66.117.89.209 - - [22/Jan/2021:08:26:30 +0000] "POST /socket.io/?EIO=y&transport=xkmoyoi&t=ndhwfwu&sid=vam4o6ouhnsye3kyduxg HTTP/1.1" 200 2 "https://miaou.dystroy.org/1616" "Mozilla/5.0 (Linux; Android 10; ONEPLUS A6013) AppleWebKit/537.36 (KHTML, like Gecko) Chrome/87.0.4280.141 Mobile Safari/537.36"
76.75.31.164 - - [22/Jan/2021:08:26:38 +0000] "GET /robots.txt HTTP/1.1" 404 2047 "-" "Mozilla/5.0 (compatible; SeznamBot/3.2; +http://napoveda.seznam.cz/en/seznambot-intro/)"
76.75.31.164 - - [22/Jan/2021:08:26:39 +0000] "GET /broot/img/20200727-search-preview.png HTTP/1.1" 200 77812 "-" "Mozilla/5.0 (compatible; SeznamBot/3.2; +http://napoveda.seznam.cz/en/seznambot-intro/)"
91.110.189.249 - - [22/Jan/2021:08:26:41 +0000] "HEAD / HTTP/1.1" 301 0 "http://www.dystroy.org" "Mozilla/5.0+(compatible; UptimeRobot/2.0; http://www.uptimerobot.com/)"
91.110.189.249 - - [22/Jan/2021:08:26:41 +0000] "HEAD / HTTP/1.1" 200 0 "http://www.dystroy.org" "Mozilla/5.0+(compatible; UptimeRobot/2.0; http://www.uptimerobot.com/)"
11.254.4.107 - - [22/Jan/2021:08:27:06 +0000] "GET /json/messages/last?n=a&room=jjyw HTTP/1.1" 304 0 "https://miaou.dystroy.org/1556" "Mozilla/5.0 (Windows NT 10.0; Win64; x64) AppleWebKit/537.36 (KHTML, like Gecko) Chrome/87.0.4280.141 Safari/537.36"
11.254.4.107 - - [22/Jan/2021:08:27:06 +0000] "GET /json/messages/last?n=a&room=8yg HTTP/1.1" 304 0 "https://miaou.dystroy.org/1556" "Mozilla/5.0 (Windows NT 10.0; Win64; x64) AppleWebKit/537.36 (KHTML, like Gecko) Chrome/87.0.4280.141 Safari/537.36"
11.254.4.107 - - [22/Jan/2021:08:27:06 +0000] "GET /json/messages/last?n=a&room=p9j HTTP/1.1" 304 0 "https://miaou.dystroy.org/1556" "Mozilla/5.0 (Windows NT 10.0; Win64; x64) AppleWebKit/537.36 (KHTML, like Gecko) Chrome/87.0.4280.141 Safari/537.36"
11.254.4.107 - - [22/Jan/2021:08:27:07 +0000] "GET /json/messages/last?n=a&room=5g7 HTTP/1.1" 200 2291 "https://miaou.dystroy.org/1556" "Mozilla/5.0 (Windows NT 10.0; Win64; x64) AppleWebKit/537.36 (KHTML, like Gecko) Chrome/87.0.4280.141 Safari/537.36"
40.190.208.45 - - [22/Jan/2021:08:27:09 +0000] "GET /json/messages/last?n=a&room=cdr HTTP/1.1" 200 1248 "https://miaou.dystroy.org/2528" "Mozilla/5.0 (Windows NT 10.0; Win64; x64; rv:84.0) Gecko/20100101 Firefox/84.0"
40.190.208.45 - - [22/Jan/2021:08:27:09 +0000] "GET /json/messages/last?n=a&room=y0v9 HTTP/1.1" 200 1449 "https://miaou.dystroy.org/2528" "Mozilla/5.0 (Windows NT 10.0; Win64; x64; rv:84.0) Gecko/20100101 Firefox/84.0"
8534:58a:9dc:591:c5fb:1600:7faa:67ef - - [22/Jan/2021:08:27:14 +0000] "GET /gogo/json?action=7c1uz2f9flrxff&TrollId=dzjim&ChrallVersion=9tku HTTP/1.1" 200 65 "https://games.mountyhall.com/" "Mozilla/5.0 (Windows NT 10.0; Win64; x64) AppleWebKit/537.36 (KHTML, like Gecko) Chrome/87.0.4280.141 Safari/537.36"
55.40.152.129 - - [22/Jan/2021:08:27:18 +0000] "GET /gogo/json?action=mf331j19fcfriv57h&asker=mhp531&name=iaoaxlupp8nln2fmt7tdveajdfl2vgloctqeqjhwc228fae7ctag&monsterId=jwf3hk9 HTTP/1.1" 200 1447 "https://games.mountyhall.com/" "Mozilla/5.0 (Windows NT 10.0; Win64; x64) AppleWebKit/537.36 (KHTML, like Gecko) Chrome/87.0.4280.141 Safari/537.36"
55.63.186.91 - - [22/Jan/2021:08:27:31 +0000] "GET /JSON.prune/JSON.prune.js?_=3ibcqhwhny5th HTTP/1.1" 200 5188 "https://schema02.esabora.solutions/" "Mozilla/5.0 (Windows NT 10.0; Win64; x64) AppleWebKit/537.36 (KHTML, like Gecko) Chrome/87.0.4280.141 Safari/537.36"
66.117.89.209 - - [22/Jan/2021:08:27:49 +0000] "GET /socket.io/?EIO=y&transport=c0qucvma5&sid=vam4o6ouhnsye3kyduxg HTTP/1.1" 101 4021 "-" "Mozilla/5.0 (Linux; Android 10; ONEPLUS A6013) AppleWebKit/537.36 (KHTML, like Gecko) Chrome/87.0.4280.141 Mobile Safari/537.36"
66.117.89.209 - - [22/Jan/2021:08:27:54 +0000] "GET /socket.io/?EIO=y&transport=xkmoyoi&t=l5e5cr5 HTTP/1.1" 200 99 "https://miaou.dystroy.org/1616" "Mozilla/5.0 (Linux; Android 10; ONEPLUS A6013) AppleWebKit/537.36 (KHTML, like Gecko) Chrome/87.0.4280.141 Mobile Safari/537.36"
66.117.89.209 - - [22/Jan/2021:08:27:54 +0000] "GET /socket.io/?EIO=y&transport=xkmoyoi&t=xse20g9&sid=ahyx1szsw4b2deg6m9m6 HTTP/1.1" 200 18 "https://miaou.dystroy.org/1616" "Mozilla/5.0 (Linux; Android 10; ONEPLUS A6013) AppleWebKit/537.36 (KHTML, like Gecko) Chrome/87.0.4280.141 Mobile Safari/537.36"
66.117.89.209 - - [22/Jan/2021:08:27:54 +0000] "POST /socket.io/?EIO=y&transport=xkmoyoi&t=oaqxks8&sid=ahyx1szsw4b2deg6m9m6 HTTP/1.1" 200 2 "https://miaou.dystroy.org/1616" "Mozilla/5.0 (Linux; Android 10; ONEPLUS A6013) AppleWebKit/537.36 (KHTML, like Gecko) Chrome/87.0.4280.141 Mobile Safari/537.36"
66.117.89.209 - - [22/Jan/2021:08:27:54 +0000] "GET /socket.io/?EIO=y&transport=xkmoyoi&t=ihcvflo&sid=ahyx1szsw4b2deg6m9m6 HTTP/1.1" 200 6376 "https://miaou.dystroy.org/1616" "Mozilla/5.0 (Linux; Android 10; ONEPLUS A6013) AppleWebKit/537.36 (KHTML, like Gecko) Chrome/87.0.4280.141 Mobile Safari/537.36"
66.117.89.209 - - [22/Jan/2021:08:27:56 +0000] "POST /socket.io/?EIO=y&transport=xkmoyoi&t=1hkcihq&sid=ahyx1szsw4b2deg6m9m6 HTTP/1.1" 200 2 "https://miaou.dystroy.org/1616" "Mozilla/5.0 (Linux; Android 10; ONEPLUS A6013) AppleWebKit/537.36 (KHTML, like Gecko) Chrome/87.0.4280.141 Mobile Safari/537.36"
66.117.89.209 - - [22/Jan/2021:08:27:56 +0000] "GET /socket.io/?EIO=y&transport=xkmoyoi&t=nr2ed7p&sid=ahyx1szsw4b2deg6m9m6 HTTP/1.1" 200 433 "https://miaou.dystroy.org/1616" "Mozilla/5.0 (Linux; Android 10; ONEPLUS A6013) AppleWebKit/537.36 (KHTML, like Gecko) Chrome/87.0.4280.141 Mobile Safari/537.36"
55.40.152.129 - - [22/Jan/2021:08:28:05 +0000] "GET /gogo/json?action=bgc6r5eeshp5nu&asker=mhp531&trollId=kx84n HTTP/1.1" 200 84 "https://games.mountyhall.com/" "Mozilla/5.0 (Windows NT 10.0; Win64; x64) AppleWebKit/537.36 (KHTML, like Gecko) Chrome/87.0.4280.141 Safari/537.36"
55.40.152.129 - - [22/Jan/2021:08:28:06 +0000] "GET /gogo/json?action=bgc6r5eeshp5nu&asker=mhp531&trollId=stblm HTTP/1.1" 200 84 "https://games.mountyhall.com/" "Mozilla/5.0 (Windows NT 10.0; Win64; x64) AppleWebKit/537.36 (KHTML, like Gecko) Chrome/87.0.4280.141 Safari/537.36"
47.2.72.230 - - [22/Jan/2021:08:28:20 +0000] "GET /broot/img/favicon.ico HTTP/1.1" 304 0 "-" "Mozilla/5.0 (X11; Linux x86_64) AppleWebKit/537.36 (KHTML, like Gecko) Chrome/87.0.4280.142 Safari/537.36"
55.40.152.129 - - [22/Jan/2021:08:28:22 +0000] "GET /gogo/json?action=mf331j19fcfriv57h&name=v0iot7x72jq754quvvaudcb83n2yuv&monsterId=0ttt53zmf HTTP/1.1" 200 2750 "https://games.mountyhall.com/" "Mozilla/5.0 (Windows NT 10.0; Win64; x64) AppleWebKit/537.36 (KHTML, like Gecko) Chrome/87.0.4280.141 Safari/537.36"
91.5.44.60 - - [22/Jan/2021:08:28:24 +0000] "GET /re7210/img/navets-carottes-800.jpg HTTP/1.1" 301 185 "http://null.jsbin.com/" "Mozilla/5.0 (Windows NT 6.1; Win64; x64) AppleWebKit/537.36 (KHTML, like Gecko) Chrome/88.0.4324.104 Safari/537.36"
55.40.152.129 - - [22/Jan/2021:08:28:25 +0000] "GET /gogo/json?action=mf331j19fcfriv57h&name=v0iot7x72jq754quvvaudcb83n2yuv&monsterId=0ttt53zmf HTTP/1.1" 200 2750 "https://games.mountyhall.com/" "Mozilla/5.0 (Windows NT 10.0; Win64; x64) AppleWebKit/537.36 (KHTML, like Gecko) Chrome/87.0.4280.141 Safari/537.36"
91.5.44.60 - - [22/Jan/2021:08:28:25 +0000] "GET /re7210/img/navets-carottes-800.jpg HTTP/1.1" 200 182639 "http://null.jsbin.com/" "Mozilla/5.0 (Windows NT 6.1; Win64; x64) AppleWebKit/537.36 (KHTML, like Gecko) Chrome/88.0.4324.104 Safari/537.36"
66.117.89.209 - - [22/Jan/2021:08:28:29 +0000] "GET /socket.io/?EIO=y&transport=c0qucvma5&sid=ahyx1szsw4b2deg6m9m6 HTTP/1.1" 101 3971 "-" "Mozilla/5.0 (Linux; Android 10; ONEPLUS A6013) AppleWebKit/537.36 (KHTML, like Gecko) Chrome/87.0.4280.141 Mobile Safari/537.36"
12.146.12.185 - - [22/Jan/2021:08:28:32 +0000] "GET /json/messages/last?n=a&room=5fk5 HTTP/1.1" 304 0 "https://miaou.dystroy.org/3728" "Mozilla/5.0 (Windows NT 10.0; Win64; x64) AppleWebKit/537.36 (KHTML, like Gecko) Chrome/87.0.4280.141 Safari/537.36"
66.117.89.209 - - [22/Jan/2021:08:28:33 +0000] "GET /socket.io/?EIO=y&transport=xkmoyoi&t=7jrbx5q HTTP/1.1" 200 99 "https://miaou.dystroy.org/1616" "Mozilla/5.0 (Linux; Android 10; ONEPLUS A6013) AppleWebKit/537.36 (KHTML, like Gecko) Chrome/87.0.4280.141 Mobile Safari/537.36"
66.117.89.209 - - [22/Jan/2021:08:28:33 +0000] "GET /socket.io/?EIO=y&transport=xkmoyoi&t=oss8ubi&sid=3iuci0csx0g5cyfhz0k7 HTTP/1.1" 200 18 "https://miaou.dystroy.org/1616" "Mozilla/5.0 (Linux; Android 10; ONEPLUS A6013) AppleWebKit/537.36 (KHTML, like Gecko) Chrome/87.0.4280.141 Mobile Safari/537.36"
66.117.89.209 - - [22/Jan/2021:08:28:33 +0000] "POST /socket.io/?EIO=y&transport=xkmoyoi&t=fvj93ya&sid=3iuci0csx0g5cyfhz0k7 HTTP/1.1" 200 2 "https://miaou.dystroy.org/1616" "Mozilla/5.0 (Linux; Android 10; ONEPLUS A6013) AppleWebKit/537.36 (KHTML, like Gecko) Chrome/87.0.4280.141 Mobile Safari/537.36"
66.117.89.209 - - [22/Jan/2021:08:28:33 +0000] "GET /socket.io/?EIO=y&transport=xkmoyoi&t=kto18su&sid=3iuci0csx0g5cyfhz0k7 HTTP/1.1" 200 6376 "https://miaou.dystroy.org/1616" "Mozilla/5.0 (Linux; Android 10; ONEPLUS A6013) AppleWebKit/537.36 (KHTML, like Gecko) Chrome/87.0.4280.141 Mobile Safari/537.36"
12.146.12.185 - - [22/Jan/2021:08:28:35 +0000] "GET /json/messages/last?n=a&room=rfm HTTP/1.1" 304 0 "https://miaou.dystroy.org/3728" "Mozilla/5.0 (Windows NT 10.0; Win64; x64) AppleWebKit/537.36 (KHTML, like Gecko) Chrome/87.0.4280.141 Safari/537.36"
12.146.12.185 - - [22/Jan/2021:08:28:37 +0000] "GET /json/messages/last?n=a&room=wlpv HTTP/1.1" 304 0 "https://miaou.dystroy.org/3728" "Mozilla/5.0 (Windows NT 10.0; Win64; x64) AppleWebKit/537.36 (KHTML, like Gecko) Chrome/87.0.4280.141 Safari/537.36"
12.146.12.185 - - [22/Jan/2021:08:28:37 +0000] "GET /json/messages/last?n=a&room=5fk5 HTTP/1.1" 304 0 "https://miaou.dystroy.org/3728" "Mozilla/5.0 (Windows NT 10.0; Win64; x64) AppleWebKit/537.36 (KHTML, like Gecko) Chrome/87.0.4280.141 Safari/537.36"
40.205.208.119 - - [22/Jan/2021:08:28:42 +0000] "POST /sciz-webhook HTTP/1.1" 200 0 "-" "python-requests/2.21.0"
2d06:0029:e34:172e:9aa4:3527:a89c:b59 - - [22/Jan/2021:08:28:48 +0000] "GET /gogo/json?action=7c1uz2f9flrxff&TrollId=9qdgp&ChrallVersion=9tku HTTP/1.1" 200 65 "https://games.mountyhall.com/" "Mozilla/5.0 (Windows NT 10.0; Win64; x64) AppleWebKit/537.36 (KHTML, like Gecko) Chrome/87.0.4280.141 Safari/537.36"
28.46.53.144 - - [22/Jan/2021:08:28:55 +0000] "GET /json/messages/last?n=a&room=2cmu HTTP/1.1" 304 0 "https://miaou.dystroy.org/12" "Mozilla/5.0 (Windows NT 6.1; rv:84.0) Gecko/20100101 Firefox/84.0"
28.46.53.144 - - [22/Jan/2021:08:28:55 +0000] "GET /json/messages/last?n=a&room=mt1g HTTP/1.1" 304 0 "https://miaou.dystroy.org/3836" "Mozilla/5.0 (Windows NT 6.1; rv:84.0) Gecko/20100101 Firefox/84.0"
28.46.53.144 - - [22/Jan/2021:08:28:57 +0000] "GET /json/messages/last?n=a&room=y HTTP/1.1" 304 0 "https://miaou.dystroy.org/12" "Mozilla/5.0 (Windows NT 6.1; rv:84.0) Gecko/20100101 Firefox/84.0"
28.46.53.144 - - [22/Jan/2021:08:29:00 +0000] "GET /socket.io/?EIO=y&transport=c0qucvma5&sid=2rr7a0w85efwtixhz72k HTTP/1.1" 101 1935 "-" "Mozilla/5.0 (Windows NT 6.1; rv:84.0) Gecko/20100101 Firefox/84.0"
40.205.208.119 - - [22/Jan/2021:08:29:00 +0000] "POST /sciz-webhook HTTP/1.1" 200 0 "-" "python-requests/2.21.0"
40.205.208.119 - - [22/Jan/2021:08:29:00 +0000] "POST /sciz-webhook HTTP/1.1" 200 0 "-" "python-requests/2.21.0"
55.40.152.129 - - [22/Jan/2021:08:29:03 +0000] "GET /gogo/json?action=bgc6r5eeshp5nu&asker=mhp531&trollId=kx84n HTTP/1.1" 200 84 "https://games.mountyhall.com/" "Mozilla/5.0 (Windows NT 10.0; Win64; x64) AppleWebKit/537.36 (KHTML, like Gecko) Chrome/87.0.4280.141 Safari/537.36"
55.40.152.129 - - [22/Jan/2021:08:29:03 +0000] "GET /gogo/json?action=bgc6r5eeshp5nu&asker=mhp531&trollId=stblm HTTP/1.1" 200 84 "https://games.mountyhall.com/" "Mozilla/5.0 (Windows NT 10.0; Win64; x64) AppleWebKit/537.36 (KHTML, like Gecko) Chrome/87.0.4280.141 Safari/537.36"
55.40.152.129 - - [22/Jan/2021:08:29:05 +0000] "GET /gogo/json?action=bgc6r5eeshp5nu&asker=mhp531&trollId=stblm HTTP/1.1" 200 84 "https://games.mountyhall.com/" "Mozilla/5.0 (Windows NT 10.0; Win64; x64) AppleWebKit/537.36 (KHTML, like Gecko) Chrome/87.0.4280.141 Safari/537.36"
55.40.152.129 - - [22/Jan/2021:08:29:06 +0000] "GET /gogo/json?action=bgc6r5eeshp5nu&asker=mhp531&trollId=dzjim HTTP/1.1" 200 84 "https://games.mountyhall.com/" "Mozilla/5.0 (Windows NT 10.0; Win64; x64) AppleWebKit/537.36 (KHTML, like Gecko) Chrome/87.0.4280.141 Safari/537.36"
20.216.173.186 - - [22/Jan/2021:08:29:07 +0000] "GET /broot HTTP/1.1" 301 185 "-" "Mozilla/5.0 (Macintosh; Intel Mac OS X 10_13_6) AppleWebKit/537.36 (KHTML, like Gecko) Chrome/67.0.3396.99 Safari/537.36"
55.40.152.129 - - [22/Jan/2021:08:29:08 +0000] "GET /gogo/json?action=bgc6r5eeshp5nu&asker=mhp531&trollId=esxv1n HTTP/1.1" 200 85 "https://games.mountyhall.com/" "Mozilla/5.0 (Windows NT 10.0; Win64; x64) AppleWebKit/537.36 (KHTML, like Gecko) Chrome/87.0.4280.141 Safari/537.36"
20.216.173.186 - - [22/Jan/2021:08:29:08 +0000] "GET /broot/ HTTP/1.1" 200 5830 "-" "Mozilla/5.0 (Macintosh; Intel Mac OS X 10_13_6) AppleWebKit/537.36 (KHTML, like Gecko) Chrome/67.0.3396.99 Safari/537.36"
28.46.53.144 - - [22/Jan/2021:08:29:13 +0000] "GET /publicProfile?user=ifw&room=42pd HTTP/1.1" 304 0 "https://miaou.dystroy.org/3836" "Mozilla/5.0 (Windows NT 6.1; rv:84.0) Gecko/20100101 Firefox/84.0"
40.205.208.119 - - [22/Jan/2021:08:29:22 +0000] "POST /sciz-webhook HTTP/1.1" 200 0 "-" "python-requests/2.21.0"
40.205.208.119 - - [22/Jan/2021:08:29:22 +0000] "POST /sciz-webhook HTTP/1.1" 200 0 "-" "python-requests/2.21.0"
691a:b7fd:2cc:dcb2:df32:4175:4f27:bc29 - - [22/Jan/2021:08:29:26 +0000] "GET /gogo/json?action=mf331j19fcfriv57h&asker=ix872q&name=3efbhq5bn0c2us08gkyu6j77td3ui&monsterId=mmgxfhv HTTP/1.1" 200 95 "https://games.mountyhall.com/" "Mozilla/5.0 (Windows NT 10.0; Win64; x64) AppleWebKit/537.36 (KHTML, like Gecko) Chrome/87.0.4280.141 Safari/537.36"
691a:b7fd:2cc:dcb2:df32:4175:4f27:bc29 - - [22/Jan/2021:08:29:26 +0000] "GET /gogo/json?action=mf331j19fcfriv57h&asker=ix872q&name=3efbhq5bn0c2us08gkyu6j77td3ui&monsterId=mmgxfhv HTTP/1.1" 200 95 "https://games.mountyhall.com/" "Mozilla/5.0 (Windows NT 10.0; Win64; x64) AppleWebKit/537.36 (KHTML, like Gecko) Chrome/87.0.4280.141 Safari/537.36"
28.46.53.144 - - [22/Jan/2021:08:29:27 +0000] "GET /json/messages/last?n=a&room=eit3 HTTP/1.1" 304 0 "https://miaou.dystroy.org/3836" "Mozilla/5.0 (Windows NT 6.1; rv:84.0) Gecko/20100101 Firefox/84.0"
691a:b7fd:2cc:dcb2:df32:4175:4f27:bc29 - - [22/Jan/2021:08:29:28 +0000] "GET /gogo/json?action=mf331j19fcfriv57h&asker=ix872q&name=m5arfxvw7ieuml64c3pa6vvc0dzavbaoz95mdoy2a4k2&monsterId=lzu2pkw HTTP/1.1" 200 2759 "https://games.mountyhall.com/" "Mozilla/5.0 (Windows NT 10.0; Win64; x64) AppleWebKit/537.36 (KHTML, like Gecko) Chrome/87.0.4280.141 Safari/537.36"
691a:b7fd:2cc:dcb2:df32:4175:4f27:bc29 - - [22/Jan/2021:08:29:36 +0000] "GET /gogo/json?action=mf331j19fcfriv57h&asker=ix872q&name=7kf7ln3g15unm7g96xgy686ixrooxgc48v38fuax2gf2gk&monsterId=omqz36h HTTP/1.1" 200 1522 "https://games.mountyhall.com/" "Mozilla/5.0 (Windows NT 10.0; Win64; x64) AppleWebKit/537.36 (KHTML, like Gecko) Chrome/87.0.4280.141 Safari/537.36"
691a:b7fd:2cc:dcb2:df32:4175:4f27:bc29 - - [22/Jan/2021:08:29:37 +0000] "GET /gogo/json?action=mf331j19fcfriv57h&asker=ix872q&name=3krqoc653258ipbdo80q9tv9ot2t23so7any54f4zrjotaikp&monsterId=vzrmggt HTTP/1.1" 200 115 "https://games.mountyhall.com/" "Mozilla/5.0 (Windows NT 10.0; Win64; x64) AppleWebKit/537.36 (KHTML, like Gecko) Chrome/87.0.4280.141 Safari/537.36"
40.205.208.119 - - [22/Jan/2021:08:29:37 +0000] "POST /sciz-webhook HTTP/1.1" 200 0 "-" "python-requests/2.21.0"
40.205.208.119 - - [22/Jan/2021:08:29:37 +0000] "POST /sciz-webhook HTTP/1.1" 200 0 "-" "python-requests/2.21.0"
28.46.53.144 - - [22/Jan/2021:08:29:39 +0000] "GET /json/messages/last?n=a&room=6j7g HTTP/1.1" 304 0 "https://miaou.dystroy.org/3836" "Mozilla/5.0 (Windows NT 6.1; rv:84.0) Gecko/20100101 Firefox/84.0"
28.46.53.144 - - [22/Jan/2021:08:29:42 +0000] "GET /json/rooms?pattern= HTTP/1.1" 200 9183 "https://miaou.dystroy.org/1556" "Mozilla/5.0 (Windows NT 6.1; rv:84.0) Gecko/20100101 Firefox/84.0"
691a:b7fd:2cc:dcb2:df32:4175:4f27:bc29 - - [22/Jan/2021:08:29:43 +0000] "GET /gogo/json?action=mf331j19fcfriv57h&asker=ix872q&name=m5arfxvw7ieuml64c3pa6vvc0dzavbaoz95mdoy2a4k2&monsterId=lzu2pkw HTTP/1.1" 200 2759 "https://games.mountyhall.com/" "Mozilla/5.0 (Windows NT 10.0; Win64; x64) AppleWebKit/537.36 (KHTML, like Gecko) Chrome/87.0.4280.141 Safari/537.36"
691a:b7fd:2cc:dcb2:df32:4175:4f27:bc29 - - [22/Jan/2021:08:29:46 +0000] "GET /gogo/json?action=mf331j19fcfriv57h&asker=ix872q&name=7kf7ln3g15unm7g96xgy686ixrooxgc48v38fuax2gf2gk&monsterId=omqz36h HTTP/1.1" 200 1522 "https://games.mountyhall.com/" "Mozilla/5.0 (Windows NT 10.0; Win64; x64) AppleWebKit/537.36 (KHTML, like Gecko) Chrome/87.0.4280.141 Safari/537.36"
55.40.152.129 - - [22/Jan/2021:08:29:46 +0000] "GET /gogo/json?action=7c1uz2f9flrxff&TrollId=mhp531&ChrallVersion=9tku HTTP/1.1" 200 65 "https://games.mountyhall.com/" "Mozilla/5.0 (Windows NT 10.0; Win64; x64) AppleWebKit/537.36 (KHTML, like Gecko) Chrome/87.0.4280.141 Safari/537.36"
28.46.53.144 - - [22/Jan/2021:08:29:47 +0000] "GET /publicProfile?user=rajx&room=42pd HTTP/1.1" 304 0 "https://miaou.dystroy.org/3836" "Mozilla/5.0 (Windows NT 6.1; rv:84.0) Gecko/20100101 Firefox/84.0"
691a:b7fd:2cc:dcb2:df32:4175:4f27:bc29 - - [22/Jan/2021:08:29:58 +0000] "GET /gogo/json?action=7c1uz2f9flrxff&TrollId=ix872q&ChrallVersion=9tku HTTP/1.1" 200 65 "https://games.mountyhall.com/" "Mozilla/5.0 (Windows NT 10.0; Win64; x64) AppleWebKit/537.36 (KHTML, like Gecko) Chrome/87.0.4280.141 Safari/537.36"
197.119.191.101 - - [22/Jan/2021:08:30:01 +0000] "GET /rooms HTTP/1.1" 302 106 "-" "Mozilla/5.0 (Windows NT 10.0; Win64; x64; rv:84.0) Gecko/20100101 Firefox/84.0"
197.119.191.101 - - [22/Jan/2021:08:30:02 +0000] "GET /login HTTP/1.1" 200 714 "-" "Mozilla/5.0 (Windows NT 10.0; Win64; x64; rv:84.0) Gecko/20100101 Firefox/84.0"
40.205.208.119 - - [22/Jan/2021:08:30:06 +0000] "POST /sciz-webhook HTTP/1.1" 200 0 "-" "python-requests/2.21.0"
26.58.110.84 - - [22/Jan/2021:08:30:06 +0000] "GET /JSON.prune/JSON.prune.js?_=64zto9u96sz1g HTTP/1.1" 200 5188 "https://schema02.esabora.solutions/" "Mozilla/5.0 (Windows NT 10.0; Win64; x64) AppleWebKit/537.36 (KHTML, like Gecko) Chrome/87.0.4280.141 Safari/537.36"
66.117.89.209 - - [22/Jan/2021:08:30:07 +0000] "GET /socket.io/?EIO=y&transport=c0qucvma5&sid=3iuci0csx0g5cyfhz0k7 HTTP/1.1" 101 4373 "-" "Mozilla/5.0 (Linux; Android 10; ONEPLUS A6013) AppleWebKit/537.36 (KHTML, like Gecko) Chrome/87.0.4280.141 Mobile Safari/537.36"
66.117.89.209 - - [22/Jan/2021:08:30:09 +0000] "GET /socket.io/?EIO=y&transport=xkmoyoi&t=v2jx817 HTTP/1.1" 200 99 "https://miaou.dystroy.org/1616" "Mozilla/5.0 (Linux; Android 10; ONEPLUS A6013) AppleWebKit/537.36 (KHTML, like Gecko) Chrome/87.0.4280.141 Mobile Safari/537.36"
66.117.89.209 - - [22/Jan/2021:08:30:09 +0000] "GET /socket.io/?EIO=y&transport=xkmoyoi&t=g7107px&sid=rvy79xsbwtx0fj52znnq HTTP/1.1" 200 18 "https://miaou.dystroy.org/1616" "Mozilla/5.0 (Linux; Android 10; ONEPLUS A6013) AppleWebKit/537.36 (KHTML, like Gecko) Chrome/87.0.4280.141 Mobile Safari/537.36"
66.117.89.209 - - [22/Jan/2021:08:30:09 +0000] "POST /socket.io/?EIO=y&transport=xkmoyoi&t=hcm1bva&sid=rvy79xsbwtx0fj52znnq HTTP/1.1" 200 2 "https://miaou.dystroy.org/1616" "Mozilla/5.0 (Linux; Android 10; ONEPLUS A6013) AppleWebKit/537.36 (KHTML, like Gecko) Chrome/87.0.4280.141 Mobile Safari/537.36"
66.117.89.209 - - [22/Jan/2021:08:30:09 +0000] "GET /socket.io/?EIO=y&transport=xkmoyoi&t=acjbabz&sid=rvy79xsbwtx0fj52znnq HTTP/1.1" 200 6376 "https://miaou.dystroy.org/1616" "Mozilla/5.0 (Linux; Android 10; ONEPLUS A6013) AppleWebKit/537.36 (KHTML, like Gecko) Chrome/87.0.4280.141 Mobile Safari/537.36"
691a:b7fd:2cc:dcb2:df32:4175:4f27:bc29 - - [22/Jan/2021:08:30:16 +0000] "GET /gogo/json?action=7c1uz2f9flrxff&TrollId=ix872q&ChrallVersion=9tku HTTP/1.1" 200 65 "https://games.mountyhall.com/" "Mozilla/5.0 (Windows NT 10.0; Win64; x64) AppleWebKit/537.36 (KHTML, like Gecko) Chrome/87.0.4280.141 Safari/537.36"
197.119.191.101 - - [22/Jan/2021:08:30:16 +0000] "GET /auth/google HTTP/1.1" 302 0 "https://miaou.dystroy.org/login" "Mozilla/5.0 (Windows NT 10.0; Win64; x64; rv:84.0) Gecko/20100101 Firefox/84.0"
197.119.191.101 - - [22/Jan/2021:08:30:18 +0000] "GET /sw.js?v=jq HTTP/1.1" 302 53 "-" "Mozilla/5.0 (Windows NT 10.0; Win64; x64; rv:84.0) Gecko/20100101 Firefox/84.0"
40.205.208.119 - - [22/Jan/2021:08:30:19 +0000] "POST /sciz-webhook HTTP/1.1" 200 0 "-" "python-requests/2.21.0"
40.205.208.119 - - [22/Jan/2021:08:30:19 +0000] "POST /sciz-webhook HTTP/1.1" 200 0 "-" "python-requests/2.21.0"
40.205.208.119 - - [22/Jan/2021:08:30:26 +0000] "POST /sciz-webhook HTTP/1.1" 200 0 "-" "python-requests/2.21.0"
40.205.208.119 - - [22/Jan/2021:08:30:27 +0000] "POST /sciz-webhook HTTP/1.1" 200 0 "-" "python-requests/2.21.0"
40.205.208.119 - - [22/Jan/2021:08:30:27 +0000] "POST /sciz-webhook HTTP/1.1" 200 0 "-" "python-requests/2.21.0"
40.205.208.119 - - [22/Jan/2021:08:30:27 +0000] "POST /sciz-webhook HTTP/1.1" 200 0 "-" "python-requests/2.21.0"
28.46.53.144 - - [22/Jan/2021:08:30:30 +0000] "GET /json/messages/last?n=a&room=mt1g HTTP/1.1" 304 0 "https://miaou.dystroy.org/3836" "Mozilla/5.0 (Windows NT 6.1; rv:84.0) Gecko/20100101 Firefox/84.0"
e7fe:e98b:d6a:e5fc:2bf0:4afc:e063:14f - - [22/Jan/2021:08:30:32 +0000] "GET /gogo/json?action=bgc6r5eeshp5nu&asker=0v6clo&trollId=eyuntq HTTP/1.1" 200 85 "https://games.mountyhall.com/" "Mozilla/5.0 (Windows NT 10.0; Win64; x64) AppleWebKit/537.36 (KHTML, like Gecko) Chrome/87.0.4280.141 Safari/537.36"
e7fe:e98b:d6a:e5fc:2bf0:4afc:e063:14f - - [22/Jan/2021:08:30:32 +0000] "GET /gogo/json?action=bgc6r5eeshp5nu&asker=0v6clo&trollId=1ms3 HTTP/1.1" 200 83 "https://games.mountyhall.com/" "Mozilla/5.0 (Windows NT 10.0; Win64; x64) AppleWebKit/537.36 (KHTML, like Gecko) Chrome/87.0.4280.141 Safari/537.36"
40.205.208.119 - - [22/Jan/2021:08:30:38 +0000] "POST /sciz-webhook HTTP/1.1" 200 0 "-" "python-requests/2.21.0"
197.119.191.101 - - [22/Jan/2021:08:30:45 +0000] "GET /auth/google/callback?state=li1e&code=u07hgi7l0m57h542wwc7j4an38hoq0yi4z09br2502l8wisbsc1ugckqzqqswbz16g1it5lxztw&scope=umhv4kz0xi8t5his5d1cobpdvdr0bu12ldxemhih7qns84aw3vad7isaa8qilwpmpzn6h60tgcv36xeje78jb22vflxlbpyp56xwfa4kss8s2194096q4ehvzfpmdx286vr7tpbw&authuser=3&prompt=npme HTTP/1.1" 302 96 "https://accounts.google.com/o/oauth2/v2/auth/oauthchooseaccount?response_type=code&redirect_uri=https%3A%2F%2Fmiaou.dystroy.org%2Fauth%2Fgoogle%2Fcallback&scope=profile%20email&state=Ohio&client_id=952990504400-baqo29pp4hfdk0hr55vriiactegs573c.apps.googleusercontent.com&flowName=GeneralOAuthFlow" "Mozilla/5.0 (Windows NT 10.0; Win64; x64; rv:84.0) Gecko/20100101 Firefox/84.0"
197.119.191.101 - - [22/Jan/2021:08:30:46 +0000] "GET / HTTP/1.1" 302 106 "https://accounts.google.com/o/oauth2/v2/auth/oauthchooseaccount?response_type=code&redirect_uri=https%3A%2F%2Fmiaou.dystroy.org%2Fauth%2Fgoogle%2Fcallback&scope=profile%20email&state=Ohio&client_id=952990504400-baqo29pp4hfdk0hr55vriiactegs573c.apps.googleusercontent.com&flowName=GeneralOAuthFlow" "Mozilla/5.0 (Windows NT 10.0; Win64; x64; rv:84.0) Gecko/20100101 Firefox/84.0"
197.119.191.101 - - [22/Jan/2021:08:30:46 +0000] "GET /rooms HTTP/1.1" 200 4377 "https://accounts.google.com/o/oauth2/v2/auth/oauthchooseaccount?response_type=code&redirect_uri=https%3A%2F%2Fmiaou.dystroy.org%2Fauth%2Fgoogle%2Fcallback&scope=profile%20email&state=Ohio&client_id=952990504400-baqo29pp4hfdk0hr55vriiactegs573c.apps.googleusercontent.com&flowName=GeneralOAuthFlow" "Mozilla/5.0 (Windows NT 10.0; Win64; x64; rv:84.0) Gecko/20100101 Firefox/84.0"
197.119.191.101 - - [22/Jan/2021:08:30:46 +0000] "GET /sw.js?v=jq HTTP/1.1" 200 2316 "-" "Mozilla/5.0 (Windows NT 10.0; Win64; x64; rv:84.0) Gecko/20100101 Firefox/84.0"
66.117.89.209 - - [22/Jan/2021:08:30:57 +0000] "GET /socket.io/?EIO=y&transport=c0qucvma5&sid=rvy79xsbwtx0fj52znnq HTTP/1.1" 101 4345 "-" "Mozilla/5.0 (Linux; Android 10; ONEPLUS A6013) AppleWebKit/537.36 (KHTML, like Gecko) Chrome/87.0.4280.141 Mobile Safari/537.36"
197.119.191.101 - - [22/Jan/2021:08:30:57 +0000] "GET /json/rooms?pattern= HTTP/1.1" 200 10230 "https://miaou.dystroy.org/rooms" "Mozilla/5.0 (Windows NT 10.0; Win64; x64; rv:84.0) Gecko/20100101 Firefox/84.0"
66.117.89.209 - - [22/Jan/2021:08:31:01 +0000] "GET /socket.io/?EIO=y&transport=xkmoyoi&t=r5ndah9 HTTP/1.1" 200 99 "https://miaou.dystroy.org/1616" "Mozilla/5.0 (Linux; Android 10; ONEPLUS A6013) AppleWebKit/537.36 (KHTML, like Gecko) Chrome/87.0.4280.141 Mobile Safari/537.36"
66.117.89.209 - - [22/Jan/2021:08:31:01 +0000] "GET /socket.io/?EIO=y&transport=xkmoyoi&t=07z1b5z&sid=nhiuo483ombjqxmff9ct HTTP/1.1" 200 18 "https://miaou.dystroy.org/1616" "Mozilla/5.0 (Linux; Android 10; ONEPLUS A6013) AppleWebKit/537.36 (KHTML, like Gecko) Chrome/87.0.4280.141 Mobile Safari/537.36"
66.117.89.209 - - [22/Jan/2021:08:31:01 +0000] "POST /socket.io/?EIO=y&transport=xkmoyoi&t=51fo7cx&sid=nhiuo483ombjqxmff9ct HTTP/1.1" 200 2 "https://miaou.dystroy.org/1616" "Mozilla/5.0 (Linux; Android 10; ONEPLUS A6013) AppleWebKit/537.36 (KHTML, like Gecko) Chrome/87.0.4280.141 Mobile Safari/537.36"
66.117.89.209 - - [22/Jan/2021:08:31:01 +0000] "GET /socket.io/?EIO=y&transport=xkmoyoi&t=q9ogmx0&sid=nhiuo483ombjqxmff9ct HTTP/1.1" 200 6376 "https://miaou.dystroy.org/1616" "Mozilla/5.0 (Linux; Android 10; ONEPLUS A6013) AppleWebKit/537.36 (KHTML, like Gecko) Chrome/87.0.4280.141 Mobile Safari/537.36"
66.117.89.209 - - [22/Jan/2021:08:31:03 +0000] "POST /socket.io/?EIO=y&transport=xkmoyoi&t=9on9euv&sid=nhiuo483ombjqxmff9ct HTTP/1.1" 200 2 "https://miaou.dystroy.org/1616" "Mozilla/5.0 (Linux; Android 10; ONEPLUS A6013) AppleWebKit/537.36 (KHTML, like Gecko) Chrome/87.0.4280.141 Mobile Safari/537.36"
66.117.89.209 - - [22/Jan/2021:08:31:03 +0000] "GET /socket.io/?EIO=y&transport=xkmoyoi&t=l5q6rr1&sid=nhiuo483ombjqxmff9ct HTTP/1.1" 200 433 "https://miaou.dystroy.org/1616" "Mozilla/5.0 (Linux; Android 10; ONEPLUS A6013) AppleWebKit/537.36 (KHTML, like Gecko) Chrome/87.0.4280.141 Mobile Safari/537.36"
197.119.191.101 - - [22/Jan/2021:08:31:04 +0000] "GET /broot/img/20200620-content-memm.png HTTP/1.1" 200 35627 "https://miaou.dystroy.org/rooms" "Mozilla/5.0 (Windows NT 10.0; Win64; x64; rv:84.0) Gecko/20100101 Firefox/84.0"
40.205.208.119 - - [22/Jan/2021:08:31:16 +0000] "POST /sciz-webhook HTTP/1.1" 200 0 "-" "python-requests/2.21.0"
40.205.208.119 - - [22/Jan/2021:08:31:16 +0000] "POST /sciz-webhook HTTP/1.1" 200 0 "-" "python-requests/2.21.0"
233.160.13.69 - - [22/Jan/2021:08:31:17 +0000] "GET /gogo/json?action=mf331j19fcfriv57h&asker=ypgmgo&name=svqvqospcu8uo9z&monsterId=g HTTP/1.1" 200 89 "https://games.mountyhall.com/" "Mozilla/5.0 (Windows NT 10.0; Win64; x64) AppleWebKit/537.36 (KHTML, like Gecko) Chrome/87.0.4280.141 Safari/537.36"
40.205.208.119 - - [22/Jan/2021:08:31:17 +0000] "POST /sciz-webhook HTTP/1.1" 200 0 "-" "python-requests/2.21.0"
40.205.208.119 - - [22/Jan/2021:08:31:17 +0000] "POST /sciz-webhook HTTP/1.1" 200 0 "-" "python-requests/2.21.0"
40.205.208.119 - - [22/Jan/2021:08:31:18 +0000] "POST /sciz-webhook HTTP/1.1" 200 0 "-" "python-requests/2.21.0"
233.160.13.69 - - [22/Jan/2021:08:31:18 +0000] "GET /gogo/json?action=bgc6r5eeshp5nu&asker=ypgmgo&trollId=xy6pl HTTP/1.1" 200 84 "https://games.mountyhall.com/" "Mozilla/5.0 (Windows NT 10.0; Win64; x64) AppleWebKit/537.36 (KHTML, like Gecko) Chrome/87.0.4280.141 Safari/537.36"
58.103.75.216 - - [22/Jan/2021:08:31:22 +0000] "GET /JSON.prune/JSON.prune.js?_=5h5hy9mubodgz HTTP/1.1" 200 5188 "https://esabora-schema-preprod.azurewebsites.net/" "Mozilla/5.0 (Windows NT 10.0; Win64; x64) AppleWebKit/537.36 (KHTML, like Gecko) Chrome/75.0.3770.142 Safari/537.36"
64.6.19.59 - - [22/Jan/2021:08:31:24 +0000] "GET /socket.io/?EIO=y&transport=xkmoyoi&t=8k9o93f HTTP/1.1" 200 99 "https://miaou.dystroy.org/1677" "Mozilla/5.0 (Windows NT 10.0; Win64; x64; rv:84.0) Gecko/20100101 Firefox/84.0"
64.6.19.59 - - [22/Jan/2021:08:31:24 +0000] "GET /socket.io/?EIO=y&transport=xkmoyoi&t=ja6sffn&sid=8u7d63w39g6ni2xiqkn2 HTTP/1.1" 200 18 "https://miaou.dystroy.org/1677" "Mozilla/5.0 (Windows NT 10.0; Win64; x64; rv:84.0) Gecko/20100101 Firefox/84.0"
64.6.19.59 - - [22/Jan/2021:08:31:24 +0000] "POST /socket.io/?EIO=y&transport=xkmoyoi&t=f7rgedv&sid=8u7d63w39g6ni2xiqkn2 HTTP/1.1" 200 2 "https://miaou.dystroy.org/1677" "Mozilla/5.0 (Windows NT 10.0; Win64; x64; rv:84.0) Gecko/20100101 Firefox/84.0"
64.6.19.59 - - [22/Jan/2021:08:31:24 +0000] "GET /socket.io/?EIO=y&transport=xkmoyoi&t=zdazuzn&sid=8u7d63w39g6ni2xiqkn2 HTTP/1.1" 200 34 "https://miaou.dystroy.org/1677" "Mozilla/5.0 (Windows NT 10.0; Win64; x64; rv:84.0) Gecko/20100101 Firefox/84.0"
20.222.58.68 - - [22/Jan/2021:08:31:35 +0000] "GET /miaou/user/25 HTTP/1.1" 301 185 "-" "Mozilla/5.0 (Macintosh; Intel Mac OS X 10_13_6) AppleWebKit/537.36 (KHTML, like Gecko) Chrome/87.0.4280.141 Safari/537.36"
20.222.58.68 - - [22/Jan/2021:08:31:35 +0000] "GET /miaou/user/25 HTTP/1.1" 200 442 "-" "Mozilla/5.0 (Macintosh; Intel Mac OS X 10_13_6) AppleWebKit/537.36 (KHTML, like Gecko) Chrome/87.0.4280.141 Safari/537.36"
91.110.189.249 - - [22/Jan/2021:08:31:41 +0000] "HEAD / HTTP/1.1" 301 0 "http://www.dystroy.org" "Mozilla/5.0+(compatible; UptimeRobot/2.0; http://www.uptimerobot.com/)"
91.110.189.249 - - [22/Jan/2021:08:31:41 +0000] "HEAD / HTTP/1.1" 200 0 "http://www.dystroy.org" "Mozilla/5.0+(compatible; UptimeRobot/2.0; http://www.uptimerobot.com/)"
66.117.89.209 - - [22/Jan/2021:08:31:42 +0000] "GET /socket.io/?EIO=y&transport=c0qucvma5&sid=nhiuo483ombjqxmff9ct HTTP/1.1" 101 3971 "-" "Mozilla/5.0 (Linux; Android 10; ONEPLUS A6013) AppleWebKit/537.36 (KHTML, like Gecko) Chrome/87.0.4280.141 Mobile Safari/537.36"
66.117.89.209 - - [22/Jan/2021:08:31:44 +0000] "GET /socket.io/?EIO=y&transport=xkmoyoi&t=eoij1ev HTTP/1.1" 200 99 "https://miaou.dystroy.org/1616" "Mozilla/5.0 (Linux; Android 10; ONEPLUS A6013) AppleWebKit/537.36 (KHTML, like Gecko) Chrome/87.0.4280.141 Mobile Safari/537.36"
66.117.89.209 - - [22/Jan/2021:08:31:44 +0000] "GET /socket.io/?EIO=y&transport=xkmoyoi&t=snufz37&sid=o8lwvd8u65xlpcfe6ads HTTP/1.1" 200 18 "https://miaou.dystroy.org/1616" "Mozilla/5.0 (Linux; Android 10; ONEPLUS A6013) AppleWebKit/537.36 (KHTML, like Gecko) Chrome/87.0.4280.141 Mobile Safari/537.36"
66.117.89.209 - - [22/Jan/2021:08:31:44 +0000] "POST /socket.io/?EIO=y&transport=xkmoyoi&t=xor5x2c&sid=o8lwvd8u65xlpcfe6ads HTTP/1.1" 200 2 "https://miaou.dystroy.org/1616" "Mozilla/5.0 (Linux; Android 10; ONEPLUS A6013) AppleWebKit/537.36 (KHTML, like Gecko) Chrome/87.0.4280.141 Mobile Safari/537.36"
66.117.89.209 - - [22/Jan/2021:08:31:44 +0000] "GET /socket.io/?EIO=y&transport=xkmoyoi&t=8zvuolw&sid=o8lwvd8u65xlpcfe6ads HTTP/1.1" 200 6375 "https://miaou.dystroy.org/1616" "Mozilla/5.0 (Linux; Android 10; ONEPLUS A6013) AppleWebKit/537.36 (KHTML, like Gecko) Chrome/87.0.4280.141 Mobile Safari/537.36"
64.6.19.59 - - [22/Jan/2021:08:31:46 +0000] "GET /json/messages/last?n=sd&room=mvw0 HTTP/1.1" 200 6023 "https://miaou.dystroy.org/1677" "Mozilla/5.0 (Windows NT 10.0; Win64; x64; rv:84.0) Gecko/20100101 Firefox/84.0"
66.117.89.209 - - [22/Jan/2021:08:31:47 +0000] "POST /socket.io/?EIO=y&transport=xkmoyoi&t=7vlkcqn&sid=o8lwvd8u65xlpcfe6ads HTTP/1.1" 200 2 "https://miaou.dystroy.org/1616" "Mozilla/5.0 (Linux; Android 10; ONEPLUS A6013) AppleWebKit/537.36 (KHTML, like Gecko) Chrome/87.0.4280.141 Mobile Safari/537.36"
