96.41.81.97 - - [22/Jan/2021:08:45:02 +0000] "GET /gogo/json?action=mf331j19fcfriv57h&asker=wg844m&name=e92o1gtu2goj5mobiben8gyygcf9wli2xjkser6jdm8xahp&monsterId=6ta41t9 HTTP/1.1" 200 2573 "https://games.mountyhall.com/" "Mozilla/5.0 (Windows NT 10.0; Win64; x64) AppleWebKit/537.36 (KHTML, like Gecko) Chrome/87.0.4280.141 Safari/537.36"
96.41.81.97 - - [22/Jan/2021:08:45:02 +0000] "GET /gogo/json?action=mf331j19fcfriv57h&asker=wg844m&name=5izubs4i4zyh6wr3k2371v2jx9qcji63w6h9zaqqon52kc9kk13c7zl696owmawy9&monsterId=8mil7xa HTTP/1.1" 200 123 "https://games.mountyhall.com/" "Mozilla/5.0 (Windows NT 10.0; Win64; x64) AppleWebKit/537.36 (KHTML, like Gecko) Chrome/87.0.4280.141 Safari/537.36"
96.41.81.97 - - [22/Jan/2021:08:45:03 +0000] "GET /gogo/json?action=mf331j19fcfriv57h&asker=wg844m&name=e92o1gtu2goj5mobiben8gyygcf9wli2xjkser6jdm8xahp&monsterId=6ta41t9 HTTP/1.1" 200 2573 "https://games.mountyhall.com/" "Mozilla/5.0 (Windows NT 10.0; Win64; x64) AppleWebKit/537.36 (KHTML, like Gecko) Chrome/87.0.4280.141 Safari/537.36"
96.41.81.97 - - [22/Jan/2021:08:45:03 +0000] "GET /gogo/json?action=mf331j19fcfriv57h&asker=wg844m&name=cbepn0ojophcpp63mi6rlbxr9qauzj7vs8p9cvnqt09l1b&monsterId=dq1r2fk HTTP/1.1" 200 2792 "https://games.mountyhall.com/" "Mozilla/5.0 (Windows NT 10.0; Win64; x64) AppleWebKit/537.36 (KHTML, like Gecko) Chrome/87.0.4280.141 Safari/537.36"
96.41.81.97 - - [22/Jan/2021:08:45:03 +0000] "GET /gogo/json?action=mf331j19fcfriv57h&asker=wg844m&name=5ggg0oc3hrmo05gw4jap7gmg54mrgz8tue29mchdf&monsterId=u2q6f1h HTTP/1.1" 200 2768 "https://games.mountyhall.com/" "Mozilla/5.0 (Windows NT 10.0; Win64; x64) AppleWebKit/537.36 (KHTML, like Gecko) Chrome/87.0.4280.141 Safari/537.36"
96.41.81.97 - - [22/Jan/2021:08:45:05 +0000] "GET /gogo/json?action=mf331j19fcfriv57h&asker=wg844m&name=cbepn0ojophcpp63mi6rlbxr9qauzj7vs8p9cvnqt09l1b&monsterId=dq1r2fk HTTP/1.1" 200 2792 "https://games.mountyhall.com/" "Mozilla/5.0 (Windows NT 10.0; Win64; x64) AppleWebKit/537.36 (KHTML, like Gecko) Chrome/87.0.4280.141 Safari/537.36"
96.41.81.97 - - [22/Jan/2021:08:45:05 +0000] "GET /gogo/json?action=mf331j19fcfriv57h&asker=wg844m&name=e92o1gtu2goj5mobiben8gyygcf9wli2xjkser6jdm8xahp&monsterId=6ta41t9 HTTP/1.1" 200 2573 "https://games.mountyhall.com/" "Mozilla/5.0 (Windows NT 10.0; Win64; x64) AppleWebKit/537.36 (KHTML, like Gecko) Chrome/87.0.4280.141 Safari/537.36"
96.41.81.97 - - [22/Jan/2021:08:45:05 +0000] "GET /gogo/json?action=mf331j19fcfriv57h&asker=wg844m&name=5izubs4i4zyh6wr3k2371v2jx9qcji63w6h9zaqqon52kc9kk13c7zl696owmawy9&monsterId=8mil7xa HTTP/1.1" 200 123 "https://games.mountyhall.com/" "Mozilla/5.0 (Windows NT 10.0; Win64; x64) AppleWebKit/537.36 (KHTML, like Gecko) Chrome/87.0.4280.141 Safari/537.36"
96.41.81.97 - - [22/Jan/2021:08:45:05 +0000] "GET /gogo/json?action=mf331j19fcfriv57h&asker=wg844m&name=n6f8liiekqf24pz89lku5t&monsterId=tnrdzry HTTP/1.1" 200 2739 "https://games.mountyhall.com/" "Mozilla/5.0 (Windows NT 10.0; Win64; x64) AppleWebKit/537.36 (KHTML, like Gecko) Chrome/87.0.4280.141 Safari/537.36"
96.41.81.97 - - [22/Jan/2021:08:45:05 +0000] "GET /gogo/json?action=mf331j19fcfriv57h&asker=wg844m&name=n6f8liiekqf24pz89lku5t&monsterId=caw0iyc HTTP/1.1" 200 2739 "https://games.mountyhall.com/" "Mozilla/5.0 (Windows NT 10.0; Win64; x64) AppleWebKit/537.36 (KHTML, like Gecko) Chrome/87.0.4280.141 Safari/537.36"
96.41.81.97 - - [22/Jan/2021:08:45:06 +0000] "GET /gogo/json?action=mf331j19fcfriv57h&asker=wg844m&name=n6f8liiekqf24pz89lku5t&monsterId=tnrdzry HTTP/1.1" 200 2739 "https://games.mountyhall.com/" "Mozilla/5.0 (Windows NT 10.0; Win64; x64) AppleWebKit/537.36 (KHTML, like Gecko) Chrome/87.0.4280.141 Safari/537.36"
96.41.81.97 - - [22/Jan/2021:08:45:06 +0000] "GET /gogo/json?action=mf331j19fcfriv57h&asker=wg844m&name=5izubs4i4zyh6wr3k2371v2jx9qcji63w6h9zaqqon52kc9kk13c7zl696owmawy9&monsterId=8mil7xa HTTP/1.1" 200 123 "https://games.mountyhall.com/" "Mozilla/5.0 (Windows NT 10.0; Win64; x64) AppleWebKit/537.36 (KHTML, like Gecko) Chrome/87.0.4280.141 Safari/537.36"
96.41.81.97 - - [22/Jan/2021:08:45:06 +0000] "GET /gogo/json?action=mf331j19fcfriv57h&asker=wg844m&name=e92o1gtu2goj5mobiben8gyygcf9wli2xjkser6jdm8xahp&monsterId=6ta41t9 HTTP/1.1" 200 2573 "https://games.mountyhall.com/" "Mozilla/5.0 (Windows NT 10.0; Win64; x64) AppleWebKit/537.36 (KHTML, like Gecko) Chrome/87.0.4280.141 Safari/537.36"
96.41.81.97 - - [22/Jan/2021:08:45:06 +0000] "GET /gogo/json?action=mf331j19fcfriv57h&asker=wg844m&name=cbepn0ojophcpp63mi6rlbxr9qauzj7vs8p9cvnqt09l1b&monsterId=dq1r2fk HTTP/1.1" 200 2792 "https://games.mountyhall.com/" "Mozilla/5.0 (Windows NT 10.0; Win64; x64) AppleWebKit/537.36 (KHTML, like Gecko) Chrome/87.0.4280.141 Safari/537.36"
96.41.81.97 - - [22/Jan/2021:08:45:06 +0000] "GET /gogo/json?action=mf331j19fcfriv57h&asker=wg844m&name=5ggg0oc3hrmo05gw4jap7gmg54mrgz8tue29mchdf&monsterId=u2q6f1h HTTP/1.1" 200 2768 "https://games.mountyhall.com/" "Mozilla/5.0 (Windows NT 10.0; Win64; x64) AppleWebKit/537.36 (KHTML, like Gecko) Chrome/87.0.4280.141 Safari/537.36"
96.41.81.97 - - [22/Jan/2021:08:45:06 +0000] "GET /gogo/json?action=mf331j19fcfriv57h&asker=wg844m&name=q9h09rimu5j41x012ii9phztoy6gnf9ewf7ngtaxq7ducmmrnlvzw&monsterId=tkbg2jr HTTP/1.1" 200 2563 "https://games.mountyhall.com/" "Mozilla/5.0 (Windows NT 10.0; Win64; x64) AppleWebKit/537.36 (KHTML, like Gecko) Chrome/87.0.4280.141 Safari/537.36"
96.41.81.97 - - [22/Jan/2021:08:45:06 +0000] "GET /gogo/json?action=mf331j19fcfriv57h&asker=wg844m&name=305yka29xrj8tybg2fwad2hsumnosdr9lkyqlphmmbpx2&monsterId=2hzxbdk HTTP/1.1" 200 2529 "https://games.mountyhall.com/" "Mozilla/5.0 (Windows NT 10.0; Win64; x64) AppleWebKit/537.36 (KHTML, like Gecko) Chrome/87.0.4280.141 Safari/537.36"
96.41.81.97 - - [22/Jan/2021:08:45:06 +0000] "GET /gogo/json?action=mf331j19fcfriv57h&asker=wg844m&name=xezl1hbt1jd2jhhvrtyywa1bhfcm8m7tbw&monsterId=0p00pkm HTTP/1.1" 200 2470 "https://games.mountyhall.com/" "Mozilla/5.0 (Windows NT 10.0; Win64; x64) AppleWebKit/537.36 (KHTML, like Gecko) Chrome/87.0.4280.141 Safari/537.36"
96.41.81.97 - - [22/Jan/2021:08:45:06 +0000] "GET /gogo/json?action=mf331j19fcfriv57h&asker=wg844m&name=l7iz1eagr5dc4i4c2vwvi2zip25un00uy5ja0vubhu&monsterId=9gdr91d HTTP/1.1" 200 2630 "https://games.mountyhall.com/" "Mozilla/5.0 (Windows NT 10.0; Win64; x64) AppleWebKit/537.36 (KHTML, like Gecko) Chrome/87.0.4280.141 Safari/537.36"
96.41.81.97 - - [22/Jan/2021:08:45:06 +0000] "GET /gogo/json?action=mf331j19fcfriv57h&asker=wg844m&name=qbj018vriww8j92ccz2&monsterId=j23s9cf HTTP/1.1" 200 2445 "https://games.mountyhall.com/" "Mozilla/5.0 (Windows NT 10.0; Win64; x64) AppleWebKit/537.36 (KHTML, like Gecko) Chrome/87.0.4280.141 Safari/537.36"
96.41.81.97 - - [22/Jan/2021:08:45:06 +0000] "GET /gogo/json?action=mf331j19fcfriv57h&asker=wg844m&name=d1rp2lrksywo4p2y50g1xej3bbm4ns214mloqw5vh9s6ic4b&monsterId=jxrpwky HTTP/1.1" 200 114 "https://games.mountyhall.com/" "Mozilla/5.0 (Windows NT 10.0; Win64; x64) AppleWebKit/537.36 (KHTML, like Gecko) Chrome/87.0.4280.141 Safari/537.36"
10.233.15.200 - - [22/Jan/2021:08:45:06 +0000] "GET /json/messages/last?n=a&room=udgu HTTP/1.1" 200 1525 "https://miaou.dystroy.org/1616" "Mozilla/5.0 (X11; Linux x86_64; rv:78.0) Gecko/20100101 Firefox/78.0"
96.41.81.97 - - [22/Jan/2021:08:45:06 +0000] "GET /gogo/json?action=mf331j19fcfriv57h&asker=wg844m&name=jwxbo4m3u8iav6itgyvqil2&monsterId=f3m094k HTTP/1.1" 200 2653 "https://games.mountyhall.com/" "Mozilla/5.0 (Windows NT 10.0; Win64; x64) AppleWebKit/537.36 (KHTML, like Gecko) Chrome/87.0.4280.141 Safari/537.36"
96.41.81.97 - - [22/Jan/2021:08:45:06 +0000] "GET /gogo/json?action=mf331j19fcfriv57h&asker=wg844m&name=s4gwm2vgte6jku4lfjossi&monsterId=vr7wcv6 HTTP/1.1" 200 2366 "https://games.mountyhall.com/" "Mozilla/5.0 (Windows NT 10.0; Win64; x64) AppleWebKit/537.36 (KHTML, like Gecko) Chrome/87.0.4280.141 Safari/537.36"
10.233.15.200 - - [22/Jan/2021:08:45:07 +0000] "GET /json/messages/last?n=a&room=udgu HTTP/1.1" 304 0 "https://miaou.dystroy.org/1616" "Mozilla/5.0 (X11; Linux x86_64; rv:78.0) Gecko/20100101 Firefox/78.0"
96.41.81.97 - - [22/Jan/2021:08:45:13 +0000] "GET /gogo/json?action=mf331j19fcfriv57h&asker=wg844m&name=bi2gwm6b3c9zm1tvcrj94gqlc92jbzapgyldl907pa6xinroxcvotkdfv&monsterId=xx2atip HTTP/1.1" 200 1402 "https://games.mountyhall.com/" "Mozilla/5.0 (Windows NT 10.0; Win64; x64) AppleWebKit/537.36 (KHTML, like Gecko) Chrome/87.0.4280.141 Safari/537.36"
96.41.81.97 - - [22/Jan/2021:08:45:14 +0000] "GET /gogo/json?action=mf331j19fcfriv57h&asker=wg844m&name=d1rp2lrksywo4p2y50g1xej3bbm4ns214mloqw5vh9s6ic4b&monsterId=jxrpwky HTTP/1.1" 200 114 "https://games.mountyhall.com/" "Mozilla/5.0 (Windows NT 10.0; Win64; x64) AppleWebKit/537.36 (KHTML, like Gecko) Chrome/87.0.4280.141 Safari/537.36"
96.41.81.97 - - [22/Jan/2021:08:45:14 +0000] "GET /gogo/json?action=mf331j19fcfriv57h&asker=wg844m&name=p4pqehuo36p9ijpfp0c5xqnvt1ana5mgsiqadh5hnib5fhzhk&monsterId=dwvl7g3 HTTP/1.1" 200 2090 "https://games.mountyhall.com/" "Mozilla/5.0 (Windows NT 10.0; Win64; x64) AppleWebKit/537.36 (KHTML, like Gecko) Chrome/87.0.4280.141 Safari/537.36"
96.41.81.97 - - [22/Jan/2021:08:45:14 +0000] "GET /gogo/json?action=mf331j19fcfriv57h&asker=wg844m&name=pgu1xutr2n9a7o3z9wbapyy08677kj&monsterId=8j1lab6 HTTP/1.1" 200 2457 "https://games.mountyhall.com/" "Mozilla/5.0 (Windows NT 10.0; Win64; x64) AppleWebKit/537.36 (KHTML, like Gecko) Chrome/87.0.4280.141 Safari/537.36"
96.41.81.97 - - [22/Jan/2021:08:45:14 +0000] "GET /gogo/json?action=mf331j19fcfriv57h&asker=wg844m&name=p4pqehuo36p9ijpfp0c5xqnvt1ana5mgsiqadh5hnib5fhzhk&monsterId=dwvl7g3 HTTP/1.1" 200 2090 "https://games.mountyhall.com/" "Mozilla/5.0 (Windows NT 10.0; Win64; x64) AppleWebKit/537.36 (KHTML, like Gecko) Chrome/87.0.4280.141 Safari/537.36"
96.41.81.97 - - [22/Jan/2021:08:45:14 +0000] "GET /gogo/json?action=mf331j19fcfriv57h&asker=wg844m&name=s4gwm2vgte6jku4lfjossi&monsterId=krjo9gs HTTP/1.1" 200 2366 "https://games.mountyhall.com/" "Mozilla/5.0 (Windows NT 10.0; Win64; x64) AppleWebKit/537.36 (KHTML, like Gecko) Chrome/87.0.4280.141 Safari/537.36"
d2ac:e72:5c3a:5162:a45a:f0c6:1c5e:9c81 - - [22/Jan/2021:08:45:15 +0000] "GET /json/rooms?pattern= HTTP/1.1" 200 8803 "https://miaou.dystroy.org/2960" "Mozilla/5.0 (X11; Ubuntu; Linux x86_64; rv:84.0) Gecko/20100101 Firefox/84.0"
58.103.75.216 - - [22/Jan/2021:08:45:15 +0000] "GET /JSON.prune/JSON.prune.js?_=j0k1pbrv1fzv5 HTTP/1.1" 200 5188 "https://esabora-schema-preprod.azurewebsites.net/" "Mozilla/5.0 (Windows NT 10.0; Win64; x64) AppleWebKit/537.36 (KHTML, like Gecko) Chrome/75.0.3770.142 Safari/537.36"
96.41.81.97 - - [22/Jan/2021:08:45:18 +0000] "GET /gogo/json?action=bgc6r5eeshp5nu&asker=wg844m&trollId=jslee HTTP/1.1" 200 84 "https://games.mountyhall.com/" "Mozilla/5.0 (Windows NT 10.0; Win64; x64) AppleWebKit/537.36 (KHTML, like Gecko) Chrome/87.0.4280.141 Safari/537.36"
96.41.81.97 - - [22/Jan/2021:08:45:18 +0000] "GET /gogo/json?action=mf331j19fcfriv57h&asker=wg844m&name=n6f8liiekqf24pz89lku5t&monsterId=tnrdzry HTTP/1.1" 200 2739 "https://games.mountyhall.com/" "Mozilla/5.0 (Windows NT 10.0; Win64; x64) AppleWebKit/537.36 (KHTML, like Gecko) Chrome/87.0.4280.141 Safari/537.36"
96.41.81.97 - - [22/Jan/2021:08:45:18 +0000] "GET /gogo/json?action=mf331j19fcfriv57h&asker=wg844m&name=5ggg0oc3hrmo05gw4jap7gmg54mrgz8tue29mchdf&monsterId=u2q6f1h HTTP/1.1" 200 2768 "https://games.mountyhall.com/" "Mozilla/5.0 (Windows NT 10.0; Win64; x64) AppleWebKit/537.36 (KHTML, like Gecko) Chrome/87.0.4280.141 Safari/537.36"
96.41.81.97 - - [22/Jan/2021:08:45:18 +0000] "GET /gogo/json?action=mf331j19fcfriv57h&asker=wg844m&name=q9h09rimu5j41x012ii9phztoy6gnf9ewf7ngtaxq7ducmmrnlvzw&monsterId=tkbg2jr HTTP/1.1" 200 2563 "https://games.mountyhall.com/" "Mozilla/5.0 (Windows NT 10.0; Win64; x64) AppleWebKit/537.36 (KHTML, like Gecko) Chrome/87.0.4280.141 Safari/537.36"
96.41.81.97 - - [22/Jan/2021:08:45:18 +0000] "GET /gogo/json?action=mf331j19fcfriv57h&asker=wg844m&name=305yka29xrj8tybg2fwad2hsumnosdr9lkyqlphmmbpx2&monsterId=2hzxbdk HTTP/1.1" 200 2529 "https://games.mountyhall.com/" "Mozilla/5.0 (Windows NT 10.0; Win64; x64) AppleWebKit/537.36 (KHTML, like Gecko) Chrome/87.0.4280.141 Safari/537.36"
96.41.81.97 - - [22/Jan/2021:08:45:18 +0000] "GET /gogo/json?action=mf331j19fcfriv57h&asker=wg844m&name=xezl1hbt1jd2jhhvrtyywa1bhfcm8m7tbw&monsterId=0p00pkm HTTP/1.1" 200 2470 "https://games.mountyhall.com/" "Mozilla/5.0 (Windows NT 10.0; Win64; x64) AppleWebKit/537.36 (KHTML, like Gecko) Chrome/87.0.4280.141 Safari/537.36"
96.41.81.97 - - [22/Jan/2021:08:45:19 +0000] "GET /gogo/json?action=mf331j19fcfriv57h&asker=wg844m&name=305yka29xrj8tybg2fwad2hsumnosdr9lkyqlphmmbpx2&monsterId=2hzxbdk HTTP/1.1" 200 2529 "https://games.mountyhall.com/" "Mozilla/5.0 (Windows NT 10.0; Win64; x64) AppleWebKit/537.36 (KHTML, like Gecko) Chrome/87.0.4280.141 Safari/537.36"
96.41.81.97 - - [22/Jan/2021:08:45:19 +0000] "GET /gogo/json?action=mf331j19fcfriv57h&asker=wg844m&name=q9h09rimu5j41x012ii9phztoy6gnf9ewf7ngtaxq7ducmmrnlvzw&monsterId=tkbg2jr HTTP/1.1" 200 2563 "https://games.mountyhall.com/" "Mozilla/5.0 (Windows NT 10.0; Win64; x64) AppleWebKit/537.36 (KHTML, like Gecko) Chrome/87.0.4280.141 Safari/537.36"
96.41.81.97 - - [22/Jan/2021:08:45:19 +0000] "GET /gogo/json?action=mf331j19fcfriv57h&asker=wg844m&name=5ggg0oc3hrmo05gw4jap7gmg54mrgz8tue29mchdf&monsterId=u2q6f1h HTTP/1.1" 200 2768 "https://games.mountyhall.com/" "Mozilla/5.0 (Windows NT 10.0; Win64; x64) AppleWebKit/537.36 (KHTML, like Gecko) Chrome/87.0.4280.141 Safari/537.36"
96.41.81.97 - - [22/Jan/2021:08:45:19 +0000] "GET /gogo/json?action=mf331j19fcfriv57h&asker=wg844m&name=cbepn0ojophcpp63mi6rlbxr9qauzj7vs8p9cvnqt09l1b&monsterId=dq1r2fk HTTP/1.1" 200 2792 "https://games.mountyhall.com/" "Mozilla/5.0 (Windows NT 10.0; Win64; x64) AppleWebKit/537.36 (KHTML, like Gecko) Chrome/87.0.4280.141 Safari/537.36"
96.41.81.97 - - [22/Jan/2021:08:45:19 +0000] "GET /gogo/json?action=mf331j19fcfriv57h&asker=wg844m&name=e92o1gtu2goj5mobiben8gyygcf9wli2xjkser6jdm8xahp&monsterId=6ta41t9 HTTP/1.1" 200 2573 "https://games.mountyhall.com/" "Mozilla/5.0 (Windows NT 10.0; Win64; x64) AppleWebKit/537.36 (KHTML, like Gecko) Chrome/87.0.4280.141 Safari/537.36"
96.41.81.97 - - [22/Jan/2021:08:45:19 +0000] "GET /gogo/json?action=mf331j19fcfriv57h&asker=wg844m&name=5izubs4i4zyh6wr3k2371v2jx9qcji63w6h9zaqqon52kc9kk13c7zl696owmawy9&monsterId=8mil7xa HTTP/1.1" 200 123 "https://games.mountyhall.com/" "Mozilla/5.0 (Windows NT 10.0; Win64; x64) AppleWebKit/537.36 (KHTML, like Gecko) Chrome/87.0.4280.141 Safari/537.36"
96.41.81.97 - - [22/Jan/2021:08:45:19 +0000] "GET /gogo/json?action=mf331j19fcfriv57h&asker=wg844m&name=n6f8liiekqf24pz89lku5t&monsterId=tnrdzry HTTP/1.1" 200 2739 "https://games.mountyhall.com/" "Mozilla/5.0 (Windows NT 10.0; Win64; x64) AppleWebKit/537.36 (KHTML, like Gecko) Chrome/87.0.4280.141 Safari/537.36"
96.41.81.97 - - [22/Jan/2021:08:45:19 +0000] "GET /gogo/json?action=mf331j19fcfriv57h&asker=wg844m&name=n6f8liiekqf24pz89lku5t&monsterId=caw0iyc HTTP/1.1" 200 2739 "https://games.mountyhall.com/" "Mozilla/5.0 (Windows NT 10.0; Win64; x64) AppleWebKit/537.36 (KHTML, like Gecko) Chrome/87.0.4280.141 Safari/537.36"
102.17.28.18 - - [22/Jan/2021:08:45:25 +0000] "GET /broot/launch/ HTTP/1.1" 304 0 "-" "Mozilla/5.0 (compatible; bingbot/2.0; +http://www.bing.com/bingbot.htm)"
eae5:1700:681b:f453:c960:5c83:b532:67c9 - - [22/Jan/2021:08:45:37 +0000] "GET /publicProfile?user=47&room=q7pl HTTP/1.1" 200 540 "https://miaou.dystroy.org/2960" "Mozilla/5.0 (Windows NT 10.0; Win64; x64; rv:84.0) Gecko/20100101 Firefox/84.0"
48ed:9230:f81c:e6a6:e705:62d7:212:5a2 - - [22/Jan/2021:08:45:38 +0000] "GET /1616 HTTP/1.1" 200 4875 "https://miaou.dystroy.org/4017" "Mozilla/5.0 (Linux; Android 8.0.0; SM-A520F) AppleWebKit/537.36 (KHTML, like Gecko) Chrome/87.0.4280.141 Mobile Safari/537.36"
48ed:9230:f81c:e6a6:e705:62d7:212:5a2 - - [22/Jan/2021:08:45:38 +0000] "GET /socket.io/?EIO=y&transport=c0qucvma5&sid=9hbzt6gfcyc5rtk6thjd HTTP/1.1" 101 4972 "-" "Mozilla/5.0 (Linux; Android 8.0.0; SM-A520F) AppleWebKit/537.36 (KHTML, like Gecko) Chrome/87.0.4280.141 Mobile Safari/537.36"
48ed:9230:f81c:e6a6:e705:62d7:212:5a2 - - [22/Jan/2021:08:45:38 +0000] "GET /socket.io/socket.io.js HTTP/1.1" 304 0 "https://miaou.dystroy.org/1616" "Mozilla/5.0 (Linux; Android 8.0.0; SM-A520F) AppleWebKit/537.36 (KHTML, like Gecko) Chrome/87.0.4280.141 Mobile Safari/537.36"
48ed:9230:f81c:e6a6:e705:62d7:212:5a2 - - [22/Jan/2021:08:45:39 +0000] "GET /socket.io/?EIO=y&transport=xkmoyoi&t=gth1s9r HTTP/1.1" 200 99 "https://miaou.dystroy.org/1616" "Mozilla/5.0 (Linux; Android 8.0.0; SM-A520F) AppleWebKit/537.36 (KHTML, like Gecko) Chrome/87.0.4280.141 Mobile Safari/537.36"
48ed:9230:f81c:e6a6:e705:62d7:212:5a2 - - [22/Jan/2021:08:45:40 +0000] "GET /socket.io/?EIO=y&transport=xkmoyoi&t=1o31nrj&sid=2ubkkjwc1zgtgxjy9ers HTTP/1.1" 200 18 "https://miaou.dystroy.org/1616" "Mozilla/5.0 (Linux; Android 8.0.0; SM-A520F) AppleWebKit/537.36 (KHTML, like Gecko) Chrome/87.0.4280.141 Mobile Safari/537.36"
48ed:9230:f81c:e6a6:e705:62d7:212:5a2 - - [22/Jan/2021:08:45:40 +0000] "POST /socket.io/?EIO=y&transport=xkmoyoi&t=ywoarml&sid=2ubkkjwc1zgtgxjy9ers HTTP/1.1" 200 2 "https://miaou.dystroy.org/1616" "Mozilla/5.0 (Linux; Android 8.0.0; SM-A520F) AppleWebKit/537.36 (KHTML, like Gecko) Chrome/87.0.4280.141 Mobile Safari/537.36"
48ed:9230:f81c:e6a6:e705:62d7:212:5a2 - - [22/Jan/2021:08:45:40 +0000] "GET /socket.io/?EIO=y&transport=xkmoyoi&t=bgzqcqa&sid=2ubkkjwc1zgtgxjy9ers HTTP/1.1" 200 34 "https://miaou.dystroy.org/1616" "Mozilla/5.0 (Linux; Android 8.0.0; SM-A520F) AppleWebKit/537.36 (KHTML, like Gecko) Chrome/87.0.4280.141 Mobile Safari/537.36"
66.26.133.26 - - [22/Jan/2021:08:45:44 +0000] "GET / HTTP/1.1" 302 53 "-" "Mozilla/5.0 (compatible; bingbot/2.0; +http://www.bing.com/bingbot.htm)"
92.188.97.249 - - [22/Jan/2021:08:45:57 +0000] "GET /JSON.prune/JSON.prune.js?_=ovmm3a7dl2xdw HTTP/1.1" 200 5188 "https://schema02.esabora.solutions/" "Mozilla/5.0 (Windows NT 10.0; Win64; x64) AppleWebKit/537.36 (KHTML, like Gecko) Chrome/88.0.4324.104 Safari/537.36"
40.205.208.119 - - [22/Jan/2021:08:46:06 +0000] "POST /sciz-webhook HTTP/1.1" 200 0 "-" "python-requests/2.21.0"
40.205.208.119 - - [22/Jan/2021:08:46:06 +0000] "POST /sciz-webhook HTTP/1.1" 200 0 "-" "python-requests/2.21.0"
40.205.208.119 - - [22/Jan/2021:08:46:06 +0000] "POST /sciz-webhook HTTP/1.1" 200 0 "-" "python-requests/2.21.0"
eae5:1700:681b:f453:c960:5c83:b532:67c9 - - [22/Jan/2021:08:46:16 +0000] "GET /json/rooms?pattern= HTTP/1.1" 200 11767 "https://miaou.dystroy.org/2960" "Mozilla/5.0 (Windows NT 10.0; Win64; x64; rv:84.0) Gecko/20100101 Firefox/84.0"
7812:945:52d:0c85::9 - - [22/Jan/2021:08:46:18 +0000] "GET /robots.txt HTTP/1.1" 404 169 "-" "Mozilla/5.0 (compatible; MJ12bot/v1.4.8; http://mj12bot.com/)"
74.232.105.231 - - [22/Jan/2021:08:46:19 +0000] "GET /broot/img/favicon.ico HTTP/1.1" 200 1150 "-" "Mozilla/5.0 (Macintosh; Intel Mac OS X 10_14_6) AppleWebKit/537.36 (KHTML, like Gecko) Chrome/87.0.4280.141 Safari/537.36"
7812:945:52d:0c85::9 - - [22/Jan/2021:08:46:20 +0000] "GET / HTTP/1.1" 200 1297 "-" "Mozilla/5.0 (compatible; MJ12bot/v1.4.8; http://mj12bot.com/)"
7812:945:52d:0c85::9 - - [22/Jan/2021:08:46:20 +0000] "GET /robots.txt HTTP/1.1" 301 185 "-" "Mozilla/5.0 (compatible; MJ12bot/v1.4.8; http://mj12bot.com/)"
7812:945:52d:0c85::9 - - [22/Jan/2021:08:46:21 +0000] "GET /robots.txt HTTP/1.1" 404 149 "-" "Mozilla/5.0 (compatible; MJ12bot/v1.4.8; http://mj12bot.com/)"
7812:945:52d:0c85::9 - - [22/Jan/2021:08:46:22 +0000] "GET / HTTP/1.1" 301 185 "-" "Mozilla/5.0 (compatible; MJ12bot/v1.4.8; http://mj12bot.com/)"
7812:945:52d:0c85::9 - - [22/Jan/2021:08:46:24 +0000] "GET / HTTP/1.1" 302 106 "-" "Mozilla/5.0 (compatible; MJ12bot/v1.4.8; http://mj12bot.com/)"
7812:945:52d:0c85::9 - - [22/Jan/2021:08:46:25 +0000] "GET /login HTTP/1.1" 200 714 "-" "Mozilla/5.0 (compatible; MJ12bot/v1.4.8; http://mj12bot.com/)"
7812:945:52d:0c85::9 - - [22/Jan/2021:08:46:27 +0000] "GET /login HTTP/1.1" 200 714 "-" "Mozilla/5.0 (compatible; MJ12bot/v1.4.8; http://mj12bot.com/)"
40.205.208.119 - - [22/Jan/2021:08:46:31 +0000] "POST /sciz-webhook HTTP/1.1" 200 0 "-" "python-requests/2.21.0"
134.64.71.155 - - [22/Jan/2021:08:46:34 +0000] "GET /photos/5/201608/DSCN1965-1000x700.jpeg HTTP/1.1" 200 662532 "-" "Mozilla/5.0 (compatible; bingbot/2.0; +http://www.bing.com/bingbot.htm)"
5696:8425:024b:5da6:88b0:d278:7242:503d - - [22/Jan/2021:08:46:38 +0000] "GET / HTTP/1.1" 302 106 "-" "Mozilla/5.0 (Macintosh; Intel Mac OS X 11_1_0) AppleWebKit/537.36 (KHTML, like Gecko) Chrome/87.0.4280.141 Safari/537.36"
5696:8425:024b:5da6:88b0:d278:7242:503d - - [22/Jan/2021:08:46:38 +0000] "GET /login HTTP/1.1" 200 714 "-" "Mozilla/5.0 (Macintosh; Intel Mac OS X 11_1_0) AppleWebKit/537.36 (KHTML, like Gecko) Chrome/87.0.4280.141 Safari/537.36"
91.110.189.249 - - [22/Jan/2021:08:46:41 +0000] "HEAD / HTTP/1.1" 301 0 "http://www.dystroy.org" "Mozilla/5.0+(compatible; UptimeRobot/2.0; http://www.uptimerobot.com/)"
91.110.189.249 - - [22/Jan/2021:08:46:41 +0000] "HEAD / HTTP/1.1" 200 0 "http://www.dystroy.org" "Mozilla/5.0+(compatible; UptimeRobot/2.0; http://www.uptimerobot.com/)"
5696:8425:024b:5da6:88b0:d278:7242:503d - - [22/Jan/2021:08:46:42 +0000] "GET /auth/google HTTP/1.1" 302 0 "https://miaou.dystroy.org/login" "Mozilla/5.0 (Macintosh; Intel Mac OS X 11_1_0) AppleWebKit/537.36 (KHTML, like Gecko) Chrome/87.0.4280.141 Safari/537.36"
5696:8425:024b:5da6:88b0:d278:7242:503d - - [22/Jan/2021:08:46:48 +0000] "GET /auth/google/callback?state=li1e&code=fy9lp5jzmmq8w4y9f6oebp2ks1atkwe464ajzd3jph3vrqbxwojlew2t2yprr6oegk9mz1a2c6s&scope=umhv4kz0xi8t5his5d1cobpdvdr0bu12ldxemhih7qns84aw3vad7isaa8qilwpmpzn6h60tgcv36xeje78jb22vflxlbpyp56xwfa4kss8s2194096q4ehvzfpmdx286vr7tpbw&authuser=g&prompt=npme HTTP/1.1" 302 96 "https://accounts.google.com/" "Mozilla/5.0 (Macintosh; Intel Mac OS X 11_1_0) AppleWebKit/537.36 (KHTML, like Gecko) Chrome/87.0.4280.141 Safari/537.36"
5696:8425:024b:5da6:88b0:d278:7242:503d - - [22/Jan/2021:08:46:48 +0000] "GET / HTTP/1.1" 302 106 "https://accounts.google.com/" "Mozilla/5.0 (Macintosh; Intel Mac OS X 11_1_0) AppleWebKit/537.36 (KHTML, like Gecko) Chrome/87.0.4280.141 Safari/537.36"
5696:8425:024b:5da6:88b0:d278:7242:503d - - [22/Jan/2021:08:46:48 +0000] "GET /rooms HTTP/1.1" 200 3027 "https://accounts.google.com/" "Mozilla/5.0 (Macintosh; Intel Mac OS X 11_1_0) AppleWebKit/537.36 (KHTML, like Gecko) Chrome/87.0.4280.141 Safari/537.36"
5696:8425:024b:5da6:88b0:d278:7242:503d - - [22/Jan/2021:08:46:48 +0000] "GET /json/rooms?pattern= HTTP/1.1" 200 8112 "https://miaou.dystroy.org/rooms" "Mozilla/5.0 (Macintosh; Intel Mac OS X 11_1_0) AppleWebKit/537.36 (KHTML, like Gecko) Chrome/87.0.4280.141 Safari/537.36"
5696:8425:024b:5da6:88b0:d278:7242:503d - - [22/Jan/2021:08:46:50 +0000] "GET /4166?Tetes_a_Klagh_ HTTP/1.1" 200 4674 "https://miaou.dystroy.org/rooms" "Mozilla/5.0 (Macintosh; Intel Mac OS X 11_1_0) AppleWebKit/537.36 (KHTML, like Gecko) Chrome/87.0.4280.141 Safari/537.36"
5696:8425:024b:5da6:88b0:d278:7242:503d - - [22/Jan/2021:08:46:51 +0000] "GET /socket.io/socket.io.js HTTP/1.1" 200 68739 "https://miaou.dystroy.org/4166?Tetes_a_Klagh_" "Mozilla/5.0 (Macintosh; Intel Mac OS X 11_1_0) AppleWebKit/537.36 (KHTML, like Gecko) Chrome/87.0.4280.141 Safari/537.36"
5696:8425:024b:5da6:88b0:d278:7242:503d - - [22/Jan/2021:08:46:53 +0000] "GET /socket.io/?EIO=y&transport=xkmoyoi&t=clyz4u1 HTTP/1.1" 200 99 "https://miaou.dystroy.org/4166?Tetes_a_Klagh_" "Mozilla/5.0 (Macintosh; Intel Mac OS X 11_1_0) AppleWebKit/537.36 (KHTML, like Gecko) Chrome/87.0.4280.141 Safari/537.36"
5696:8425:024b:5da6:88b0:d278:7242:503d - - [22/Jan/2021:08:46:53 +0000] "GET /socket.io/?EIO=y&transport=xkmoyoi&t=2qmi7u6&sid=nzr45repe6e5oxwa3qyp HTTP/1.1" 200 18 "https://miaou.dystroy.org/4166?Tetes_a_Klagh_" "Mozilla/5.0 (Macintosh; Intel Mac OS X 11_1_0) AppleWebKit/537.36 (KHTML, like Gecko) Chrome/87.0.4280.141 Safari/537.36"
5696:8425:024b:5da6:88b0:d278:7242:503d - - [22/Jan/2021:08:46:53 +0000] "POST /socket.io/?EIO=y&transport=xkmoyoi&t=eftkjth&sid=nzr45repe6e5oxwa3qyp HTTP/1.1" 200 2 "https://miaou.dystroy.org/4166?Tetes_a_Klagh_" "Mozilla/5.0 (Macintosh; Intel Mac OS X 11_1_0) AppleWebKit/537.36 (KHTML, like Gecko) Chrome/87.0.4280.141 Safari/537.36"
5696:8425:024b:5da6:88b0:d278:7242:503d - - [22/Jan/2021:08:46:53 +0000] "GET /socket.io/?EIO=y&transport=xkmoyoi&t=os98q8b&sid=nzr45repe6e5oxwa3qyp HTTP/1.1" 200 34 "https://miaou.dystroy.org/4166?Tetes_a_Klagh_" "Mozilla/5.0 (Macintosh; Intel Mac OS X 11_1_0) AppleWebKit/537.36 (KHTML, like Gecko) Chrome/87.0.4280.141 Safari/537.36"
5696:8425:024b:5da6:88b0:d278:7242:503d - - [22/Jan/2021:08:46:54 +0000] "GET /socket.io/?EIO=y&transport=xkmoyoi&t=8vtjvsl&sid=nzr45repe6e5oxwa3qyp HTTP/1.1" 200 4538 "https://miaou.dystroy.org/4166?Tetes_a_Klagh_" "Mozilla/5.0 (Macintosh; Intel Mac OS X 11_1_0) AppleWebKit/537.36 (KHTML, like Gecko) Chrome/87.0.4280.141 Safari/537.36"
5696:8425:024b:5da6:88b0:d278:7242:503d - - [22/Jan/2021:08:47:00 +0000] "GET /publicProfile?user=se3&room=met7 HTTP/1.1" 200 202 "https://miaou.dystroy.org/4166?Tetes_a_Klagh_" "Mozilla/5.0 (Macintosh; Intel Mac OS X 11_1_0) AppleWebKit/537.36 (KHTML, like Gecko) Chrome/87.0.4280.141 Safari/537.36"
39.197.132.5 - - [22/Jan/2021:08:47:01 +0000] "GET /blog/atom.xml HTTP/1.1" 304 0 "https://dystroy.org/" "Mozilla/5.0 (compatible; inoreader.com; 2 subscribers)"
140.227.238.188 - - [22/Jan/2021:08:47:02 +0000] "GET /socket.io/?EIO=y&transport=c0qucvma5&sid=7pebbwa3jr41xzy6hd8u HTTP/1.1" 101 8268 "-" "Mozilla/5.0 (Windows NT 10.0; Win64; x64) AppleWebKit/537.36 (KHTML, like Gecko) Chrome/87.0.4280.141 Safari/537.36 Edg/87.0.664.75"
5696:8425:024b:5da6:88b0:d278:7242:503d - - [22/Jan/2021:08:47:04 +0000] "GET /json/messages/last?n=a&room=2f48 HTTP/1.1" 200 742 "https://miaou.dystroy.org/4166?Tetes_a_Klagh_" "Mozilla/5.0 (Macintosh; Intel Mac OS X 11_1_0) AppleWebKit/537.36 (KHTML, like Gecko) Chrome/87.0.4280.141 Safari/537.36"
5696:8425:024b:5da6:88b0:d278:7242:503d - - [22/Jan/2021:08:47:06 +0000] "GET /socket.io/?EIO=y&transport=c0qucvma5&sid=nzr45repe6e5oxwa3qyp HTTP/1.1" 101 5347 "-" "Mozilla/5.0 (Macintosh; Intel Mac OS X 11_1_0) AppleWebKit/537.36 (KHTML, like Gecko) Chrome/87.0.4280.141 Safari/537.36"
718a:47b:fb6:384a:cdc3:abef:afd9:5d62 - - [22/Jan/2021:08:48:01 +0000] "GET /publicProfile?user=rkef&room=skbd HTTP/1.1" 304 0 "https://miaou.dystroy.org/3728" "Mozilla/5.0 (Windows NT 10.0; Win64; x64; rv:84.0) Gecko/20100101 Firefox/84.0"
eae5:1700:681b:f453:c960:5c83:b532:67c9 - - [22/Jan/2021:08:48:01 +0000] "GET /json/messages/last?n=a&room=jo HTTP/1.1" 200 1143 "https://miaou.dystroy.org/2960" "Mozilla/5.0 (Windows NT 10.0; Win64; x64; rv:84.0) Gecko/20100101 Firefox/84.0"
eae5:1700:681b:f453:c960:5c83:b532:67c9 - - [22/Jan/2021:08:48:01 +0000] "GET /socket.io/?EIO=y&transport=c0qucvma5&sid=zufb6enei5ugdanwsj2i HTTP/1.1" 101 5804 "-" "Mozilla/5.0 (Windows NT 10.0; Win64; x64; rv:84.0) Gecko/20100101 Firefox/84.0"
eae5:1700:681b:f453:c960:5c83:b532:67c9 - - [22/Jan/2021:08:48:01 +0000] "GET /12 HTTP/1.1" 200 5732 "https://miaou.dystroy.org/2960" "Mozilla/5.0 (Windows NT 10.0; Win64; x64; rv:84.0) Gecko/20100101 Firefox/84.0"
eae5:1700:681b:f453:c960:5c83:b532:67c9 - - [22/Jan/2021:08:48:02 +0000] "GET /socket.io/socket.io.js HTTP/1.1" 200 68739 "https://miaou.dystroy.org/12" "Mozilla/5.0 (Windows NT 10.0; Win64; x64; rv:84.0) Gecko/20100101 Firefox/84.0"
eae5:1700:681b:f453:c960:5c83:b532:67c9 - - [22/Jan/2021:08:48:02 +0000] "GET /socket.io/?EIO=y&transport=xkmoyoi&t=fnd4paa HTTP/1.1" 200 99 "https://miaou.dystroy.org/12" "Mozilla/5.0 (Windows NT 10.0; Win64; x64; rv:84.0) Gecko/20100101 Firefox/84.0"
eae5:1700:681b:f453:c960:5c83:b532:67c9 - - [22/Jan/2021:08:48:02 +0000] "GET /socket.io/?EIO=y&transport=xkmoyoi&t=5fwi04y&sid=wwnvwveh167cntv5ypn3 HTTP/1.1" 200 18 "https://miaou.dystroy.org/12" "Mozilla/5.0 (Windows NT 10.0; Win64; x64; rv:84.0) Gecko/20100101 Firefox/84.0"
eae5:1700:681b:f453:c960:5c83:b532:67c9 - - [22/Jan/2021:08:48:03 +0000] "POST /socket.io/?EIO=y&transport=xkmoyoi&t=8g97py9&sid=wwnvwveh167cntv5ypn3 HTTP/1.1" 200 2 "https://miaou.dystroy.org/12" "Mozilla/5.0 (Windows NT 10.0; Win64; x64; rv:84.0) Gecko/20100101 Firefox/84.0"
eae5:1700:681b:f453:c960:5c83:b532:67c9 - - [22/Jan/2021:08:48:03 +0000] "GET /socket.io/?EIO=y&transport=xkmoyoi&t=f1hhv5j&sid=wwnvwveh167cntv5ypn3 HTTP/1.1" 200 34 "https://miaou.dystroy.org/12" "Mozilla/5.0 (Windows NT 10.0; Win64; x64; rv:84.0) Gecko/20100101 Firefox/84.0"
eae5:1700:681b:f453:c960:5c83:b532:67c9 - - [22/Jan/2021:08:48:03 +0000] "GET /socket.io/?EIO=y&transport=xkmoyoi&t=q94ddzs&sid=wwnvwveh167cntv5ypn3 HTTP/1.1" 200 6499 "https://miaou.dystroy.org/12" "Mozilla/5.0 (Windows NT 10.0; Win64; x64; rv:84.0) Gecko/20100101 Firefox/84.0"
eae5:1700:681b:f453:c960:5c83:b532:67c9 - - [22/Jan/2021:08:48:03 +0000] "GET /file-host/876ab796b3991f4bcb2ebda9.png HTTP/1.1" 200 78222 "https://miaou.dystroy.org/12" "Mozilla/5.0 (Windows NT 10.0; Win64; x64; rv:84.0) Gecko/20100101 Firefox/84.0"
eae5:1700:681b:f453:c960:5c83:b532:67c9 - - [22/Jan/2021:08:48:03 +0000] "POST /socket.io/?EIO=y&transport=xkmoyoi&t=6zrtnco&sid=wwnvwveh167cntv5ypn3 HTTP/1.1" 200 2 "https://miaou.dystroy.org/12" "Mozilla/5.0 (Windows NT 10.0; Win64; x64; rv:84.0) Gecko/20100101 Firefox/84.0"
eae5:1700:681b:f453:c960:5c83:b532:67c9 - - [22/Jan/2021:08:48:03 +0000] "GET /socket.io/?EIO=y&transport=xkmoyoi&t=yi0zn4m&sid=wwnvwveh167cntv5ypn3 HTTP/1.1" 200 88 "https://miaou.dystroy.org/12" "Mozilla/5.0 (Windows NT 10.0; Win64; x64; rv:84.0) Gecko/20100101 Firefox/84.0"
eae5:1700:681b:f453:c960:5c83:b532:67c9 - - [22/Jan/2021:08:48:03 +0000] "POST /socket.io/?EIO=y&transport=xkmoyoi&t=5yxj7ab&sid=wwnvwveh167cntv5ypn3 HTTP/1.1" 200 2 "https://miaou.dystroy.org/12" "Mozilla/5.0 (Windows NT 10.0; Win64; x64; rv:84.0) Gecko/20100101 Firefox/84.0"
eae5:1700:681b:f453:c960:5c83:b532:67c9 - - [22/Jan/2021:08:48:03 +0000] "GET /socket.io/?EIO=y&transport=xkmoyoi&t=m5n7t2n&sid=wwnvwveh167cntv5ypn3 HTTP/1.1" 200 999 "https://miaou.dystroy.org/12" "Mozilla/5.0 (Windows NT 10.0; Win64; x64; rv:84.0) Gecko/20100101 Firefox/84.0"
40.205.208.119 - - [22/Jan/2021:08:48:13 +0000] "POST /sciz-webhook HTTP/1.1" 200 0 "-" "python-requests/2.21.0"
40.205.208.119 - - [22/Jan/2021:08:48:13 +0000] "POST /sciz-webhook HTTP/1.1" 200 0 "-" "python-requests/2.21.0"
205.228.48.11 - - [22/Jan/2021:08:48:17 +0000] "GET /478 HTTP/1.1" 200 6372 "-" "Mozilla/5.0 (Windows NT 10.0; Win64; x64; rv:85.0) Gecko/20100101 Firefox/85.0"
205.228.48.11 - - [22/Jan/2021:08:48:17 +0000] "GET /socket.io/socket.io.js HTTP/1.1" 200 68739 "https://miaou.dystroy.org/478" "Mozilla/5.0 (Windows NT 10.0; Win64; x64; rv:85.0) Gecko/20100101 Firefox/85.0"
205.228.48.11 - - [22/Jan/2021:08:48:19 +0000] "GET /socket.io/?EIO=y&transport=xkmoyoi&t=153zq23 HTTP/1.1" 200 99 "https://miaou.dystroy.org/478" "Mozilla/5.0 (Windows NT 10.0; Win64; x64; rv:85.0) Gecko/20100101 Firefox/85.0"
205.228.48.11 - - [22/Jan/2021:08:48:19 +0000] "GET /file-host/5605b4f2f25b465c28fd4749.png HTTP/1.1" 200 3037 "https://miaou.dystroy.org/478" "Mozilla/5.0 (Windows NT 10.0; Win64; x64; rv:85.0) Gecko/20100101 Firefox/85.0"
205.228.48.11 - - [22/Jan/2021:08:48:19 +0000] "GET /socket.io/?EIO=y&transport=xkmoyoi&t=ci688iq&sid=y8a77t8zfv8q9qjnmccn HTTP/1.1" 200 18 "https://miaou.dystroy.org/478" "Mozilla/5.0 (Windows NT 10.0; Win64; x64; rv:85.0) Gecko/20100101 Firefox/85.0"
205.228.48.11 - - [22/Jan/2021:08:48:19 +0000] "POST /socket.io/?EIO=y&transport=xkmoyoi&t=2rdrki2&sid=y8a77t8zfv8q9qjnmccn HTTP/1.1" 200 2 "https://miaou.dystroy.org/478" "Mozilla/5.0 (Windows NT 10.0; Win64; x64; rv:85.0) Gecko/20100101 Firefox/85.0"
205.228.48.11 - - [22/Jan/2021:08:48:19 +0000] "GET /socket.io/?EIO=y&transport=xkmoyoi&t=w5g9l1h&sid=y8a77t8zfv8q9qjnmccn HTTP/1.1" 200 34 "https://miaou.dystroy.org/478" "Mozilla/5.0 (Windows NT 10.0; Win64; x64; rv:85.0) Gecko/20100101 Firefox/85.0"
205.228.48.11 - - [22/Jan/2021:08:48:19 +0000] "GET /socket.io/?EIO=y&transport=xkmoyoi&t=qs815cq&sid=y8a77t8zfv8q9qjnmccn HTTP/1.1" 200 5146 "https://miaou.dystroy.org/478" "Mozilla/5.0 (Windows NT 10.0; Win64; x64; rv:85.0) Gecko/20100101 Firefox/85.0"
205.228.48.11 - - [22/Jan/2021:08:48:19 +0000] "GET /file-host/35bd03870fb0ff7814ab4a8d.png HTTP/1.1" 200 13145 "https://miaou.dystroy.org/478" "Mozilla/5.0 (Windows NT 10.0; Win64; x64; rv:85.0) Gecko/20100101 Firefox/85.0"
205.228.48.11 - - [22/Jan/2021:08:48:20 +0000] "POST /socket.io/?EIO=y&transport=xkmoyoi&t=ue0sm2k&sid=y8a77t8zfv8q9qjnmccn HTTP/1.1" 200 2 "https://miaou.dystroy.org/478" "Mozilla/5.0 (Windows NT 10.0; Win64; x64; rv:85.0) Gecko/20100101 Firefox/85.0"
205.228.48.11 - - [22/Jan/2021:08:48:20 +0000] "GET /socket.io/?EIO=y&transport=xkmoyoi&t=lqxqpde&sid=y8a77t8zfv8q9qjnmccn HTTP/1.1" 200 409 "https://miaou.dystroy.org/478" "Mozilla/5.0 (Windows NT 10.0; Win64; x64; rv:85.0) Gecko/20100101 Firefox/85.0"
718a:47b:fb6:384a:cdc3:abef:afd9:5d62 - - [22/Jan/2021:08:48:22 +0000] "GET /publicProfile?user=7re&room=skbd HTTP/1.1" 304 0 "https://miaou.dystroy.org/3728" "Mozilla/5.0 (Windows NT 10.0; Win64; x64; rv:84.0) Gecko/20100101 Firefox/84.0"
40.205.208.119 - - [22/Jan/2021:08:48:22 +0000] "POST /sciz-webhook HTTP/1.1" 200 0 "-" "python-requests/2.21.0"
40.205.208.119 - - [22/Jan/2021:08:48:24 +0000] "POST /sciz-webhook HTTP/1.1" 200 0 "-" "python-requests/2.21.0"
40.205.208.119 - - [22/Jan/2021:08:48:24 +0000] "POST /sciz-webhook HTTP/1.1" 200 0 "-" "python-requests/2.21.0"
40.205.208.119 - - [22/Jan/2021:08:48:25 +0000] "POST /sciz-webhook HTTP/1.1" 200 0 "-" "python-requests/2.21.0"
40.205.208.119 - - [22/Jan/2021:08:48:28 +0000] "POST /sciz-webhook HTTP/1.1" 200 0 "-" "python-requests/2.21.0"
718a:47b:fb6:384a:cdc3:abef:afd9:5d62 - - [22/Jan/2021:08:48:36 +0000] "GET /json/messages/last?n=a&room=iumb HTTP/1.1" 304 0 "https://miaou.dystroy.org/3728" "Mozilla/5.0 (Windows NT 10.0; Win64; x64; rv:84.0) Gecko/20100101 Firefox/84.0"
56.243.9.102 - - [22/Jan/2021:08:48:37 +0000] "GET /gogo/json?action=7c1uz2f9flrxff&TrollId=r67wdw&ChrallVersion=9tku HTTP/1.1" 200 65 "https://games.mountyhall.com/" "Mozilla/5.0 (Windows NT 10.0; Win64; x64) AppleWebKit/537.36 (KHTML, like Gecko) Chrome/87.0.4280.141 Safari/537.36"
40.205.208.119 - - [22/Jan/2021:08:48:57 +0000] "POST /sciz-webhook HTTP/1.1" 200 0 "-" "python-requests/2.21.0"
eae5:1700:681b:f453:c960:5c83:b532:67c9 - - [22/Jan/2021:08:49:04 +0000] "GET /json/external-link-preview?url=mdj90rsgviqm5cksup07xzsdjtqk59s8jlbjjcp768yt60e396ab3rm7w3zeigcso6o6i2p1navowmyki6q87j8r3pbs812b6rhsufcbw HTTP/1.1" 200 581 "https://miaou.dystroy.org/12" "Mozilla/5.0 (Windows NT 10.0; Win64; x64; rv:84.0) Gecko/20100101 Firefox/84.0"
40.205.208.119 - - [22/Jan/2021:08:49:08 +0000] "POST /sciz-webhook HTTP/1.1" 200 0 "-" "python-requests/2.21.0"
8.9.243.175 - - [22/Jan/2021:08:49:08 +0000] "GET /robots.txt HTTP/1.1" 404 4379 "-" "Mozilla/5.0 (compatible; MJ12bot/v1.4.8; http://mj12bot.com/)"
56.243.9.102 - - [22/Jan/2021:08:49:08 +0000] "GET /gogo/json?action=mf331j19fcfriv57h&asker=r67wdw&name=1jr2ulvwyi0isbsgyp8ryofon8ulcfyph2ac7816t&monsterId=puwpq1n HTTP/1.1" 200 1341 "https://games.mountyhall.com/" "Mozilla/5.0 (Windows NT 10.0; Win64; x64) AppleWebKit/537.36 (KHTML, like Gecko) Chrome/87.0.4280.141 Safari/537.36"
40.205.208.119 - - [22/Jan/2021:08:49:09 +0000] "POST /sciz-webhook HTTP/1.1" 200 0 "-" "python-requests/2.21.0"
40.205.208.119 - - [22/Jan/2021:08:49:09 +0000] "POST /sciz-webhook HTTP/1.1" 200 0 "-" "python-requests/2.21.0"
56.243.9.102 - - [22/Jan/2021:08:49:09 +0000] "GET /gogo/json?action=mf331j19fcfriv57h&asker=r67wdw&name=kgbvevazeu9hpe7f9tflhl6&monsterId=omr60sy HTTP/1.1" 200 2444 "https://games.mountyhall.com/" "Mozilla/5.0 (Windows NT 10.0; Win64; x64) AppleWebKit/537.36 (KHTML, like Gecko) Chrome/87.0.4280.141 Safari/537.36"
56.243.9.102 - - [22/Jan/2021:08:49:10 +0000] "GET /gogo/json?action=mf331j19fcfriv57h&asker=r67wdw&name=1jr2ulvwyi0isbsgyp8ryofon8ulcfyph2ac7816t&monsterId=puwpq1n HTTP/1.1" 200 1341 "https://games.mountyhall.com/" "Mozilla/5.0 (Windows NT 10.0; Win64; x64) AppleWebKit/537.36 (KHTML, like Gecko) Chrome/87.0.4280.141 Safari/537.36"
eae5:1700:681b:f453:c960:5c83:b532:67c9 - - [22/Jan/2021:08:49:11 +0000] "GET /json/external-link-preview?url=6fkwoizq9u5yum9aakjmmsb1tkmd459w8r3m76kf8p98cw7qrt1j3ovj8yywe7m89zchswpszcp16f64ymfkiz0omqb2iutdyw1 HTTP/1.1" 200 55 "https://miaou.dystroy.org/12" "Mozilla/5.0 (Windows NT 10.0; Win64; x64; rv:84.0) Gecko/20100101 Firefox/84.0"
eae5:1700:681b:f453:c960:5c83:b532:67c9 - - [22/Jan/2021:08:49:12 +0000] "GET /json/external-link-preview?url=8wvu5eu76n9cbw4fkrwv70f957fwifwtp2lkyruzxnzqvk7rfa9msat1mofsepbpz0z8pze8j61b7n3b9hph75a4u7m4quu5u85 HTTP/1.1" 200 55 "https://miaou.dystroy.org/12" "Mozilla/5.0 (Windows NT 10.0; Win64; x64; rv:84.0) Gecko/20100101 Firefox/84.0"
40.205.208.119 - - [22/Jan/2021:08:49:12 +0000] "POST /sciz-webhook HTTP/1.1" 200 0 "-" "python-requests/2.21.0"
40.205.208.119 - - [22/Jan/2021:08:49:13 +0000] "POST /sciz-webhook HTTP/1.1" 200 0 "-" "python-requests/2.21.0"
8.9.243.175 - - [22/Jan/2021:08:49:18 +0000] "GET /broot/ HTTP/1.1" 200 5830 "-" "Mozilla/5.0 (compatible; MJ12bot/v1.4.8; http://mj12bot.com/)"
81.166.43.70 - - [22/Jan/2021:08:49:30 +0000] "GET /JSON.prune/JSON.prune.js?_=to47w8nf4ti37 HTTP/1.1" 200 5188 "https://schema02.esabora.solutions/" "Mozilla/5.0 (Windows NT 10.0; Win64; x64) AppleWebKit/537.36 (KHTML, like Gecko) Chrome/87.0.4280.141 Safari/537.36"
205.228.48.11 - - [22/Jan/2021:08:49:54 +0000] "GET /json/messages/last?n=dm&room=a2fv HTTP/1.1" 200 3343 "https://miaou.dystroy.org/478" "Mozilla/5.0 (Windows NT 10.0; Win64; x64; rv:85.0) Gecko/20100101 Firefox/85.0"
205.228.48.11 - - [22/Jan/2021:08:49:54 +0000] "GET /socket.io/?EIO=y&transport=c0qucvma5&sid=y8a77t8zfv8q9qjnmccn HTTP/1.1" 101 163 "-" "Mozilla/5.0 (Windows NT 10.0; Win64; x64; rv:85.0) Gecko/20100101 Firefox/85.0"
205.228.48.11 - - [22/Jan/2021:08:49:54 +0000] "GET /file-host/90357adf551293ff2ae304d5.png HTTP/1.1" 200 245203 "https://miaou.dystroy.org/478" "Mozilla/5.0 (Windows NT 10.0; Win64; x64; rv:85.0) Gecko/20100101 Firefox/85.0"
205.228.48.11 - - [22/Jan/2021:08:49:55 +0000] "GET /3823 HTTP/1.1" 200 5698 "https://miaou.dystroy.org/478" "Mozilla/5.0 (Windows NT 10.0; Win64; x64; rv:85.0) Gecko/20100101 Firefox/85.0"
205.228.48.11 - - [22/Jan/2021:08:49:55 +0000] "GET /socket.io/socket.io.js HTTP/1.1" 200 68739 "https://miaou.dystroy.org/3823" "Mozilla/5.0 (Windows NT 10.0; Win64; x64; rv:85.0) Gecko/20100101 Firefox/85.0"
205.228.48.11 - - [22/Jan/2021:08:49:55 +0000] "GET /socket.io/?EIO=y&transport=xkmoyoi&t=05flz1n HTTP/1.1" 200 99 "https://miaou.dystroy.org/3823" "Mozilla/5.0 (Windows NT 10.0; Win64; x64; rv:85.0) Gecko/20100101 Firefox/85.0"
205.228.48.11 - - [22/Jan/2021:08:49:55 +0000] "GET /file-host/876ab796b3991f4bcb2ebda9.png HTTP/1.1" 200 78222 "https://miaou.dystroy.org/3823" "Mozilla/5.0 (Windows NT 10.0; Win64; x64; rv:85.0) Gecko/20100101 Firefox/85.0"
205.228.48.11 - - [22/Jan/2021:08:49:55 +0000] "GET /socket.io/?EIO=y&transport=xkmoyoi&t=qnkintv&sid=wszbow9cyipkub6wfbra HTTP/1.1" 200 18 "https://miaou.dystroy.org/3823" "Mozilla/5.0 (Windows NT 10.0; Win64; x64; rv:85.0) Gecko/20100101 Firefox/85.0"
205.228.48.11 - - [22/Jan/2021:08:49:56 +0000] "GET /file-host/90357adf551293ff2ae304d5.png HTTP/1.1" 200 287917 "https://miaou.dystroy.org/3823" "Mozilla/5.0 (Windows NT 10.0; Win64; x64; rv:85.0) Gecko/20100101 Firefox/85.0"
205.228.48.11 - - [22/Jan/2021:08:49:56 +0000] "POST /socket.io/?EIO=y&transport=xkmoyoi&t=okcyhyd&sid=wszbow9cyipkub6wfbra HTTP/1.1" 200 2 "https://miaou.dystroy.org/3823" "Mozilla/5.0 (Windows NT 10.0; Win64; x64; rv:85.0) Gecko/20100101 Firefox/85.0"
205.228.48.11 - - [22/Jan/2021:08:49:56 +0000] "GET /socket.io/?EIO=y&transport=xkmoyoi&t=6qmlak4&sid=wszbow9cyipkub6wfbra HTTP/1.1" 200 34 "https://miaou.dystroy.org/3823" "Mozilla/5.0 (Windows NT 10.0; Win64; x64; rv:85.0) Gecko/20100101 Firefox/85.0"
205.228.48.11 - - [22/Jan/2021:08:49:56 +0000] "GET /socket.io/?EIO=y&transport=xkmoyoi&t=mpg2dxi&sid=wszbow9cyipkub6wfbra HTTP/1.1" 200 4040 "https://miaou.dystroy.org/3823" "Mozilla/5.0 (Windows NT 10.0; Win64; x64; rv:85.0) Gecko/20100101 Firefox/85.0"
205.228.48.11 - - [22/Jan/2021:08:49:56 +0000] "POST /socket.io/?EIO=y&transport=xkmoyoi&t=g81ohlo&sid=wszbow9cyipkub6wfbra HTTP/1.1" 200 2 "https://miaou.dystroy.org/3823" "Mozilla/5.0 (Windows NT 10.0; Win64; x64; rv:85.0) Gecko/20100101 Firefox/85.0"
205.228.48.11 - - [22/Jan/2021:08:49:56 +0000] "GET /socket.io/?EIO=y&transport=xkmoyoi&t=2xzb671&sid=wszbow9cyipkub6wfbra HTTP/1.1" 200 408 "https://miaou.dystroy.org/3823" "Mozilla/5.0 (Windows NT 10.0; Win64; x64; rv:85.0) Gecko/20100101 Firefox/85.0"
197.119.191.101 - - [22/Jan/2021:08:50:00 +0000] "GET /json/messages/last?n=a&room=l1ne HTTP/1.1" 304 0 "https://miaou.dystroy.org/4028" "Mozilla/5.0 (Windows NT 10.0; Win64; x64; rv:84.0) Gecko/20100101 Firefox/84.0"
197.119.191.101 - - [22/Jan/2021:08:50:00 +0000] "GET /json/messages/last?n=a&room=ans HTTP/1.1" 304 0 "https://miaou.dystroy.org/4028" "Mozilla/5.0 (Windows NT 10.0; Win64; x64; rv:84.0) Gecko/20100101 Firefox/84.0"
197.119.191.101 - - [22/Jan/2021:08:50:01 +0000] "GET /json/messages/last?n=a&room=je HTTP/1.1" 304 0 "https://miaou.dystroy.org/4028" "Mozilla/5.0 (Windows NT 10.0; Win64; x64; rv:84.0) Gecko/20100101 Firefox/84.0"
197.119.191.101 - - [22/Jan/2021:08:50:01 +0000] "GET /json/messages/last?n=a&room=t6ke HTTP/1.1" 200 902 "https://miaou.dystroy.org/4028" "Mozilla/5.0 (Windows NT 10.0; Win64; x64; rv:84.0) Gecko/20100101 Firefox/84.0"
197.119.191.101 - - [22/Jan/2021:08:50:01 +0000] "GET /json/messages/last?n=a&room=4x1 HTTP/1.1" 200 988 "https://miaou.dystroy.org/4028" "Mozilla/5.0 (Windows NT 10.0; Win64; x64; rv:84.0) Gecko/20100101 Firefox/84.0"
197.119.191.101 - - [22/Jan/2021:08:50:01 +0000] "GET /json/messages/last?n=a&room=jo HTTP/1.1" 200 1082 "https://miaou.dystroy.org/4028" "Mozilla/5.0 (Windows NT 10.0; Win64; x64; rv:84.0) Gecko/20100101 Firefox/84.0"
197.119.191.101 - - [22/Jan/2021:08:50:02 +0000] "GET /socket.io/?EIO=y&transport=c0qucvma5&sid=o9o3mg7epr9walk0jp0f HTTP/1.1" 101 2733 "-" "Mozilla/5.0 (Windows NT 10.0; Win64; x64; rv:84.0) Gecko/20100101 Firefox/84.0"
197.119.191.101 - - [22/Jan/2021:08:50:02 +0000] "GET /12 HTTP/1.1" 200 5770 "https://miaou.dystroy.org/4028" "Mozilla/5.0 (Windows NT 10.0; Win64; x64; rv:84.0) Gecko/20100101 Firefox/84.0"
197.119.191.101 - - [22/Jan/2021:08:50:02 +0000] "GET /socket.io/socket.io.js HTTP/1.1" 304 0 "https://miaou.dystroy.org/12" "Mozilla/5.0 (Windows NT 10.0; Win64; x64; rv:84.0) Gecko/20100101 Firefox/84.0"
197.119.191.101 - - [22/Jan/2021:08:50:02 +0000] "GET /socket.io/?EIO=y&transport=xkmoyoi&t=t1otuvg HTTP/1.1" 200 99 "https://miaou.dystroy.org/12" "Mozilla/5.0 (Windows NT 10.0; Win64; x64; rv:84.0) Gecko/20100101 Firefox/84.0"
197.119.191.101 - - [22/Jan/2021:08:50:02 +0000] "GET /sw.js?v=jq HTTP/1.1" 304 0 "-" "Mozilla/5.0 (Windows NT 10.0; Win64; x64; rv:84.0) Gecko/20100101 Firefox/84.0"
197.119.191.101 - - [22/Jan/2021:08:50:02 +0000] "GET /socket.io/?EIO=y&transport=xkmoyoi&t=j3p8ucl&sid=902hpqtf60txnzcora60 HTTP/1.1" 200 18 "https://miaou.dystroy.org/12" "Mozilla/5.0 (Windows NT 10.0; Win64; x64; rv:84.0) Gecko/20100101 Firefox/84.0"
197.119.191.101 - - [22/Jan/2021:08:50:03 +0000] "POST /socket.io/?EIO=y&transport=xkmoyoi&t=hbpsanl&sid=902hpqtf60txnzcora60 HTTP/1.1" 200 2 "https://miaou.dystroy.org/12" "Mozilla/5.0 (Windows NT 10.0; Win64; x64; rv:84.0) Gecko/20100101 Firefox/84.0"
197.119.191.101 - - [22/Jan/2021:08:50:03 +0000] "GET /socket.io/?EIO=y&transport=xkmoyoi&t=rsqyhjd&sid=902hpqtf60txnzcora60 HTTP/1.1" 200 34 "https://miaou.dystroy.org/12" "Mozilla/5.0 (Windows NT 10.0; Win64; x64; rv:84.0) Gecko/20100101 Firefox/84.0"
197.119.191.101 - - [22/Jan/2021:08:50:13 +0000] "GET /json/messages/last?n=a&room=t6ke HTTP/1.1" 304 0 "https://miaou.dystroy.org/12" "Mozilla/5.0 (Windows NT 10.0; Win64; x64; rv:84.0) Gecko/20100101 Firefox/84.0"
23.197.91.63 - - [22/Jan/2021:08:50:25 +0000] "GET /JSON.prune/JSON.prune.js?_=ecp32fcki1660 HTTP/1.1" 200 5188 "https://localhost:44306/" "Mozilla/5.0 (Windows NT 10.0; Win64; x64) AppleWebKit/537.36 (KHTML, like Gecko) Chrome/87.0.4280.141 Safari/537.36"
48ed:9230:f81c:e6a6:e705:62d7:212:5a2 - - [22/Jan/2021:08:50:28 +0000] "GET /socket.io/?EIO=y&transport=c0qucvma5&sid=2ubkkjwc1zgtgxjy9ers HTTP/1.1" 101 11669 "-" "Mozilla/5.0 (Linux; Android 8.0.0; SM-A520F) AppleWebKit/537.36 (KHTML, like Gecko) Chrome/87.0.4280.141 Mobile Safari/537.36"
48ed:9230:f81c:e6a6:e705:62d7:212:5a2 - - [22/Jan/2021:08:50:29 +0000] "GET /socket.io/?EIO=y&transport=xkmoyoi&t=qo8ivwq HTTP/1.1" 200 99 "https://miaou.dystroy.org/1616" "Mozilla/5.0 (Linux; Android 8.0.0; SM-A520F) AppleWebKit/537.36 (KHTML, like Gecko) Chrome/87.0.4280.141 Mobile Safari/537.36"
48ed:9230:f81c:e6a6:e705:62d7:212:5a2 - - [22/Jan/2021:08:50:29 +0000] "GET /socket.io/?EIO=y&transport=xkmoyoi&t=jm0ix9k&sid=g8r8ltjzwacfzpz9qeje HTTP/1.1" 200 18 "https://miaou.dystroy.org/1616" "Mozilla/5.0 (Linux; Android 8.0.0; SM-A520F) AppleWebKit/537.36 (KHTML, like Gecko) Chrome/87.0.4280.141 Mobile Safari/537.36"
48ed:9230:f81c:e6a6:e705:62d7:212:5a2 - - [22/Jan/2021:08:50:30 +0000] "POST /socket.io/?EIO=y&transport=xkmoyoi&t=w03k7ph&sid=g8r8ltjzwacfzpz9qeje HTTP/1.1" 200 2 "https://miaou.dystroy.org/1616" "Mozilla/5.0 (Linux; Android 8.0.0; SM-A520F) AppleWebKit/537.36 (KHTML, like Gecko) Chrome/87.0.4280.141 Mobile Safari/537.36"
48ed:9230:f81c:e6a6:e705:62d7:212:5a2 - - [22/Jan/2021:08:50:30 +0000] "GET /socket.io/?EIO=y&transport=xkmoyoi&t=e75h2x2&sid=g8r8ltjzwacfzpz9qeje HTTP/1.1" 200 6381 "https://miaou.dystroy.org/1616" "Mozilla/5.0 (Linux; Android 8.0.0; SM-A520F) AppleWebKit/537.36 (KHTML, like Gecko) Chrome/87.0.4280.141 Mobile Safari/537.36"
186.232.220.65 - - [22/Jan/2021:08:50:41 +0000] "GET /JSON.prune/JSON.prune.js?_=pkdi0cgfvx0sr HTTP/1.1" 200 5188 "https://schema02.esabora.solutions/" "Mozilla/5.0 (Windows NT 6.1; Win64; x64) AppleWebKit/537.36 (KHTML, like Gecko) Chrome/87.0.4280.141 Safari/537.36"
205.228.48.11 - - [22/Jan/2021:08:50:49 +0000] "GET /socket.io/?EIO=y&transport=c0qucvma5&sid=wszbow9cyipkub6wfbra HTTP/1.1" 101 309 "-" "Mozilla/5.0 (Windows NT 10.0; Win64; x64; rv:85.0) Gecko/20100101 Firefox/85.0"
ceef:df8c:265:501c:7e57:472a:54a:2e5b - - [22/Jan/2021:08:51:00 +0000] "GET /json/messages/last?n=a&room=ykry HTTP/1.1" 304 0 "https://miaou.dystroy.org/1260" "Mozilla/5.0 (X11; Linux x86_64) AppleWebKit/537.36 (KHTML, like Gecko) Chrome/83.0.4103.116 Safari/537.36"
ceef:df8c:265:501c:7e57:472a:54a:2e5b - - [22/Jan/2021:08:51:00 +0000] "GET /json/messages/last?n=a&room=v2ee HTTP/1.1" 304 0 "https://miaou.dystroy.org/1260" "Mozilla/5.0 (X11; Linux x86_64) AppleWebKit/537.36 (KHTML, like Gecko) Chrome/83.0.4103.116 Safari/537.36"
ceef:df8c:265:501c:7e57:472a:54a:2e5b - - [22/Jan/2021:08:51:00 +0000] "GET /json/messages/last?n=a&room=u2yf HTTP/1.1" 304 0 "https://miaou.dystroy.org/1260" "Mozilla/5.0 (X11; Linux x86_64) AppleWebKit/537.36 (KHTML, like Gecko) Chrome/83.0.4103.116 Safari/537.36"
ceef:df8c:265:501c:7e57:472a:54a:2e5b - - [22/Jan/2021:08:51:00 +0000] "GET /json/messages/last?n=a&room=cer HTTP/1.1" 304 0 "https://miaou.dystroy.org/1260" "Mozilla/5.0 (X11; Linux x86_64) AppleWebKit/537.36 (KHTML, like Gecko) Chrome/83.0.4103.116 Safari/537.36"
ceef:df8c:265:501c:7e57:472a:54a:2e5b - - [22/Jan/2021:08:51:00 +0000] "GET /json/messages/last?n=a&room=c5w8 HTTP/1.1" 304 0 "https://miaou.dystroy.org/1260" "Mozilla/5.0 (X11; Linux x86_64) AppleWebKit/537.36 (KHTML, like Gecko) Chrome/83.0.4103.116 Safari/537.36"
141.103.46.178 - - [22/Jan/2021:08:51:00 +0000] "GET /gogo/json?action=7c1uz2f9flrxff&TrollId=u1hv&ChrallVersion=9tku HTTP/1.1" 200 65 "https://games.mountyhall.com/mountyhall/MH_Play/Play_profil.php" "Mozilla/5.0 (X11; Linux x86_64) AppleWebKit/537.36 (KHTML, like Gecko) Chrome/87.0.4280.141 Safari/537.36"
ceef:df8c:265:501c:7e57:472a:54a:2e5b - - [22/Jan/2021:08:51:00 +0000] "GET /json/messages/last?n=a&room=b4 HTTP/1.1" 304 0 "https://miaou.dystroy.org/1260" "Mozilla/5.0 (X11; Linux x86_64) AppleWebKit/537.36 (KHTML, like Gecko) Chrome/83.0.4103.116 Safari/537.36"
ceef:df8c:265:501c:7e57:472a:54a:2e5b - - [22/Jan/2021:08:51:01 +0000] "GET /json/messages/last?n=a&room=f HTTP/1.1" 200 9427 "https://miaou.dystroy.org/1260" "Mozilla/5.0 (X11; Linux x86_64) AppleWebKit/537.36 (KHTML, like Gecko) Chrome/83.0.4103.116 Safari/537.36"
ceef:df8c:265:501c:7e57:472a:54a:2e5b - - [22/Jan/2021:08:51:01 +0000] "GET /file-host/b591570c12633a46006f866c.png HTTP/1.1" 304 0 "https://miaou.dystroy.org/1260" "Mozilla/5.0 (X11; Linux x86_64) AppleWebKit/537.36 (KHTML, like Gecko) Chrome/83.0.4103.116 Safari/537.36"
ceef:df8c:265:501c:7e57:472a:54a:2e5b - - [22/Jan/2021:08:51:01 +0000] "GET /file-host/9808c7f77f91da1f7a9c64a6.png HTTP/1.1" 304 0 "https://miaou.dystroy.org/1260" "Mozilla/5.0 (X11; Linux x86_64) AppleWebKit/537.36 (KHTML, like Gecko) Chrome/83.0.4103.116 Safari/537.36"
ceef:df8c:265:501c:7e57:472a:54a:2e5b - - [22/Jan/2021:08:51:01 +0000] "GET /file-host/c3e0150e98c3f6b4e0c9b967.png HTTP/1.1" 200 3994 "https://miaou.dystroy.org/1260" "Mozilla/5.0 (X11; Linux x86_64) AppleWebKit/537.36 (KHTML, like Gecko) Chrome/83.0.4103.116 Safari/537.36"
ceef:df8c:265:501c:7e57:472a:54a:2e5b - - [22/Jan/2021:08:51:01 +0000] "GET /file-host/1dc7a7ce358e562fc12d1053.png HTTP/1.1" 200 47189 "https://miaou.dystroy.org/1260" "Mozilla/5.0 (X11; Linux x86_64) AppleWebKit/537.36 (KHTML, like Gecko) Chrome/83.0.4103.116 Safari/537.36"
