d696:f15:5b5:c46f:5422:b2ea:9ec:23c - - [22/Jan/2021:07:04:13 +0000] "GET /socket.io/?EIO=y&transport=xkmoyoi&t=dzxvycy HTTP/1.1" 200 99 "https://miaou.dystroy.org/3453" "Mozilla/5.0 (iPhone; CPU iPhone OS 14_3 like Mac OS X) AppleWebKit/605.1.15 (KHTML, like Gecko) CriOS/87.0.4280.77 Mobile/15E148 Safari/604.1"
d696:f15:5b5:c46f:5422:b2ea:9ec:23c - - [22/Jan/2021:07:04:13 +0000] "GET /socket.io/?EIO=y&transport=xkmoyoi&t=3eo3w2j&sid=9pb6ewspk11x99xse6gs HTTP/1.1" 200 18 "https://miaou.dystroy.org/3453" "Mozilla/5.0 (iPhone; CPU iPhone OS 14_3 like Mac OS X) AppleWebKit/605.1.15 (KHTML, like Gecko) CriOS/87.0.4280.77 Mobile/15E148 Safari/604.1"
d696:f15:5b5:c46f:5422:b2ea:9ec:23c - - [22/Jan/2021:07:04:13 +0000] "POST /error HTTP/1.1" 200 2 "https://miaou.dystroy.org/3453" "Mozilla/5.0 (iPhone; CPU iPhone OS 14_3 like Mac OS X) AppleWebKit/605.1.15 (KHTML, like Gecko) CriOS/87.0.4280.77 Mobile/15E148 Safari/604.1"
d696:f15:5b5:c46f:5422:b2ea:9ec:23c - - [22/Jan/2021:07:04:13 +0000] "POST /socket.io/?EIO=y&transport=xkmoyoi&t=npp1j6c&sid=9pb6ewspk11x99xse6gs HTTP/1.1" 200 2 "https://miaou.dystroy.org/3453" "Mozilla/5.0 (iPhone; CPU iPhone OS 14_3 like Mac OS X) AppleWebKit/605.1.15 (KHTML, like Gecko) CriOS/87.0.4280.77 Mobile/15E148 Safari/604.1"
d696:f15:5b5:c46f:5422:b2ea:9ec:23c - - [22/Jan/2021:07:04:13 +0000] "GET /socket.io/?EIO=y&transport=xkmoyoi&t=o89cven&sid=9pb6ewspk11x99xse6gs HTTP/1.1" 200 34 "https://miaou.dystroy.org/3453" "Mozilla/5.0 (iPhone; CPU iPhone OS 14_3 like Mac OS X) AppleWebKit/605.1.15 (KHTML, like Gecko) CriOS/87.0.4280.77 Mobile/15E148 Safari/604.1"
d696:f15:5b5:c46f:5422:b2ea:9ec:23c - - [22/Jan/2021:07:04:13 +0000] "GET /socket.io/?EIO=y&transport=xkmoyoi&t=o7ly0vy&sid=9pb6ewspk11x99xse6gs HTTP/1.1" 200 5890 "https://miaou.dystroy.org/3453" "Mozilla/5.0 (iPhone; CPU iPhone OS 14_3 like Mac OS X) AppleWebKit/605.1.15 (KHTML, like Gecko) CriOS/87.0.4280.77 Mobile/15E148 Safari/604.1"
40.205.208.119 - - [22/Jan/2021:07:04:14 +0000] "POST /sciz-webhook HTTP/1.1" 200 0 "-" "python-requests/2.21.0"
40.205.208.119 - - [22/Jan/2021:07:04:14 +0000] "POST /sciz-webhook HTTP/1.1" 200 0 "-" "python-requests/2.21.0"
40.205.208.119 - - [22/Jan/2021:07:04:16 +0000] "POST /sciz-webhook HTTP/1.1" 200 0 "-" "python-requests/2.21.0"
40.205.208.119 - - [22/Jan/2021:07:04:16 +0000] "POST /sciz-webhook HTTP/1.1" 200 0 "-" "python-requests/2.21.0"
d696:f15:5b5:c46f:5422:b2ea:9ec:23c - - [22/Jan/2021:07:04:23 +0000] "GET /2603 HTTP/1.1" 200 4745 "https://miaou.dystroy.org/3453" "Mozilla/5.0 (iPhone; CPU iPhone OS 14_3 like Mac OS X) AppleWebKit/605.1.15 (KHTML, like Gecko) CriOS/87.0.4280.77 Mobile/15E148 Safari/604.1"
d696:f15:5b5:c46f:5422:b2ea:9ec:23c - - [22/Jan/2021:07:04:23 +0000] "GET /socket.io/?EIO=y&transport=c0qucvma5&sid=9pb6ewspk11x99xse6gs HTTP/1.1" 101 27263 "-" "Mozilla/5.0 (iPhone; CPU iPhone OS 14_3 like Mac OS X) AppleWebKit/605.1.15 (KHTML, like Gecko) CriOS/87.0.4280.77 Mobile/15E148 Safari/604.1"
d696:f15:5b5:c46f:5422:b2ea:9ec:23c - - [22/Jan/2021:07:04:23 +0000] "GET /socket.io/socket.io.js HTTP/1.1" 304 0 "https://miaou.dystroy.org/2603" "Mozilla/5.0 (iPhone; CPU iPhone OS 14_3 like Mac OS X) AppleWebKit/605.1.15 (KHTML, like Gecko) CriOS/87.0.4280.77 Mobile/15E148 Safari/604.1"
d696:f15:5b5:c46f:5422:b2ea:9ec:23c - - [22/Jan/2021:07:04:23 +0000] "GET /socket.io/?EIO=y&transport=xkmoyoi&t=42rpqpy HTTP/1.1" 200 99 "https://miaou.dystroy.org/2603" "Mozilla/5.0 (iPhone; CPU iPhone OS 14_3 like Mac OS X) AppleWebKit/605.1.15 (KHTML, like Gecko) CriOS/87.0.4280.77 Mobile/15E148 Safari/604.1"
d696:f15:5b5:c46f:5422:b2ea:9ec:23c - - [22/Jan/2021:07:04:23 +0000] "GET /socket.io/?EIO=y&transport=xkmoyoi&t=ocn2od3&sid=8tnrzojjz7xepujv93wq HTTP/1.1" 200 18 "https://miaou.dystroy.org/2603" "Mozilla/5.0 (iPhone; CPU iPhone OS 14_3 like Mac OS X) AppleWebKit/605.1.15 (KHTML, like Gecko) CriOS/87.0.4280.77 Mobile/15E148 Safari/604.1"
d696:f15:5b5:c46f:5422:b2ea:9ec:23c - - [22/Jan/2021:07:04:23 +0000] "POST /error HTTP/1.1" 200 2 "https://miaou.dystroy.org/2603" "Mozilla/5.0 (iPhone; CPU iPhone OS 14_3 like Mac OS X) AppleWebKit/605.1.15 (KHTML, like Gecko) CriOS/87.0.4280.77 Mobile/15E148 Safari/604.1"
d696:f15:5b5:c46f:5422:b2ea:9ec:23c - - [22/Jan/2021:07:04:23 +0000] "POST /socket.io/?EIO=y&transport=xkmoyoi&t=8yu1hqe&sid=8tnrzojjz7xepujv93wq HTTP/1.1" 200 2 "https://miaou.dystroy.org/2603" "Mozilla/5.0 (iPhone; CPU iPhone OS 14_3 like Mac OS X) AppleWebKit/605.1.15 (KHTML, like Gecko) CriOS/87.0.4280.77 Mobile/15E148 Safari/604.1"
d696:f15:5b5:c46f:5422:b2ea:9ec:23c - - [22/Jan/2021:07:04:23 +0000] "GET /socket.io/?EIO=y&transport=xkmoyoi&t=iy7tsoy&sid=8tnrzojjz7xepujv93wq HTTP/1.1" 200 34 "https://miaou.dystroy.org/2603" "Mozilla/5.0 (iPhone; CPU iPhone OS 14_3 like Mac OS X) AppleWebKit/605.1.15 (KHTML, like Gecko) CriOS/87.0.4280.77 Mobile/15E148 Safari/604.1"
d696:f15:5b5:c46f:5422:b2ea:9ec:23c - - [22/Jan/2021:07:04:23 +0000] "GET /socket.io/?EIO=y&transport=xkmoyoi&t=881pi5k&sid=8tnrzojjz7xepujv93wq HTTP/1.1" 200 6836 "https://miaou.dystroy.org/2603" "Mozilla/5.0 (iPhone; CPU iPhone OS 14_3 like Mac OS X) AppleWebKit/605.1.15 (KHTML, like Gecko) CriOS/87.0.4280.77 Mobile/15E148 Safari/604.1"
d696:f15:5b5:c46f:5422:b2ea:9ec:23c - - [22/Jan/2021:07:04:23 +0000] "GET /file-host/2a8ae23baad376eef6faf004.png HTTP/1.1" 200 8054 "https://miaou.dystroy.org/2603" "Mozilla/5.0 (iPhone; CPU iPhone OS 14_3 like Mac OS X) AppleWebKit/605.1.15 (KHTML, like Gecko) CriOS/87.0.4280.77 Mobile/15E148 Safari/604.1"
28.46.53.144 - - [22/Jan/2021:07:04:24 +0000] "GET /json/messages/last?n=a&room=a2fv HTTP/1.1" 200 1420 "https://miaou.dystroy.org/1556" "Mozilla/5.0 (Windows NT 6.1; rv:84.0) Gecko/20100101 Firefox/84.0"
65.213.137.36 - - [22/Jan/2021:07:04:49 +0000] "GET /socket.io/?EIO=y&transport=c0qucvma5&sid=es8u2ye6xt2ja67j1vrq HTTP/1.1" 101 692 "-" "Mozilla/5.0 (Linux; Android 8.1.0; Moto G (5)) AppleWebKit/537.36 (KHTML, like Gecko) Chrome/87.0.4280.101 Mobile Safari/537.36"
17.122.58.112 - - [22/Jan/2021:07:04:58 +0000] "GET /gogo/json?action=7c1uz2f9flrxff&TrollId=3tg87&ChrallVersion=9tku HTTP/1.1" 200 65 "https://games.mountyhall.com/" "Mozilla/5.0 (Windows NT 10.0; Win64; x64) AppleWebKit/537.36 (KHTML, like Gecko) Chrome/87.0.4280.141 Safari/537.36"
65.213.137.36 - - [22/Jan/2021:07:05:00 +0000] "GET /socket.io/?EIO=y&transport=xkmoyoi&t=mfvsezr HTTP/1.1" 200 99 "https://miaou.dystroy.org/2444" "Mozilla/5.0 (Linux; Android 8.1.0; Moto G (5)) AppleWebKit/537.36 (KHTML, like Gecko) Chrome/87.0.4280.101 Mobile Safari/537.36"
65.213.137.36 - - [22/Jan/2021:07:05:02 +0000] "GET /socket.io/?EIO=y&transport=xkmoyoi&t=cw20rm0&sid=1l87nx37m2s6ynxocwzf HTTP/1.1" 200 18 "https://miaou.dystroy.org/2444" "Mozilla/5.0 (Linux; Android 8.1.0; Moto G (5)) AppleWebKit/537.36 (KHTML, like Gecko) Chrome/87.0.4280.101 Mobile Safari/537.36"
145.66.38.82 - - [22/Jan/2021:07:05:02 +0000] "GET / HTTP/1.1" 200 2026 "-" "Reeder/5000.49.04 CFNetwork/1209 Darwin/20.2.0"
145.66.38.82 - - [22/Jan/2021:07:05:02 +0000] "HEAD /favicon.ico HTTP/1.1" 404 0 "-" "Reeder/5000.49.04 CFNetwork/1209 Darwin/20.2.0"
65.213.137.36 - - [22/Jan/2021:07:05:02 +0000] "POST /socket.io/?EIO=y&transport=xkmoyoi&t=rur056o&sid=1l87nx37m2s6ynxocwzf HTTP/1.1" 200 2 "https://miaou.dystroy.org/2444" "Mozilla/5.0 (Linux; Android 8.1.0; Moto G (5)) AppleWebKit/537.36 (KHTML, like Gecko) Chrome/87.0.4280.101 Mobile Safari/537.36"
145.66.38.82 - - [22/Jan/2021:07:05:02 +0000] "HEAD /apple-touch-icon.png HTTP/1.1" 404 0 "-" "Reeder/5000.49.04 CFNetwork/1209 Darwin/20.2.0"
145.66.38.82 - - [22/Jan/2021:07:05:03 +0000] "HEAD /apple-touch-icon-precomposed.png HTTP/1.1" 404 0 "-" "Reeder/5000.49.04 CFNetwork/1209 Darwin/20.2.0"
65.213.137.36 - - [22/Jan/2021:07:05:03 +0000] "GET /socket.io/?EIO=y&transport=xkmoyoi&t=8ysn49v&sid=1l87nx37m2s6ynxocwzf HTTP/1.1" 200 7969 "https://miaou.dystroy.org/2444" "Mozilla/5.0 (Linux; Android 8.1.0; Moto G (5)) AppleWebKit/537.36 (KHTML, like Gecko) Chrome/87.0.4280.101 Mobile Safari/537.36"
65.213.137.36 - - [22/Jan/2021:07:05:05 +0000] "POST /socket.io/?EIO=y&transport=xkmoyoi&t=x25ho2p&sid=1l87nx37m2s6ynxocwzf HTTP/1.1" 200 2 "https://miaou.dystroy.org/2444" "Mozilla/5.0 (Linux; Android 8.1.0; Moto G (5)) AppleWebKit/537.36 (KHTML, like Gecko) Chrome/87.0.4280.101 Mobile Safari/537.36"
65.213.137.36 - - [22/Jan/2021:07:05:05 +0000] "GET /socket.io/?EIO=y&transport=xkmoyoi&t=zmfd98w&sid=1l87nx37m2s6ynxocwzf HTTP/1.1" 200 644 "https://miaou.dystroy.org/2444" "Mozilla/5.0 (Linux; Android 8.1.0; Moto G (5)) AppleWebKit/537.36 (KHTML, like Gecko) Chrome/87.0.4280.101 Mobile Safari/537.36"
199.50.142.208 - - [22/Jan/2021:07:05:07 +0000] "GET /gogo/json?action=mf331j19fcfriv57h&asker=62h96&name=qko1veewm947wvauie87srus5kprlke6wl&monsterId=rr2oz4j HTTP/1.1" 200 2373 "https://games.mountyhall.com/" "Mozilla/5.0 (Windows NT 10.0; Win64; x64) AppleWebKit/537.36 (KHTML, like Gecko) Chrome/87.0.4280.66 Safari/537.36"
199.50.142.208 - - [22/Jan/2021:07:05:08 +0000] "GET /gogo/json?action=mf331j19fcfriv57h&asker=62h96&name=qko1veewm947wvauie87srus5kprlke6wl&monsterId=rr2oz4j HTTP/1.1" 200 2373 "https://games.mountyhall.com/" "Mozilla/5.0 (Windows NT 10.0; Win64; x64) AppleWebKit/537.36 (KHTML, like Gecko) Chrome/87.0.4280.66 Safari/537.36"
199.50.142.208 - - [22/Jan/2021:07:05:08 +0000] "GET /gogo/json?action=bgc6r5eeshp5nu&asker=62h96&trollId=8vd3cd HTTP/1.1" 200 85 "https://games.mountyhall.com/" "Mozilla/5.0 (Windows NT 10.0; Win64; x64) AppleWebKit/537.36 (KHTML, like Gecko) Chrome/87.0.4280.66 Safari/537.36"
199.50.142.208 - - [22/Jan/2021:07:05:08 +0000] "GET /gogo/json?action=mf331j19fcfriv57h&asker=62h96&name=1aot906txx315xbuxlch0y9gybvbhi2nwv&monsterId=ppy3fbw HTTP/1.1" 200 100 "https://games.mountyhall.com/" "Mozilla/5.0 (Windows NT 10.0; Win64; x64) AppleWebKit/537.36 (KHTML, like Gecko) Chrome/87.0.4280.66 Safari/537.36"
199.50.142.208 - - [22/Jan/2021:07:05:10 +0000] "GET /gogo/json?action=mf331j19fcfriv57h&asker=62h96&name=1aot906txx315xbuxlch0y9gybvbhi2nwv&monsterId=ppy3fbw HTTP/1.1" 200 100 "https://games.mountyhall.com/" "Mozilla/5.0 (Windows NT 10.0; Win64; x64) AppleWebKit/537.36 (KHTML, like Gecko) Chrome/87.0.4280.66 Safari/537.36"
199.50.142.208 - - [22/Jan/2021:07:05:11 +0000] "GET /gogo/json?action=mf331j19fcfriv57h&asker=62h96&name=vuz6m9ctlvi3rup4tqqtl84g8jq12km2worwdh75u85wp&monsterId=oxn9b0z HTTP/1.1" 200 2797 "https://games.mountyhall.com/" "Mozilla/5.0 (Windows NT 10.0; Win64; x64) AppleWebKit/537.36 (KHTML, like Gecko) Chrome/87.0.4280.66 Safari/537.36"
17.122.58.112 - - [22/Jan/2021:07:05:14 +0000] "GET /gogo/json?action=7c1uz2f9flrxff&TrollId=3tg87&ChrallVersion=9tku HTTP/1.1" 200 65 "https://games.mountyhall.com/" "Mozilla/5.0 (Windows NT 10.0; Win64; x64) AppleWebKit/537.36 (KHTML, like Gecko) Chrome/87.0.4280.141 Safari/537.36"
199.50.142.208 - - [22/Jan/2021:07:05:15 +0000] "GET /gogo/json?action=mf331j19fcfriv57h&asker=62h96&name=r1ggr8ncn3d2ljxeb84eboz9wx&monsterId=ww3lkj8 HTTP/1.1" 200 2766 "https://games.mountyhall.com/" "Mozilla/5.0 (Windows NT 10.0; Win64; x64) AppleWebKit/537.36 (KHTML, like Gecko) Chrome/87.0.4280.66 Safari/537.36"
199.50.142.208 - - [22/Jan/2021:07:05:19 +0000] "GET /gogo/json?action=mf331j19fcfriv57h&asker=62h96&name=a47th64cl7preyik6jwo7e1153rxv5owltxzzja5ta5i1vfplriwqsp44&monsterId=flwzxf0 HTTP/1.1" 200 2807 "https://games.mountyhall.com/" "Mozilla/5.0 (Windows NT 10.0; Win64; x64) AppleWebKit/537.36 (KHTML, like Gecko) Chrome/87.0.4280.66 Safari/537.36"
199.50.142.208 - - [22/Jan/2021:07:05:19 +0000] "GET /gogo/json?action=mf331j19fcfriv57h&asker=62h96&name=a47th64cl7preyik6jwo7e1153rxv5owltxzzja5ta5i1vfplriwqsp44&monsterId=flwzxf0 HTTP/1.1" 200 2807 "https://games.mountyhall.com/" "Mozilla/5.0 (Windows NT 10.0; Win64; x64) AppleWebKit/537.36 (KHTML, like Gecko) Chrome/87.0.4280.66 Safari/537.36"
199.50.142.208 - - [22/Jan/2021:07:05:24 +0000] "GET /gogo/json?action=mf331j19fcfriv57h&asker=62h96&name=fni4c0po4pzm6rgo6968uons2jxl73507d8xtfggu9s3j0&monsterId=ba9l6tf HTTP/1.1" 200 2799 "https://games.mountyhall.com/" "Mozilla/5.0 (Windows NT 10.0; Win64; x64) AppleWebKit/537.36 (KHTML, like Gecko) Chrome/87.0.4280.66 Safari/537.36"
40.205.208.119 - - [22/Jan/2021:07:05:30 +0000] "POST /sciz-webhook HTTP/1.1" 200 0 "-" "python-requests/2.21.0"
40.205.208.119 - - [22/Jan/2021:07:05:30 +0000] "POST /sciz-webhook HTTP/1.1" 200 0 "-" "python-requests/2.21.0"
27.101.46.32 - - [22/Jan/2021:07:05:31 +0000] "GET /rooms HTTP/1.1" 304 0 "-" "Mozilla/5.0 (Linux; Android 8.0.0; SM-G950F) AppleWebKit/537.36 (KHTML, like Gecko) Chrome/87.0.4280.141 Mobile Safari/537.36"
27.101.46.32 - - [22/Jan/2021:07:05:31 +0000] "GET /json/rooms?pattern= HTTP/1.1" 200 10590 "https://miaou.dystroy.org/rooms" "Mozilla/5.0 (Linux; Android 8.0.0; SM-G950F) AppleWebKit/537.36 (KHTML, like Gecko) Chrome/87.0.4280.141 Mobile Safari/537.36"
65.213.137.36 - - [22/Jan/2021:07:05:42 +0000] "GET /socket.io/?EIO=y&transport=c0qucvma5&sid=1l87nx37m2s6ynxocwzf HTTP/1.1" 101 47 "-" "Mozilla/5.0 (Linux; Android 8.1.0; Moto G (5)) AppleWebKit/537.36 (KHTML, like Gecko) Chrome/87.0.4280.101 Mobile Safari/537.36"
65.213.137.36 - - [22/Jan/2021:07:05:44 +0000] "GET /socket.io/?EIO=y&transport=xkmoyoi&t=92dmo72 HTTP/1.1" 200 99 "https://miaou.dystroy.org/2444" "Mozilla/5.0 (Linux; Android 8.1.0; Moto G (5)) AppleWebKit/537.36 (KHTML, like Gecko) Chrome/87.0.4280.101 Mobile Safari/537.36"
65.213.137.36 - - [22/Jan/2021:07:05:44 +0000] "GET /socket.io/?EIO=y&transport=xkmoyoi&t=req3gt7&sid=79kcppbc1k7l0ib8xmy8 HTTP/1.1" 200 18 "https://miaou.dystroy.org/2444" "Mozilla/5.0 (Linux; Android 8.1.0; Moto G (5)) AppleWebKit/537.36 (KHTML, like Gecko) Chrome/87.0.4280.101 Mobile Safari/537.36"
65.213.137.36 - - [22/Jan/2021:07:05:44 +0000] "POST /socket.io/?EIO=y&transport=xkmoyoi&t=lhok6h1&sid=79kcppbc1k7l0ib8xmy8 HTTP/1.1" 200 2 "https://miaou.dystroy.org/2444" "Mozilla/5.0 (Linux; Android 8.1.0; Moto G (5)) AppleWebKit/537.36 (KHTML, like Gecko) Chrome/87.0.4280.101 Mobile Safari/537.36"
138.25.139.50 - - [22/Jan/2021:07:05:44 +0000] "GET /broot/img/favicon.ico HTTP/1.1" 200 1150 "-" "WidgetKitExtension/3279 CFNetwork/1209 Darwin/20.2.0"
65.213.137.36 - - [22/Jan/2021:07:05:45 +0000] "GET /socket.io/?EIO=y&transport=xkmoyoi&t=0fjzacs&sid=79kcppbc1k7l0ib8xmy8 HTTP/1.1" 200 7969 "https://miaou.dystroy.org/2444" "Mozilla/5.0 (Linux; Android 8.1.0; Moto G (5)) AppleWebKit/537.36 (KHTML, like Gecko) Chrome/87.0.4280.101 Mobile Safari/537.36"
65.213.137.36 - - [22/Jan/2021:07:05:47 +0000] "POST /socket.io/?EIO=y&transport=xkmoyoi&t=uhlhc48&sid=79kcppbc1k7l0ib8xmy8 HTTP/1.1" 200 2 "https://miaou.dystroy.org/2444" "Mozilla/5.0 (Linux; Android 8.1.0; Moto G (5)) AppleWebKit/537.36 (KHTML, like Gecko) Chrome/87.0.4280.101 Mobile Safari/537.36"
65.213.137.36 - - [22/Jan/2021:07:05:47 +0000] "GET /socket.io/?EIO=y&transport=xkmoyoi&t=j31a8wa&sid=79kcppbc1k7l0ib8xmy8 HTTP/1.1" 200 644 "https://miaou.dystroy.org/2444" "Mozilla/5.0 (Linux; Android 8.1.0; Moto G (5)) AppleWebKit/537.36 (KHTML, like Gecko) Chrome/87.0.4280.101 Mobile Safari/537.36"
40.205.208.119 - - [22/Jan/2021:07:05:47 +0000] "POST /sciz-webhook HTTP/1.1" 200 0 "-" "python-requests/2.21.0"
40.205.208.119 - - [22/Jan/2021:07:05:47 +0000] "POST /sciz-webhook HTTP/1.1" 200 0 "-" "python-requests/2.21.0"
40.205.208.119 - - [22/Jan/2021:07:05:52 +0000] "POST /sciz-webhook HTTP/1.1" 200 0 "-" "python-requests/2.21.0"
190.22.208.246 - - [22/Jan/2021:07:06:00 +0000] "GET /JSON.prune/JSON.prune.js?_=r63xf0bhflljz HTTP/1.1" 200 5188 "https://schema02.esabora.solutions/" "Mozilla/5.0 (Macintosh; Intel Mac OS X 10_15_7) AppleWebKit/537.36 (KHTML, like Gecko) Chrome/87.0.4280.141 Safari/537.36"
85.238.20.4 - - [22/Jan/2021:07:06:08 +0000] "GET /JSON.prune/JSON.prune.js HTTP/1.1" 200 5188 "https://bolaodoneneu.com.br/c_jogo/bilhete_online/1380014" "Mozilla/5.0 (Android 7.1.2; Mobile; rv:84.0) Gecko/84.0 Firefox/84.0"
28.46.53.144 - - [22/Jan/2021:07:06:09 +0000] "GET /json/messages/last?n=a&room=mt1g HTTP/1.1" 200 1047 "https://miaou.dystroy.org/1556" "Mozilla/5.0 (Windows NT 6.1; rv:84.0) Gecko/20100101 Firefox/84.0"
28.46.53.144 - - [22/Jan/2021:07:06:10 +0000] "GET /json/messages/last?n=a&room=ws6g HTTP/1.1" 200 2681 "https://miaou.dystroy.org/1556" "Mozilla/5.0 (Windows NT 6.1; rv:84.0) Gecko/20100101 Firefox/84.0"
28.46.53.144 - - [22/Jan/2021:07:06:10 +0000] "GET /json/messages/last?n=a&room=2cmu HTTP/1.1" 200 1169 "https://miaou.dystroy.org/1556" "Mozilla/5.0 (Windows NT 6.1; rv:84.0) Gecko/20100101 Firefox/84.0"
28.46.53.144 - - [22/Jan/2021:07:06:13 +0000] "GET /json/messages/last?n=a&room=y HTTP/1.1" 200 1036 "https://miaou.dystroy.org/1556" "Mozilla/5.0 (Windows NT 6.1; rv:84.0) Gecko/20100101 Firefox/84.0"
28.46.53.144 - - [22/Jan/2021:07:06:13 +0000] "GET /json/messages/last?n=a&room=y HTTP/1.1" 304 0 "https://miaou.dystroy.org/1556" "Mozilla/5.0 (Windows NT 6.1; rv:84.0) Gecko/20100101 Firefox/84.0"
28.46.53.144 - - [22/Jan/2021:07:06:13 +0000] "GET /json/messages/last?n=a&room=y HTTP/1.1" 304 0 "https://miaou.dystroy.org/1556" "Mozilla/5.0 (Windows NT 6.1; rv:84.0) Gecko/20100101 Firefox/84.0"
28.46.53.144 - - [22/Jan/2021:07:06:13 +0000] "GET /json/messages/last?n=a&room=2cmu HTTP/1.1" 200 1169 "https://miaou.dystroy.org/1556" "Mozilla/5.0 (Windows NT 6.1; rv:84.0) Gecko/20100101 Firefox/84.0"
40.205.208.119 - - [22/Jan/2021:07:06:22 +0000] "POST /sciz-webhook HTTP/1.1" 200 0 "-" "python-requests/2.21.0"
d696:f15:5b5:c46f:5422:b2ea:9ec:23c - - [22/Jan/2021:07:06:32 +0000] "GET /socket.io/?EIO=y&transport=c0qucvma5&sid=8tnrzojjz7xepujv93wq HTTP/1.1" 101 2630 "-" "Mozilla/5.0 (iPhone; CPU iPhone OS 14_3 like Mac OS X) AppleWebKit/605.1.15 (KHTML, like Gecko) CriOS/87.0.4280.77 Mobile/15E148 Safari/604.1"
d696:f15:5b5:c46f:5422:b2ea:9ec:23c - - [22/Jan/2021:07:06:34 +0000] "GET /socket.io/?EIO=y&transport=xkmoyoi&t=3axwnrg HTTP/1.1" 200 99 "https://miaou.dystroy.org/2603" "Mozilla/5.0 (iPhone; CPU iPhone OS 14_3 like Mac OS X) AppleWebKit/605.1.15 (KHTML, like Gecko) CriOS/87.0.4280.77 Mobile/15E148 Safari/604.1"
d696:f15:5b5:c46f:5422:b2ea:9ec:23c - - [22/Jan/2021:07:06:34 +0000] "GET /socket.io/?EIO=y&transport=xkmoyoi&t=vi6b40q&sid=9pcpf9tiz2nzxoohx5lb HTTP/1.1" 200 18 "https://miaou.dystroy.org/2603" "Mozilla/5.0 (iPhone; CPU iPhone OS 14_3 like Mac OS X) AppleWebKit/605.1.15 (KHTML, like Gecko) CriOS/87.0.4280.77 Mobile/15E148 Safari/604.1"
d696:f15:5b5:c46f:5422:b2ea:9ec:23c - - [22/Jan/2021:07:06:34 +0000] "POST /socket.io/?EIO=y&transport=xkmoyoi&t=bclv9s8&sid=9pcpf9tiz2nzxoohx5lb HTTP/1.1" 200 2 "https://miaou.dystroy.org/2603" "Mozilla/5.0 (iPhone; CPU iPhone OS 14_3 like Mac OS X) AppleWebKit/605.1.15 (KHTML, like Gecko) CriOS/87.0.4280.77 Mobile/15E148 Safari/604.1"
d696:f15:5b5:c46f:5422:b2ea:9ec:23c - - [22/Jan/2021:07:06:34 +0000] "GET /socket.io/?EIO=y&transport=xkmoyoi&t=n1rk8xd&sid=9pcpf9tiz2nzxoohx5lb HTTP/1.1" 200 6856 "https://miaou.dystroy.org/2603" "Mozilla/5.0 (iPhone; CPU iPhone OS 14_3 like Mac OS X) AppleWebKit/605.1.15 (KHTML, like Gecko) CriOS/87.0.4280.77 Mobile/15E148 Safari/604.1"
28.46.53.144 - - [22/Jan/2021:07:06:34 +0000] "GET /json/messages/last?n=a&room=a2fv HTTP/1.1" 200 1420 "https://miaou.dystroy.org/1556" "Mozilla/5.0 (Windows NT 6.1; rv:84.0) Gecko/20100101 Firefox/84.0"
91.110.189.249 - - [22/Jan/2021:07:06:41 +0000] "HEAD / HTTP/1.1" 301 0 "http://www.dystroy.org" "Mozilla/5.0+(compatible; UptimeRobot/2.0; http://www.uptimerobot.com/)"
91.110.189.249 - - [22/Jan/2021:07:06:41 +0000] "HEAD / HTTP/1.1" 200 0 "http://www.dystroy.org" "Mozilla/5.0+(compatible; UptimeRobot/2.0; http://www.uptimerobot.com/)"
108.148.172.228 - - [22/Jan/2021:07:06:43 +0000] "GET /login HTTP/1.1" 200 714 "-" "Mozilla/5.0 (Windows NT 10.0; Win64; x64; rv:84.0) Gecko/20100101 Firefox/84.0"
108.148.172.228 - - [22/Jan/2021:07:06:44 +0000] "GET /auth/google HTTP/1.1" 302 0 "https://miaou.dystroy.org/login" "Mozilla/5.0 (Windows NT 10.0; Win64; x64; rv:84.0) Gecko/20100101 Firefox/84.0"
108.148.172.228 - - [22/Jan/2021:07:06:45 +0000] "GET /auth/google/callback?state=li1e&code=0icfw9qjc27iqyfegfy7ycqf5hmhmhofip699tlunafd0ilfzrxvtnmd9cbeu2a8qriew44qvcf&scope=aubfz6yo9g9ep58gm03bd55rv5ebfd4alizq4n4fg42fd96ftdof5ssyfiviqwo51ukfd25jppqx39644h60hj5ym9leynwmukr7445kx4seqv118y3kd573w6vfeqwl5rgmx94p&authuser=3&prompt=npme HTTP/1.1" 302 96 "https://miaou.dystroy.org/login" "Mozilla/5.0 (Windows NT 10.0; Win64; x64; rv:84.0) Gecko/20100101 Firefox/84.0"
108.148.172.228 - - [22/Jan/2021:07:06:45 +0000] "GET / HTTP/1.1" 302 106 "https://miaou.dystroy.org/login" "Mozilla/5.0 (Windows NT 10.0; Win64; x64; rv:84.0) Gecko/20100101 Firefox/84.0"
65.213.137.36 - - [22/Jan/2021:07:06:45 +0000] "GET /socket.io/?EIO=y&transport=c0qucvma5&sid=79kcppbc1k7l0ib8xmy8 HTTP/1.1" 101 101 "-" "Mozilla/5.0 (Linux; Android 8.1.0; Moto G (5)) AppleWebKit/537.36 (KHTML, like Gecko) Chrome/87.0.4280.101 Mobile Safari/537.36"
108.148.172.228 - - [22/Jan/2021:07:06:45 +0000] "GET /rooms HTTP/1.1" 200 3915 "https://miaou.dystroy.org/login" "Mozilla/5.0 (Windows NT 10.0; Win64; x64; rv:84.0) Gecko/20100101 Firefox/84.0"
108.148.172.228 - - [22/Jan/2021:07:06:45 +0000] "GET /json/rooms?pattern= HTTP/1.1" 200 9125 "https://miaou.dystroy.org/rooms" "Mozilla/5.0 (Windows NT 10.0; Win64; x64; rv:84.0) Gecko/20100101 Firefox/84.0"
108.148.172.228 - - [22/Jan/2021:07:06:46 +0000] "GET /1309?Taverne_Au_coin_du_feu_des_terres_de_Kigard HTTP/1.1" 200 5484 "https://miaou.dystroy.org/rooms" "Mozilla/5.0 (Windows NT 10.0; Win64; x64; rv:84.0) Gecko/20100101 Firefox/84.0"
108.148.172.228 - - [22/Jan/2021:07:06:46 +0000] "GET /socket.io/socket.io.js HTTP/1.1" 304 0 "https://miaou.dystroy.org/1309?Taverne_Au_coin_du_feu_des_terres_de_Kigard" "Mozilla/5.0 (Windows NT 10.0; Win64; x64; rv:84.0) Gecko/20100101 Firefox/84.0"
108.148.172.228 - - [22/Jan/2021:07:06:46 +0000] "GET /socket.io/?EIO=y&transport=xkmoyoi&t=t39yamn HTTP/1.1" 200 99 "https://miaou.dystroy.org/1309?Taverne_Au_coin_du_feu_des_terres_de_Kigard" "Mozilla/5.0 (Windows NT 10.0; Win64; x64; rv:84.0) Gecko/20100101 Firefox/84.0"
65.213.137.36 - - [22/Jan/2021:07:06:46 +0000] "GET /socket.io/?EIO=y&transport=xkmoyoi&t=4t294nt HTTP/1.1" 200 99 "https://miaou.dystroy.org/2444" "Mozilla/5.0 (Linux; Android 8.1.0; Moto G (5)) AppleWebKit/537.36 (KHTML, like Gecko) Chrome/87.0.4280.101 Mobile Safari/537.36"
108.148.172.228 - - [22/Jan/2021:07:06:46 +0000] "GET /file-host/ce04e3bdf9f1422edc7b7f62.png HTTP/1.1" 200 57846 "https://miaou.dystroy.org/1309?Taverne_Au_coin_du_feu_des_terres_de_Kigard" "Mozilla/5.0 (Windows NT 10.0; Win64; x64; rv:84.0) Gecko/20100101 Firefox/84.0"
108.148.172.228 - - [22/Jan/2021:07:06:46 +0000] "GET /socket.io/?EIO=y&transport=xkmoyoi&t=8bzfj6k&sid=2lctqz04uunwm0dza3xk HTTP/1.1" 200 18 "https://miaou.dystroy.org/1309?Taverne_Au_coin_du_feu_des_terres_de_Kigard" "Mozilla/5.0 (Windows NT 10.0; Win64; x64; rv:84.0) Gecko/20100101 Firefox/84.0"
108.148.172.228 - - [22/Jan/2021:07:06:46 +0000] "POST /socket.io/?EIO=y&transport=xkmoyoi&t=ls9a6yc&sid=2lctqz04uunwm0dza3xk HTTP/1.1" 200 2 "https://miaou.dystroy.org/1309?Taverne_Au_coin_du_feu_des_terres_de_Kigard" "Mozilla/5.0 (Windows NT 10.0; Win64; x64; rv:84.0) Gecko/20100101 Firefox/84.0"
108.148.172.228 - - [22/Jan/2021:07:06:46 +0000] "GET /socket.io/?EIO=y&transport=xkmoyoi&t=jf5eeti&sid=2lctqz04uunwm0dza3xk HTTP/1.1" 200 34 "https://miaou.dystroy.org/1309?Taverne_Au_coin_du_feu_des_terres_de_Kigard" "Mozilla/5.0 (Windows NT 10.0; Win64; x64; rv:84.0) Gecko/20100101 Firefox/84.0"
65.213.137.36 - - [22/Jan/2021:07:06:46 +0000] "GET /socket.io/?EIO=y&transport=xkmoyoi&t=nkxjjvq&sid=277dwr1ystk32f9t6x0q HTTP/1.1" 200 18 "https://miaou.dystroy.org/2444" "Mozilla/5.0 (Linux; Android 8.1.0; Moto G (5)) AppleWebKit/537.36 (KHTML, like Gecko) Chrome/87.0.4280.101 Mobile Safari/537.36"
65.213.137.36 - - [22/Jan/2021:07:06:47 +0000] "POST /socket.io/?EIO=y&transport=xkmoyoi&t=qh7vvsm&sid=277dwr1ystk32f9t6x0q HTTP/1.1" 200 2 "https://miaou.dystroy.org/2444" "Mozilla/5.0 (Linux; Android 8.1.0; Moto G (5)) AppleWebKit/537.36 (KHTML, like Gecko) Chrome/87.0.4280.101 Mobile Safari/537.36"
65.213.137.36 - - [22/Jan/2021:07:06:47 +0000] "GET /socket.io/?EIO=y&transport=xkmoyoi&t=j4h471w&sid=277dwr1ystk32f9t6x0q HTTP/1.1" 200 7969 "https://miaou.dystroy.org/2444" "Mozilla/5.0 (Linux; Android 8.1.0; Moto G (5)) AppleWebKit/537.36 (KHTML, like Gecko) Chrome/87.0.4280.101 Mobile Safari/537.36"
65.213.137.36 - - [22/Jan/2021:07:06:48 +0000] "POST /socket.io/?EIO=y&transport=xkmoyoi&t=nurrc1f&sid=277dwr1ystk32f9t6x0q HTTP/1.1" 200 2 "https://miaou.dystroy.org/2444" "Mozilla/5.0 (Linux; Android 8.1.0; Moto G (5)) AppleWebKit/537.36 (KHTML, like Gecko) Chrome/87.0.4280.101 Mobile Safari/537.36"
65.213.137.36 - - [22/Jan/2021:07:06:48 +0000] "GET /socket.io/?EIO=y&transport=xkmoyoi&t=i6u2y8z&sid=277dwr1ystk32f9t6x0q HTTP/1.1" 200 647 "https://miaou.dystroy.org/2444" "Mozilla/5.0 (Linux; Android 8.1.0; Moto G (5)) AppleWebKit/537.36 (KHTML, like Gecko) Chrome/87.0.4280.101 Mobile Safari/537.36"
108.148.172.228 - - [22/Jan/2021:07:06:56 +0000] "GET /json/messages/last?n=a&room=iagh HTTP/1.1" 200 909 "https://miaou.dystroy.org/1309?Taverne_Au_coin_du_feu_des_terres_de_Kigard" "Mozilla/5.0 (Windows NT 10.0; Win64; x64; rv:84.0) Gecko/20100101 Firefox/84.0"
98.67.97.90 - - [22/Jan/2021:07:06:58 +0000] "GET /json/messages/last?n=a&room=ans HTTP/1.1" 200 1723 "https://miaou.dystroy.org/1556" "Mozilla/5.0 (Windows NT 10.0; Win64; x64; rv:84.0) Gecko/20100101 Firefox/84.0"
98.67.97.90 - - [22/Jan/2021:07:06:58 +0000] "GET /json/messages/last?n=a&room=hxwg HTTP/1.1" 200 1186 "https://miaou.dystroy.org/1556" "Mozilla/5.0 (Windows NT 10.0; Win64; x64; rv:84.0) Gecko/20100101 Firefox/84.0"
40.205.208.119 - - [22/Jan/2021:07:07:01 +0000] "POST /sciz-webhook HTTP/1.1" 200 0 "-" "python-requests/2.21.0"
40.205.208.119 - - [22/Jan/2021:07:07:04 +0000] "POST /sciz-webhook HTTP/1.1" 200 0 "-" "python-requests/2.21.0"
247.58.227.121 - - [22/Jan/2021:07:07:04 +0000] "GET /socket.io/?EIO=y&transport=xkmoyoi&t=0zzvfwd HTTP/1.1" 200 99 "https://miaou.dystroy.org/1616" "Mozilla/5.0 (Linux; Android 10; Redmi Note 9 Pro) AppleWebKit/537.36 (KHTML, like Gecko) Chrome/87.0.4280.141 Mobile Safari/537.36"
28.46.53.144 - - [22/Jan/2021:07:07:05 +0000] "GET /publicProfile?user=8xf&room=iayh HTTP/1.1" 304 0 "https://miaou.dystroy.org/1556" "Mozilla/5.0 (Windows NT 6.1; rv:84.0) Gecko/20100101 Firefox/84.0"
247.58.227.121 - - [22/Jan/2021:07:07:05 +0000] "GET /socket.io/?EIO=y&transport=xkmoyoi&t=2ekoq9s&sid=jv8rj5ef1yailjgrlwke HTTP/1.1" 200 24 "https://miaou.dystroy.org/1616" "Mozilla/5.0 (Linux; Android 10; Redmi Note 9 Pro) AppleWebKit/537.36 (KHTML, like Gecko) Chrome/87.0.4280.141 Mobile Safari/537.36"
247.58.227.121 - - [22/Jan/2021:07:07:05 +0000] "POST /socket.io/?EIO=y&transport=xkmoyoi&t=nn8noe2&sid=jv8rj5ef1yailjgrlwke HTTP/1.1" 200 2 "https://miaou.dystroy.org/1616" "Mozilla/5.0 (Linux; Android 10; Redmi Note 9 Pro) AppleWebKit/537.36 (KHTML, like Gecko) Chrome/87.0.4280.141 Mobile Safari/537.36"
247.58.227.121 - - [22/Jan/2021:07:07:09 +0000] "GET /1616 HTTP/1.1" 302 126 "https://miaou.dystroy.org/4017" "Mozilla/5.0 (Linux; Android 10; Redmi Note 9 Pro) AppleWebKit/537.36 (KHTML, like Gecko) Chrome/87.0.4280.141 Mobile Safari/537.36"
247.58.227.121 - - [22/Jan/2021:07:07:09 +0000] "GET /login?room=2rf1 HTTP/1.1" 304 0 "https://miaou.dystroy.org/4017" "Mozilla/5.0 (Linux; Android 10; Redmi Note 9 Pro) AppleWebKit/537.36 (KHTML, like Gecko) Chrome/87.0.4280.141 Mobile Safari/537.36"
247.58.227.121 - - [22/Jan/2021:07:07:10 +0000] "GET /auth/google HTTP/1.1" 302 0 "https://miaou.dystroy.org/login?room=1616" "Mozilla/5.0 (Linux; Android 10; Redmi Note 9 Pro) AppleWebKit/537.36 (KHTML, like Gecko) Chrome/87.0.4280.141 Mobile Safari/537.36"
247.58.227.121 - - [22/Jan/2021:07:07:10 +0000] "GET /auth/google/callback?state=li1e&code=t3r2mck69o7rnrdtfifm0wgpcphyixj4sj6hp7h9ns3gv798ttq6qdabjgmsmprqd8uyqbkoe3u&scope=gyotjvtjxxxdrusfcc9l12tzbypfle4jgq62h94bvs91e6iat3q6cahd4kjexbahihbneh2vezrd91d6x3mn55vedhyw2s92whzyqk6fvp37bsrh54rr3r7i3gtxfle2szvaklg1&authuser=3&prompt=npme HTTP/1.1" 302 96 "https://miaou.dystroy.org/login?room=1616" "Mozilla/5.0 (Linux; Android 10; Redmi Note 9 Pro) AppleWebKit/537.36 (KHTML, like Gecko) Chrome/87.0.4280.141 Mobile Safari/537.36"
247.58.227.121 - - [22/Jan/2021:07:07:10 +0000] "GET / HTTP/1.1" 302 106 "https://miaou.dystroy.org/login?room=1616" "Mozilla/5.0 (Linux; Android 10; Redmi Note 9 Pro) AppleWebKit/537.36 (KHTML, like Gecko) Chrome/87.0.4280.141 Mobile Safari/537.36"
247.58.227.121 - - [22/Jan/2021:07:07:10 +0000] "GET /rooms HTTP/1.1" 200 2971 "https://miaou.dystroy.org/login?room=1616" "Mozilla/5.0 (Linux; Android 10; Redmi Note 9 Pro) AppleWebKit/537.36 (KHTML, like Gecko) Chrome/87.0.4280.141 Mobile Safari/537.36"
247.58.227.121 - - [22/Jan/2021:07:07:11 +0000] "GET /1616 HTTP/1.1" 200 4914 "https://miaou.dystroy.org/rooms" "Mozilla/5.0 (Linux; Android 10; Redmi Note 9 Pro) AppleWebKit/537.36 (KHTML, like Gecko) Chrome/87.0.4280.141 Mobile Safari/537.36"
247.58.227.121 - - [22/Jan/2021:07:07:11 +0000] "GET /json/rooms?pattern= HTTP/1.1" 200 8242 "https://miaou.dystroy.org/rooms" "Mozilla/5.0 (Linux; Android 10; Redmi Note 9 Pro) AppleWebKit/537.36 (KHTML, like Gecko) Chrome/87.0.4280.141 Mobile Safari/537.36"
247.58.227.121 - - [22/Jan/2021:07:07:11 +0000] "GET /socket.io/socket.io.js HTTP/1.1" 304 0 "https://miaou.dystroy.org/1616" "Mozilla/5.0 (Linux; Android 10; Redmi Note 9 Pro) AppleWebKit/537.36 (KHTML, like Gecko) Chrome/87.0.4280.141 Mobile Safari/537.36"
247.58.227.121 - - [22/Jan/2021:07:07:11 +0000] "GET /socket.io/?EIO=y&transport=xkmoyoi&t=crw88xf HTTP/1.1" 200 99 "https://miaou.dystroy.org/1616" "Mozilla/5.0 (Linux; Android 10; Redmi Note 9 Pro) AppleWebKit/537.36 (KHTML, like Gecko) Chrome/87.0.4280.141 Mobile Safari/537.36"
247.58.227.121 - - [22/Jan/2021:07:07:11 +0000] "GET /socket.io/?EIO=y&transport=xkmoyoi&t=giys5jz&sid=nl6n42p5nuo6gl92unmx HTTP/1.1" 200 18 "https://miaou.dystroy.org/1616" "Mozilla/5.0 (Linux; Android 10; Redmi Note 9 Pro) AppleWebKit/537.36 (KHTML, like Gecko) Chrome/87.0.4280.141 Mobile Safari/537.36"
247.58.227.121 - - [22/Jan/2021:07:07:11 +0000] "POST /socket.io/?EIO=y&transport=xkmoyoi&t=04576cq&sid=nl6n42p5nuo6gl92unmx HTTP/1.1" 200 2 "https://miaou.dystroy.org/1616" "Mozilla/5.0 (Linux; Android 10; Redmi Note 9 Pro) AppleWebKit/537.36 (KHTML, like Gecko) Chrome/87.0.4280.141 Mobile Safari/537.36"
247.58.227.121 - - [22/Jan/2021:07:07:11 +0000] "GET /socket.io/?EIO=y&transport=xkmoyoi&t=uzlv03n&sid=nl6n42p5nuo6gl92unmx HTTP/1.1" 200 34 "https://miaou.dystroy.org/1616" "Mozilla/5.0 (Linux; Android 10; Redmi Note 9 Pro) AppleWebKit/537.36 (KHTML, like Gecko) Chrome/87.0.4280.141 Mobile Safari/537.36"
65.213.137.36 - - [22/Jan/2021:07:07:22 +0000] "GET /socket.io/?EIO=y&transport=c0qucvma5&sid=277dwr1ystk32f9t6x0q HTTP/1.1" 101 199 "-" "Mozilla/5.0 (Linux; Android 8.1.0; Moto G (5)) AppleWebKit/537.36 (KHTML, like Gecko) Chrome/87.0.4280.101 Mobile Safari/537.36"
65.213.137.36 - - [22/Jan/2021:07:07:23 +0000] "GET /socket.io/?EIO=y&transport=xkmoyoi&t=dy82919 HTTP/1.1" 200 99 "https://miaou.dystroy.org/2444" "Mozilla/5.0 (Linux; Android 8.1.0; Moto G (5)) AppleWebKit/537.36 (KHTML, like Gecko) Chrome/87.0.4280.101 Mobile Safari/537.36"
65.213.137.36 - - [22/Jan/2021:07:07:23 +0000] "GET /socket.io/?EIO=y&transport=xkmoyoi&t=mscp3eo&sid=x8o96cq3e5mndmi5u7hc HTTP/1.1" 200 18 "https://miaou.dystroy.org/2444" "Mozilla/5.0 (Linux; Android 8.1.0; Moto G (5)) AppleWebKit/537.36 (KHTML, like Gecko) Chrome/87.0.4280.101 Mobile Safari/537.36"
65.213.137.36 - - [22/Jan/2021:07:07:24 +0000] "POST /socket.io/?EIO=y&transport=xkmoyoi&t=xe08rcs&sid=x8o96cq3e5mndmi5u7hc HTTP/1.1" 200 2 "https://miaou.dystroy.org/2444" "Mozilla/5.0 (Linux; Android 8.1.0; Moto G (5)) AppleWebKit/537.36 (KHTML, like Gecko) Chrome/87.0.4280.101 Mobile Safari/537.36"
65.213.137.36 - - [22/Jan/2021:07:07:24 +0000] "GET /socket.io/?EIO=y&transport=xkmoyoi&t=8h0dzml&sid=x8o96cq3e5mndmi5u7hc HTTP/1.1" 200 7969 "https://miaou.dystroy.org/2444" "Mozilla/5.0 (Linux; Android 8.1.0; Moto G (5)) AppleWebKit/537.36 (KHTML, like Gecko) Chrome/87.0.4280.101 Mobile Safari/537.36"
21.1.84.212 - - [22/Jan/2021:07:07:26 +0000] "GET /socket.io/socket.io.js HTTP/1.1" 304 0 "https://miaou.dystroy.org/1616" "Mozilla/5.0 (Windows NT 10.0; Win64; x64) AppleWebKit/537.36 (KHTML, like Gecko) Chrome/87.0.4280.141 Safari/537.36"
718a:47b:fb6:384a:cdc3:abef:afd9:5d62 - - [22/Jan/2021:07:07:27 +0000] "GET /json/messages/last?n=a&room=skbd HTTP/1.1" 200 1379 "https://miaou.dystroy.org/2603" "Mozilla/5.0 (Windows NT 10.0; Win64; x64; rv:84.0) Gecko/20100101 Firefox/84.0"
21.1.84.212 - - [22/Jan/2021:07:07:27 +0000] "GET /socket.io/?EIO=y&transport=xkmoyoi&t=5fynqfh HTTP/1.1" 200 99 "https://miaou.dystroy.org/1616" "Mozilla/5.0 (Windows NT 10.0; Win64; x64) AppleWebKit/537.36 (KHTML, like Gecko) Chrome/87.0.4280.141 Safari/537.36"
21.1.84.212 - - [22/Jan/2021:07:07:27 +0000] "GET /socket.io/?EIO=y&transport=xkmoyoi&t=rwg70f0&sid=4p08pc1ymz9didl4zulw HTTP/1.1" 200 18 "https://miaou.dystroy.org/1616" "Mozilla/5.0 (Windows NT 10.0; Win64; x64) AppleWebKit/537.36 (KHTML, like Gecko) Chrome/87.0.4280.141 Safari/537.36"
718a:47b:fb6:384a:cdc3:abef:afd9:5d62 - - [22/Jan/2021:07:07:28 +0000] "GET /socket.io/?EIO=y&transport=c0qucvma5&sid=dzugzmn8wz20awtcjcyh HTTP/1.1" 101 9355 "-" "Mozilla/5.0 (Windows NT 10.0; Win64; x64; rv:84.0) Gecko/20100101 Firefox/84.0"
718a:47b:fb6:384a:cdc3:abef:afd9:5d62 - - [22/Jan/2021:07:07:28 +0000] "GET /3728 HTTP/1.1" 200 5811 "https://miaou.dystroy.org/2603" "Mozilla/5.0 (Windows NT 10.0; Win64; x64; rv:84.0) Gecko/20100101 Firefox/84.0"
718a:47b:fb6:384a:cdc3:abef:afd9:5d62 - - [22/Jan/2021:07:07:28 +0000] "GET /socket.io/socket.io.js HTTP/1.1" 304 0 "https://miaou.dystroy.org/3728" "Mozilla/5.0 (Windows NT 10.0; Win64; x64; rv:84.0) Gecko/20100101 Firefox/84.0"
21.1.84.212 - - [22/Jan/2021:07:07:28 +0000] "GET /socket.io/?EIO=y&transport=xkmoyoi&t=oexgsov&sid=4p08pc1ymz9didl4zulw HTTP/1.1" 200 3 "https://miaou.dystroy.org/1616" "Mozilla/5.0 (Windows NT 10.0; Win64; x64) AppleWebKit/537.36 (KHTML, like Gecko) Chrome/87.0.4280.141 Safari/537.36"
37.157.146.161 - - [22/Jan/2021:07:07:28 +0000] "GET /gogo/json?action=7c1uz2f9flrxff&TrollId=iuye9&ChrallVersion=9tku HTTP/1.1" 200 65 "https://games.mountyhall.com/" "Mozilla/5.0 (Windows NT 6.1; Win64; x64) AppleWebKit/537.36 (KHTML, like Gecko) Chrome/87.0.4280.141 Safari/537.36"
718a:47b:fb6:384a:cdc3:abef:afd9:5d62 - - [22/Jan/2021:07:07:28 +0000] "GET /socket.io/?EIO=y&transport=xkmoyoi&t=6u2mnxe HTTP/1.1" 200 99 "https://miaou.dystroy.org/3728" "Mozilla/5.0 (Windows NT 10.0; Win64; x64; rv:84.0) Gecko/20100101 Firefox/84.0"
718a:47b:fb6:384a:cdc3:abef:afd9:5d62 - - [22/Jan/2021:07:07:28 +0000] "GET /socket.io/?EIO=y&transport=xkmoyoi&t=j2kjgdb&sid=nib1m5yqarls7fvlx056 HTTP/1.1" 200 18 "https://miaou.dystroy.org/3728" "Mozilla/5.0 (Windows NT 10.0; Win64; x64; rv:84.0) Gecko/20100101 Firefox/84.0"
718a:47b:fb6:384a:cdc3:abef:afd9:5d62 - - [22/Jan/2021:07:07:28 +0000] "POST /socket.io/?EIO=y&transport=xkmoyoi&t=djwx4blz0&sid=nib1m5yqarls7fvlx056 HTTP/1.1" 200 2 "https://miaou.dystroy.org/3728" "Mozilla/5.0 (Windows NT 10.0; Win64; x64; rv:84.0) Gecko/20100101 Firefox/84.0"
718a:47b:fb6:384a:cdc3:abef:afd9:5d62 - - [22/Jan/2021:07:07:28 +0000] "GET /socket.io/?EIO=y&transport=xkmoyoi&t=cf2guqd&sid=nib1m5yqarls7fvlx056 HTTP/1.1" 200 34 "https://miaou.dystroy.org/3728" "Mozilla/5.0 (Windows NT 10.0; Win64; x64; rv:84.0) Gecko/20100101 Firefox/84.0"
37.157.146.161 - - [22/Jan/2021:07:07:32 +0000] "GET /gogo/json?action=7c1uz2f9flrxff&TrollId=iuye9&ChrallVersion=9tku HTTP/1.1" 200 65 "https://games.mountyhall.com/" "Mozilla/5.0 (Windows NT 6.1; Win64; x64) AppleWebKit/537.36 (KHTML, like Gecko) Chrome/87.0.4280.141 Safari/537.36"
40.205.208.119 - - [22/Jan/2021:07:07:35 +0000] "POST /sciz-webhook HTTP/1.1" 200 0 "-" "python-requests/2.21.0"
199.50.142.208 - - [22/Jan/2021:07:07:35 +0000] "GET /gogo/json?action=7c1uz2f9flrxff&TrollId=62h96&ChrallVersion=9tku HTTP/1.1" 200 65 "https://games.mountyhall.com/" "Mozilla/5.0 (Windows NT 10.0; Win64; x64) AppleWebKit/537.36 (KHTML, like Gecko) Chrome/87.0.4280.66 Safari/537.36"
65.213.137.36 - - [22/Jan/2021:07:07:35 +0000] "GET /socket.io/?EIO=y&transport=c0qucvma5&sid=x8o96cq3e5mndmi5u7hc HTTP/1.1" 101 2 "-" "Mozilla/5.0 (Linux; Android 8.1.0; Moto G (5)) AppleWebKit/537.36 (KHTML, like Gecko) Chrome/87.0.4280.101 Mobile Safari/537.36"
65.213.137.36 - - [22/Jan/2021:07:07:36 +0000] "POST /socket.io/?EIO=y&transport=xkmoyoi&t=zjae3jw&sid=x8o96cq3e5mndmi5u7hc HTTP/1.1" 200 2 "https://miaou.dystroy.org/2444" "Mozilla/5.0 (Linux; Android 8.1.0; Moto G (5)) AppleWebKit/537.36 (KHTML, like Gecko) Chrome/87.0.4280.101 Mobile Safari/537.36"
65.213.137.36 - - [22/Jan/2021:07:07:36 +0000] "GET /socket.io/?EIO=y&transport=xkmoyoi&t=8y0wo0r&sid=x8o96cq3e5mndmi5u7hc HTTP/1.1" 200 622 "https://miaou.dystroy.org/2444" "Mozilla/5.0 (Linux; Android 8.1.0; Moto G (5)) AppleWebKit/537.36 (KHTML, like Gecko) Chrome/87.0.4280.101 Mobile Safari/537.36"
65.213.137.36 - - [22/Jan/2021:07:07:36 +0000] "POST /socket.io/?EIO=y&transport=xkmoyoi&t=dsk565u&sid=x8o96cq3e5mndmi5u7hc HTTP/1.1" 200 2 "https://miaou.dystroy.org/2444" "Mozilla/5.0 (Linux; Android 8.1.0; Moto G (5)) AppleWebKit/537.36 (KHTML, like Gecko) Chrome/87.0.4280.101 Mobile Safari/537.36"
65.213.137.36 - - [22/Jan/2021:07:07:36 +0000] "GET /socket.io/?EIO=y&transport=xkmoyoi&t=waeixvd&sid=x8o96cq3e5mndmi5u7hc HTTP/1.1" 200 83 "https://miaou.dystroy.org/2444" "Mozilla/5.0 (Linux; Android 8.1.0; Moto G (5)) AppleWebKit/537.36 (KHTML, like Gecko) Chrome/87.0.4280.101 Mobile Safari/537.36"
65.213.137.36 - - [22/Jan/2021:07:07:40 +0000] "POST /socket.io/?EIO=y&transport=xkmoyoi&t=6s6bais&sid=x8o96cq3e5mndmi5u7hc HTTP/1.1" 200 2 "https://miaou.dystroy.org/2444" "Mozilla/5.0 (Linux; Android 8.1.0; Moto G (5)) AppleWebKit/537.36 (KHTML, like Gecko) Chrome/87.0.4280.101 Mobile Safari/537.36"
28.46.53.144 - - [22/Jan/2021:07:07:40 +0000] "GET /json/messages/last?n=a&room=y HTTP/1.1" 200 1036 "https://miaou.dystroy.org/1556" "Mozilla/5.0 (Windows NT 6.1; rv:84.0) Gecko/20100101 Firefox/84.0"
28.46.53.144 - - [22/Jan/2021:07:07:40 +0000] "GET /json/messages/last?n=a&room=2cmu HTTP/1.1" 200 1169 "https://miaou.dystroy.org/1556" "Mozilla/5.0 (Windows NT 6.1; rv:84.0) Gecko/20100101 Firefox/84.0"
65.213.137.36 - - [22/Jan/2021:07:07:40 +0000] "POST /socket.io/?EIO=y&transport=xkmoyoi&t=ikr0wkg&sid=x8o96cq3e5mndmi5u7hc HTTP/1.1" 200 2 "https://miaou.dystroy.org/2444" "Mozilla/5.0 (Linux; Android 8.1.0; Moto G (5)) AppleWebKit/537.36 (KHTML, like Gecko) Chrome/87.0.4280.101 Mobile Safari/537.36"
65.213.137.36 - - [22/Jan/2021:07:07:40 +0000] "POST /socket.io/?EIO=y&transport=xkmoyoi&t=q1l7r3g&sid=x8o96cq3e5mndmi5u7hc HTTP/1.1" 200 2 "https://miaou.dystroy.org/2444" "Mozilla/5.0 (Linux; Android 8.1.0; Moto G (5)) AppleWebKit/537.36 (KHTML, like Gecko) Chrome/87.0.4280.101 Mobile Safari/537.36"
65.213.137.36 - - [22/Jan/2021:07:07:40 +0000] "POST /socket.io/?EIO=y&transport=xkmoyoi&t=1m6126u&sid=x8o96cq3e5mndmi5u7hc HTTP/1.1" 200 2 "https://miaou.dystroy.org/2444" "Mozilla/5.0 (Linux; Android 8.1.0; Moto G (5)) AppleWebKit/537.36 (KHTML, like Gecko) Chrome/87.0.4280.101 Mobile Safari/537.36"
17.122.58.112 - - [22/Jan/2021:07:07:54 +0000] "GET /gogo/json?action=mf331j19fcfriv57h&name=fk0lehp5h7m8ncblf9vop233ejwbuh&monsterId=fvro37d HTTP/1.1" 200 2751 "https://games.mountyhall.com/" "Mozilla/5.0 (Windows NT 10.0; Win64; x64) AppleWebKit/537.36 (KHTML, like Gecko) Chrome/87.0.4280.141 Safari/537.36"
17.122.58.112 - - [22/Jan/2021:07:07:55 +0000] "GET /gogo/json?action=mf331j19fcfriv57h&name=x4qjymt53ox0hii3776wew07smb2disp5d2c9m7rke&monsterId=0ttt53zmf HTTP/1.1" 200 2771 "https://games.mountyhall.com/" "Mozilla/5.0 (Windows NT 10.0; Win64; x64) AppleWebKit/537.36 (KHTML, like Gecko) Chrome/87.0.4280.141 Safari/537.36"
17.122.58.112 - - [22/Jan/2021:07:07:55 +0000] "GET /gogo/json?action=mf331j19fcfriv57h&name=x4qjymt53ox0hii3776wew07smb2disp5d2c9m7rke&monsterId=0ttt53zmf HTTP/1.1" 200 2771 "https://games.mountyhall.com/" "Mozilla/5.0 (Windows NT 10.0; Win64; x64) AppleWebKit/537.36 (KHTML, like Gecko) Chrome/87.0.4280.141 Safari/537.36"
17.122.58.112 - - [22/Jan/2021:07:07:55 +0000] "GET /gogo/json?action=mf331j19fcfriv57h&name=x4qjymt53ox0hii3776wew07smb2disp5d2c9m7rke&monsterId=0ttt53zmf HTTP/1.1" 200 2771 "https://games.mountyhall.com/" "Mozilla/5.0 (Windows NT 10.0; Win64; x64) AppleWebKit/537.36 (KHTML, like Gecko) Chrome/87.0.4280.141 Safari/537.36"
17.122.58.112 - - [22/Jan/2021:07:07:55 +0000] "GET /gogo/json?action=mf331j19fcfriv57h&name=x4qjymt53ox0hii3776wew07smb2disp5d2c9m7rke&monsterId=0ttt53zmf HTTP/1.1" 200 2771 "https://games.mountyhall.com/" "Mozilla/5.0 (Windows NT 10.0; Win64; x64) AppleWebKit/537.36 (KHTML, like Gecko) Chrome/87.0.4280.141 Safari/537.36"
17.122.58.112 - - [22/Jan/2021:07:07:55 +0000] "GET /gogo/json?action=mf331j19fcfriv57h&name=x4qjymt53ox0hii3776wew07smb2disp5d2c9m7rke&monsterId=0ttt53zmf HTTP/1.1" 200 2771 "https://games.mountyhall.com/" "Mozilla/5.0 (Windows NT 10.0; Win64; x64) AppleWebKit/537.36 (KHTML, like Gecko) Chrome/87.0.4280.141 Safari/537.36"
40.205.208.119 - - [22/Jan/2021:07:08:09 +0000] "POST /sciz-webhook HTTP/1.1" 200 0 "-" "python-requests/2.21.0"
40.205.208.119 - - [22/Jan/2021:07:08:09 +0000] "POST /sciz-webhook HTTP/1.1" 200 0 "-" "python-requests/2.21.0"
65.213.137.36 - - [22/Jan/2021:07:08:10 +0000] "GET /socket.io/?EIO=y&transport=xkmoyoi&t=z9ivosl&sid=x8o96cq3e5mndmi5u7hc HTTP/1.1" 200 3 "https://miaou.dystroy.org/2444" "Mozilla/5.0 (Linux; Android 8.1.0; Moto G (5)) AppleWebKit/537.36 (KHTML, like Gecko) Chrome/87.0.4280.101 Mobile Safari/537.36"
60.213.91.4 - - [22/Jan/2021:07:08:13 +0000] "GET /blog/atom.xml HTTP/1.1" 304 0 "-" "Feedbin feed-id:1894033 - 1 subscribers"
65.213.137.36 - - [22/Jan/2021:07:08:21 +0000] "GET /socket.io/?EIO=y&transport=xkmoyoi&t=y0xuztg HTTP/1.1" 200 99 "https://miaou.dystroy.org/2444" "Mozilla/5.0 (Linux; Android 8.1.0; Moto G (5)) AppleWebKit/537.36 (KHTML, like Gecko) Chrome/87.0.4280.101 Mobile Safari/537.36"
65.213.137.36 - - [22/Jan/2021:07:08:21 +0000] "GET /socket.io/?EIO=y&transport=xkmoyoi&t=vo27x7c&sid=j4eq6x5zlis301v57q62 HTTP/1.1" 200 18 "https://miaou.dystroy.org/2444" "Mozilla/5.0 (Linux; Android 8.1.0; Moto G (5)) AppleWebKit/537.36 (KHTML, like Gecko) Chrome/87.0.4280.101 Mobile Safari/537.36"
65.213.137.36 - - [22/Jan/2021:07:08:21 +0000] "POST /socket.io/?EIO=y&transport=xkmoyoi&t=9hvwk71&sid=j4eq6x5zlis301v57q62 HTTP/1.1" 200 2 "https://miaou.dystroy.org/2444" "Mozilla/5.0 (Linux; Android 8.1.0; Moto G (5)) AppleWebKit/537.36 (KHTML, like Gecko) Chrome/87.0.4280.101 Mobile Safari/537.36"
65.213.137.36 - - [22/Jan/2021:07:08:21 +0000] "GET /socket.io/?EIO=y&transport=xkmoyoi&t=106rtk7&sid=j4eq6x5zlis301v57q62 HTTP/1.1" 200 57 "https://miaou.dystroy.org/2444" "Mozilla/5.0 (Linux; Android 8.1.0; Moto G (5)) AppleWebKit/537.36 (KHTML, like Gecko) Chrome/87.0.4280.101 Mobile Safari/537.36"
65.213.137.36 - - [22/Jan/2021:07:08:21 +0000] "GET /socket.io/?EIO=y&transport=xkmoyoi&t=rfj9qez&sid=j4eq6x5zlis301v57q62 HTTP/1.1" 200 7934 "https://miaou.dystroy.org/2444" "Mozilla/5.0 (Linux; Android 8.1.0; Moto G (5)) AppleWebKit/537.36 (KHTML, like Gecko) Chrome/87.0.4280.101 Mobile Safari/537.36"
d696:f15:5b5:c46f:5422:b2ea:9ec:23c - - [22/Jan/2021:07:08:28 +0000] "GET /socket.io/?EIO=y&transport=c0qucvma5&sid=9pcpf9tiz2nzxoohx5lb HTTP/1.1" 101 3023 "-" "Mozilla/5.0 (iPhone; CPU iPhone OS 14_3 like Mac OS X) AppleWebKit/605.1.15 (KHTML, like Gecko) CriOS/87.0.4280.77 Mobile/15E148 Safari/604.1"
718a:47b:fb6:384a:cdc3:abef:afd9:5d62 - - [22/Jan/2021:07:08:34 +0000] "GET /json/messages/last?n=a&room=4dku HTTP/1.1" 304 0 "https://miaou.dystroy.org/3728" "Mozilla/5.0 (Windows NT 10.0; Win64; x64; rv:84.0) Gecko/20100101 Firefox/84.0"
718a:47b:fb6:384a:cdc3:abef:afd9:5d62 - - [22/Jan/2021:07:08:34 +0000] "GET /json/tag?name=ej17xaatsi HTTP/1.1" 304 0 "https://miaou.dystroy.org/3728" "Mozilla/5.0 (Windows NT 10.0; Win64; x64; rv:84.0) Gecko/20100101 Firefox/84.0"
247.58.227.121 - - [22/Jan/2021:07:08:35 +0000] "GET /socket.io/?EIO=y&transport=c0qucvma5&sid=nl6n42p5nuo6gl92unmx HTTP/1.1" 101 11111 "-" "Mozilla/5.0 (Linux; Android 10; Redmi Note 9 Pro) AppleWebKit/537.36 (KHTML, like Gecko) Chrome/87.0.4280.141 Mobile Safari/537.36"
718a:47b:fb6:384a:cdc3:abef:afd9:5d62 - - [22/Jan/2021:07:08:35 +0000] "GET /json/messages/last?n=a&room=70ka HTTP/1.1" 304 0 "https://miaou.dystroy.org/3728" "Mozilla/5.0 (Windows NT 10.0; Win64; x64; rv:84.0) Gecko/20100101 Firefox/84.0"
718a:47b:fb6:384a:cdc3:abef:afd9:5d62 - - [22/Jan/2021:07:08:36 +0000] "GET /json/messages/last?n=a&room=n6yp HTTP/1.1" 304 0 "https://miaou.dystroy.org/3728" "Mozilla/5.0 (Windows NT 10.0; Win64; x64; rv:84.0) Gecko/20100101 Firefox/84.0"
718a:47b:fb6:384a:cdc3:abef:afd9:5d62 - - [22/Jan/2021:07:08:36 +0000] "GET /json/messages/last?n=a&room=03ee HTTP/1.1" 304 0 "https://miaou.dystroy.org/3728" "Mozilla/5.0 (Windows NT 10.0; Win64; x64; rv:84.0) Gecko/20100101 Firefox/84.0"
718a:47b:fb6:384a:cdc3:abef:afd9:5d62 - - [22/Jan/2021:07:08:36 +0000] "GET /json/messages/last?n=a&room=bvp8 HTTP/1.1" 304 0 "https://miaou.dystroy.org/3728" "Mozilla/5.0 (Windows NT 10.0; Win64; x64; rv:84.0) Gecko/20100101 Firefox/84.0"
718a:47b:fb6:384a:cdc3:abef:afd9:5d62 - - [22/Jan/2021:07:08:36 +0000] "GET /json/messages/last?n=a&room=il48 HTTP/1.1" 304 0 "https://miaou.dystroy.org/3728" "Mozilla/5.0 (Windows NT 10.0; Win64; x64; rv:84.0) Gecko/20100101 Firefox/84.0"
718a:47b:fb6:384a:cdc3:abef:afd9:5d62 - - [22/Jan/2021:07:08:38 +0000] "GET /json/messages/last?n=a&room=xuz8 HTTP/1.1" 304 0 "https://miaou.dystroy.org/3728" "Mozilla/5.0 (Windows NT 10.0; Win64; x64; rv:84.0) Gecko/20100101 Firefox/84.0"
247.58.227.121 - - [22/Jan/2021:07:08:39 +0000] "GET /socket.io/?EIO=y&transport=xkmoyoi&t=ugunv6y HTTP/1.1" 200 99 "https://miaou.dystroy.org/1616" "Mozilla/5.0 (Linux; Android 10; Redmi Note 9 Pro) AppleWebKit/537.36 (KHTML, like Gecko) Chrome/87.0.4280.141 Mobile Safari/537.36"
247.58.227.121 - - [22/Jan/2021:07:08:39 +0000] "GET /socket.io/?EIO=y&transport=xkmoyoi&t=pzstvod&sid=jkrzettkeemrlrsooi42 HTTP/1.1" 200 18 "https://miaou.dystroy.org/1616" "Mozilla/5.0 (Linux; Android 10; Redmi Note 9 Pro) AppleWebKit/537.36 (KHTML, like Gecko) Chrome/87.0.4280.141 Mobile Safari/537.36"
247.58.227.121 - - [22/Jan/2021:07:08:39 +0000] "POST /socket.io/?EIO=y&transport=xkmoyoi&t=1ifoyft&sid=jkrzettkeemrlrsooi42 HTTP/1.1" 200 2 "https://miaou.dystroy.org/1616" "Mozilla/5.0 (Linux; Android 10; Redmi Note 9 Pro) AppleWebKit/537.36 (KHTML, like Gecko) Chrome/87.0.4280.141 Mobile Safari/537.36"
247.58.227.121 - - [22/Jan/2021:07:08:39 +0000] "GET /socket.io/?EIO=y&transport=xkmoyoi&t=8xe4vlj&sid=jkrzettkeemrlrsooi42 HTTP/1.1" 200 207 "https://miaou.dystroy.org/1616" "Mozilla/5.0 (Linux; Android 10; Redmi Note 9 Pro) AppleWebKit/537.36 (KHTML, like Gecko) Chrome/87.0.4280.141 Mobile Safari/537.36"
247.58.227.121 - - [22/Jan/2021:07:08:39 +0000] "GET /socket.io/?EIO=y&transport=xkmoyoi&t=tre5mwm&sid=jkrzettkeemrlrsooi42 HTTP/1.1" 200 6290 "https://miaou.dystroy.org/1616" "Mozilla/5.0 (Linux; Android 10; Redmi Note 9 Pro) AppleWebKit/537.36 (KHTML, like Gecko) Chrome/87.0.4280.141 Mobile Safari/537.36"
718a:47b:fb6:384a:cdc3:abef:afd9:5d62 - - [22/Jan/2021:07:08:41 +0000] "GET /json/messages/last?n=a&room=il48 HTTP/1.1" 304 0 "https://miaou.dystroy.org/3728" "Mozilla/5.0 (Windows NT 10.0; Win64; x64; rv:84.0) Gecko/20100101 Firefox/84.0"
718a:47b:fb6:384a:cdc3:abef:afd9:5d62 - - [22/Jan/2021:07:08:41 +0000] "GET /json/messages/last?n=a&room=bvp8 HTTP/1.1" 304 0 "https://miaou.dystroy.org/3728" "Mozilla/5.0 (Windows NT 10.0; Win64; x64; rv:84.0) Gecko/20100101 Firefox/84.0"
718a:47b:fb6:384a:cdc3:abef:afd9:5d62 - - [22/Jan/2021:07:08:41 +0000] "GET /json/messages/last?n=a&room=cngp HTTP/1.1" 304 0 "https://miaou.dystroy.org/3728" "Mozilla/5.0 (Windows NT 10.0; Win64; x64; rv:84.0) Gecko/20100101 Firefox/84.0"
40.205.208.119 - - [22/Jan/2021:07:08:41 +0000] "POST /sciz-webhook HTTP/1.1" 200 0 "-" "python-requests/2.21.0"
40.205.208.119 - - [22/Jan/2021:07:08:42 +0000] "POST /sciz-webhook HTTP/1.1" 200 0 "-" "python-requests/2.21.0"
718a:47b:fb6:384a:cdc3:abef:afd9:5d62 - - [22/Jan/2021:07:08:42 +0000] "GET /socket.io/?EIO=y&transport=c0qucvma5&sid=nib1m5yqarls7fvlx056 HTTP/1.1" 101 9626 "-" "Mozilla/5.0 (Windows NT 10.0; Win64; x64; rv:84.0) Gecko/20100101 Firefox/84.0"
718a:47b:fb6:384a:cdc3:abef:afd9:5d62 - - [22/Jan/2021:07:08:42 +0000] "GET /3913 HTTP/1.1" 200 5813 "https://miaou.dystroy.org/3728" "Mozilla/5.0 (Windows NT 10.0; Win64; x64; rv:84.0) Gecko/20100101 Firefox/84.0"
718a:47b:fb6:384a:cdc3:abef:afd9:5d62 - - [22/Jan/2021:07:08:42 +0000] "GET /socket.io/socket.io.js HTTP/1.1" 304 0 "https://miaou.dystroy.org/3913" "Mozilla/5.0 (Windows NT 10.0; Win64; x64; rv:84.0) Gecko/20100101 Firefox/84.0"
718a:47b:fb6:384a:cdc3:abef:afd9:5d62 - - [22/Jan/2021:07:08:42 +0000] "GET /socket.io/?EIO=y&transport=xkmoyoi&t=33jipu6 HTTP/1.1" 200 99 "https://miaou.dystroy.org/3913" "Mozilla/5.0 (Windows NT 10.0; Win64; x64; rv:84.0) Gecko/20100101 Firefox/84.0"
718a:47b:fb6:384a:cdc3:abef:afd9:5d62 - - [22/Jan/2021:07:08:42 +0000] "GET /file-host/9e862d1ba6e789dac1926a44.png HTTP/1.1" 304 0 "https://miaou.dystroy.org/3913" "Mozilla/5.0 (Windows NT 10.0; Win64; x64; rv:84.0) Gecko/20100101 Firefox/84.0"
718a:47b:fb6:384a:cdc3:abef:afd9:5d62 - - [22/Jan/2021:07:08:42 +0000] "GET /socket.io/?EIO=y&transport=xkmoyoi&t=w460m9f&sid=s07cn2oqn6449nss6b7t HTTP/1.1" 200 18 "https://miaou.dystroy.org/3913" "Mozilla/5.0 (Windows NT 10.0; Win64; x64; rv:84.0) Gecko/20100101 Firefox/84.0"
