26.173.33.140 - - [22/Jan/2021:06:24:22 +0000] "GET /broot/img/vache.svg HTTP/1.1" 200 9092 "https://dystroy.org/broot/" "Mozilla/5.0 (Windows NT 10.0; Win64; x64) AppleWebKit/537.36 (KHTML, like Gecko) Chrome/87.0.4280.141 Safari/537.36 Edg/87.0.664.75"
26.173.33.140 - - [22/Jan/2021:06:24:22 +0000] "GET /broot/img/20200629-overview.png HTTP/1.1" 200 45088 "https://dystroy.org/broot/" "Mozilla/5.0 (Windows NT 10.0; Win64; x64) AppleWebKit/537.36 (KHTML, like Gecko) Chrome/87.0.4280.141 Safari/537.36 Edg/87.0.664.75"
26.173.33.140 - - [22/Jan/2021:06:24:23 +0000] "GET /broot/img/20191112-cd.png HTTP/1.1" 200 33456 "https://dystroy.org/broot/" "Mozilla/5.0 (Windows NT 10.0; Win64; x64) AppleWebKit/537.36 (KHTML, like Gecko) Chrome/87.0.4280.141 Safari/537.36 Edg/87.0.664.75"
26.173.33.140 - - [22/Jan/2021:06:24:23 +0000] "GET /broot/js/jquery-1.10.2.min.js HTTP/1.1" 200 137549 "https://dystroy.org/broot/" "Mozilla/5.0 (Windows NT 10.0; Win64; x64) AppleWebKit/537.36 (KHTML, like Gecko) Chrome/87.0.4280.141 Safari/537.36 Edg/87.0.664.75"
26.173.33.140 - - [22/Jan/2021:06:24:23 +0000] "GET /broot/img/20191112-mycnf.png HTTP/1.1" 200 33101 "https://dystroy.org/broot/" "Mozilla/5.0 (Windows NT 10.0; Win64; x64) AppleWebKit/537.36 (KHTML, like Gecko) Chrome/87.0.4280.141 Safari/537.36 Edg/87.0.664.75"
26.173.33.140 - - [22/Jan/2021:06:24:23 +0000] "GET /broot/img/20200620-content-memm.png HTTP/1.1" 200 35627 "https://dystroy.org/broot/" "Mozilla/5.0 (Windows NT 10.0; Win64; x64) AppleWebKit/537.36 (KHTML, like Gecko) Chrome/87.0.4280.141 Safari/537.36 Edg/87.0.664.75"
26.173.33.140 - - [22/Jan/2021:06:24:23 +0000] "GET /broot/img/20191112-mv.png HTTP/1.1" 200 33828 "https://dystroy.org/broot/" "Mozilla/5.0 (Windows NT 10.0; Win64; x64) AppleWebKit/537.36 (KHTML, like Gecko) Chrome/87.0.4280.141 Safari/537.36 Edg/87.0.664.75"
26.173.33.140 - - [22/Jan/2021:06:24:23 +0000] "GET /broot/img/20201020-chmod.png HTTP/1.1" 200 55503 "https://dystroy.org/broot/" "Mozilla/5.0 (Windows NT 10.0; Win64; x64) AppleWebKit/537.36 (KHTML, like Gecko) Chrome/87.0.4280.141 Safari/537.36 Edg/87.0.664.75"
26.173.33.140 - - [22/Jan/2021:06:24:23 +0000] "GET /broot/img/20200525-cpp.png HTTP/1.1" 200 77825 "https://dystroy.org/broot/" "Mozilla/5.0 (Windows NT 10.0; Win64; x64) AppleWebKit/537.36 (KHTML, like Gecko) Chrome/87.0.4280.141 Safari/537.36 Edg/87.0.664.75"
26.173.33.140 - - [22/Jan/2021:06:24:23 +0000] "GET /broot/img/20200716-preview.png HTTP/1.1" 200 68456 "https://dystroy.org/broot/" "Mozilla/5.0 (Windows NT 10.0; Win64; x64) AppleWebKit/537.36 (KHTML, like Gecko) Chrome/87.0.4280.141 Safari/537.36 Edg/87.0.664.75"
26.173.33.140 - - [22/Jan/2021:06:24:23 +0000] "GET /broot/img/20200525-colored-panels.png HTTP/1.1" 200 96626 "https://dystroy.org/broot/" "Mozilla/5.0 (Windows NT 10.0; Win64; x64) AppleWebKit/537.36 (KHTML, like Gecko) Chrome/87.0.4280.141 Safari/537.36 Edg/87.0.664.75"
26.173.33.140 - - [22/Jan/2021:06:24:24 +0000] "GET /broot/img/20191112-edit.png HTTP/1.1" 200 34479 "https://dystroy.org/broot/" "Mozilla/5.0 (Windows NT 10.0; Win64; x64) AppleWebKit/537.36 (KHTML, like Gecko) Chrome/87.0.4280.141 Safari/537.36 Edg/87.0.664.75"
26.173.33.140 - - [22/Jan/2021:06:24:24 +0000] "GET /broot/img/2020081609-preview-image.png HTTP/1.1" 200 77114 "https://dystroy.org/broot/" "Mozilla/5.0 (Windows NT 10.0; Win64; x64) AppleWebKit/537.36 (KHTML, like Gecko) Chrome/87.0.4280.141 Safari/537.36 Edg/87.0.664.75"
26.173.33.140 - - [22/Jan/2021:06:24:24 +0000] "GET /broot/img/20201020-whale-spotting.png HTTP/1.1" 200 54819 "https://dystroy.org/broot/" "Mozilla/5.0 (Windows NT 10.0; Win64; x64) AppleWebKit/537.36 (KHTML, like Gecko) Chrome/87.0.4280.141 Safari/537.36 Edg/87.0.664.75"
26.173.33.140 - - [22/Jan/2021:06:24:25 +0000] "GET /broot/img/20201020-fs.png HTTP/1.1" 200 67108 "https://dystroy.org/broot/" "Mozilla/5.0 (Windows NT 10.0; Win64; x64) AppleWebKit/537.36 (KHTML, like Gecko) Chrome/87.0.4280.141 Safari/537.36 Edg/87.0.664.75"
26.173.33.140 - - [22/Jan/2021:06:24:25 +0000] "GET /broot/img/20201130-sdp.png HTTP/1.1" 200 151532 "https://dystroy.org/broot/" "Mozilla/5.0 (Windows NT 10.0; Win64; x64) AppleWebKit/537.36 (KHTML, like Gecko) Chrome/87.0.4280.141 Safari/537.36 Edg/87.0.664.75"
26.173.33.140 - - [22/Jan/2021:06:24:25 +0000] "GET /broot/img/20201127-kitty-preview.png HTTP/1.1" 200 374410 "https://dystroy.org/broot/" "Mozilla/5.0 (Windows NT 10.0; Win64; x64) AppleWebKit/537.36 (KHTML, like Gecko) Chrome/87.0.4280.141 Safari/537.36 Edg/87.0.664.75"
26.173.33.140 - - [22/Jan/2021:06:24:25 +0000] "GET /broot/img/20200203-git.png HTTP/1.1" 200 37222 "https://dystroy.org/broot/" "Mozilla/5.0 (Windows NT 10.0; Win64; x64) AppleWebKit/537.36 (KHTML, like Gecko) Chrome/87.0.4280.141 Safari/537.36 Edg/87.0.664.75"
26.173.33.140 - - [22/Jan/2021:06:24:25 +0000] "GET /broot/js/base.js HTTP/1.1" 200 5111 "https://dystroy.org/broot/" "Mozilla/5.0 (Windows NT 10.0; Win64; x64) AppleWebKit/537.36 (KHTML, like Gecko) Chrome/87.0.4280.141 Safari/537.36 Edg/87.0.664.75"
26.173.33.140 - - [22/Jan/2021:06:24:25 +0000] "GET /broot/search/main.js HTTP/1.1" 200 2766 "https://dystroy.org/broot/" "Mozilla/5.0 (Windows NT 10.0; Win64; x64) AppleWebKit/537.36 (KHTML, like Gecko) Chrome/87.0.4280.141 Safari/537.36 Edg/87.0.664.75"
26.173.33.140 - - [22/Jan/2021:06:24:26 +0000] "GET /broot/img/vache-blanche.svg HTTP/1.1" 200 6067 "https://dystroy.org/broot/css/extra.css" "Mozilla/5.0 (Windows NT 10.0; Win64; x64) AppleWebKit/537.36 (KHTML, like Gecko) Chrome/87.0.4280.141 Safari/537.36 Edg/87.0.664.75"
26.173.33.140 - - [22/Jan/2021:06:24:26 +0000] "GET /broot/search/worker.js HTTP/1.1" 200 3585 "https://dystroy.org/broot/" "Mozilla/5.0 (Windows NT 10.0; Win64; x64) AppleWebKit/537.36 (KHTML, like Gecko) Chrome/87.0.4280.141 Safari/537.36 Edg/87.0.664.75"
26.173.33.140 - - [22/Jan/2021:06:24:26 +0000] "GET /broot/fonts/fontawesome-webfont.woff2?v=j53ec HTTP/1.1" 200 77160 "https://dystroy.org/broot/css/font-awesome.min.css" "Mozilla/5.0 (Windows NT 10.0; Win64; x64) AppleWebKit/537.36 (KHTML, like Gecko) Chrome/87.0.4280.141 Safari/537.36 Edg/87.0.664.75"
40.205.208.119 - - [22/Jan/2021:06:24:26 +0000] "POST /sciz-webhook HTTP/1.1" 200 0 "-" "python-requests/2.21.0"
26.173.33.140 - - [22/Jan/2021:06:24:32 +0000] "GET /broot/search/search_index.json HTTP/1.1" 200 141229 "https://dystroy.org/broot/search/worker.js" "Mozilla/5.0 (Windows NT 10.0; Win64; x64) AppleWebKit/537.36 (KHTML, like Gecko) Chrome/87.0.4280.141 Safari/537.36 Edg/87.0.664.75"
110.98.50.150 - - [22/Jan/2021:06:24:32 +0000] "GET /gogo/json?action=mf331j19fcfriv57h&asker=n09742&name=8rn3z79s6zdpqykvz90hk28nwv33&monsterId=e1dhsjn HTTP/1.1" 200 2738 "https://games.mountyhall.com/" "Mozilla/5.0 (Windows NT 10.0; Win64; x64) AppleWebKit/537.36 (KHTML, like Gecko) Chrome/87.0.4280.141 Safari/537.36"
40.205.208.119 - - [22/Jan/2021:06:24:33 +0000] "POST /sciz-webhook HTTP/1.1" 200 0 "-" "python-requests/2.21.0"
28.46.53.144 - - [22/Jan/2021:06:24:46 +0000] "GET /json/messages/last?n=a&room=iayh HTTP/1.1" 200 1398 "https://miaou.dystroy.org/3836" "Mozilla/5.0 (Windows NT 6.1; rv:84.0) Gecko/20100101 Firefox/84.0"
28.46.53.144 - - [22/Jan/2021:06:24:46 +0000] "GET /json/messages/last?n=a&room=iayh HTTP/1.1" 304 0 "https://miaou.dystroy.org/3836" "Mozilla/5.0 (Windows NT 6.1; rv:84.0) Gecko/20100101 Firefox/84.0"
28.46.53.144 - - [22/Jan/2021:06:24:46 +0000] "GET /json/tag?name=8i8soszh HTTP/1.1" 304 0 "https://miaou.dystroy.org/3836" "Mozilla/5.0 (Windows NT 6.1; rv:84.0) Gecko/20100101 Firefox/84.0"
40.205.208.119 - - [22/Jan/2021:06:24:50 +0000] "POST /sciz-webhook HTTP/1.1" 200 0 "-" "python-requests/2.21.0"
26.173.33.140 - - [22/Jan/2021:06:24:54 +0000] "GET /broot/search/lunr.js HTTP/1.1" 200 100219 "https://dystroy.org/broot/search/worker.js" "Mozilla/5.0 (Windows NT 10.0; Win64; x64) AppleWebKit/537.36 (KHTML, like Gecko) Chrome/87.0.4280.141 Safari/537.36 Edg/87.0.664.75"
28.46.53.144 - - [22/Jan/2021:06:24:58 +0000] "GET /json/messages/last?n=a&room=iayh HTTP/1.1" 200 1283 "https://miaou.dystroy.org/3836" "Mozilla/5.0 (Windows NT 6.1; rv:84.0) Gecko/20100101 Firefox/84.0"
110.98.50.150 - - [22/Jan/2021:06:25:04 +0000] "GET /json/messages/last?n=sd&room=42pd HTTP/1.1" 200 3735 "https://miaou.dystroy.org/1556" "Mozilla/5.0 (Windows NT 10.0; Win64; x64) AppleWebKit/537.36 (KHTML, like Gecko) Chrome/87.0.4280.141 Safari/537.36"
28.46.53.144 - - [22/Jan/2021:06:25:06 +0000] "GET /json/external-link-preview?url=3gbypty2frgar9oyh102u7rhniprvhijrimuyekxs55hjkk9wl2kwzqqizj8dt92p0gmvf300tjy35xo6cvqq8wzi2t8xgj7kd1mji1jsa8i6l1k5cya52frxicr9hh14mzect85giwekrqw8uw00wagfk3ao15mqs6xfbbtty HTTP/1.1" 200 66 "https://miaou.dystroy.org/1556" "Mozilla/5.0 (Windows NT 6.1; rv:84.0) Gecko/20100101 Firefox/84.0"
28.46.53.144 - - [22/Jan/2021:06:25:06 +0000] "GET /json/external-link-preview?url=gv73ksqd2nt8hug3k62b35p3nbrbqmrm6xbrg29y9wos40oy52t5m82xrbjews5bgq1ld4fx6c8pvrur61tjlbmnveldk56z5wsvgkqodpms9qect8bglvwzo7rpcpo1l231z5xh9jp8a2gvt8wg6ng5ke1lfangjcacs HTTP/1.1" 304 0 "https://miaou.dystroy.org/1556" "Mozilla/5.0 (Windows NT 6.1; rv:84.0) Gecko/20100101 Firefox/84.0"
110.98.50.150 - - [22/Jan/2021:06:25:07 +0000] "GET /gogo/json?action=7c1uz2f9flrxff&TrollId=n09742&ChrallVersion=9tku HTTP/1.1" 200 65 "https://games.mountyhall.com/" "Mozilla/5.0 (Windows NT 10.0; Win64; x64) AppleWebKit/537.36 (KHTML, like Gecko) Chrome/87.0.4280.141 Safari/537.36"
40.205.208.119 - - [22/Jan/2021:06:25:18 +0000] "POST /sciz-webhook HTTP/1.1" 200 0 "-" "python-requests/2.21.0"
40.205.208.119 - - [22/Jan/2021:06:25:19 +0000] "POST /sciz-webhook HTTP/1.1" 200 0 "-" "python-requests/2.21.0"
5b16:8a4f:b444:de46:1de0:73cc:4e1:95e5 - - [22/Jan/2021:06:25:32 +0000] "GET /publicProfile?user=2b7g&room=9tpe HTTP/1.1" 200 432 "https://miaou.dystroy.org/1934" "Mozilla/5.0 (Windows NT 10.0; Win64; x64; rv:84.0) Gecko/20100101 Firefox/84.0"
40.205.208.119 - - [22/Jan/2021:06:25:49 +0000] "POST /sciz-webhook HTTP/1.1" 200 0 "-" "python-requests/2.21.0"
40.205.208.119 - - [22/Jan/2021:06:26:04 +0000] "POST /sciz-webhook HTTP/1.1" 200 0 "-" "python-requests/2.21.0"
92.19.229.158 - - [22/Jan/2021:06:26:14 +0000] "GET /broot/img/favicon.ico HTTP/1.1" 200 1150 "-" "WidgetKitExtension/3279 CFNetwork/1209 Darwin/20.2.0"
91.110.189.249 - - [22/Jan/2021:06:26:41 +0000] "HEAD / HTTP/1.1" 301 0 "http://www.dystroy.org" "Mozilla/5.0+(compatible; UptimeRobot/2.0; http://www.uptimerobot.com/)"
91.110.189.249 - - [22/Jan/2021:06:26:41 +0000] "HEAD / HTTP/1.1" 200 0 "http://www.dystroy.org" "Mozilla/5.0+(compatible; UptimeRobot/2.0; http://www.uptimerobot.com/)"
180.94.19.117 - - [22/Jan/2021:06:26:42 +0000] "GET /JSON.prune/JSON.prune.js?_=axy4prgulzdq5 HTTP/1.1" 200 5188 "https://schema20.esabora.solutions/" "Mozilla/5.0 (Macintosh; Intel Mac OS X 10_13_6) AppleWebKit/537.36 (KHTML, like Gecko) Chrome/87.0.4280.141 Safari/537.36"
17.122.58.112 - - [22/Jan/2021:06:26:47 +0000] "GET /gogo/json?action=bgc6r5eeshp5nu&asker=ycswg1&trollId=8bhtzz HTTP/1.1" 200 85 "https://games.mountyhall.com/" "Mozilla/5.0 (Windows NT 10.0; Win64; x64) AppleWebKit/537.36 (KHTML, like Gecko) Chrome/87.0.4280.141 Safari/537.36"
17.122.58.112 - - [22/Jan/2021:06:26:52 +0000] "GET /gogo/json?action=mf331j19fcfriv57h&asker=ycswg1&name=0kq9949z9qzecmr35r1h66vi2aum7swpfeprw7qie&monsterId=f7rayta HTTP/1.1" 200 1405 "https://games.mountyhall.com/" "Mozilla/5.0 (Windows NT 10.0; Win64; x64) AppleWebKit/537.36 (KHTML, like Gecko) Chrome/87.0.4280.141 Safari/537.36"
110.98.50.150 - - [22/Jan/2021:06:26:53 +0000] "GET /json/messages/last?n=sd&room=42pd HTTP/1.1" 304 0 "https://miaou.dystroy.org/1556" "Mozilla/5.0 (Windows NT 10.0; Win64; x64) AppleWebKit/537.36 (KHTML, like Gecko) Chrome/87.0.4280.141 Safari/537.36"
87.75.226.49 - - [22/Jan/2021:06:26:54 +0000] "GET /JSON.prune/JSON.prune.js?_=86disgu2056tu HTTP/1.1" 200 5188 "https://schema01.esabora.solutions/" "Mozilla/5.0 (Macintosh; Intel Mac OS X 10_15_7) AppleWebKit/537.36 (KHTML, like Gecko) Chrome/87.0.4280.88 Safari/537.36"
95.147.145.36 - - [22/Jan/2021:06:26:55 +0000] "GET /broot/img/favicon.ico HTTP/1.1" 200 1150 "-" "WidgetKitExtension/3279 CFNetwork/1209 Darwin/20.2.0"
17.122.58.112 - - [22/Jan/2021:06:27:00 +0000] "GET /gogo/json?action=bgc6r5eeshp5nu&asker=ycswg1&trollId=pu8f HTTP/1.1" 200 83 "https://games.mountyhall.com/" "Mozilla/5.0 (Windows NT 10.0; Win64; x64) AppleWebKit/537.36 (KHTML, like Gecko) Chrome/87.0.4280.141 Safari/537.36"
17.122.58.112 - - [22/Jan/2021:06:27:24 +0000] "GET /gogo/json?action=mf331j19fcfriv57h&name=0kq9949z9qzecmr35r1h66vi2aum7swpfeprw7qie&monsterId=f7rayta HTTP/1.1" 200 1405 "https://games.mountyhall.com/" "Mozilla/5.0 (Windows NT 10.0; Win64; x64) AppleWebKit/537.36 (KHTML, like Gecko) Chrome/87.0.4280.141 Safari/537.36"
17.122.58.112 - - [22/Jan/2021:06:27:24 +0000] "GET /gogo/json?action=mf331j19fcfriv57h&name=49z6hqjnt4n0nzjmi2xauosyae4jrzqzstglgep2jttx1jg&monsterId=0ttt53zmf HTTP/1.1" 200 2224 "https://games.mountyhall.com/" "Mozilla/5.0 (Windows NT 10.0; Win64; x64) AppleWebKit/537.36 (KHTML, like Gecko) Chrome/87.0.4280.141 Safari/537.36"
17.122.58.112 - - [22/Jan/2021:06:27:24 +0000] "GET /gogo/json?action=mf331j19fcfriv57h&name=49z6hqjnt4n0nzjmi2xauosyae4jrzqzstglgep2jttx1jg&monsterId=0ttt53zmf HTTP/1.1" 200 2224 "https://games.mountyhall.com/" "Mozilla/5.0 (Windows NT 10.0; Win64; x64) AppleWebKit/537.36 (KHTML, like Gecko) Chrome/87.0.4280.141 Safari/537.36"
5b16:8a4f:b444:de46:1de0:73cc:4e1:95e5 - - [22/Jan/2021:06:27:37 +0000] "GET /json/messages/last?n=a&room=776q HTTP/1.1" 200 3372 "https://miaou.dystroy.org/1934" "Mozilla/5.0 (Windows NT 10.0; Win64; x64; rv:84.0) Gecko/20100101 Firefox/84.0"
5b16:8a4f:b444:de46:1de0:73cc:4e1:95e5 - - [22/Jan/2021:06:27:40 +0000] "GET /json/messages/last?n=a&room=b72j HTTP/1.1" 200 954 "https://miaou.dystroy.org/1934" "Mozilla/5.0 (Windows NT 10.0; Win64; x64; rv:84.0) Gecko/20100101 Firefox/84.0"
65.213.137.36 - - [22/Jan/2021:06:27:50 +0000] "GET /socket.io/?EIO=y&transport=xkmoyoi&t=3an4tiz HTTP/1.1" 200 99 "https://miaou.dystroy.org/1765" "Mozilla/5.0 (Linux; Android 8.1.0; Moto G (5)) AppleWebKit/537.36 (KHTML, like Gecko) Chrome/87.0.4280.101 Mobile Safari/537.36"
65.213.137.36 - - [22/Jan/2021:06:27:50 +0000] "GET /socket.io/?EIO=y&transport=xkmoyoi&t=4xu1w72&sid=2ogfrd68o94jav5st2e4 HTTP/1.1" 200 18 "https://miaou.dystroy.org/1765" "Mozilla/5.0 (Linux; Android 8.1.0; Moto G (5)) AppleWebKit/537.36 (KHTML, like Gecko) Chrome/87.0.4280.101 Mobile Safari/537.36"
65.213.137.36 - - [22/Jan/2021:06:27:51 +0000] "POST /socket.io/?EIO=y&transport=xkmoyoi&t=u3kq0pl&sid=2ogfrd68o94jav5st2e4 HTTP/1.1" 200 2 "https://miaou.dystroy.org/1765" "Mozilla/5.0 (Linux; Android 8.1.0; Moto G (5)) AppleWebKit/537.36 (KHTML, like Gecko) Chrome/87.0.4280.101 Mobile Safari/537.36"
65.213.137.36 - - [22/Jan/2021:06:27:51 +0000] "GET /socket.io/?EIO=y&transport=xkmoyoi&t=5dunn6c&sid=2ogfrd68o94jav5st2e4 HTTP/1.1" 200 12816 "https://miaou.dystroy.org/1765" "Mozilla/5.0 (Linux; Android 8.1.0; Moto G (5)) AppleWebKit/537.36 (KHTML, like Gecko) Chrome/87.0.4280.101 Mobile Safari/537.36"
65.213.137.36 - - [22/Jan/2021:06:27:52 +0000] "POST /socket.io/?EIO=y&transport=xkmoyoi&t=umopacv&sid=2ogfrd68o94jav5st2e4 HTTP/1.1" 200 2 "https://miaou.dystroy.org/1765" "Mozilla/5.0 (Linux; Android 8.1.0; Moto G (5)) AppleWebKit/537.36 (KHTML, like Gecko) Chrome/87.0.4280.101 Mobile Safari/537.36"
65.213.137.36 - - [22/Jan/2021:06:27:52 +0000] "GET /socket.io/?EIO=y&transport=xkmoyoi&t=nsanxva&sid=2ogfrd68o94jav5st2e4 HTTP/1.1" 200 623 "https://miaou.dystroy.org/1765" "Mozilla/5.0 (Linux; Android 8.1.0; Moto G (5)) AppleWebKit/537.36 (KHTML, like Gecko) Chrome/87.0.4280.101 Mobile Safari/537.36"
88.224.149.0 - - [22/Jan/2021:06:27:53 +0000] "GET /JSON.prune/JSON.prune.js?_=5jtwiusij1f7p HTTP/1.1" 200 5188 "https://schema02.esabora.solutions/" "Mozilla/5.0 (Macintosh; Intel Mac OS X 10_13_6) AppleWebKit/537.36 (KHTML, like Gecko) Chrome/87.0.4280.88 Safari/537.36"
36.125.2.221 - - [22/Jan/2021:06:27:55 +0000] "GET /JSON.prune/JSON.prune.js?_=bobsk8o9inmfp HTTP/1.1" 200 5188 "https://schema01.esabora.solutions/" "Mozilla/5.0 (Windows NT 10.0; Win64; x64) AppleWebKit/537.36 (KHTML, like Gecko) Chrome/87.0.4280.141 Safari/537.36"
72.171.79.23 - - [22/Jan/2021:06:28:29 +0000] "GET /socket.io/?EIO=y&transport=xkmoyoi&t=bq721um HTTP/1.1" 200 99 "https://miaou.dystroy.org/4200" "Mozilla/5.0 (Windows NT 10.0; Win64; x64) AppleWebKit/537.36 (KHTML, like Gecko) Chrome/87.0.4280.141 Safari/537.36"
72.171.79.23 - - [22/Jan/2021:06:28:29 +0000] "GET /socket.io/?EIO=y&transport=xkmoyoi&t=f62hdct&sid=nkbdq17lswxdzkpyagtd HTTP/1.1" 200 18 "https://miaou.dystroy.org/4200" "Mozilla/5.0 (Windows NT 10.0; Win64; x64) AppleWebKit/537.36 (KHTML, like Gecko) Chrome/87.0.4280.141 Safari/537.36"
72.171.79.23 - - [22/Jan/2021:06:28:29 +0000] "POST /socket.io/?EIO=y&transport=xkmoyoi&t=94hldi0&sid=nkbdq17lswxdzkpyagtd HTTP/1.1" 200 2 "https://miaou.dystroy.org/4200" "Mozilla/5.0 (Windows NT 10.0; Win64; x64) AppleWebKit/537.36 (KHTML, like Gecko) Chrome/87.0.4280.141 Safari/537.36"
72.171.79.23 - - [22/Jan/2021:06:28:29 +0000] "GET /socket.io/?EIO=y&transport=xkmoyoi&t=vmhq069&sid=nkbdq17lswxdzkpyagtd HTTP/1.1" 200 3043 "https://miaou.dystroy.org/4200" "Mozilla/5.0 (Windows NT 10.0; Win64; x64) AppleWebKit/537.36 (KHTML, like Gecko) Chrome/87.0.4280.141 Safari/537.36"
72.171.79.23 - - [22/Jan/2021:06:28:30 +0000] "POST /socket.io/?EIO=y&transport=xkmoyoi&t=fmoje76&sid=nkbdq17lswxdzkpyagtd HTTP/1.1" 200 2 "https://miaou.dystroy.org/4200" "Mozilla/5.0 (Windows NT 10.0; Win64; x64) AppleWebKit/537.36 (KHTML, like Gecko) Chrome/87.0.4280.141 Safari/537.36"
72.171.79.23 - - [22/Jan/2021:06:28:30 +0000] "GET /socket.io/?EIO=y&transport=xkmoyoi&t=oe7bui8&sid=nkbdq17lswxdzkpyagtd HTTP/1.1" 200 779 "https://miaou.dystroy.org/4200" "Mozilla/5.0 (Windows NT 10.0; Win64; x64) AppleWebKit/537.36 (KHTML, like Gecko) Chrome/87.0.4280.141 Safari/537.36"
40.205.208.119 - - [22/Jan/2021:06:28:48 +0000] "POST /sciz-webhook HTTP/1.1" 200 0 "-" "python-requests/2.21.0"
b402:b52:7b0:0e4e::7ec9:17d3 - - [22/Jan/2021:06:28:55 +0000] "GET /socket.io/?EIO=y&transport=c0qucvma5&sid=nw7ite1w7eqs7vlvh5lj HTTP/1.1" 101 1360 "-" "Mozilla/5.0 (Windows NT 10.0; Win64; x64) AppleWebKit/537.36 (KHTML, like Gecko) Chrome/87.0.4280.141 Safari/537.36"
88.224.149.0 - - [22/Jan/2021:06:29:05 +0000] "GET /JSON.prune/JSON.prune.js?_=v8fsucu51c5mt HTTP/1.1" 200 5188 "https://schema02.esabora.solutions/" "Mozilla/5.0 (Macintosh; Intel Mac OS X 10_13_6) AppleWebKit/537.36 (KHTML, like Gecko) Chrome/87.0.4280.88 Safari/537.36"
65.213.137.36 - - [22/Jan/2021:06:29:12 +0000] "GET /socket.io/?EIO=y&transport=c0qucvma5&sid=2ogfrd68o94jav5st2e4 HTTP/1.1" 101 96 "-" "Mozilla/5.0 (Linux; Android 8.1.0; Moto G (5)) AppleWebKit/537.36 (KHTML, like Gecko) Chrome/87.0.4280.101 Mobile Safari/537.36"
65.213.137.36 - - [22/Jan/2021:06:29:26 +0000] "GET /socket.io/?EIO=y&transport=xkmoyoi&t=ydpe9nr HTTP/1.1" 200 99 "https://miaou.dystroy.org/1765" "Mozilla/5.0 (Linux; Android 8.1.0; Moto G (5)) AppleWebKit/537.36 (KHTML, like Gecko) Chrome/87.0.4280.101 Mobile Safari/537.36"
65.213.137.36 - - [22/Jan/2021:06:29:26 +0000] "GET /socket.io/?EIO=y&transport=xkmoyoi&t=m44lvec&sid=avmt22u4riw1rxx82goi HTTP/1.1" 200 18 "https://miaou.dystroy.org/1765" "Mozilla/5.0 (Linux; Android 8.1.0; Moto G (5)) AppleWebKit/537.36 (KHTML, like Gecko) Chrome/87.0.4280.101 Mobile Safari/537.36"
65.213.137.36 - - [22/Jan/2021:06:29:26 +0000] "POST /socket.io/?EIO=y&transport=xkmoyoi&t=85xa9l6&sid=avmt22u4riw1rxx82goi HTTP/1.1" 200 2 "https://miaou.dystroy.org/1765" "Mozilla/5.0 (Linux; Android 8.1.0; Moto G (5)) AppleWebKit/537.36 (KHTML, like Gecko) Chrome/87.0.4280.101 Mobile Safari/537.36"
65.213.137.36 - - [22/Jan/2021:06:29:27 +0000] "GET /socket.io/?EIO=y&transport=xkmoyoi&t=cshj8hr&sid=avmt22u4riw1rxx82goi HTTP/1.1" 200 12816 "https://miaou.dystroy.org/1765" "Mozilla/5.0 (Linux; Android 8.1.0; Moto G (5)) AppleWebKit/537.36 (KHTML, like Gecko) Chrome/87.0.4280.101 Mobile Safari/537.36"
65.213.137.36 - - [22/Jan/2021:06:29:37 +0000] "GET /socket.io/?EIO=y&transport=c0qucvma5&sid=avmt22u4riw1rxx82goi HTTP/1.1" 101 10 "-" "Mozilla/5.0 (Linux; Android 8.1.0; Moto G (5)) AppleWebKit/537.36 (KHTML, like Gecko) Chrome/87.0.4280.101 Mobile Safari/537.36"
98.67.97.90 - - [22/Jan/2021:06:29:51 +0000] "GET /json/messages/last?n=a&room=9tpe HTTP/1.1" 200 898 "https://miaou.dystroy.org/1556" "Mozilla/5.0 (Windows NT 10.0; Win64; x64; rv:84.0) Gecko/20100101 Firefox/84.0"
65.213.137.36 - - [22/Jan/2021:06:29:52 +0000] "GET /socket.io/?EIO=y&transport=xkmoyoi&t=zrq2xio HTTP/1.1" 200 99 "https://miaou.dystroy.org/1765" "Mozilla/5.0 (Linux; Android 8.1.0; Moto G (5)) AppleWebKit/537.36 (KHTML, like Gecko) Chrome/87.0.4280.101 Mobile Safari/537.36"
65.213.137.36 - - [22/Jan/2021:06:29:52 +0000] "GET /socket.io/?EIO=y&transport=xkmoyoi&t=alw731i&sid=dkoewbhlpz4taoa1kgiz HTTP/1.1" 200 18 "https://miaou.dystroy.org/1765" "Mozilla/5.0 (Linux; Android 8.1.0; Moto G (5)) AppleWebKit/537.36 (KHTML, like Gecko) Chrome/87.0.4280.101 Mobile Safari/537.36"
65.213.137.36 - - [22/Jan/2021:06:29:52 +0000] "POST /socket.io/?EIO=y&transport=xkmoyoi&t=a072os5&sid=dkoewbhlpz4taoa1kgiz HTTP/1.1" 200 2 "https://miaou.dystroy.org/1765" "Mozilla/5.0 (Linux; Android 8.1.0; Moto G (5)) AppleWebKit/537.36 (KHTML, like Gecko) Chrome/87.0.4280.101 Mobile Safari/537.36"
65.213.137.36 - - [22/Jan/2021:06:29:52 +0000] "POST /socket.io/?EIO=y&transport=xkmoyoi&t=a2mvohp&sid=dkoewbhlpz4taoa1kgiz HTTP/1.1" 200 2 "https://miaou.dystroy.org/1765" "Mozilla/5.0 (Linux; Android 8.1.0; Moto G (5)) AppleWebKit/537.36 (KHTML, like Gecko) Chrome/87.0.4280.101 Mobile Safari/537.36"
65.213.137.36 - - [22/Jan/2021:06:29:52 +0000] "GET /socket.io/?EIO=y&transport=xkmoyoi&t=7fhlkfi&sid=dkoewbhlpz4taoa1kgiz HTTP/1.1" 200 34 "https://miaou.dystroy.org/1765" "Mozilla/5.0 (Linux; Android 8.1.0; Moto G (5)) AppleWebKit/537.36 (KHTML, like Gecko) Chrome/87.0.4280.101 Mobile Safari/537.36"
40.205.208.119 - - [22/Jan/2021:06:30:06 +0000] "POST /sciz-webhook HTTP/1.1" 200 0 "-" "python-requests/2.21.0"
40.205.208.119 - - [22/Jan/2021:06:30:06 +0000] "POST /sciz-webhook HTTP/1.1" 200 0 "-" "python-requests/2.21.0"
40.205.208.119 - - [22/Jan/2021:06:30:09 +0000] "POST /sciz-webhook HTTP/1.1" 200 0 "-" "python-requests/2.21.0"
40.205.208.119 - - [22/Jan/2021:06:30:09 +0000] "POST /sciz-webhook HTTP/1.1" 200 0 "-" "python-requests/2.21.0"
40.205.208.119 - - [22/Jan/2021:06:30:09 +0000] "POST /sciz-webhook HTTP/1.1" 200 0 "-" "python-requests/2.21.0"
40.205.208.119 - - [22/Jan/2021:06:30:09 +0000] "POST /sciz-webhook HTTP/1.1" 200 0 "-" "python-requests/2.21.0"
40.205.208.119 - - [22/Jan/2021:06:30:12 +0000] "POST /sciz-webhook HTTP/1.1" 200 0 "-" "python-requests/2.21.0"
40.205.208.119 - - [22/Jan/2021:06:30:13 +0000] "POST /sciz-webhook HTTP/1.1" 200 0 "-" "python-requests/2.21.0"
40.205.208.119 - - [22/Jan/2021:06:30:13 +0000] "POST /sciz-webhook HTTP/1.1" 200 0 "-" "python-requests/2.21.0"
40.205.208.119 - - [22/Jan/2021:06:30:16 +0000] "POST /sciz-webhook HTTP/1.1" 200 0 "-" "python-requests/2.21.0"
40.205.208.119 - - [22/Jan/2021:06:30:20 +0000] "POST /sciz-webhook HTTP/1.1" 200 0 "-" "python-requests/2.21.0"
65.213.137.36 - - [22/Jan/2021:06:30:24 +0000] "GET /socket.io/?EIO=y&transport=c0qucvma5&sid=dkoewbhlpz4taoa1kgiz HTTP/1.1" 101 14534 "-" "Mozilla/5.0 (Linux; Android 8.1.0; Moto G (5)) AppleWebKit/537.36 (KHTML, like Gecko) Chrome/87.0.4280.101 Mobile Safari/537.36"
65.213.137.36 - - [22/Jan/2021:06:30:30 +0000] "GET /socket.io/?EIO=y&transport=xkmoyoi&t=f3l3l4x HTTP/1.1" 200 99 "https://miaou.dystroy.org/1765" "Mozilla/5.0 (Linux; Android 8.1.0; Moto G (5)) AppleWebKit/537.36 (KHTML, like Gecko) Chrome/87.0.4280.101 Mobile Safari/537.36"
65.213.137.36 - - [22/Jan/2021:06:30:30 +0000] "GET /socket.io/?EIO=y&transport=xkmoyoi&t=a5l05es&sid=0nlc351az3uawn7p74t4 HTTP/1.1" 200 18 "https://miaou.dystroy.org/1765" "Mozilla/5.0 (Linux; Android 8.1.0; Moto G (5)) AppleWebKit/537.36 (KHTML, like Gecko) Chrome/87.0.4280.101 Mobile Safari/537.36"
65.213.137.36 - - [22/Jan/2021:06:30:30 +0000] "POST /socket.io/?EIO=y&transport=xkmoyoi&t=2plbljr&sid=0nlc351az3uawn7p74t4 HTTP/1.1" 200 2 "https://miaou.dystroy.org/1765" "Mozilla/5.0 (Linux; Android 8.1.0; Moto G (5)) AppleWebKit/537.36 (KHTML, like Gecko) Chrome/87.0.4280.101 Mobile Safari/537.36"
65.213.137.36 - - [22/Jan/2021:06:30:30 +0000] "POST /socket.io/?EIO=y&transport=xkmoyoi&t=zbv7hga&sid=0nlc351az3uawn7p74t4 HTTP/1.1" 200 2 "https://miaou.dystroy.org/1765" "Mozilla/5.0 (Linux; Android 8.1.0; Moto G (5)) AppleWebKit/537.36 (KHTML, like Gecko) Chrome/87.0.4280.101 Mobile Safari/537.36"
65.213.137.36 - - [22/Jan/2021:06:30:30 +0000] "GET /socket.io/?EIO=y&transport=xkmoyoi&t=hhovw0a&sid=0nlc351az3uawn7p74t4 HTTP/1.1" 200 34 "https://miaou.dystroy.org/1765" "Mozilla/5.0 (Linux; Android 8.1.0; Moto G (5)) AppleWebKit/537.36 (KHTML, like Gecko) Chrome/87.0.4280.101 Mobile Safari/537.36"
65.213.137.36 - - [22/Jan/2021:06:30:30 +0000] "GET /socket.io/?EIO=y&transport=xkmoyoi&t=vglg130&sid=0nlc351az3uawn7p74t4 HTTP/1.1" 200 12793 "https://miaou.dystroy.org/1765" "Mozilla/5.0 (Linux; Android 8.1.0; Moto G (5)) AppleWebKit/537.36 (KHTML, like Gecko) Chrome/87.0.4280.101 Mobile Safari/537.36"
65.213.137.36 - - [22/Jan/2021:06:30:41 +0000] "GET /socket.io/?EIO=y&transport=c0qucvma5&sid=0nlc351az3uawn7p74t4 HTTP/1.1" 101 10 "-" "Mozilla/5.0 (Linux; Android 8.1.0; Moto G (5)) AppleWebKit/537.36 (KHTML, like Gecko) Chrome/87.0.4280.101 Mobile Safari/537.36"
98.67.97.90 - - [22/Jan/2021:06:30:57 +0000] "GET /json/messages/last?n=a&room=myp3 HTTP/1.1" 304 0 "https://miaou.dystroy.org/1556" "Mozilla/5.0 (Windows NT 10.0; Win64; x64; rv:84.0) Gecko/20100101 Firefox/84.0"
98.67.97.90 - - [22/Jan/2021:06:30:57 +0000] "GET /json/messages/last?n=a&room=69td HTTP/1.1" 304 0 "https://miaou.dystroy.org/1556" "Mozilla/5.0 (Windows NT 10.0; Win64; x64; rv:84.0) Gecko/20100101 Firefox/84.0"
159.136.127.185 - - [22/Jan/2021:06:31:03 +0000] "GET /robots.txt HTTP/1.0" 404 4379 "-" "Mozilla/5.0 (Windows NT 10.0; Win64; x64) AppleWebKit/537.36 (KHTML, like Gecko) Chrome/75.0.3770.142 Safari/537.36/Nutch-2.3.1"
159.136.127.185 - - [22/Jan/2021:06:31:04 +0000] "GET /broot HTTP/1.0" 301 185 "-" "Mozilla/5.0 (Windows NT 10.0; Win64; x64) AppleWebKit/537.36 (KHTML, like Gecko) Chrome/75.0.3770.142 Safari/537.36/Nutch-2.3.1"
65.213.137.36 - - [22/Jan/2021:06:31:09 +0000] "GET /socket.io/?EIO=y&transport=xkmoyoi&t=42mgq3w HTTP/1.1" 200 99 "https://miaou.dystroy.org/1765" "Mozilla/5.0 (Linux; Android 8.1.0; Moto G (5)) AppleWebKit/537.36 (KHTML, like Gecko) Chrome/87.0.4280.101 Mobile Safari/537.36"
65.213.137.36 - - [22/Jan/2021:06:31:09 +0000] "GET /socket.io/?EIO=y&transport=xkmoyoi&t=yyss769&sid=750fw16r1dxu7vdk24w7 HTTP/1.1" 200 18 "https://miaou.dystroy.org/1765" "Mozilla/5.0 (Linux; Android 8.1.0; Moto G (5)) AppleWebKit/537.36 (KHTML, like Gecko) Chrome/87.0.4280.101 Mobile Safari/537.36"
65.213.137.36 - - [22/Jan/2021:06:31:09 +0000] "POST /socket.io/?EIO=y&transport=xkmoyoi&t=ef6i52j&sid=750fw16r1dxu7vdk24w7 HTTP/1.1" 200 2 "https://miaou.dystroy.org/1765" "Mozilla/5.0 (Linux; Android 8.1.0; Moto G (5)) AppleWebKit/537.36 (KHTML, like Gecko) Chrome/87.0.4280.101 Mobile Safari/537.36"
65.213.137.36 - - [22/Jan/2021:06:31:09 +0000] "POST /socket.io/?EIO=y&transport=xkmoyoi&t=lglcl0r&sid=750fw16r1dxu7vdk24w7 HTTP/1.1" 200 2 "https://miaou.dystroy.org/1765" "Mozilla/5.0 (Linux; Android 8.1.0; Moto G (5)) AppleWebKit/537.36 (KHTML, like Gecko) Chrome/87.0.4280.101 Mobile Safari/537.36"
65.213.137.36 - - [22/Jan/2021:06:31:09 +0000] "GET /socket.io/?EIO=y&transport=xkmoyoi&t=w0eed9k&sid=750fw16r1dxu7vdk24w7 HTTP/1.1" 200 34 "https://miaou.dystroy.org/1765" "Mozilla/5.0 (Linux; Android 8.1.0; Moto G (5)) AppleWebKit/537.36 (KHTML, like Gecko) Chrome/87.0.4280.101 Mobile Safari/537.36"
40.205.208.119 - - [22/Jan/2021:06:31:14 +0000] "POST /sciz-webhook HTTP/1.1" 200 0 "-" "python-requests/2.21.0"
28.46.53.144 - - [22/Jan/2021:06:31:23 +0000] "GET /json/user?user=92r450z4gn HTTP/1.1" 200 121 "https://miaou.dystroy.org/3836" "Mozilla/5.0 (Windows NT 6.1; rv:84.0) Gecko/20100101 Firefox/84.0"
28.46.53.144 - - [22/Jan/2021:06:31:26 +0000] "GET /json/messages/last?n=a&room=y HTTP/1.1" 200 1036 "https://miaou.dystroy.org/3836" "Mozilla/5.0 (Windows NT 6.1; rv:84.0) Gecko/20100101 Firefox/84.0"
28.46.53.144 - - [22/Jan/2021:06:31:27 +0000] "GET /json/messages/last?n=a&room=iayh HTTP/1.1" 200 1268 "https://miaou.dystroy.org/3836" "Mozilla/5.0 (Windows NT 6.1; rv:84.0) Gecko/20100101 Firefox/84.0"
28.46.53.144 - - [22/Jan/2021:06:31:31 +0000] "GET /json/messages/last?n=a&room=5yx7 HTTP/1.1" 200 1138 "https://miaou.dystroy.org/3836" "Mozilla/5.0 (Windows NT 6.1; rv:84.0) Gecko/20100101 Firefox/84.0"
28.46.53.144 - - [22/Jan/2021:06:31:32 +0000] "GET /json/messages/last?n=a&room=1qkt HTTP/1.1" 304 0 "https://miaou.dystroy.org/3836" "Mozilla/5.0 (Windows NT 6.1; rv:84.0) Gecko/20100101 Firefox/84.0"
28.46.53.144 - - [22/Jan/2021:06:31:32 +0000] "GET /json/messages/last?n=a&room=6b4w HTTP/1.1" 304 0 "https://miaou.dystroy.org/3836" "Mozilla/5.0 (Windows NT 6.1; rv:84.0) Gecko/20100101 Firefox/84.0"
28.46.53.144 - - [22/Jan/2021:06:31:33 +0000] "GET /json/messages/last?n=a&room=6b4w HTTP/1.1" 304 0 "https://miaou.dystroy.org/3836" "Mozilla/5.0 (Windows NT 6.1; rv:84.0) Gecko/20100101 Firefox/84.0"
28.46.53.144 - - [22/Jan/2021:06:31:33 +0000] "GET /json/messages/last?n=a&room=eit3 HTTP/1.1" 304 0 "https://miaou.dystroy.org/3836" "Mozilla/5.0 (Windows NT 6.1; rv:84.0) Gecko/20100101 Firefox/84.0"
91.110.189.249 - - [22/Jan/2021:06:31:41 +0000] "HEAD / HTTP/1.1" 301 0 "http://www.dystroy.org" "Mozilla/5.0+(compatible; UptimeRobot/2.0; http://www.uptimerobot.com/)"
91.110.189.249 - - [22/Jan/2021:06:31:41 +0000] "HEAD / HTTP/1.1" 200 0 "http://www.dystroy.org" "Mozilla/5.0+(compatible; UptimeRobot/2.0; http://www.uptimerobot.com/)"
28.46.53.144 - - [22/Jan/2021:06:31:44 +0000] "GET /publicProfile?user=8xf&room=iayh HTTP/1.1" 304 0 "https://miaou.dystroy.org/1556" "Mozilla/5.0 (Windows NT 6.1; rv:84.0) Gecko/20100101 Firefox/84.0"
65.213.137.36 - - [22/Jan/2021:06:32:02 +0000] "GET /socket.io/?EIO=y&transport=c0qucvma5&sid=750fw16r1dxu7vdk24w7 HTTP/1.1" 101 14441 "-" "Mozilla/5.0 (Linux; Android 8.1.0; Moto G (5)) AppleWebKit/537.36 (KHTML, like Gecko) Chrome/87.0.4280.101 Mobile Safari/537.36"
40.205.208.119 - - [22/Jan/2021:06:32:16 +0000] "POST /sciz-webhook HTTP/1.1" 200 0 "-" "python-requests/2.21.0"
28.46.53.144 - - [22/Jan/2021:06:32:23 +0000] "GET /json/messages/last?n=a&room=6b4w HTTP/1.1" 304 0 "https://miaou.dystroy.org/3836" "Mozilla/5.0 (Windows NT 6.1; rv:84.0) Gecko/20100101 Firefox/84.0"
110.98.50.150 - - [22/Jan/2021:06:32:29 +0000] "GET /json/messages/last?n=a&room=p9j HTTP/1.1" 304 0 "https://miaou.dystroy.org/1556" "Mozilla/5.0 (Windows NT 10.0; Win64; x64) AppleWebKit/537.36 (KHTML, like Gecko) Chrome/87.0.4280.141 Safari/537.36"
28.46.53.144 - - [22/Jan/2021:06:32:38 +0000] "GET /json/messages/last?n=a&room=42pd HTTP/1.1" 200 1099 "https://miaou.dystroy.org/1556" "Mozilla/5.0 (Windows NT 6.1; rv:84.0) Gecko/20100101 Firefox/84.0"
40.205.208.119 - - [22/Jan/2021:06:32:43 +0000] "POST /sciz-webhook HTTP/1.1" 200 0 "-" "python-requests/2.21.0"
40.205.208.119 - - [22/Jan/2021:06:32:53 +0000] "POST /sciz-webhook HTTP/1.1" 200 0 "-" "python-requests/2.21.0"
40.205.208.119 - - [22/Jan/2021:06:33:00 +0000] "POST /sciz-webhook HTTP/1.1" 200 0 "-" "python-requests/2.21.0"
98.67.97.90 - - [22/Jan/2021:06:33:06 +0000] "GET /json/messages/last?n=a&room=i3yx HTTP/1.1" 200 2722 "https://miaou.dystroy.org/1556" "Mozilla/5.0 (Windows NT 10.0; Win64; x64; rv:84.0) Gecko/20100101 Firefox/84.0"
98.67.97.90 - - [22/Jan/2021:06:33:08 +0000] "GET /json/messages/last?n=a&room=h8tg HTTP/1.1" 200 1199 "https://miaou.dystroy.org/1556" "Mozilla/5.0 (Windows NT 10.0; Win64; x64; rv:84.0) Gecko/20100101 Firefox/84.0"
98.67.97.90 - - [22/Jan/2021:06:33:08 +0000] "GET /json/messages/last?n=a&room=t4 HTTP/1.1" 200 1220 "https://miaou.dystroy.org/1556" "Mozilla/5.0 (Windows NT 10.0; Win64; x64; rv:84.0) Gecko/20100101 Firefox/84.0"
40.205.208.119 - - [22/Jan/2021:06:33:13 +0000] "POST /sciz-webhook HTTP/1.1" 200 0 "-" "python-requests/2.21.0"
40.205.208.119 - - [22/Jan/2021:06:33:19 +0000] "POST /sciz-webhook HTTP/1.1" 200 0 "-" "python-requests/2.21.0"
98.67.97.90 - - [22/Jan/2021:06:33:19 +0000] "GET /json/messages/last?n=a&room=y HTTP/1.1" 200 1036 "https://miaou.dystroy.org/1556" "Mozilla/5.0 (Windows NT 10.0; Win64; x64; rv:84.0) Gecko/20100101 Firefox/84.0"
98.67.97.90 - - [22/Jan/2021:06:33:19 +0000] "GET /json/tag?name=ej17xaatsi HTTP/1.1" 200 723 "https://miaou.dystroy.org/1556" "Mozilla/5.0 (Windows NT 10.0; Win64; x64; rv:84.0) Gecko/20100101 Firefox/84.0"
98.67.97.90 - - [22/Jan/2021:06:33:19 +0000] "GET /json/messages/last?n=a&room=n9p HTTP/1.1" 200 1050 "https://miaou.dystroy.org/1556" "Mozilla/5.0 (Windows NT 10.0; Win64; x64; rv:84.0) Gecko/20100101 Firefox/84.0"
98.67.97.90 - - [22/Jan/2021:06:33:19 +0000] "GET /json/messages/last?n=a&room=jo HTTP/1.1" 200 1162 "https://miaou.dystroy.org/1556" "Mozilla/5.0 (Windows NT 10.0; Win64; x64; rv:84.0) Gecko/20100101 Firefox/84.0"
58.103.75.216 - - [22/Jan/2021:06:33:19 +0000] "GET /JSON.prune/JSON.prune.js?_=e8qmwtpqi5ags HTTP/1.1" 200 5188 "https://esabora-schema-preprod.azurewebsites.net/" "Mozilla/5.0 (Windows NT 10.0; Win64; x64) AppleWebKit/537.36 (KHTML, like Gecko) Chrome/75.0.3770.142 Safari/537.36"
ceef:df8c:265:501c:7e57:472a:54a:2e5b - - [22/Jan/2021:06:33:35 +0000] "GET /json/external-link-preview?url=qzd5vbfwttbn6thssl2qs452vl1g8f6o493nvqzj2ybdnj HTTP/1.1" 304 0 "https://miaou.dystroy.org/3" "Mozilla/5.0 (X11; Linux x86_64) AppleWebKit/537.36 (KHTML, like Gecko) Chrome/83.0.4103.116 Safari/537.36"
ceef:df8c:265:501c:7e57:472a:54a:2e5b - - [22/Jan/2021:06:33:35 +0000] "GET /json/external-link-preview?url=25et3s83ajxhkjuffzxwvd2qtzkyqro1g5c3oeulyzup3ut HTTP/1.1" 304 0 "https://miaou.dystroy.org/3" "Mozilla/5.0 (X11; Linux x86_64) AppleWebKit/537.36 (KHTML, like Gecko) Chrome/83.0.4103.116 Safari/537.36"
ceef:df8c:265:501c:7e57:472a:54a:2e5b - - [22/Jan/2021:06:33:35 +0000] "GET /json/external-link-preview?url=zrgteqo9kk1r8iavmnowz15mo17en5fd0ldfekv7bw4js7avg68vk4j9npdn8fhd3171v7z9vfe58hw HTTP/1.1" 304 0 "https://miaou.dystroy.org/3" "Mozilla/5.0 (X11; Linux x86_64) AppleWebKit/537.36 (KHTML, like Gecko) Chrome/83.0.4103.116 Safari/537.36"
ceef:df8c:265:501c:7e57:472a:54a:2e5b - - [22/Jan/2021:06:33:35 +0000] "GET /json/external-link-preview?url=awm1zcp879am980xr4iomh5wupo0uyuig219h3r3m6v9mvjjuxf6 HTTP/1.1" 304 0 "https://miaou.dystroy.org/3" "Mozilla/5.0 (X11; Linux x86_64) AppleWebKit/537.36 (KHTML, like Gecko) Chrome/83.0.4103.116 Safari/537.36"
40.205.208.119 - - [22/Jan/2021:06:33:47 +0000] "POST /sciz-webhook HTTP/1.1" 200 0 "-" "python-requests/2.21.0"
40.205.208.119 - - [22/Jan/2021:06:33:47 +0000] "POST /sciz-webhook HTTP/1.1" 200 0 "-" "python-requests/2.21.0"
40.205.208.119 - - [22/Jan/2021:06:33:48 +0000] "POST /sciz-webhook HTTP/1.1" 200 0 "-" "python-requests/2.21.0"
40.205.208.119 - - [22/Jan/2021:06:34:08 +0000] "POST /sciz-webhook HTTP/1.1" 200 0 "-" "python-requests/2.21.0"
40.205.208.119 - - [22/Jan/2021:06:34:12 +0000] "POST /sciz-webhook HTTP/1.1" 200 0 "-" "python-requests/2.21.0"
40.205.208.119 - - [22/Jan/2021:06:34:12 +0000] "POST /sciz-webhook HTTP/1.1" 200 0 "-" "python-requests/2.21.0"
40.205.208.119 - - [22/Jan/2021:06:34:14 +0000] "POST /sciz-webhook HTTP/1.1" 200 0 "-" "python-requests/2.21.0"
40.205.208.119 - - [22/Jan/2021:06:34:14 +0000] "POST /sciz-webhook HTTP/1.1" 200 0 "-" "python-requests/2.21.0"
40.205.208.119 - - [22/Jan/2021:06:34:15 +0000] "POST /sciz-webhook HTTP/1.1" 200 0 "-" "python-requests/2.21.0"
40.205.208.119 - - [22/Jan/2021:06:34:15 +0000] "POST /sciz-webhook HTTP/1.1" 200 0 "-" "python-requests/2.21.0"
40.205.208.119 - - [22/Jan/2021:06:34:18 +0000] "POST /sciz-webhook HTTP/1.1" 200 0 "-" "python-requests/2.21.0"
643d:cf8:28a9:8e31:b790:2750:a22e:9097 - - [22/Jan/2021:06:34:36 +0000] "GET /login HTTP/1.1" 304 0 "-" "Mozilla/5.0 (Linux; Android 10; Nokia 7.2) AppleWebKit/537.36 (KHTML, like Gecko) Chrome/87.0.4280.141 Mobile Safari/537.36"
643d:cf8:28a9:8e31:b790:2750:a22e:9097 - - [22/Jan/2021:06:34:38 +0000] "GET /auth/google HTTP/1.1" 302 0 "https://miaou.dystroy.org/login" "Mozilla/5.0 (Linux; Android 10; Nokia 7.2) AppleWebKit/537.36 (KHTML, like Gecko) Chrome/87.0.4280.141 Mobile Safari/537.36"
643d:cf8:28a9:8e31:b790:2750:a22e:9097 - - [22/Jan/2021:06:34:38 +0000] "GET /auth/google/callback?state=li1e&code=jmur5d8cuxdmsw1s54ul0b2zzvwvx5ifybj3z1q9i9q1lq5ovy4zouaspz5k8wb62o7d7l4dema&scope=aubfz6yo9g9ep58gm03bd55rv5ebfd4alizq4n4fg42fd96ftdof5ssyfiviqwo51ukfd25jppqx39644h60hj5ym9leynwmukr7445kx4seqv118y3kd573w6vfeqwl5rgmx94p&authuser=3&prompt=npme HTTP/1.1" 302 96 "https://miaou.dystroy.org/login" "Mozilla/5.0 (Linux; Android 10; Nokia 7.2) AppleWebKit/537.36 (KHTML, like Gecko) Chrome/87.0.4280.141 Mobile Safari/537.36"
643d:cf8:28a9:8e31:b790:2750:a22e:9097 - - [22/Jan/2021:06:34:38 +0000] "GET / HTTP/1.1" 302 106 "https://miaou.dystroy.org/login" "Mozilla/5.0 (Linux; Android 10; Nokia 7.2) AppleWebKit/537.36 (KHTML, like Gecko) Chrome/87.0.4280.141 Mobile Safari/537.36"
643d:cf8:28a9:8e31:b790:2750:a22e:9097 - - [22/Jan/2021:06:34:39 +0000] "GET /rooms HTTP/1.1" 304 0 "https://miaou.dystroy.org/login" "Mozilla/5.0 (Linux; Android 10; Nokia 7.2) AppleWebKit/537.36 (KHTML, like Gecko) Chrome/87.0.4280.141 Mobile Safari/537.36"
643d:cf8:28a9:8e31:b790:2750:a22e:9097 - - [22/Jan/2021:06:34:39 +0000] "GET /json/rooms?pattern= HTTP/1.1" 200 8239 "https://miaou.dystroy.org/rooms" "Mozilla/5.0 (Linux; Android 10; Nokia 7.2) AppleWebKit/537.36 (KHTML, like Gecko) Chrome/87.0.4280.141 Mobile Safari/537.36"
98.67.97.90 - - [22/Jan/2021:06:34:43 +0000] "GET /json/messages/last?n=a&room=69td HTTP/1.1" 200 1185 "https://miaou.dystroy.org/1556" "Mozilla/5.0 (Windows NT 10.0; Win64; x64; rv:84.0) Gecko/20100101 Firefox/84.0"
98.67.97.90 - - [22/Jan/2021:06:34:43 +0000] "GET /json/messages/last?n=a&room=y HTTP/1.1" 304 0 "https://miaou.dystroy.org/1556" "Mozilla/5.0 (Windows NT 10.0; Win64; x64; rv:84.0) Gecko/20100101 Firefox/84.0"
40.205.208.119 - - [22/Jan/2021:06:35:15 +0000] "POST /sciz-webhook HTTP/1.1" 200 0 "-" "python-requests/2.21.0"
40.205.208.119 - - [22/Jan/2021:06:35:17 +0000] "POST /sciz-webhook HTTP/1.1" 200 0 "-" "python-requests/2.21.0"
81.66.83.245 - - [22/Jan/2021:06:36:05 +0000] "GET /blog/atom.xml HTTP/1.1" 304 0 "-" "NetNewsWire (RSS Reader; https://ranchero.com/netnewswire/)"
81.145.79.208 - - [22/Jan/2021:06:36:06 +0000] "GET /gogo/json?action=mf331j19fcfriv57h&asker=jbkbom&name=tbub632n2k9ejhc8bagv8lzlg7&monsterId=asoseze HTTP/1.1" 200 2738 "https://games.mountyhall.com/" "Mozilla/5.0 (Windows NT 6.1) AppleWebKit/537.36 (KHTML, like Gecko) Chrome/87.0.4280.141 Safari/537.36"
81.145.79.208 - - [22/Jan/2021:06:36:06 +0000] "GET /gogo/json?action=mf331j19fcfriv57h&asker=jbkbom&name=tbub632n2k9ejhc8bagv8lzlg7&monsterId=asoseze HTTP/1.1" 200 2738 "https://games.mountyhall.com/" "Mozilla/5.0 (Windows NT 6.1) AppleWebKit/537.36 (KHTML, like Gecko) Chrome/87.0.4280.141 Safari/537.36"
40.205.208.119 - - [22/Jan/2021:06:36:06 +0000] "POST /sciz-webhook HTTP/1.1" 200 0 "-" "python-requests/2.21.0"
40.205.208.119 - - [22/Jan/2021:06:36:07 +0000] "POST /sciz-webhook HTTP/1.1" 200 0 "-" "python-requests/2.21.0"
718a:47b:fb6:384a:cdc3:abef:afd9:5d62 - - [22/Jan/2021:06:36:38 +0000] "GET /json/messages/last?n=a&room=10ua HTTP/1.1" 200 1118 "https://miaou.dystroy.org/3728" "Mozilla/5.0 (Windows NT 10.0; Win64; x64; rv:84.0) Gecko/20100101 Firefox/84.0"
718a:47b:fb6:384a:cdc3:abef:afd9:5d62 - - [22/Jan/2021:06:36:38 +0000] "GET /json/messages/last?n=a&room=a2fv HTTP/1.1" 200 1243 "https://miaou.dystroy.org/3728" "Mozilla/5.0 (Windows NT 10.0; Win64; x64; rv:84.0) Gecko/20100101 Firefox/84.0"
718a:47b:fb6:384a:cdc3:abef:afd9:5d62 - - [22/Jan/2021:06:36:38 +0000] "GET /json/messages/last?n=a&room=rfm HTTP/1.1" 200 1339 "https://miaou.dystroy.org/3728" "Mozilla/5.0 (Windows NT 10.0; Win64; x64; rv:84.0) Gecko/20100101 Firefox/84.0"
91.110.189.249 - - [22/Jan/2021:06:36:41 +0000] "HEAD / HTTP/1.1" 301 0 "http://www.dystroy.org" "Mozilla/5.0+(compatible; UptimeRobot/2.0; http://www.uptimerobot.com/)"
91.110.189.249 - - [22/Jan/2021:06:36:41 +0000] "HEAD / HTTP/1.1" 200 0 "http://www.dystroy.org" "Mozilla/5.0+(compatible; UptimeRobot/2.0; http://www.uptimerobot.com/)"
718a:47b:fb6:384a:cdc3:abef:afd9:5d62 - - [22/Jan/2021:06:36:45 +0000] "GET /json/messages/last?n=a&room=a2fv HTTP/1.1" 200 1243 "https://miaou.dystroy.org/3728" "Mozilla/5.0 (Windows NT 10.0; Win64; x64; rv:84.0) Gecko/20100101 Firefox/84.0"
718a:47b:fb6:384a:cdc3:abef:afd9:5d62 - - [22/Jan/2021:06:36:46 +0000] "GET /json/messages/last?n=a&room=q88h HTTP/1.1" 200 1420 "https://miaou.dystroy.org/3728" "Mozilla/5.0 (Windows NT 10.0; Win64; x64; rv:84.0) Gecko/20100101 Firefox/84.0"
718a:47b:fb6:384a:cdc3:abef:afd9:5d62 - - [22/Jan/2021:06:36:46 +0000] "GET /json/messages/last?n=a&room=xuz8 HTTP/1.1" 200 1546 "https://miaou.dystroy.org/3728" "Mozilla/5.0 (Windows NT 10.0; Win64; x64; rv:84.0) Gecko/20100101 Firefox/84.0"
718a:47b:fb6:384a:cdc3:abef:afd9:5d62 - - [22/Jan/2021:06:36:47 +0000] "GET /json/messages/last?n=a&room=rfm HTTP/1.1" 200 1339 "https://miaou.dystroy.org/3728" "Mozilla/5.0 (Windows NT 10.0; Win64; x64; rv:84.0) Gecko/20100101 Firefox/84.0"
718a:47b:fb6:384a:cdc3:abef:afd9:5d62 - - [22/Jan/2021:06:36:49 +0000] "GET /json/messages/last?n=a&room=rfm HTTP/1.1" 304 0 "https://miaou.dystroy.org/3728" "Mozilla/5.0 (Windows NT 10.0; Win64; x64; rv:84.0) Gecko/20100101 Firefox/84.0"
718a:47b:fb6:384a:cdc3:abef:afd9:5d62 - - [22/Jan/2021:06:36:50 +0000] "GET /json/messages/last?n=a&room=a2fv HTTP/1.1" 200 1243 "https://miaou.dystroy.org/3728" "Mozilla/5.0 (Windows NT 10.0; Win64; x64; rv:84.0) Gecko/20100101 Firefox/84.0"
28.46.53.144 - - [22/Jan/2021:06:36:51 +0000] "GET /json/messages/last?n=a&room=2cmu HTTP/1.1" 304 0 "https://miaou.dystroy.org/3836" "Mozilla/5.0 (Windows NT 6.1; rv:84.0) Gecko/20100101 Firefox/84.0"
718a:47b:fb6:384a:cdc3:abef:afd9:5d62 - - [22/Jan/2021:06:36:51 +0000] "GET /socket.io/?EIO=y&transport=c0qucvma5&sid=kxg71p1jw3w9lcs6qde3 HTTP/1.1" 101 4081 "-" "Mozilla/5.0 (Windows NT 10.0; Win64; x64; rv:84.0) Gecko/20100101 Firefox/84.0"
718a:47b:fb6:384a:cdc3:abef:afd9:5d62 - - [22/Jan/2021:06:36:52 +0000] "GET /3823 HTTP/1.1" 200 5649 "https://miaou.dystroy.org/3728" "Mozilla/5.0 (Windows NT 10.0; Win64; x64; rv:84.0) Gecko/20100101 Firefox/84.0"
718a:47b:fb6:384a:cdc3:abef:afd9:5d62 - - [22/Jan/2021:06:36:52 +0000] "GET /socket.io/socket.io.js HTTP/1.1" 304 0 "https://miaou.dystroy.org/3823" "Mozilla/5.0 (Windows NT 10.0; Win64; x64; rv:84.0) Gecko/20100101 Firefox/84.0"
718a:47b:fb6:384a:cdc3:abef:afd9:5d62 - - [22/Jan/2021:06:36:52 +0000] "GET /socket.io/?EIO=y&transport=xkmoyoi&t=iy4piol HTTP/1.1" 200 99 "https://miaou.dystroy.org/3823" "Mozilla/5.0 (Windows NT 10.0; Win64; x64; rv:84.0) Gecko/20100101 Firefox/84.0"
718a:47b:fb6:384a:cdc3:abef:afd9:5d62 - - [22/Jan/2021:06:36:52 +0000] "GET /socket.io/?EIO=y&transport=xkmoyoi&t=m1kqsrp&sid=h6lfv5ss1c2cropifmau HTTP/1.1" 200 18 "https://miaou.dystroy.org/3823" "Mozilla/5.0 (Windows NT 10.0; Win64; x64; rv:84.0) Gecko/20100101 Firefox/84.0"
718a:47b:fb6:384a:cdc3:abef:afd9:5d62 - - [22/Jan/2021:06:36:52 +0000] "POST /socket.io/?EIO=y&transport=xkmoyoi&t=x4k4qyg&sid=h6lfv5ss1c2cropifmau HTTP/1.1" 200 2 "https://miaou.dystroy.org/3823" "Mozilla/5.0 (Windows NT 10.0; Win64; x64; rv:84.0) Gecko/20100101 Firefox/84.0"
718a:47b:fb6:384a:cdc3:abef:afd9:5d62 - - [22/Jan/2021:06:36:52 +0000] "GET /socket.io/?EIO=y&transport=xkmoyoi&t=aaqp5k6&sid=h6lfv5ss1c2cropifmau HTTP/1.1" 200 34 "https://miaou.dystroy.org/3823" "Mozilla/5.0 (Windows NT 10.0; Win64; x64; rv:84.0) Gecko/20100101 Firefox/84.0"
68.239.180.62 - - [22/Jan/2021:06:37:13 +0000] "GET /file-host/2103ed9238167ac853723e50.jpg HTTP/1.1" 200 572244 "http://fract.org/classement.php?quoi=cbt" "Mozilla/5.0 (Windows NT 10.0; Win64; x64; rv:84.0) Gecko/20100101 Firefox/84.0"
718a:47b:fb6:384a:cdc3:abef:afd9:5d62 - - [22/Jan/2021:06:37:16 +0000] "GET /publicProfile?user=xc1t&room=a2fv HTTP/1.1" 304 0 "https://miaou.dystroy.org/3823" "Mozilla/5.0 (Windows NT 10.0; Win64; x64; rv:84.0) Gecko/20100101 Firefox/84.0"
718a:47b:fb6:384a:cdc3:abef:afd9:5d62 - - [22/Jan/2021:06:37:32 +0000] "GET /json/messages/last?n=a&room=skbd HTTP/1.1" 200 1660 "https://miaou.dystroy.org/3823" "Mozilla/5.0 (Windows NT 10.0; Win64; x64; rv:84.0) Gecko/20100101 Firefox/84.0"
98.67.97.90 - - [22/Jan/2021:06:37:39 +0000] "GET /json/messages/last?n=a&room=i3yx HTTP/1.1" 200 2722 "https://miaou.dystroy.org/1556" "Mozilla/5.0 (Windows NT 10.0; Win64; x64; rv:84.0) Gecko/20100101 Firefox/84.0"
81.145.79.208 - - [22/Jan/2021:06:37:56 +0000] "GET /gogo/json?action=mf331j19fcfriv57h&asker=jbkbom&name=tj57i3ojvrteewtvcm3zh5eqgnnlbdi660fybenja6exdrgaip2eithwus&monsterId=syr5lk1 HTTP/1.1" 200 120 "https://games.mountyhall.com/" "Mozilla/5.0 (Windows NT 6.1) AppleWebKit/537.36 (KHTML, like Gecko) Chrome/87.0.4280.141 Safari/537.36"
81.145.79.208 - - [22/Jan/2021:06:37:57 +0000] "GET /gogo/json?action=mf331j19fcfriv57h&asker=jbkbom&name=nweqgy25zwgrneiefhr0vsxu8g5yysj486&monsterId=2f7rfx3 HTTP/1.1" 200 2751 "https://games.mountyhall.com/" "Mozilla/5.0 (Windows NT 6.1) AppleWebKit/537.36 (KHTML, like Gecko) Chrome/87.0.4280.141 Safari/537.36"
718a:47b:fb6:384a:cdc3:abef:afd9:5d62 - - [22/Jan/2021:06:38:06 +0000] "GET /json/messages/last?n=a&room=q88h HTTP/1.1" 200 1420 "https://miaou.dystroy.org/3823" "Mozilla/5.0 (Windows NT 10.0; Win64; x64; rv:84.0) Gecko/20100101 Firefox/84.0"
28.46.53.144 - - [22/Jan/2021:06:38:06 +0000] "GET /json/messages/last?n=a&room=a2fv HTTP/1.1" 200 1329 "https://miaou.dystroy.org/3836" "Mozilla/5.0 (Windows NT 6.1; rv:84.0) Gecko/20100101 Firefox/84.0"
40.205.208.119 - - [22/Jan/2021:06:38:10 +0000] "POST /sciz-webhook HTTP/1.1" 200 0 "-" "python-requests/2.21.0"
40.205.208.119 - - [22/Jan/2021:06:38:10 +0000] "POST /sciz-webhook HTTP/1.1" 200 0 "-" "python-requests/2.21.0"
175.87.115.82 - - [22/Jan/2021:06:38:28 +0000] "GET / HTTP/1.1" 200 2026 "-" "Reeder/4020.89.01 CFNetwork/1209 Darwin/20.2.0"
175.87.115.82 - - [22/Jan/2021:06:38:28 +0000] "HEAD /favicon.ico HTTP/1.1" 404 0 "-" "Reeder/4020.89.01 CFNetwork/1209 Darwin/20.2.0"
175.87.115.82 - - [22/Jan/2021:06:38:28 +0000] "HEAD /apple-touch-icon.png HTTP/1.1" 404 0 "-" "Reeder/4020.89.01 CFNetwork/1209 Darwin/20.2.0"
175.87.115.82 - - [22/Jan/2021:06:38:28 +0000] "HEAD /apple-touch-icon-precomposed.png HTTP/1.1" 404 0 "-" "Reeder/4020.89.01 CFNetwork/1209 Darwin/20.2.0"
28.46.53.144 - - [22/Jan/2021:06:38:32 +0000] "GET /json/messages/last?n=a&room=1qkt HTTP/1.1" 200 1525 "https://miaou.dystroy.org/3836" "Mozilla/5.0 (Windows NT 6.1; rv:84.0) Gecko/20100101 Firefox/84.0"
28.46.53.144 - - [22/Jan/2021:06:38:32 +0000] "GET /json/messages/last?n=a&room=2cmu HTTP/1.1" 200 1169 "https://miaou.dystroy.org/3836" "Mozilla/5.0 (Windows NT 6.1; rv:84.0) Gecko/20100101 Firefox/84.0"
28.46.53.144 - - [22/Jan/2021:06:38:33 +0000] "GET /file-host/d9cacfd69a88c703ad117e79.png HTTP/1.1" 200 32212 "https://miaou.dystroy.org/3836" "Mozilla/5.0 (Windows NT 6.1; rv:84.0) Gecko/20100101 Firefox/84.0"
c970:3132:69f:b644:335a:b25b:0228:78d8 - - [22/Jan/2021:06:38:45 +0000] "GET /file-host/0b96bb6ecb14d814a59bc7ba.png HTTP/1.1" 200 413 "https://www.kigard.fr/" "Mozilla/5.0 (iPhone; CPU iPhone OS 14_3 like Mac OS X) AppleWebKit/605.1.15 (KHTML, like Gecko) Version/14.0.2 Mobile/15E148 Safari/604.1"
28.46.53.144 - - [22/Jan/2021:06:38:54 +0000] "GET /json/messages/last?n=a&room=6j7g HTTP/1.1" 304 0 "https://miaou.dystroy.org/3836" "Mozilla/5.0 (Windows NT 6.1; rv:84.0) Gecko/20100101 Firefox/84.0"
98.67.97.90 - - [22/Jan/2021:06:39:03 +0000] "GET /json/messages/last?n=a&room=3tdx HTTP/1.1" 200 1332 "https://miaou.dystroy.org/1556" "Mozilla/5.0 (Windows NT 10.0; Win64; x64; rv:84.0) Gecko/20100101 Firefox/84.0"
98.67.97.90 - - [22/Jan/2021:06:39:04 +0000] "GET /json/messages/last?n=a&room=a2fv HTTP/1.1" 200 1329 "https://miaou.dystroy.org/1556" "Mozilla/5.0 (Windows NT 10.0; Win64; x64; rv:84.0) Gecko/20100101 Firefox/84.0"
98.67.97.90 - - [22/Jan/2021:06:39:05 +0000] "GET /socket.io/?EIO=y&transport=c0qucvma5&sid=psn3idnuv52qdzzizvbr HTTP/1.1" 101 16810 "-" "Mozilla/5.0 (Windows NT 10.0; Win64; x64; rv:84.0) Gecko/20100101 Firefox/84.0"
98.67.97.90 - - [22/Jan/2021:06:39:05 +0000] "GET /3823 HTTP/1.1" 200 5700 "https://miaou.dystroy.org/1556" "Mozilla/5.0 (Windows NT 10.0; Win64; x64; rv:84.0) Gecko/20100101 Firefox/84.0"
98.67.97.90 - - [22/Jan/2021:06:39:05 +0000] "GET /socket.io/socket.io.js HTTP/1.1" 200 68739 "https://miaou.dystroy.org/3823" "Mozilla/5.0 (Windows NT 10.0; Win64; x64; rv:84.0) Gecko/20100101 Firefox/84.0"
98.67.97.90 - - [22/Jan/2021:06:39:06 +0000] "GET /socket.io/?EIO=y&transport=xkmoyoi&t=j8nbkts HTTP/1.1" 200 99 "https://miaou.dystroy.org/3823" "Mozilla/5.0 (Windows NT 10.0; Win64; x64; rv:84.0) Gecko/20100101 Firefox/84.0"
98.67.97.90 - - [22/Jan/2021:06:39:06 +0000] "GET /socket.io/?EIO=y&transport=xkmoyoi&t=sbfzr0p&sid=0sz3uoj130imz7rx6n0g HTTP/1.1" 200 18 "https://miaou.dystroy.org/3823" "Mozilla/5.0 (Windows NT 10.0; Win64; x64; rv:84.0) Gecko/20100101 Firefox/84.0"
98.67.97.90 - - [22/Jan/2021:06:39:06 +0000] "POST /socket.io/?EIO=y&transport=xkmoyoi&t=dvg1ebd&sid=0sz3uoj130imz7rx6n0g HTTP/1.1" 200 2 "https://miaou.dystroy.org/3823" "Mozilla/5.0 (Windows NT 10.0; Win64; x64; rv:84.0) Gecko/20100101 Firefox/84.0"
