77.223.140.69 - - [22/Jan/2021:05:53:33 +0000] "POST /socket.io/?EIO=y&transport=xkmoyoi&t=hbt41am&sid=b9nsrcw0uwfiw4fnfffq HTTP/1.1" 200 2 "https://miaou.dystroy.org/3" "Mozilla/5.0 (Linux; Android 10; Redmi Note 7) AppleWebKit/537.36 (KHTML, like Gecko) Chrome/87.0.4280.101 Mobile Safari/537.36"
77.223.140.69 - - [22/Jan/2021:05:53:33 +0000] "GET /socket.io/?EIO=y&transport=xkmoyoi&t=17vqkpu&sid=b9nsrcw0uwfiw4fnfffq HTTP/1.1" 200 4558 "https://miaou.dystroy.org/3" "Mozilla/5.0 (Linux; Android 10; Redmi Note 7) AppleWebKit/537.36 (KHTML, like Gecko) Chrome/87.0.4280.101 Mobile Safari/537.36"
77.223.140.69 - - [22/Jan/2021:05:53:34 +0000] "GET /socket.io/socket.io.js HTTP/1.1" 304 0 "https://miaou.dystroy.org/1556" "Mozilla/5.0 (Linux; Android 10; Redmi Note 7) AppleWebKit/537.36 (KHTML, like Gecko) Chrome/87.0.4280.101 Mobile Safari/537.36"
77.223.140.69 - - [22/Jan/2021:05:53:38 +0000] "GET /socket.io/?EIO=y&transport=xkmoyoi&t=8lek39b HTTP/1.1" 200 99 "https://miaou.dystroy.org/1556" "Mozilla/5.0 (Linux; Android 10; Redmi Note 7) AppleWebKit/537.36 (KHTML, like Gecko) Chrome/87.0.4280.101 Mobile Safari/537.36"
77.223.140.69 - - [22/Jan/2021:05:53:39 +0000] "GET /socket.io/?EIO=y&transport=xkmoyoi&t=hfsjvod&sid=sfpzhr5tnv248odew57y HTTP/1.1" 200 18 "https://miaou.dystroy.org/1556" "Mozilla/5.0 (Linux; Android 10; Redmi Note 7) AppleWebKit/537.36 (KHTML, like Gecko) Chrome/87.0.4280.101 Mobile Safari/537.36"
77.223.140.69 - - [22/Jan/2021:05:53:39 +0000] "POST /socket.io/?EIO=y&transport=xkmoyoi&t=v4v3xrx&sid=sfpzhr5tnv248odew57y HTTP/1.1" 200 2 "https://miaou.dystroy.org/1556" "Mozilla/5.0 (Linux; Android 10; Redmi Note 7) AppleWebKit/537.36 (KHTML, like Gecko) Chrome/87.0.4280.101 Mobile Safari/537.36"
77.223.140.69 - - [22/Jan/2021:05:53:39 +0000] "GET /socket.io/?EIO=y&transport=xkmoyoi&t=dn7arwr&sid=sfpzhr5tnv248odew57y HTTP/1.1" 200 34 "https://miaou.dystroy.org/1556" "Mozilla/5.0 (Linux; Android 10; Redmi Note 7) AppleWebKit/537.36 (KHTML, like Gecko) Chrome/87.0.4280.101 Mobile Safari/537.36"
77.223.140.69 - - [22/Jan/2021:05:53:39 +0000] "GET /socket.io/?EIO=y&transport=xkmoyoi&t=y28ya30&sid=sfpzhr5tnv248odew57y HTTP/1.1" 200 5737 "https://miaou.dystroy.org/1556" "Mozilla/5.0 (Linux; Android 10; Redmi Note 7) AppleWebKit/537.36 (KHTML, like Gecko) Chrome/87.0.4280.101 Mobile Safari/537.36"
3d3e:146:e80:a702:e33b:e996:2ec9:1bbe - - [22/Jan/2021:05:53:39 +0000] "GET /gogo/json?action=7c1uz2f9flrxff&TrollId=13nngr&ChrallVersion=9tku HTTP/1.1" 200 65 "https://games.mountyhall.com/" "Mozilla/5.0 (Macintosh; Intel Mac OS X 10_13_6) AppleWebKit/537.36 (KHTML, like Gecko) Chrome/87.0.4280.141 Safari/537.36"
4c2b:0f62:5f5a:e405:425d:06f1:d12b:f9c7 - - [22/Jan/2021:05:53:41 +0000] "GET /socket.io/?EIO=y&transport=c0qucvma5&sid=s4bpkf0wx4151zqjlzle HTTP/1.1" 101 608 "-" "Mozilla/5.0 (Android 10; Mobile; rv:84.0) Gecko/84.0 Firefox/84.0"
4c2b:0f62:5f5a:e405:425d:06f1:d12b:f9c7 - - [22/Jan/2021:05:53:41 +0000] "GET /3 HTTP/1.1" 200 4891 "https://miaou.dystroy.org/458" "Mozilla/5.0 (Android 10; Mobile; rv:84.0) Gecko/84.0 Firefox/84.0"
4c2b:0f62:5f5a:e405:425d:06f1:d12b:f9c7 - - [22/Jan/2021:05:53:41 +0000] "GET /socket.io/socket.io.js HTTP/1.1" 304 0 "https://miaou.dystroy.org/3" "Mozilla/5.0 (Android 10; Mobile; rv:84.0) Gecko/84.0 Firefox/84.0"
77.223.140.69 - - [22/Jan/2021:05:53:42 +0000] "GET /sw.js?v=jq HTTP/1.1" 304 0 "https://miaou.dystroy.org/sw.js?v=33" "Mozilla/5.0 (Linux; Android 10; Redmi Note 7) AppleWebKit/537.36 (KHTML, like Gecko) Chrome/87.0.4280.101 Mobile Safari/537.36"
4c2b:0f62:5f5a:e405:425d:06f1:d12b:f9c7 - - [22/Jan/2021:05:53:45 +0000] "GET /socket.io/?EIO=y&transport=xkmoyoi&t=sd6h7rm HTTP/1.1" 200 99 "https://miaou.dystroy.org/3" "Mozilla/5.0 (Android 10; Mobile; rv:84.0) Gecko/84.0 Firefox/84.0"
4c2b:0f62:5f5a:e405:425d:06f1:d12b:f9c7 - - [22/Jan/2021:05:53:46 +0000] "GET /socket.io/?EIO=y&transport=xkmoyoi&t=03r0qxx&sid=vxxc7gby76g0botymp9h HTTP/1.1" 200 18 "https://miaou.dystroy.org/3" "Mozilla/5.0 (Android 10; Mobile; rv:84.0) Gecko/84.0 Firefox/84.0"
4c2b:0f62:5f5a:e405:425d:06f1:d12b:f9c7 - - [22/Jan/2021:05:53:46 +0000] "POST /socket.io/?EIO=y&transport=xkmoyoi&t=d6iqfzk&sid=vxxc7gby76g0botymp9h HTTP/1.1" 200 2 "https://miaou.dystroy.org/3" "Mozilla/5.0 (Android 10; Mobile; rv:84.0) Gecko/84.0 Firefox/84.0"
4c2b:0f62:5f5a:e405:425d:06f1:d12b:f9c7 - - [22/Jan/2021:05:53:46 +0000] "GET /socket.io/?EIO=y&transport=xkmoyoi&t=kesrg78&sid=vxxc7gby76g0botymp9h HTTP/1.1" 200 34 "https://miaou.dystroy.org/3" "Mozilla/5.0 (Android 10; Mobile; rv:84.0) Gecko/84.0 Firefox/84.0"
4c2b:0f62:5f5a:e405:425d:06f1:d12b:f9c7 - - [22/Jan/2021:05:53:46 +0000] "GET /socket.io/?EIO=y&transport=xkmoyoi&t=2a6o6ts&sid=vxxc7gby76g0botymp9h HTTP/1.1" 200 4583 "https://miaou.dystroy.org/3" "Mozilla/5.0 (Android 10; Mobile; rv:84.0) Gecko/84.0 Firefox/84.0"
64.184.110.150 - - [22/Jan/2021:05:54:12 +0000] "GET /JSON.prune/JSON.prune.js?_=p5l50m7swyofc HTTP/1.1" 200 5188 "https://schema02.esabora.solutions/" "Mozilla/5.0 (Windows NT 6.3; Win64; x64) AppleWebKit/537.36 (KHTML, like Gecko) Chrome/87.0.4280.141 Safari/537.36"
40.205.208.119 - - [22/Jan/2021:05:54:18 +0000] "POST /sciz-webhook HTTP/1.1" 200 0 "-" "python-requests/2.21.0"
40.205.208.119 - - [22/Jan/2021:05:54:18 +0000] "POST /sciz-webhook HTTP/1.1" 200 0 "-" "python-requests/2.21.0"
40.205.208.119 - - [22/Jan/2021:05:54:18 +0000] "POST /sciz-webhook HTTP/1.1" 200 0 "-" "python-requests/2.21.0"
40.205.208.119 - - [22/Jan/2021:05:54:18 +0000] "POST /sciz-webhook HTTP/1.1" 200 0 "-" "python-requests/2.21.0"
4c2b:0f62:5f5a:e405:425d:06f1:d12b:f9c7 - - [22/Jan/2021:05:54:19 +0000] "GET /socket.io/?EIO=y&transport=c0qucvma5&sid=vxxc7gby76g0botymp9h HTTP/1.1" 101 438 "-" "Mozilla/5.0 (Android 10; Mobile; rv:84.0) Gecko/84.0 Firefox/84.0"
97.176.38.253 - - [22/Jan/2021:05:54:46 +0000] "GET /file-host/f82231e6687f52ff8ca3aca0.png HTTP/1.1" 200 171395 "-" "Slack-ImgProxy (+https://api.slack.com/robots)"
81.66.83.245 - - [22/Jan/2021:05:55:45 +0000] "GET /blog/atom.xml HTTP/1.1" 304 0 "-" "NetNewsWire (RSS Reader; https://ranchero.com/netnewswire/)"
15.207.150.235 - - [22/Jan/2021:05:55:48 +0000] "GET /JSON.prune/JSON.prune.js?_=zjeqzymgioudg HTTP/1.1" 200 5188 "https://schema01.esabora.solutions/" "Mozilla/5.0 (Macintosh; Intel Mac OS X 10_15_6) AppleWebKit/537.36 (KHTML, like Gecko) Chrome/87.0.4280.141 Safari/537.36"
d0b7:42a:320:06fd:4de:d24f:aa42:3d64 - - [22/Jan/2021:05:56:08 +0000] "GET /gogo/json?action=mf331j19fcfriv57h&asker=candl&name=ucwyy9k9tr7u3ba22xh1srlw5977h2ewx8acwho&monsterId=92qk4tv HTTP/1.1" 200 2746 "https://games.mountyhall.com/" "Mozilla/5.0 (Windows NT 6.3; Win64; x64) AppleWebKit/537.36 (KHTML, like Gecko) Chrome/87.0.4280.141 Safari/537.36"
d0b7:42a:320:06fd:4de:d24f:aa42:3d64 - - [22/Jan/2021:05:56:08 +0000] "GET /gogo/json?action=mf331j19fcfriv57h&asker=candl&name=xnk9gwt8kldeuzywp9yb&monsterId=0zjdxqa HTTP/1.1" 200 2442 "https://games.mountyhall.com/" "Mozilla/5.0 (Windows NT 6.3; Win64; x64) AppleWebKit/537.36 (KHTML, like Gecko) Chrome/87.0.4280.141 Safari/537.36"
d0b7:42a:320:06fd:4de:d24f:aa42:3d64 - - [22/Jan/2021:05:56:08 +0000] "GET /gogo/json?action=mf331j19fcfriv57h&asker=candl&name=28xrfsscnx8n2i1g84re7amisqki945fu&monsterId=6jpjsfz HTTP/1.1" 200 2731 "https://games.mountyhall.com/" "Mozilla/5.0 (Windows NT 6.3; Win64; x64) AppleWebKit/537.36 (KHTML, like Gecko) Chrome/87.0.4280.141 Safari/537.36"
d0b7:42a:320:06fd:4de:d24f:aa42:3d64 - - [22/Jan/2021:05:56:08 +0000] "GET /gogo/json?action=mf331j19fcfriv57h&asker=candl&name=uclsxkyjqktjrseb6yono11dakm56mu5bvtieulpji5&monsterId=dm84xm5 HTTP/1.1" 200 2732 "https://games.mountyhall.com/" "Mozilla/5.0 (Windows NT 6.3; Win64; x64) AppleWebKit/537.36 (KHTML, like Gecko) Chrome/87.0.4280.141 Safari/537.36"
d0b7:42a:320:06fd:4de:d24f:aa42:3d64 - - [22/Jan/2021:05:56:10 +0000] "GET /gogo/json?action=mf331j19fcfriv57h&asker=candl&name=udh2llkbsivjqu7jb00vi4t2qkb&monsterId=kgksp01 HTTP/1.1" 200 1906 "https://games.mountyhall.com/" "Mozilla/5.0 (Windows NT 6.3; Win64; x64) AppleWebKit/537.36 (KHTML, like Gecko) Chrome/87.0.4280.141 Safari/537.36"
d0b7:42a:320:06fd:4de:d24f:aa42:3d64 - - [22/Jan/2021:05:56:10 +0000] "GET /gogo/json?action=bgc6r5eeshp5nu&asker=candl&trollId=8cr71b HTTP/1.1" 200 85 "https://games.mountyhall.com/" "Mozilla/5.0 (Windows NT 6.3; Win64; x64) AppleWebKit/537.36 (KHTML, like Gecko) Chrome/87.0.4280.141 Safari/537.36"
d0b7:42a:320:06fd:4de:d24f:aa42:3d64 - - [22/Jan/2021:05:56:10 +0000] "GET /gogo/json?action=bgc6r5eeshp5nu&asker=candl&trollId=hxo6rn HTTP/1.1" 200 85 "https://games.mountyhall.com/" "Mozilla/5.0 (Windows NT 6.3; Win64; x64) AppleWebKit/537.36 (KHTML, like Gecko) Chrome/87.0.4280.141 Safari/537.36"
d0b7:42a:320:06fd:4de:d24f:aa42:3d64 - - [22/Jan/2021:05:56:10 +0000] "GET /gogo/json?action=bgc6r5eeshp5nu&asker=candl&trollId=gnvpul HTTP/1.1" 200 85 "https://games.mountyhall.com/" "Mozilla/5.0 (Windows NT 6.3; Win64; x64) AppleWebKit/537.36 (KHTML, like Gecko) Chrome/87.0.4280.141 Safari/537.36"
d0b7:42a:320:06fd:4de:d24f:aa42:3d64 - - [22/Jan/2021:05:56:15 +0000] "GET /gogo/json?action=mf331j19fcfriv57h&name=uclsxkyjqktjrseb6yono11dakm56mu5bvtieulpji5&monsterId=0ttt53zmf HTTP/1.1" 200 2732 "https://games.mountyhall.com/" "Mozilla/5.0 (Windows NT 6.3; Win64; x64) AppleWebKit/537.36 (KHTML, like Gecko) Chrome/87.0.4280.141 Safari/537.36"
d0b7:42a:320:06fd:4de:d24f:aa42:3d64 - - [22/Jan/2021:05:56:15 +0000] "GET /gogo/json?action=mf331j19fcfriv57h&name=uclsxkyjqktjrseb6yono11dakm56mu5bvtieulpji5&monsterId=0ttt53zmf HTTP/1.1" 200 2732 "https://games.mountyhall.com/" "Mozilla/5.0 (Windows NT 6.3; Win64; x64) AppleWebKit/537.36 (KHTML, like Gecko) Chrome/87.0.4280.141 Safari/537.36"
d0b7:42a:320:06fd:4de:d24f:aa42:3d64 - - [22/Jan/2021:05:56:20 +0000] "GET /gogo/json?action=mf331j19fcfriv57h&name=uclsxkyjqktjrseb6yono11dakm56mu5bvtieulpji5&monsterId=0ttt53zmf HTTP/1.1" 200 2732 "https://games.mountyhall.com/" "Mozilla/5.0 (Windows NT 6.3; Win64; x64) AppleWebKit/537.36 (KHTML, like Gecko) Chrome/87.0.4280.141 Safari/537.36"
d0b7:42a:320:06fd:4de:d24f:aa42:3d64 - - [22/Jan/2021:05:56:20 +0000] "GET /gogo/json?action=mf331j19fcfriv57h&name=uclsxkyjqktjrseb6yono11dakm56mu5bvtieulpji5&monsterId=0ttt53zmf HTTP/1.1" 200 2732 "https://games.mountyhall.com/" "Mozilla/5.0 (Windows NT 6.3; Win64; x64) AppleWebKit/537.36 (KHTML, like Gecko) Chrome/87.0.4280.141 Safari/537.36"
11.238.29.244 - - [22/Jan/2021:05:56:22 +0000] "GET /fondDante3.jpg HTTP/1.1" 200 44637 "https://games.mountyhall.com/" "Mozilla/5.0 (Windows NT 10.0; Win64; x64) AppleWebKit/537.36 (KHTML, like Gecko) Chrome/87.0.4280.141 Safari/537.36"
d0b7:42a:320:06fd:4de:d24f:aa42:3d64 - - [22/Jan/2021:05:56:22 +0000] "GET /gogo/json?action=bgc6r5eeshp5nu&asker=candl&trollId=swhxq HTTP/1.1" 200 84 "https://games.mountyhall.com/" "Mozilla/5.0 (Windows NT 6.3; Win64; x64) AppleWebKit/537.36 (KHTML, like Gecko) Chrome/87.0.4280.141 Safari/537.36"
d0b7:42a:320:06fd:4de:d24f:aa42:3d64 - - [22/Jan/2021:05:56:22 +0000] "GET /gogo/json?action=mf331j19fcfriv57h&asker=candl&name=ckbn5nhcabjbxb7qxdc6iv&monsterId=7ec9lmg HTTP/1.1" 200 2456 "https://games.mountyhall.com/" "Mozilla/5.0 (Windows NT 6.3; Win64; x64) AppleWebKit/537.36 (KHTML, like Gecko) Chrome/87.0.4280.141 Safari/537.36"
d0b7:42a:320:06fd:4de:d24f:aa42:3d64 - - [22/Jan/2021:05:56:22 +0000] "GET /gogo/json?action=bgc6r5eeshp5nu&asker=candl&trollId=gnvpul HTTP/1.1" 200 85 "https://games.mountyhall.com/" "Mozilla/5.0 (Windows NT 6.3; Win64; x64) AppleWebKit/537.36 (KHTML, like Gecko) Chrome/87.0.4280.141 Safari/537.36"
d0b7:42a:320:06fd:4de:d24f:aa42:3d64 - - [22/Jan/2021:05:56:22 +0000] "GET /gogo/json?action=bgc6r5eeshp5nu&asker=candl&trollId=hxo6rn HTTP/1.1" 200 85 "https://games.mountyhall.com/" "Mozilla/5.0 (Windows NT 6.3; Win64; x64) AppleWebKit/537.36 (KHTML, like Gecko) Chrome/87.0.4280.141 Safari/537.36"
d0b7:42a:320:06fd:4de:d24f:aa42:3d64 - - [22/Jan/2021:05:56:23 +0000] "GET /gogo/json?action=bgc6r5eeshp5nu&asker=candl&trollId=8cr71b HTTP/1.1" 200 85 "https://games.mountyhall.com/" "Mozilla/5.0 (Windows NT 6.3; Win64; x64) AppleWebKit/537.36 (KHTML, like Gecko) Chrome/87.0.4280.141 Safari/537.36"
d0b7:42a:320:06fd:4de:d24f:aa42:3d64 - - [22/Jan/2021:05:56:24 +0000] "GET /gogo/json?action=mf331j19fcfriv57h&asker=candl&name=28xrfsscnx8n2i1g84re7amisqki945fu&monsterId=6jpjsfz HTTP/1.1" 200 2731 "https://games.mountyhall.com/" "Mozilla/5.0 (Windows NT 6.3; Win64; x64) AppleWebKit/537.36 (KHTML, like Gecko) Chrome/87.0.4280.141 Safari/537.36"
d0b7:42a:320:06fd:4de:d24f:aa42:3d64 - - [22/Jan/2021:05:56:26 +0000] "GET /gogo/json?action=mf331j19fcfriv57h&asker=candl&name=ckbn5nhcabjbxb7qxdc6iv&monsterId=7ec9lmg HTTP/1.1" 200 2456 "https://games.mountyhall.com/" "Mozilla/5.0 (Windows NT 6.3; Win64; x64) AppleWebKit/537.36 (KHTML, like Gecko) Chrome/87.0.4280.141 Safari/537.36"
d0b7:42a:320:06fd:4de:d24f:aa42:3d64 - - [22/Jan/2021:05:56:38 +0000] "GET /gogo/json?action=mf331j19fcfriv57h&asker=candl&name=ucwyy9k9tr7u3ba22xh1srlw5977h2ewx8acwho&monsterId=92qk4tv HTTP/1.1" 200 2746 "https://games.mountyhall.com/" "Mozilla/5.0 (Windows NT 6.3; Win64; x64) AppleWebKit/537.36 (KHTML, like Gecko) Chrome/87.0.4280.141 Safari/537.36"
6.6.8.21 - - [22/Jan/2021:05:56:38 +0000] "GET /JSON.prune/JSON.prune.js?_=msoes63o6t7si HTTP/1.1" 200 5188 "https://schema02.esabora.solutions/" "Mozilla/5.0 (Windows NT 10.0; Win64; x64) AppleWebKit/537.36 (KHTML, like Gecko) Chrome/87.0.4280.141 Safari/537.36"
d0b7:42a:320:06fd:4de:d24f:aa42:3d64 - - [22/Jan/2021:05:56:39 +0000] "GET /gogo/json?action=mf331j19fcfriv57h&asker=candl&name=ucwyy9k9tr7u3ba22xh1srlw5977h2ewx8acwho&monsterId=92qk4tv HTTP/1.1" 200 2746 "https://games.mountyhall.com/" "Mozilla/5.0 (Windows NT 6.3; Win64; x64) AppleWebKit/537.36 (KHTML, like Gecko) Chrome/87.0.4280.141 Safari/537.36"
91.110.189.249 - - [22/Jan/2021:05:56:41 +0000] "HEAD / HTTP/1.1" 301 0 "http://www.dystroy.org" "Mozilla/5.0+(compatible; UptimeRobot/2.0; http://www.uptimerobot.com/)"
91.110.189.249 - - [22/Jan/2021:05:56:41 +0000] "HEAD / HTTP/1.1" 200 0 "http://www.dystroy.org" "Mozilla/5.0+(compatible; UptimeRobot/2.0; http://www.uptimerobot.com/)"
b36f:8ac7:d48:7bd1:13b6:1048:5ff3:0b9c - - [22/Jan/2021:05:57:00 +0000] "GET /json/messages/last?n=a&room=udgu HTTP/1.1" 200 1495 "https://miaou.dystroy.org/1616" "Mozilla/5.0 (X11; Linux x86_64; rv:78.0) Gecko/20100101 Firefox/78.0"
d0b7:42a:320:06fd:4de:d24f:aa42:3d64 - - [22/Jan/2021:05:57:15 +0000] "GET /gogo/json?action=mf331j19fcfriv57h&asker=candl&name=71fa3b3jrr2v0u4qtxkwr59nougsxw33ozqrf9qyirs4&monsterId=qsfl39b HTTP/1.1" 200 104 "https://games.mountyhall.com/" "Mozilla/5.0 (Windows NT 6.3; Win64; x64) AppleWebKit/537.36 (KHTML, like Gecko) Chrome/87.0.4280.141 Safari/537.36"
d0b7:42a:320:06fd:4de:d24f:aa42:3d64 - - [22/Jan/2021:05:57:15 +0000] "GET /gogo/json?action=bgc6r5eeshp5nu&asker=candl&trollId=ajzs HTTP/1.1" 200 83 "https://games.mountyhall.com/" "Mozilla/5.0 (Windows NT 6.3; Win64; x64) AppleWebKit/537.36 (KHTML, like Gecko) Chrome/87.0.4280.141 Safari/537.36"
d0b7:42a:320:06fd:4de:d24f:aa42:3d64 - - [22/Jan/2021:05:57:15 +0000] "GET /gogo/json?action=mf331j19fcfriv57h&asker=candl&name=71fa3b3jrr2v0u4qtxkwr59nougsxw33ozqrf9qyirs4&monsterId=i0rcoc0 HTTP/1.1" 200 104 "https://games.mountyhall.com/" "Mozilla/5.0 (Windows NT 6.3; Win64; x64) AppleWebKit/537.36 (KHTML, like Gecko) Chrome/87.0.4280.141 Safari/537.36"
d0b7:42a:320:06fd:4de:d24f:aa42:3d64 - - [22/Jan/2021:05:57:17 +0000] "GET /gogo/json?action=mf331j19fcfriv57h&asker=candl&name=71fa3b3jrr2v0u4qtxkwr59nougsxw33ozqrf9qyirs4&monsterId=iwu3yx HTTP/1.1" 200 104 "https://games.mountyhall.com/" "Mozilla/5.0 (Windows NT 6.3; Win64; x64) AppleWebKit/537.36 (KHTML, like Gecko) Chrome/87.0.4280.141 Safari/537.36"
d0b7:42a:320:06fd:4de:d24f:aa42:3d64 - - [22/Jan/2021:05:57:23 +0000] "GET /gogo/json?action=mf331j19fcfriv57h&asker=candl&name=71fa3b3jrr2v0u4qtxkwr59nougsxw33ozqrf9qyirs4&monsterId=iwu3yx HTTP/1.1" 200 104 "https://games.mountyhall.com/" "Mozilla/5.0 (Windows NT 6.3; Win64; x64) AppleWebKit/537.36 (KHTML, like Gecko) Chrome/87.0.4280.141 Safari/537.36"
d0b7:42a:320:06fd:4de:d24f:aa42:3d64 - - [22/Jan/2021:05:57:23 +0000] "GET /gogo/json?action=mf331j19fcfriv57h&asker=candl&name=71fa3b3jrr2v0u4qtxkwr59nougsxw33ozqrf9qyirs4&monsterId=1epj7xd HTTP/1.1" 200 104 "https://games.mountyhall.com/" "Mozilla/5.0 (Windows NT 6.3; Win64; x64) AppleWebKit/537.36 (KHTML, like Gecko) Chrome/87.0.4280.141 Safari/537.36"
40.205.208.119 - - [22/Jan/2021:05:57:27 +0000] "POST /sciz-webhook HTTP/1.1" 200 0 "-" "python-requests/2.21.0"
11.238.29.244 - - [22/Jan/2021:05:57:32 +0000] "GET /gogo/json?action=7c1uz2f9flrxff&TrollId=m3ev1&ChrallVersion=9tku HTTP/1.1" 200 65 "https://games.mountyhall.com/" "Mozilla/5.0 (Windows NT 10.0; Win64; x64) AppleWebKit/537.36 (KHTML, like Gecko) Chrome/87.0.4280.141 Safari/537.36"
196.127.44.13 - - [22/Jan/2021:05:57:36 +0000] "GET /gogo/json?action=mf331j19fcfriv57h&asker=twy7d&name=71fa3b3jrr2v0u4qtxkwr59nougsxw33ozqrf9qyirs4&monsterId=mf86zg0 HTTP/1.1" 200 104 "https://games.mountyhall.com/" "Mozilla/5.0 (Windows NT 10.0; Win64; x64) AppleWebKit/537.36 (KHTML, like Gecko) Chrome/87.0.4280.141 Safari/537.36"
196.127.44.13 - - [22/Jan/2021:05:57:36 +0000] "GET /gogo/json?action=mf331j19fcfriv57h&asker=twy7d&name=fni4c0po4pzm6rgo6968uons2jxl73507d8xtfggu9s3j0&monsterId=3fm0zrq HTTP/1.1" 200 2799 "https://games.mountyhall.com/" "Mozilla/5.0 (Windows NT 10.0; Win64; x64) AppleWebKit/537.36 (KHTML, like Gecko) Chrome/87.0.4280.141 Safari/537.36"
d0b7:42a:320:06fd:4de:d24f:aa42:3d64 - - [22/Jan/2021:05:57:37 +0000] "GET /gogo/json?action=mf331j19fcfriv57h&asker=candl&name=71fa3b3jrr2v0u4qtxkwr59nougsxw33ozqrf9qyirs4&monsterId=1epj7xd HTTP/1.1" 200 104 "https://games.mountyhall.com/" "Mozilla/5.0 (Windows NT 6.3; Win64; x64) AppleWebKit/537.36 (KHTML, like Gecko) Chrome/87.0.4280.141 Safari/537.36"
d0b7:42a:320:06fd:4de:d24f:aa42:3d64 - - [22/Jan/2021:05:57:37 +0000] "GET /gogo/json?action=mf331j19fcfriv57h&asker=candl&name=71fa3b3jrr2v0u4qtxkwr59nougsxw33ozqrf9qyirs4&monsterId=iwu3yx HTTP/1.1" 200 104 "https://games.mountyhall.com/" "Mozilla/5.0 (Windows NT 6.3; Win64; x64) AppleWebKit/537.36 (KHTML, like Gecko) Chrome/87.0.4280.141 Safari/537.36"
d0b7:42a:320:06fd:4de:d24f:aa42:3d64 - - [22/Jan/2021:05:57:37 +0000] "GET /gogo/json?action=mf331j19fcfriv57h&asker=candl&name=71fa3b3jrr2v0u4qtxkwr59nougsxw33ozqrf9qyirs4&monsterId=6uhg79 HTTP/1.1" 200 104 "https://games.mountyhall.com/" "Mozilla/5.0 (Windows NT 6.3; Win64; x64) AppleWebKit/537.36 (KHTML, like Gecko) Chrome/87.0.4280.141 Safari/537.36"
d0b7:42a:320:06fd:4de:d24f:aa42:3d64 - - [22/Jan/2021:05:57:37 +0000] "GET /gogo/json?action=mf331j19fcfriv57h&asker=candl&name=71fa3b3jrr2v0u4qtxkwr59nougsxw33ozqrf9qyirs4&monsterId=fa64trz HTTP/1.1" 200 104 "https://games.mountyhall.com/" "Mozilla/5.0 (Windows NT 6.3; Win64; x64) AppleWebKit/537.36 (KHTML, like Gecko) Chrome/87.0.4280.141 Safari/537.36"
d0b7:42a:320:06fd:4de:d24f:aa42:3d64 - - [22/Jan/2021:05:57:38 +0000] "GET /gogo/json?action=mf331j19fcfriv57h&asker=candl&name=71fa3b3jrr2v0u4qtxkwr59nougsxw33ozqrf9qyirs4&monsterId=6uhg79 HTTP/1.1" 200 104 "https://games.mountyhall.com/" "Mozilla/5.0 (Windows NT 6.3; Win64; x64) AppleWebKit/537.36 (KHTML, like Gecko) Chrome/87.0.4280.141 Safari/537.36"
d0b7:42a:320:06fd:4de:d24f:aa42:3d64 - - [22/Jan/2021:05:57:39 +0000] "GET /gogo/json?action=mf331j19fcfriv57h&asker=candl&name=71fa3b3jrr2v0u4qtxkwr59nougsxw33ozqrf9qyirs4&monsterId=iwu3yx HTTP/1.1" 200 104 "https://games.mountyhall.com/" "Mozilla/5.0 (Windows NT 6.3; Win64; x64) AppleWebKit/537.36 (KHTML, like Gecko) Chrome/87.0.4280.141 Safari/537.36"
d0b7:42a:320:06fd:4de:d24f:aa42:3d64 - - [22/Jan/2021:05:57:41 +0000] "GET /gogo/json?action=mf331j19fcfriv57h&asker=candl&name=71fa3b3jrr2v0u4qtxkwr59nougsxw33ozqrf9qyirs4&monsterId=1epj7xd HTTP/1.1" 200 104 "https://games.mountyhall.com/" "Mozilla/5.0 (Windows NT 6.3; Win64; x64) AppleWebKit/537.36 (KHTML, like Gecko) Chrome/87.0.4280.141 Safari/537.36"
d0b7:42a:320:06fd:4de:d24f:aa42:3d64 - - [22/Jan/2021:05:57:42 +0000] "GET /gogo/json?action=mf331j19fcfriv57h&asker=candl&name=71fa3b3jrr2v0u4qtxkwr59nougsxw33ozqrf9qyirs4&monsterId=qsfl39b HTTP/1.1" 200 104 "https://games.mountyhall.com/" "Mozilla/5.0 (Windows NT 6.3; Win64; x64) AppleWebKit/537.36 (KHTML, like Gecko) Chrome/87.0.4280.141 Safari/537.36"
d0b7:42a:320:06fd:4de:d24f:aa42:3d64 - - [22/Jan/2021:05:57:44 +0000] "GET /gogo/json?action=mf331j19fcfriv57h&asker=candl&name=4jy7z7noi0dsoxdtmzc6qdxr7plze3x96fx3tbe2sk0nb3z7c42cz4xr&monsterId=ovz2d3z HTTP/1.1" 200 114 "https://games.mountyhall.com/" "Mozilla/5.0 (Windows NT 6.3; Win64; x64) AppleWebKit/537.36 (KHTML, like Gecko) Chrome/87.0.4280.141 Safari/537.36"
d0b7:42a:320:06fd:4de:d24f:aa42:3d64 - - [22/Jan/2021:05:57:45 +0000] "GET /gogo/json?action=mf331j19fcfriv57h&asker=candl&name=71fa3b3jrr2v0u4qtxkwr59nougsxw33ozqrf9qyirs4&monsterId=qtyib5b HTTP/1.1" 200 104 "https://games.mountyhall.com/" "Mozilla/5.0 (Windows NT 6.3; Win64; x64) AppleWebKit/537.36 (KHTML, like Gecko) Chrome/87.0.4280.141 Safari/537.36"
d0b7:42a:320:06fd:4de:d24f:aa42:3d64 - - [22/Jan/2021:05:57:46 +0000] "GET /gogo/json?action=mf331j19fcfriv57h&asker=candl&name=4jy7z7noi0dsoxdtmzc6qdxr7plze3x96fx3tbe2sk0nb3z7c42cz4xr&monsterId=ovz2d3z HTTP/1.1" 200 114 "https://games.mountyhall.com/" "Mozilla/5.0 (Windows NT 6.3; Win64; x64) AppleWebKit/537.36 (KHTML, like Gecko) Chrome/87.0.4280.141 Safari/537.36"
196.127.44.13 - - [22/Jan/2021:05:57:47 +0000] "GET /gogo/json?action=mf331j19fcfriv57h&asker=twy7d&name=71fa3b3jrr2v0u4qtxkwr59nougsxw33ozqrf9qyirs4&monsterId=mf86zg0 HTTP/1.1" 200 104 "https://games.mountyhall.com/" "Mozilla/5.0 (Windows NT 10.0; Win64; x64) AppleWebKit/537.36 (KHTML, like Gecko) Chrome/87.0.4280.141 Safari/537.36"
196.127.44.13 - - [22/Jan/2021:05:57:47 +0000] "GET /gogo/json?action=mf331j19fcfriv57h&asker=twy7d&name=fni4c0po4pzm6rgo6968uons2jxl73507d8xtfggu9s3j0&monsterId=3fm0zrq HTTP/1.1" 200 2799 "https://games.mountyhall.com/" "Mozilla/5.0 (Windows NT 10.0; Win64; x64) AppleWebKit/537.36 (KHTML, like Gecko) Chrome/87.0.4280.141 Safari/537.36"
196.127.44.13 - - [22/Jan/2021:05:57:48 +0000] "GET /gogo/json?action=mf331j19fcfriv57h&asker=twy7d&name=fni4c0po4pzm6rgo6968uons2jxl73507d8xtfggu9s3j0&monsterId=3fm0zrq HTTP/1.1" 200 2799 "https://games.mountyhall.com/" "Mozilla/5.0 (Windows NT 10.0; Win64; x64) AppleWebKit/537.36 (KHTML, like Gecko) Chrome/87.0.4280.141 Safari/537.36"
196.127.44.13 - - [22/Jan/2021:05:57:48 +0000] "GET /gogo/json?action=mf331j19fcfriv57h&asker=twy7d&name=71fa3b3jrr2v0u4qtxkwr59nougsxw33ozqrf9qyirs4&monsterId=mf86zg0 HTTP/1.1" 200 104 "https://games.mountyhall.com/" "Mozilla/5.0 (Windows NT 10.0; Win64; x64) AppleWebKit/537.36 (KHTML, like Gecko) Chrome/87.0.4280.141 Safari/537.36"
d0b7:42a:320:06fd:4de:d24f:aa42:3d64 - - [22/Jan/2021:05:57:48 +0000] "GET /gogo/json?action=bgc6r5eeshp5nu&trollId=candl HTTP/1.1" 200 84 "https://games.mountyhall.com/" "Mozilla/5.0 (Windows NT 6.3; Win64; x64) AppleWebKit/537.36 (KHTML, like Gecko) Chrome/87.0.4280.141 Safari/537.36"
d0b7:42a:320:06fd:4de:d24f:aa42:3d64 - - [22/Jan/2021:05:57:49 +0000] "GET /gogo/json?action=mf331j19fcfriv57h&asker=candl&name=71fa3b3jrr2v0u4qtxkwr59nougsxw33ozqrf9qyirs4&monsterId=f7frtfp HTTP/1.1" 200 104 "https://games.mountyhall.com/" "Mozilla/5.0 (Windows NT 6.3; Win64; x64) AppleWebKit/537.36 (KHTML, like Gecko) Chrome/87.0.4280.141 Safari/537.36"
d0b7:42a:320:06fd:4de:d24f:aa42:3d64 - - [22/Jan/2021:05:57:51 +0000] "GET /gogo/json?action=mf331j19fcfriv57h&asker=candl&name=71fa3b3jrr2v0u4qtxkwr59nougsxw33ozqrf9qyirs4&monsterId=im8lydg HTTP/1.1" 200 104 "https://games.mountyhall.com/" "Mozilla/5.0 (Windows NT 6.3; Win64; x64) AppleWebKit/537.36 (KHTML, like Gecko) Chrome/87.0.4280.141 Safari/537.36"
d0b7:42a:320:06fd:4de:d24f:aa42:3d64 - - [22/Jan/2021:05:57:53 +0000] "GET /gogo/json?action=mf331j19fcfriv57h&asker=candl&name=71fa3b3jrr2v0u4qtxkwr59nougsxw33ozqrf9qyirs4&monsterId=2mgwemk HTTP/1.1" 200 104 "https://games.mountyhall.com/" "Mozilla/5.0 (Windows NT 6.3; Win64; x64) AppleWebKit/537.36 (KHTML, like Gecko) Chrome/87.0.4280.141 Safari/537.36"
d0b7:42a:320:06fd:4de:d24f:aa42:3d64 - - [22/Jan/2021:05:57:54 +0000] "GET /gogo/json?action=mf331j19fcfriv57h&asker=candl&name=dd1pel60b1bzwa5ul7nou4wg&monsterId=2e3bf57 HTTP/1.1" 200 2456 "https://games.mountyhall.com/" "Mozilla/5.0 (Windows NT 6.3; Win64; x64) AppleWebKit/537.36 (KHTML, like Gecko) Chrome/87.0.4280.141 Safari/537.36"
d0b7:42a:320:06fd:4de:d24f:aa42:3d64 - - [22/Jan/2021:05:57:55 +0000] "GET /gogo/json?action=mf331j19fcfriv57h&asker=candl&name=dd1pel60b1bzwa5ul7nou4wg&monsterId=2e3bf57 HTTP/1.1" 200 2456 "https://games.mountyhall.com/" "Mozilla/5.0 (Windows NT 6.3; Win64; x64) AppleWebKit/537.36 (KHTML, like Gecko) Chrome/87.0.4280.141 Safari/537.36"
d0b7:42a:320:06fd:4de:d24f:aa42:3d64 - - [22/Jan/2021:05:57:55 +0000] "GET /gogo/json?action=mf331j19fcfriv57h&asker=candl&name=fk0lehp5h7m8ncblf9vop233ejwbuh&monsterId=mctkph4 HTTP/1.1" 200 2751 "https://games.mountyhall.com/" "Mozilla/5.0 (Windows NT 6.3; Win64; x64) AppleWebKit/537.36 (KHTML, like Gecko) Chrome/87.0.4280.141 Safari/537.36"
d0b7:42a:320:06fd:4de:d24f:aa42:3d64 - - [22/Jan/2021:05:57:55 +0000] "GET /gogo/json?action=mf331j19fcfriv57h&asker=candl&name=71fa3b3jrr2v0u4qtxkwr59nougsxw33ozqrf9qyirs4&monsterId=i0rcoc0 HTTP/1.1" 200 104 "https://games.mountyhall.com/" "Mozilla/5.0 (Windows NT 6.3; Win64; x64) AppleWebKit/537.36 (KHTML, like Gecko) Chrome/87.0.4280.141 Safari/537.36"
d0b7:42a:320:06fd:4de:d24f:aa42:3d64 - - [22/Jan/2021:05:57:55 +0000] "GET /gogo/json?action=bgc6r5eeshp5nu&asker=candl&trollId=ajzs HTTP/1.1" 200 83 "https://games.mountyhall.com/" "Mozilla/5.0 (Windows NT 6.3; Win64; x64) AppleWebKit/537.36 (KHTML, like Gecko) Chrome/87.0.4280.141 Safari/537.36"
d0b7:42a:320:06fd:4de:d24f:aa42:3d64 - - [22/Jan/2021:05:58:00 +0000] "GET /gogo/json?action=bgc6r5eeshp5nu&asker=candl&trollId=iuac9 HTTP/1.1" 200 84 "https://games.mountyhall.com/" "Mozilla/5.0 (Windows NT 6.3; Win64; x64) AppleWebKit/537.36 (KHTML, like Gecko) Chrome/87.0.4280.141 Safari/537.36"
b402:b52:7b0:0e4e::7ec9:17d3 - - [22/Jan/2021:05:58:03 +0000] "GET /socket.io/?EIO=y&transport=xkmoyoi&t=3a76laz HTTP/1.1" 200 99 "https://miaou.dystroy.org/4200" "Mozilla/5.0 (Windows NT 10.0; Win64; x64) AppleWebKit/537.36 (KHTML, like Gecko) Chrome/87.0.4280.141 Safari/537.36"
b402:b52:7b0:0e4e::7ec9:17d3 - - [22/Jan/2021:05:58:03 +0000] "GET /socket.io/?EIO=y&transport=xkmoyoi&t=zozofq2&sid=nw7ite1w7eqs7vlvh5lj HTTP/1.1" 200 18 "https://miaou.dystroy.org/4200" "Mozilla/5.0 (Windows NT 10.0; Win64; x64) AppleWebKit/537.36 (KHTML, like Gecko) Chrome/87.0.4280.141 Safari/537.36"
b402:b52:7b0:0e4e::7ec9:17d3 - - [22/Jan/2021:05:58:03 +0000] "POST /socket.io/?EIO=y&transport=xkmoyoi&t=qg126y8&sid=nw7ite1w7eqs7vlvh5lj HTTP/1.1" 200 2 "https://miaou.dystroy.org/4200" "Mozilla/5.0 (Windows NT 10.0; Win64; x64) AppleWebKit/537.36 (KHTML, like Gecko) Chrome/87.0.4280.141 Safari/537.36"
b402:b52:7b0:0e4e::7ec9:17d3 - - [22/Jan/2021:05:58:03 +0000] "GET /socket.io/?EIO=y&transport=xkmoyoi&t=30xmwlp&sid=nw7ite1w7eqs7vlvh5lj HTTP/1.1" 200 3043 "https://miaou.dystroy.org/4200" "Mozilla/5.0 (Windows NT 10.0; Win64; x64) AppleWebKit/537.36 (KHTML, like Gecko) Chrome/87.0.4280.141 Safari/537.36"
40.205.208.119 - - [22/Jan/2021:05:58:05 +0000] "POST /sciz-webhook HTTP/1.1" 200 0 "-" "python-requests/2.21.0"
40.205.208.119 - - [22/Jan/2021:05:58:05 +0000] "POST /sciz-webhook HTTP/1.1" 200 0 "-" "python-requests/2.21.0"
40.205.208.119 - - [22/Jan/2021:05:58:06 +0000] "POST /sciz-webhook HTTP/1.1" 200 0 "-" "python-requests/2.21.0"
11.238.29.244 - - [22/Jan/2021:05:58:06 +0000] "GET /gogo/json?action=7c1uz2f9flrxff&TrollId=m3ev1&ChrallVersion=9tku HTTP/1.1" 200 65 "https://games.mountyhall.com/" "Mozilla/5.0 (Windows NT 10.0; Win64; x64) AppleWebKit/537.36 (KHTML, like Gecko) Chrome/87.0.4280.141 Safari/537.36"
3d3e:146:e80:a702:e33b:e996:2ec9:1bbe - - [22/Jan/2021:05:58:09 +0000] "GET / HTTP/1.1" 302 106 "https://dystroy.org/miaou/rooms" "Mozilla/5.0 (Macintosh; Intel Mac OS X 10_13_6) AppleWebKit/537.36 (KHTML, like Gecko) Chrome/87.0.4280.141 Safari/537.36"
3d3e:146:e80:a702:e33b:e996:2ec9:1bbe - - [22/Jan/2021:05:58:09 +0000] "GET /rooms HTTP/1.1" 200 3334 "https://dystroy.org/miaou/rooms" "Mozilla/5.0 (Macintosh; Intel Mac OS X 10_13_6) AppleWebKit/537.36 (KHTML, like Gecko) Chrome/87.0.4280.141 Safari/537.36"
3d3e:146:e80:a702:e33b:e996:2ec9:1bbe - - [22/Jan/2021:05:58:10 +0000] "GET /json/rooms?pattern= HTTP/1.1" 200 8183 "https://miaou.dystroy.org/rooms" "Mozilla/5.0 (Macintosh; Intel Mac OS X 10_13_6) AppleWebKit/537.36 (KHTML, like Gecko) Chrome/87.0.4280.141 Safari/537.36"
b402:b52:7b0:0e4e::7ec9:17d3 - - [22/Jan/2021:05:58:11 +0000] "GET /4197 HTTP/1.1" 304 0 "-" "Mozilla/5.0 (Windows NT 10.0; Win64; x64) AppleWebKit/537.36 (KHTML, like Gecko) Chrome/87.0.4280.141 Safari/537.36"
b402:b52:7b0:0e4e::7ec9:17d3 - - [22/Jan/2021:05:58:11 +0000] "GET /socket.io/socket.io.js HTTP/1.1" 304 0 "https://miaou.dystroy.org/4197" "Mozilla/5.0 (Windows NT 10.0; Win64; x64) AppleWebKit/537.36 (KHTML, like Gecko) Chrome/87.0.4280.141 Safari/537.36"
b402:b52:7b0:0e4e::7ec9:17d3 - - [22/Jan/2021:05:58:12 +0000] "GET /socket.io/?EIO=y&transport=xkmoyoi&t=l1hv0nj HTTP/1.1" 200 99 "https://miaou.dystroy.org/4197" "Mozilla/5.0 (Windows NT 10.0; Win64; x64) AppleWebKit/537.36 (KHTML, like Gecko) Chrome/87.0.4280.141 Safari/537.36"
b402:b52:7b0:0e4e::7ec9:17d3 - - [22/Jan/2021:05:58:12 +0000] "GET /socket.io/?EIO=y&transport=xkmoyoi&t=4ifgkx9&sid=b71fxyw3a0ugdni5zgu5 HTTP/1.1" 200 18 "https://miaou.dystroy.org/4197" "Mozilla/5.0 (Windows NT 10.0; Win64; x64) AppleWebKit/537.36 (KHTML, like Gecko) Chrome/87.0.4280.141 Safari/537.36"
b402:b52:7b0:0e4e::7ec9:17d3 - - [22/Jan/2021:05:58:12 +0000] "POST /socket.io/?EIO=y&transport=xkmoyoi&t=y54n93d&sid=b71fxyw3a0ugdni5zgu5 HTTP/1.1" 200 2 "https://miaou.dystroy.org/4197" "Mozilla/5.0 (Windows NT 10.0; Win64; x64) AppleWebKit/537.36 (KHTML, like Gecko) Chrome/87.0.4280.141 Safari/537.36"
b402:b52:7b0:0e4e::7ec9:17d3 - - [22/Jan/2021:05:58:12 +0000] "GET /socket.io/?EIO=y&transport=xkmoyoi&t=wx12bb0&sid=b71fxyw3a0ugdni5zgu5 HTTP/1.1" 200 207 "https://miaou.dystroy.org/4197" "Mozilla/5.0 (Windows NT 10.0; Win64; x64) AppleWebKit/537.36 (KHTML, like Gecko) Chrome/87.0.4280.141 Safari/537.36"
3d3e:146:e80:a702:e33b:e996:2ec9:1bbe - - [22/Jan/2021:05:58:13 +0000] "GET /1616?troll_a_troll HTTP/1.1" 200 5446 "https://miaou.dystroy.org/rooms" "Mozilla/5.0 (Macintosh; Intel Mac OS X 10_13_6) AppleWebKit/537.36 (KHTML, like Gecko) Chrome/87.0.4280.141 Safari/537.36"
3d3e:146:e80:a702:e33b:e996:2ec9:1bbe - - [22/Jan/2021:05:58:13 +0000] "GET /socket.io/socket.io.js HTTP/1.1" 304 0 "https://miaou.dystroy.org/1616?troll_a_troll" "Mozilla/5.0 (Macintosh; Intel Mac OS X 10_13_6) AppleWebKit/537.36 (KHTML, like Gecko) Chrome/87.0.4280.141 Safari/537.36"
3d3e:146:e80:a702:e33b:e996:2ec9:1bbe - - [22/Jan/2021:05:58:13 +0000] "GET /socket.io/?EIO=y&transport=xkmoyoi&t=16kssvn HTTP/1.1" 200 99 "https://miaou.dystroy.org/1616?troll_a_troll" "Mozilla/5.0 (Macintosh; Intel Mac OS X 10_13_6) AppleWebKit/537.36 (KHTML, like Gecko) Chrome/87.0.4280.141 Safari/537.36"
3d3e:146:e80:a702:e33b:e996:2ec9:1bbe - - [22/Jan/2021:05:58:13 +0000] "GET /socket.io/?EIO=y&transport=xkmoyoi&t=w41az8d&sid=5allljqxsvu7550pnw1i HTTP/1.1" 200 18 "https://miaou.dystroy.org/1616?troll_a_troll" "Mozilla/5.0 (Macintosh; Intel Mac OS X 10_13_6) AppleWebKit/537.36 (KHTML, like Gecko) Chrome/87.0.4280.141 Safari/537.36"
3d3e:146:e80:a702:e33b:e996:2ec9:1bbe - - [22/Jan/2021:05:58:13 +0000] "POST /socket.io/?EIO=y&transport=xkmoyoi&t=15uy4xv&sid=5allljqxsvu7550pnw1i HTTP/1.1" 200 2 "https://miaou.dystroy.org/1616?troll_a_troll" "Mozilla/5.0 (Macintosh; Intel Mac OS X 10_13_6) AppleWebKit/537.36 (KHTML, like Gecko) Chrome/87.0.4280.141 Safari/537.36"
3d3e:146:e80:a702:e33b:e996:2ec9:1bbe - - [22/Jan/2021:05:58:13 +0000] "GET /socket.io/?EIO=y&transport=xkmoyoi&t=wd9hy05&sid=5allljqxsvu7550pnw1i HTTP/1.1" 200 34 "https://miaou.dystroy.org/1616?troll_a_troll" "Mozilla/5.0 (Macintosh; Intel Mac OS X 10_13_6) AppleWebKit/537.36 (KHTML, like Gecko) Chrome/87.0.4280.141 Safari/537.36"
3d3e:146:e80:a702:e33b:e996:2ec9:1bbe - - [22/Jan/2021:05:58:13 +0000] "GET /socket.io/?EIO=y&transport=xkmoyoi&t=971g16y&sid=5allljqxsvu7550pnw1i HTTP/1.1" 200 6374 "https://miaou.dystroy.org/1616?troll_a_troll" "Mozilla/5.0 (Macintosh; Intel Mac OS X 10_13_6) AppleWebKit/537.36 (KHTML, like Gecko) Chrome/87.0.4280.141 Safari/537.36"
b402:b52:7b0:0e4e::7ec9:17d3 - - [22/Jan/2021:05:58:22 +0000] "GET /json/messages/last?n=a&room=9vl7 HTTP/1.1" 304 0 "https://miaou.dystroy.org/4197" "Mozilla/5.0 (Windows NT 10.0; Win64; x64) AppleWebKit/537.36 (KHTML, like Gecko) Chrome/87.0.4280.141 Safari/537.36"
b402:b52:7b0:0e4e::7ec9:17d3 - - [22/Jan/2021:05:58:22 +0000] "GET /json/messages/last?n=a&room=9vl7 HTTP/1.1" 304 0 "https://miaou.dystroy.org/4197" "Mozilla/5.0 (Windows NT 10.0; Win64; x64) AppleWebKit/537.36 (KHTML, like Gecko) Chrome/87.0.4280.141 Safari/537.36"
b402:b52:7b0:0e4e::7ec9:17d3 - - [22/Jan/2021:05:58:23 +0000] "GET /4200 HTTP/1.1" 304 0 "https://miaou.dystroy.org/4197" "Mozilla/5.0 (Windows NT 10.0; Win64; x64) AppleWebKit/537.36 (KHTML, like Gecko) Chrome/87.0.4280.141 Safari/537.36"
b402:b52:7b0:0e4e::7ec9:17d3 - - [22/Jan/2021:05:58:23 +0000] "GET /socket.io/?EIO=y&transport=c0qucvma5&sid=b71fxyw3a0ugdni5zgu5 HTTP/1.1" 101 4373 "-" "Mozilla/5.0 (Windows NT 10.0; Win64; x64) AppleWebKit/537.36 (KHTML, like Gecko) Chrome/87.0.4280.141 Safari/537.36"
b402:b52:7b0:0e4e::7ec9:17d3 - - [22/Jan/2021:05:58:23 +0000] "GET /socket.io/socket.io.js HTTP/1.1" 304 0 "https://miaou.dystroy.org/4200" "Mozilla/5.0 (Windows NT 10.0; Win64; x64) AppleWebKit/537.36 (KHTML, like Gecko) Chrome/87.0.4280.141 Safari/537.36"
b402:b52:7b0:0e4e::7ec9:17d3 - - [22/Jan/2021:05:58:23 +0000] "GET /socket.io/?EIO=y&transport=xkmoyoi&t=76qd4g0 HTTP/1.1" 200 99 "https://miaou.dystroy.org/4200" "Mozilla/5.0 (Windows NT 10.0; Win64; x64) AppleWebKit/537.36 (KHTML, like Gecko) Chrome/87.0.4280.141 Safari/537.36"
b402:b52:7b0:0e4e::7ec9:17d3 - - [22/Jan/2021:05:58:23 +0000] "GET /socket.io/?EIO=y&transport=xkmoyoi&t=hwv4f9k&sid=mponc2ttxhwaeabglhel HTTP/1.1" 200 18 "https://miaou.dystroy.org/4200" "Mozilla/5.0 (Windows NT 10.0; Win64; x64) AppleWebKit/537.36 (KHTML, like Gecko) Chrome/87.0.4280.141 Safari/537.36"
b402:b52:7b0:0e4e::7ec9:17d3 - - [22/Jan/2021:05:58:23 +0000] "POST /socket.io/?EIO=y&transport=xkmoyoi&t=ewniup3&sid=mponc2ttxhwaeabglhel HTTP/1.1" 200 2 "https://miaou.dystroy.org/4200" "Mozilla/5.0 (Windows NT 10.0; Win64; x64) AppleWebKit/537.36 (KHTML, like Gecko) Chrome/87.0.4280.141 Safari/537.36"
b402:b52:7b0:0e4e::7ec9:17d3 - - [22/Jan/2021:05:58:23 +0000] "GET /socket.io/?EIO=y&transport=xkmoyoi&t=02hjfsv&sid=mponc2ttxhwaeabglhel HTTP/1.1" 200 34 "https://miaou.dystroy.org/4200" "Mozilla/5.0 (Windows NT 10.0; Win64; x64) AppleWebKit/537.36 (KHTML, like Gecko) Chrome/87.0.4280.141 Safari/537.36"
196.127.44.13 - - [22/Jan/2021:05:58:28 +0000] "GET /gogo/json?action=mf331j19fcfriv57h&asker=twy7d&name=fni4c0po4pzm6rgo6968uons2jxl73507d8xtfggu9s3j0&monsterId=suxeajc HTTP/1.1" 200 2799 "https://games.mountyhall.com/" "Mozilla/5.0 (Windows NT 10.0; Win64; x64) AppleWebKit/537.36 (KHTML, like Gecko) Chrome/87.0.4280.141 Safari/537.36"
196.127.44.13 - - [22/Jan/2021:05:58:29 +0000] "GET /gogo/json?action=mf331j19fcfriv57h&asker=twy7d&name=71fa3b3jrr2v0u4qtxkwr59nougsxw33ozqrf9qyirs4&monsterId=mf86zg0 HTTP/1.1" 200 104 "https://games.mountyhall.com/" "Mozilla/5.0 (Windows NT 10.0; Win64; x64) AppleWebKit/537.36 (KHTML, like Gecko) Chrome/87.0.4280.141 Safari/537.36"
196.127.44.13 - - [22/Jan/2021:05:58:29 +0000] "GET /gogo/json?action=mf331j19fcfriv57h&asker=twy7d&name=fni4c0po4pzm6rgo6968uons2jxl73507d8xtfggu9s3j0&monsterId=3fm0zrq HTTP/1.1" 200 2799 "https://games.mountyhall.com/" "Mozilla/5.0 (Windows NT 10.0; Win64; x64) AppleWebKit/537.36 (KHTML, like Gecko) Chrome/87.0.4280.141 Safari/537.36"
40.205.208.119 - - [22/Jan/2021:05:58:33 +0000] "POST /sciz-webhook HTTP/1.1" 200 0 "-" "python-requests/2.21.0"
11.238.29.244 - - [22/Jan/2021:05:58:37 +0000] "GET /gogo/json?action=bgc6r5eeshp5nu&asker=m3ev1&trollId=45acn HTTP/1.1" 200 84 "https://games.mountyhall.com/" "Mozilla/5.0 (Windows NT 10.0; Win64; x64) AppleWebKit/537.36 (KHTML, like Gecko) Chrome/87.0.4280.141 Safari/537.36"
3d3e:146:e80:a702:e33b:e996:2ec9:1bbe - - [22/Jan/2021:05:58:38 +0000] "GET /json/messages/last?n=sd&room=udgu HTTP/1.1" 200 6468 "https://miaou.dystroy.org/1616?troll_a_troll" "Mozilla/5.0 (Macintosh; Intel Mac OS X 10_13_6) AppleWebKit/537.36 (KHTML, like Gecko) Chrome/87.0.4280.141 Safari/537.36"
196.127.44.13 - - [22/Jan/2021:05:58:39 +0000] "GET /gogo/json?action=mf331j19fcfriv57h&asker=twy7d&name=fni4c0po4pzm6rgo6968uons2jxl73507d8xtfggu9s3j0&monsterId=suxeajc HTTP/1.1" 200 2799 "https://games.mountyhall.com/" "Mozilla/5.0 (Windows NT 10.0; Win64; x64) AppleWebKit/537.36 (KHTML, like Gecko) Chrome/87.0.4280.141 Safari/537.36"
11.238.29.244 - - [22/Jan/2021:05:58:45 +0000] "GET /gogo/json?action=bgc6r5eeshp5nu&asker=m3ev1&trollId=0a3cu HTTP/1.1" 200 84 "https://games.mountyhall.com/" "Mozilla/5.0 (Windows NT 10.0; Win64; x64) AppleWebKit/537.36 (KHTML, like Gecko) Chrome/87.0.4280.141 Safari/537.36"
11.238.29.244 - - [22/Jan/2021:05:58:45 +0000] "GET /gogo/json?action=bgc6r5eeshp5nu&asker=m3ev1&trollId=6qicc HTTP/1.1" 200 84 "https://games.mountyhall.com/" "Mozilla/5.0 (Windows NT 10.0; Win64; x64) AppleWebKit/537.36 (KHTML, like Gecko) Chrome/87.0.4280.141 Safari/537.36"
11.238.29.244 - - [22/Jan/2021:05:58:48 +0000] "GET /gogo/json?action=bgc6r5eeshp5nu&asker=m3ev1&trollId=6qicc HTTP/1.1" 200 84 "https://games.mountyhall.com/" "Mozilla/5.0 (Windows NT 10.0; Win64; x64) AppleWebKit/537.36 (KHTML, like Gecko) Chrome/87.0.4280.141 Safari/537.36"
77.223.140.69 - - [22/Jan/2021:05:58:48 +0000] "GET /socket.io/?EIO=y&transport=c0qucvma5&sid=b9nsrcw0uwfiw4fnfffq HTTP/1.1" 101 1524 "-" "Mozilla/5.0 (Linux; Android 10; Redmi Note 7) AppleWebKit/537.36 (KHTML, like Gecko) Chrome/87.0.4280.101 Mobile Safari/537.36"
196.127.44.13 - - [22/Jan/2021:05:58:52 +0000] "GET /gogo/json?action=mf331j19fcfriv57h&asker=twy7d&name=fni4c0po4pzm6rgo6968uons2jxl73507d8xtfggu9s3j0&monsterId=3fm0zrq HTTP/1.1" 200 2799 "https://games.mountyhall.com/" "Mozilla/5.0 (Windows NT 10.0; Win64; x64) AppleWebKit/537.36 (KHTML, like Gecko) Chrome/87.0.4280.141 Safari/537.36"
196.127.44.13 - - [22/Jan/2021:05:58:52 +0000] "GET /gogo/json?action=mf331j19fcfriv57h&asker=twy7d&name=71fa3b3jrr2v0u4qtxkwr59nougsxw33ozqrf9qyirs4&monsterId=mf86zg0 HTTP/1.1" 200 104 "https://games.mountyhall.com/" "Mozilla/5.0 (Windows NT 10.0; Win64; x64) AppleWebKit/537.36 (KHTML, like Gecko) Chrome/87.0.4280.141 Safari/537.36"
196.127.44.13 - - [22/Jan/2021:05:58:52 +0000] "GET /gogo/json?action=mf331j19fcfriv57h&asker=twy7d&name=fni4c0po4pzm6rgo6968uons2jxl73507d8xtfggu9s3j0&monsterId=3fm0zrq HTTP/1.1" 200 2799 "https://games.mountyhall.com/" "Mozilla/5.0 (Windows NT 10.0; Win64; x64) AppleWebKit/537.36 (KHTML, like Gecko) Chrome/87.0.4280.141 Safari/537.36"
196.127.44.13 - - [22/Jan/2021:05:58:53 +0000] "GET /gogo/json?action=mf331j19fcfriv57h&asker=twy7d&name=fni4c0po4pzm6rgo6968uons2jxl73507d8xtfggu9s3j0&monsterId=3fm0zrq HTTP/1.1" 200 2799 "https://games.mountyhall.com/" "Mozilla/5.0 (Windows NT 10.0; Win64; x64) AppleWebKit/537.36 (KHTML, like Gecko) Chrome/87.0.4280.141 Safari/537.36"
196.127.44.13 - - [22/Jan/2021:05:58:54 +0000] "GET /gogo/json?action=mf331j19fcfriv57h&asker=twy7d&name=71fa3b3jrr2v0u4qtxkwr59nougsxw33ozqrf9qyirs4&monsterId=mf86zg0 HTTP/1.1" 200 104 "https://games.mountyhall.com/" "Mozilla/5.0 (Windows NT 10.0; Win64; x64) AppleWebKit/537.36 (KHTML, like Gecko) Chrome/87.0.4280.141 Safari/537.36"
77.223.140.69 - - [22/Jan/2021:05:58:54 +0000] "GET /socket.io/?EIO=y&transport=c0qucvma5&sid=sfpzhr5tnv248odew57y HTTP/1.1" 101 3954 "-" "Mozilla/5.0 (Linux; Android 10; Redmi Note 7) AppleWebKit/537.36 (KHTML, like Gecko) Chrome/87.0.4280.101 Mobile Safari/537.36"
196.127.44.13 - - [22/Jan/2021:05:59:00 +0000] "GET /gogo/json?action=7c1uz2f9flrxff&TrollId=twy7d&ChrallVersion=9tku HTTP/1.1" 200 65 "https://games.mountyhall.com/" "Mozilla/5.0 (Windows NT 10.0; Win64; x64) AppleWebKit/537.36 (KHTML, like Gecko) Chrome/87.0.4280.141 Safari/537.36"
11.238.29.244 - - [22/Jan/2021:05:59:02 +0000] "GET /gogo/json?action=mf331j19fcfriv57h&asker=m3ev1&name=71fa3b3jrr2v0u4qtxkwr59nougsxw33ozqrf9qyirs4&monsterId=93smt1 HTTP/1.1" 200 104 "https://games.mountyhall.com/" "Mozilla/5.0 (Windows NT 10.0; Win64; x64) AppleWebKit/537.36 (KHTML, like Gecko) Chrome/87.0.4280.141 Safari/537.36"
3d3e:146:e80:a702:e33b:e996:2ec9:1bbe - - [22/Jan/2021:05:59:04 +0000] "GET /publicProfile?user=nzt5&room=2rf1 HTTP/1.1" 200 405 "https://miaou.dystroy.org/1616?troll_a_troll" "Mozilla/5.0 (Macintosh; Intel Mac OS X 10_13_6) AppleWebKit/537.36 (KHTML, like Gecko) Chrome/87.0.4280.141 Safari/537.36"
3d3e:146:e80:a702:e33b:e996:2ec9:1bbe - - [22/Jan/2021:05:59:05 +0000] "GET /json/messages/last?n=a&room=4x1 HTTP/1.1" 304 0 "https://miaou.dystroy.org/1616?troll_a_troll" "Mozilla/5.0 (Macintosh; Intel Mac OS X 10_13_6) AppleWebKit/537.36 (KHTML, like Gecko) Chrome/87.0.4280.141 Safari/537.36"
3d3e:146:e80:a702:e33b:e996:2ec9:1bbe - - [22/Jan/2021:05:59:05 +0000] "GET /json/messages/last?n=a&room=y HTTP/1.1" 200 1036 "https://miaou.dystroy.org/1616?troll_a_troll" "Mozilla/5.0 (Macintosh; Intel Mac OS X 10_13_6) AppleWebKit/537.36 (KHTML, like Gecko) Chrome/87.0.4280.141 Safari/537.36"
11.238.29.244 - - [22/Jan/2021:05:59:08 +0000] "GET /gogo/json?action=bgc6r5eeshp5nu&asker=m3ev1&trollId=t3nmi HTTP/1.1" 200 84 "https://games.mountyhall.com/" "Mozilla/5.0 (Windows NT 10.0; Win64; x64) AppleWebKit/537.36 (KHTML, like Gecko) Chrome/87.0.4280.141 Safari/537.36"
11.238.29.244 - - [22/Jan/2021:05:59:08 +0000] "GET /gogo/json?action=bgc6r5eeshp5nu&asker=m3ev1&trollId=bnv20 HTTP/1.1" 200 84 "https://games.mountyhall.com/" "Mozilla/5.0 (Windows NT 10.0; Win64; x64) AppleWebKit/537.36 (KHTML, like Gecko) Chrome/87.0.4280.141 Safari/537.36"
11.238.29.244 - - [22/Jan/2021:05:59:09 +0000] "GET /gogo/json?action=bgc6r5eeshp5nu&asker=m3ev1&trollId=hj8j5 HTTP/1.1" 200 84 "https://games.mountyhall.com/" "Mozilla/5.0 (Windows NT 10.0; Win64; x64) AppleWebKit/537.36 (KHTML, like Gecko) Chrome/87.0.4280.141 Safari/537.36"
11.238.29.244 - - [22/Jan/2021:05:59:10 +0000] "GET /gogo/json?action=bgc6r5eeshp5nu&asker=m3ev1&trollId=hj8j5 HTTP/1.1" 200 84 "https://games.mountyhall.com/" "Mozilla/5.0 (Windows NT 10.0; Win64; x64) AppleWebKit/537.36 (KHTML, like Gecko) Chrome/87.0.4280.141 Safari/537.36"
11.238.29.244 - - [22/Jan/2021:05:59:12 +0000] "GET /gogo/json?action=bgc6r5eeshp5nu&asker=m3ev1&trollId=6qicc HTTP/1.1" 200 84 "https://games.mountyhall.com/" "Mozilla/5.0 (Windows NT 10.0; Win64; x64) AppleWebKit/537.36 (KHTML, like Gecko) Chrome/87.0.4280.141 Safari/537.36"
3d3e:146:e80:a702:e33b:e996:2ec9:1bbe - - [22/Jan/2021:05:59:15 +0000] "GET /json/messages/last?n=a&room=4x1 HTTP/1.1" 304 0 "https://miaou.dystroy.org/1616?troll_a_troll" "Mozilla/5.0 (Macintosh; Intel Mac OS X 10_13_6) AppleWebKit/537.36 (KHTML, like Gecko) Chrome/87.0.4280.141 Safari/537.36"
3d3e:146:e80:a702:e33b:e996:2ec9:1bbe - - [22/Jan/2021:05:59:20 +0000] "GET /socket.io/?EIO=y&transport=c0qucvma5&sid=5allljqxsvu7550pnw1i HTTP/1.1" 101 4480 "-" "Mozilla/5.0 (Macintosh; Intel Mac OS X 10_13_6) AppleWebKit/537.36 (KHTML, like Gecko) Chrome/87.0.4280.141 Safari/537.36"
11.238.29.244 - - [22/Jan/2021:05:59:23 +0000] "GET /gogo/json?action=bgc6r5eeshp5nu&trollId=m3ev1 HTTP/1.1" 200 84 "https://games.mountyhall.com/" "Mozilla/5.0 (Windows NT 10.0; Win64; x64) AppleWebKit/537.36 (KHTML, like Gecko) Chrome/87.0.4280.141 Safari/537.36"
40.205.208.119 - - [22/Jan/2021:06:00:09 +0000] "POST /sciz-webhook HTTP/1.1" 200 0 "-" "python-requests/2.21.0"
98.67.97.90 - - [22/Jan/2021:06:00:36 +0000] "GET /socket.io/?EIO=y&transport=xkmoyoi&t=s34vfog HTTP/1.1" 200 99 "https://miaou.dystroy.org/1934" "Mozilla/5.0 (Windows NT 10.0; Win64; x64; rv:84.0) Gecko/20100101 Firefox/84.0"
98.67.97.90 - - [22/Jan/2021:06:00:36 +0000] "GET /socket.io/?EIO=y&transport=xkmoyoi&t=6zhee0v&sid=8a8gewa3pkhhm4onl0m7 HTTP/1.1" 200 18 "https://miaou.dystroy.org/1934" "Mozilla/5.0 (Windows NT 10.0; Win64; x64; rv:84.0) Gecko/20100101 Firefox/84.0"
98.67.97.90 - - [22/Jan/2021:06:00:36 +0000] "POST /socket.io/?EIO=y&transport=xkmoyoi&t=c0i10sq&sid=8a8gewa3pkhhm4onl0m7 HTTP/1.1" 200 2 "https://miaou.dystroy.org/1934" "Mozilla/5.0 (Windows NT 10.0; Win64; x64; rv:84.0) Gecko/20100101 Firefox/84.0"
98.67.97.90 - - [22/Jan/2021:06:00:36 +0000] "GET /socket.io/?EIO=y&transport=xkmoyoi&t=oesxuv3&sid=8a8gewa3pkhhm4onl0m7 HTTP/1.1" 200 9172 "https://miaou.dystroy.org/1934" "Mozilla/5.0 (Windows NT 10.0; Win64; x64; rv:84.0) Gecko/20100101 Firefox/84.0"
98.67.97.90 - - [22/Jan/2021:06:00:38 +0000] "POST /socket.io/?EIO=y&transport=xkmoyoi&t=gcvjwma&sid=8a8gewa3pkhhm4onl0m7 HTTP/1.1" 200 2 "https://miaou.dystroy.org/1934" "Mozilla/5.0 (Windows NT 10.0; Win64; x64; rv:84.0) Gecko/20100101 Firefox/84.0"
98.67.97.90 - - [22/Jan/2021:06:00:38 +0000] "GET /socket.io/?EIO=y&transport=xkmoyoi&t=qaeh7xv&sid=8a8gewa3pkhhm4onl0m7 HTTP/1.1" 200 672 "https://miaou.dystroy.org/1934" "Mozilla/5.0 (Windows NT 10.0; Win64; x64; rv:84.0) Gecko/20100101 Firefox/84.0"
b637:5692:fc6:5ba3:5387:9607:e3cc:f5db - - [22/Jan/2021:06:00:56 +0000] "GET /gogo/json?action=7c1uz2f9flrxff&TrollId=q8kw2x&ChrallVersion=9tku HTTP/1.1" 200 65 "https://games.mountyhall.com/" "Mozilla/5.0 (Windows NT 10.0; Win64; x64) AppleWebKit/537.36 (KHTML, like Gecko) Chrome/87.0.4280.141 Safari/537.36"
b402:b52:7b0:0e4e::7ec9:17d3 - - [22/Jan/2021:06:01:00 +0000] "GET /socket.io/?EIO=y&transport=c0qucvma5&sid=mponc2ttxhwaeabglhel HTTP/1.1" 101 4530 "-" "Mozilla/5.0 (Windows NT 10.0; Win64; x64) AppleWebKit/537.36 (KHTML, like Gecko) Chrome/87.0.4280.141 Safari/537.36"
40.205.208.119 - - [22/Jan/2021:06:01:05 +0000] "POST /sciz-webhook HTTP/1.1" 200 0 "-" "python-requests/2.21.0"
40.205.208.119 - - [22/Jan/2021:06:01:06 +0000] "POST /sciz-webhook HTTP/1.1" 200 0 "-" "python-requests/2.21.0"
b637:5692:fc6:5ba3:5387:9607:e3cc:f5db - - [22/Jan/2021:06:01:09 +0000] "GET /gogo/json?action=mf331j19fcfriv57h&asker=q8kw2x&name=px56a33tuxc70zigsy8z&monsterId=61wml9k HTTP/1.1" 200 2440 "https://games.mountyhall.com/" "Mozilla/5.0 (Windows NT 10.0; Win64; x64) AppleWebKit/537.36 (KHTML, like Gecko) Chrome/87.0.4280.141 Safari/537.36"
b637:5692:fc6:5ba3:5387:9607:e3cc:f5db - - [22/Jan/2021:06:01:09 +0000] "GET /gogo/json?action=mf331j19fcfriv57h&asker=q8kw2x&name=cwmfbqbccavayxlqcyw8yb9nqh843&monsterId=2s3hmcx HTTP/1.1" 200 2716 "https://games.mountyhall.com/" "Mozilla/5.0 (Windows NT 10.0; Win64; x64) AppleWebKit/537.36 (KHTML, like Gecko) Chrome/87.0.4280.141 Safari/537.36"
b637:5692:fc6:5ba3:5387:9607:e3cc:f5db - - [22/Jan/2021:06:01:11 +0000] "GET /gogo/json?action=mf331j19fcfriv57h&asker=q8kw2x&name=px56a33tuxc70zigsy8z&monsterId=61wml9k HTTP/1.1" 200 2440 "https://games.mountyhall.com/" "Mozilla/5.0 (Windows NT 10.0; Win64; x64) AppleWebKit/537.36 (KHTML, like Gecko) Chrome/87.0.4280.141 Safari/537.36"
b36f:8ac7:d48:7bd1:13b6:1048:5ff3:0b9c - - [22/Jan/2021:06:01:11 +0000] "GET /socket.io/?EIO=y&transport=c0qucvma5&sid=n0csgfre3ewtn2lx9t8k HTTP/1.1" 101 5254 "-" "Mozilla/5.0 (X11; Linux x86_64; rv:78.0) Gecko/20100101 Firefox/78.0"
77.223.140.69 - - [22/Jan/2021:06:01:20 +0000] "GET /1556 HTTP/1.1" 304 0 "-" "Mozilla/5.0 (Linux; Android 10; Redmi Note 7) AppleWebKit/537.36 (KHTML, like Gecko) Chrome/87.0.4280.101 Mobile Safari/537.36"
77.223.140.69 - - [22/Jan/2021:06:01:20 +0000] "GET /socket.io/socket.io.js HTTP/1.1" 304 0 "https://miaou.dystroy.org/1556" "Mozilla/5.0 (Linux; Android 10; Redmi Note 7) AppleWebKit/537.36 (KHTML, like Gecko) Chrome/87.0.4280.101 Mobile Safari/537.36"
77.223.140.69 - - [22/Jan/2021:06:01:21 +0000] "GET /socket.io/?EIO=y&transport=xkmoyoi&t=52e5imq HTTP/1.1" 200 99 "https://miaou.dystroy.org/1556" "Mozilla/5.0 (Linux; Android 10; Redmi Note 7) AppleWebKit/537.36 (KHTML, like Gecko) Chrome/87.0.4280.101 Mobile Safari/537.36"
77.223.140.69 - - [22/Jan/2021:06:01:21 +0000] "GET /socket.io/?EIO=y&transport=xkmoyoi&t=knv21yr&sid=x9ly8qb7k5f9qhh7600s HTTP/1.1" 200 18 "https://miaou.dystroy.org/1556" "Mozilla/5.0 (Linux; Android 10; Redmi Note 7) AppleWebKit/537.36 (KHTML, like Gecko) Chrome/87.0.4280.101 Mobile Safari/537.36"
77.223.140.69 - - [22/Jan/2021:06:01:22 +0000] "POST /socket.io/?EIO=y&transport=xkmoyoi&t=6w02ozs&sid=x9ly8qb7k5f9qhh7600s HTTP/1.1" 200 2 "https://miaou.dystroy.org/1556" "Mozilla/5.0 (Linux; Android 10; Redmi Note 7) AppleWebKit/537.36 (KHTML, like Gecko) Chrome/87.0.4280.101 Mobile Safari/537.36"
77.223.140.69 - - [22/Jan/2021:06:01:22 +0000] "GET /socket.io/?EIO=y&transport=xkmoyoi&t=756t8xn&sid=x9ly8qb7k5f9qhh7600s HTTP/1.1" 200 34 "https://miaou.dystroy.org/1556" "Mozilla/5.0 (Linux; Android 10; Redmi Note 7) AppleWebKit/537.36 (KHTML, like Gecko) Chrome/87.0.4280.101 Mobile Safari/537.36"
77.223.140.69 - - [22/Jan/2021:06:01:24 +0000] "GET /sw.js?v=jq HTTP/1.1" 304 0 "https://miaou.dystroy.org/sw.js?v=33" "Mozilla/5.0 (Linux; Android 10; Redmi Note 7) AppleWebKit/537.36 (KHTML, like Gecko) Chrome/87.0.4280.101 Mobile Safari/537.36"
b637:5692:fc6:5ba3:5387:9607:e3cc:f5db - - [22/Jan/2021:06:01:26 +0000] "GET /gogo/json?action=mf331j19fcfriv57h&name=px56a33tuxc70zigsy8z&monsterId=61wml9k HTTP/1.1" 200 2440 "https://games.mountyhall.com/" "Mozilla/5.0 (Windows NT 10.0; Win64; x64) AppleWebKit/537.36 (KHTML, like Gecko) Chrome/87.0.4280.141 Safari/537.36"
