66.117.89.209 - - [22/Jan/2021:08:31:47 +0000] "GET /socket.io/?EIO=y&transport=xkmoyoi&t=bjosri2&sid=o8lwvd8u65xlpcfe6ads HTTP/1.1" 200 433 "https://miaou.dystroy.org/1616" "Mozilla/5.0 (Linux; Android 10; ONEPLUS A6013) AppleWebKit/537.36 (KHTML, like Gecko) Chrome/87.0.4280.141 Mobile Safari/537.36"
40.205.208.119 - - [22/Jan/2021:08:31:54 +0000] "POST /sciz-webhook HTTP/1.1" 200 0 "-" "python-requests/2.21.0"
86.175.250.124 - - [22/Jan/2021:08:31:54 +0000] "GET /JSON.prune/JSON.prune.js?_=jzxedxoftkqpn HTTP/1.1" 200 5188 "https://schema02.esabora.solutions/" "Mozilla/5.0 (Macintosh; Intel Mac OS X 11_1_0) AppleWebKit/537.36 (KHTML, like Gecko) Chrome/87.0.4280.141 Safari/537.36"
28.46.53.144 - - [22/Jan/2021:08:32:01 +0000] "GET /json/messages/last?n=a&room=6b4w HTTP/1.1" 304 0 "https://miaou.dystroy.org/3836" "Mozilla/5.0 (Windows NT 6.1; rv:84.0) Gecko/20100101 Firefox/84.0"
eae5:1700:681b:f453:c960:5c83:b532:67c9 - - [22/Jan/2021:08:32:19 +0000] "GET /json/rooms?pattern= HTTP/1.1" 200 11773 "https://miaou.dystroy.org/2960" "Mozilla/5.0 (Windows NT 10.0; Win64; x64; rv:84.0) Gecko/20100101 Firefox/84.0"
40.205.208.119 - - [22/Jan/2021:08:32:22 +0000] "POST /sciz-webhook HTTP/1.1" 200 0 "-" "python-requests/2.21.0"
40.205.208.119 - - [22/Jan/2021:08:32:23 +0000] "POST /sciz-webhook HTTP/1.1" 200 0 "-" "python-requests/2.21.0"
40.205.208.119 - - [22/Jan/2021:08:32:23 +0000] "POST /sciz-webhook HTTP/1.1" 200 0 "-" "python-requests/2.21.0"
66.117.89.209 - - [22/Jan/2021:08:32:25 +0000] "GET /socket.io/?EIO=y&transport=c0qucvma5&sid=o8lwvd8u65xlpcfe6ads HTTP/1.1" 101 3971 "-" "Mozilla/5.0 (Linux; Android 10; ONEPLUS A6013) AppleWebKit/537.36 (KHTML, like Gecko) Chrome/87.0.4280.141 Mobile Safari/537.36"
eae5:1700:681b:f453:c960:5c83:b532:67c9 - - [22/Jan/2021:08:32:27 +0000] "GET /file-host/f7d2fe99d4c6e3972754a679.png HTTP/1.1" 200 898094 "https://miaou.dystroy.org/2960" "Mozilla/5.0 (Windows NT 10.0; Win64; x64; rv:84.0) Gecko/20100101 Firefox/84.0"
66.117.89.209 - - [22/Jan/2021:08:32:29 +0000] "GET /socket.io/?EIO=y&transport=xkmoyoi&t=uejtr46 HTTP/1.1" 200 99 "https://miaou.dystroy.org/1616" "Mozilla/5.0 (Linux; Android 10; ONEPLUS A6013) AppleWebKit/537.36 (KHTML, like Gecko) Chrome/87.0.4280.141 Mobile Safari/537.36"
66.117.89.209 - - [22/Jan/2021:08:32:29 +0000] "GET /socket.io/?EIO=y&transport=xkmoyoi&t=r8d1x15&sid=7bn6iscf2e3t86bxlaza HTTP/1.1" 200 18 "https://miaou.dystroy.org/1616" "Mozilla/5.0 (Linux; Android 10; ONEPLUS A6013) AppleWebKit/537.36 (KHTML, like Gecko) Chrome/87.0.4280.141 Mobile Safari/537.36"
66.117.89.209 - - [22/Jan/2021:08:32:29 +0000] "POST /socket.io/?EIO=y&transport=xkmoyoi&t=oh2k2v7&sid=7bn6iscf2e3t86bxlaza HTTP/1.1" 200 2 "https://miaou.dystroy.org/1616" "Mozilla/5.0 (Linux; Android 10; ONEPLUS A6013) AppleWebKit/537.36 (KHTML, like Gecko) Chrome/87.0.4280.141 Mobile Safari/537.36"
66.117.89.209 - - [22/Jan/2021:08:32:29 +0000] "GET /socket.io/?EIO=y&transport=xkmoyoi&t=mr5wfw4&sid=7bn6iscf2e3t86bxlaza HTTP/1.1" 200 6376 "https://miaou.dystroy.org/1616" "Mozilla/5.0 (Linux; Android 10; ONEPLUS A6013) AppleWebKit/537.36 (KHTML, like Gecko) Chrome/87.0.4280.141 Mobile Safari/537.36"
66.117.89.209 - - [22/Jan/2021:08:32:32 +0000] "POST /socket.io/?EIO=y&transport=xkmoyoi&t=qo0icym&sid=7bn6iscf2e3t86bxlaza HTTP/1.1" 200 2 "https://miaou.dystroy.org/1616" "Mozilla/5.0 (Linux; Android 10; ONEPLUS A6013) AppleWebKit/537.36 (KHTML, like Gecko) Chrome/87.0.4280.141 Mobile Safari/537.36"
66.117.89.209 - - [22/Jan/2021:08:32:32 +0000] "GET /socket.io/?EIO=y&transport=xkmoyoi&t=f92d3r2&sid=7bn6iscf2e3t86bxlaza HTTP/1.1" 200 433 "https://miaou.dystroy.org/1616" "Mozilla/5.0 (Linux; Android 10; ONEPLUS A6013) AppleWebKit/537.36 (KHTML, like Gecko) Chrome/87.0.4280.141 Mobile Safari/537.36"
81.66.83.245 - - [22/Jan/2021:08:32:36 +0000] "GET /blog/atom.xml HTTP/1.1" 304 0 "-" "NetNewsWire (RSS Reader; https://ranchero.com/netnewswire/)"
43.165.137.205 - - [22/Jan/2021:08:32:54 +0000] "GET /JSON.prune/ HTTP/1.1" 301 185 "https://cloud.mail.ru/public/2phx/5vta2xtXx" "Mozilla/5.0 (Windows NT 10.0; Win64; x64) AppleWebKit/537.36 (KHTML, like Gecko) Chrome/87.0.4280.88 Safari/537.36"
43.165.137.205 - - [22/Jan/2021:08:32:54 +0000] "GET /JSON.prune/ HTTP/1.1" 200 3806 "https://cloud.mail.ru/public/2phx/5vta2xtXx" "Mozilla/5.0 (Windows NT 10.0; Win64; x64) AppleWebKit/537.36 (KHTML, like Gecko) Chrome/87.0.4280.88 Safari/537.36"
66.117.89.209 - - [22/Jan/2021:08:33:04 +0000] "GET /socket.io/?EIO=y&transport=c0qucvma5&sid=7bn6iscf2e3t86bxlaza HTTP/1.1" 101 3971 "-" "Mozilla/5.0 (Linux; Android 10; ONEPLUS A6013) AppleWebKit/537.36 (KHTML, like Gecko) Chrome/87.0.4280.141 Mobile Safari/537.36"
64.6.19.59 - - [22/Jan/2021:08:33:09 +0000] "GET /json/messages/last?n=a&room=fzvq HTTP/1.1" 304 0 "https://miaou.dystroy.org/1677" "Mozilla/5.0 (Windows NT 10.0; Win64; x64; rv:84.0) Gecko/20100101 Firefox/84.0"
40.205.208.119 - - [22/Jan/2021:08:33:09 +0000] "POST /sciz-webhook HTTP/1.1" 200 0 "-" "python-requests/2.21.0"
2d06:0029:e34:172e:9aa4:3527:a89c:b59 - - [22/Jan/2021:08:33:19 +0000] "GET /gogo/json?action=7c1uz2f9flrxff&TrollId=9qdgp&ChrallVersion=9tku HTTP/1.1" 200 65 "https://games.mountyhall.com/" "Mozilla/5.0 (Windows NT 10.0; Win64; x64) AppleWebKit/537.36 (KHTML, like Gecko) Chrome/87.0.4280.141 Safari/537.36"
e7fe:e98b:d6a:e5fc:2bf0:4afc:e063:14f - - [22/Jan/2021:08:33:26 +0000] "GET /gogo/json?action=mf331j19fcfriv57h&asker=0v6clo&name=yo033ngxtksrfeq2wru1v3hvkkbu1iy71s911&monsterId=obn58yx HTTP/1.1" 200 2086 "https://games.mountyhall.com/" "Mozilla/5.0 (Windows NT 10.0; Win64; x64) AppleWebKit/537.36 (KHTML, like Gecko) Chrome/87.0.4280.141 Safari/537.36"
e7fe:e98b:d6a:e5fc:2bf0:4afc:e063:14f - - [22/Jan/2021:08:33:30 +0000] "GET /gogo/json?action=mf331j19fcfriv57h&asker=0v6clo&name=1yujz7kx1d0cwm9ojxihmxtjdhqd1zy3hjt57q&monsterId=5kq2utx HTTP/1.1" 200 104 "https://games.mountyhall.com/" "Mozilla/5.0 (Windows NT 10.0; Win64; x64) AppleWebKit/537.36 (KHTML, like Gecko) Chrome/87.0.4280.141 Safari/537.36"
e7fe:e98b:d6a:e5fc:2bf0:4afc:e063:14f - - [22/Jan/2021:08:33:33 +0000] "GET /gogo/json?action=mf331j19fcfriv57h&asker=0v6clo&name=qv5apgpj68m52p2wx3gdnvzwekxilc6lc88w51s2cx839uxe8kwf9h&monsterId=fqvt3pb HTTP/1.1" 200 2565 "https://games.mountyhall.com/" "Mozilla/5.0 (Windows NT 10.0; Win64; x64) AppleWebKit/537.36 (KHTML, like Gecko) Chrome/87.0.4280.141 Safari/537.36"
e7fe:e98b:d6a:e5fc:2bf0:4afc:e063:14f - - [22/Jan/2021:08:33:33 +0000] "GET /gogo/json?action=mf331j19fcfriv57h&asker=0v6clo&name=yo033ngxtksrfeq2wru1v3hvkkbu1iy71s911&monsterId=obn58yx HTTP/1.1" 200 2086 "https://games.mountyhall.com/" "Mozilla/5.0 (Windows NT 10.0; Win64; x64) AppleWebKit/537.36 (KHTML, like Gecko) Chrome/87.0.4280.141 Safari/537.36"
64.6.19.59 - - [22/Jan/2021:08:33:33 +0000] "GET /json/messages/last?n=a&room=g4np HTTP/1.1" 304 0 "https://miaou.dystroy.org/1677" "Mozilla/5.0 (Windows NT 10.0; Win64; x64; rv:84.0) Gecko/20100101 Firefox/84.0"
e7fe:e98b:d6a:e5fc:2bf0:4afc:e063:14f - - [22/Jan/2021:08:33:33 +0000] "GET /gogo/json?action=mf331j19fcfriv57h&asker=0v6clo&name=8rduxbtje3w8lwak2qi4pyl5&monsterId=aecb9jj HTTP/1.1" 200 2746 "https://games.mountyhall.com/" "Mozilla/5.0 (Windows NT 10.0; Win64; x64) AppleWebKit/537.36 (KHTML, like Gecko) Chrome/87.0.4280.141 Safari/537.36"
e7fe:e98b:d6a:e5fc:2bf0:4afc:e063:14f - - [22/Jan/2021:08:33:33 +0000] "GET /gogo/json?action=mf331j19fcfriv57h&asker=0v6clo&name=yo033ngxtksrfeq2wru1v3hvkkbu1iy71s911&monsterId=obn58yx HTTP/1.1" 200 2086 "https://games.mountyhall.com/" "Mozilla/5.0 (Windows NT 10.0; Win64; x64) AppleWebKit/537.36 (KHTML, like Gecko) Chrome/87.0.4280.141 Safari/537.36"
2d06:0029:e34:172e:9aa4:3527:a89c:b59 - - [22/Jan/2021:08:33:35 +0000] "GET /gogo/json?action=7c1uz2f9flrxff&TrollId=9qdgp&ChrallVersion=9tku HTTP/1.1" 200 65 "https://games.mountyhall.com/" "Mozilla/5.0 (Windows NT 10.0; Win64; x64) AppleWebKit/537.36 (KHTML, like Gecko) Chrome/87.0.4280.141 Safari/537.36"
e7fe:e98b:d6a:e5fc:2bf0:4afc:e063:14f - - [22/Jan/2021:08:33:35 +0000] "GET /gogo/json?action=mf331j19fcfriv57h&asker=0v6clo&name=yo033ngxtksrfeq2wru1v3hvkkbu1iy71s911&monsterId=obn58yx HTTP/1.1" 200 2086 "https://games.mountyhall.com/" "Mozilla/5.0 (Windows NT 10.0; Win64; x64) AppleWebKit/537.36 (KHTML, like Gecko) Chrome/87.0.4280.141 Safari/537.36"
e7fe:e98b:d6a:e5fc:2bf0:4afc:e063:14f - - [22/Jan/2021:08:33:36 +0000] "GET /gogo/json?action=mf331j19fcfriv57h&asker=0v6clo&name=yo033ngxtksrfeq2wru1v3hvkkbu1iy71s911&monsterId=obn58yx HTTP/1.1" 200 2086 "https://games.mountyhall.com/" "Mozilla/5.0 (Windows NT 10.0; Win64; x64) AppleWebKit/537.36 (KHTML, like Gecko) Chrome/87.0.4280.141 Safari/537.36"
e7fe:e98b:d6a:e5fc:2bf0:4afc:e063:14f - - [22/Jan/2021:08:33:39 +0000] "GET /gogo/json?action=mf331j19fcfriv57h&asker=0v6clo&name=8rduxbtje3w8lwak2qi4pyl5&monsterId=aecb9jj HTTP/1.1" 200 2746 "https://games.mountyhall.com/" "Mozilla/5.0 (Windows NT 10.0; Win64; x64) AppleWebKit/537.36 (KHTML, like Gecko) Chrome/87.0.4280.141 Safari/537.36"
40.205.208.119 - - [22/Jan/2021:08:33:43 +0000] "POST /sciz-webhook HTTP/1.1" 200 0 "-" "python-requests/2.21.0"
40.205.208.119 - - [22/Jan/2021:08:33:51 +0000] "POST /sciz-webhook HTTP/1.1" 200 0 "-" "python-requests/2.21.0"
e7fe:e98b:d6a:e5fc:2bf0:4afc:e063:14f - - [22/Jan/2021:08:33:51 +0000] "GET /gogo/json?action=mf331j19fcfriv57h&asker=0v6clo&name=kl7xk7qxckyrzl7bj8b0zvkuumx&monsterId=21srf91 HTTP/1.1" 200 2466 "https://games.mountyhall.com/" "Mozilla/5.0 (Windows NT 10.0; Win64; x64) AppleWebKit/537.36 (KHTML, like Gecko) Chrome/87.0.4280.141 Safari/537.36"
2d06:0029:e34:172e:9aa4:3527:a89c:b59 - - [22/Jan/2021:08:33:52 +0000] "GET /gogo/json?action=7c1uz2f9flrxff&TrollId=9qdgp&ChrallVersion=9tku HTTP/1.1" 200 65 "https://games.mountyhall.com/" "Mozilla/5.0 (Windows NT 10.0; Win64; x64) AppleWebKit/537.36 (KHTML, like Gecko) Chrome/87.0.4280.141 Safari/537.36"
2d06:0029:e34:172e:9aa4:3527:a89c:b59 - - [22/Jan/2021:08:33:57 +0000] "GET /gogo/json?action=7c1uz2f9flrxff&TrollId=9qdgp&ChrallVersion=9tku HTTP/1.1" 200 65 "https://games.mountyhall.com/" "Mozilla/5.0 (Windows NT 10.0; Win64; x64) AppleWebKit/537.36 (KHTML, like Gecko) Chrome/87.0.4280.141 Safari/537.36"
40.205.208.119 - - [22/Jan/2021:08:34:03 +0000] "POST /sciz-webhook HTTP/1.1" 200 0 "-" "python-requests/2.21.0"
e7fe:e98b:d6a:e5fc:2bf0:4afc:e063:14f - - [22/Jan/2021:08:34:03 +0000] "GET /gogo/json?action=mf331j19fcfriv57h&asker=0v6clo&name=yo033ngxtksrfeq2wru1v3hvkkbu1iy71s911&monsterId=obn58yx HTTP/1.1" 200 2086 "https://games.mountyhall.com/" "Mozilla/5.0 (Windows NT 10.0; Win64; x64) AppleWebKit/537.36 (KHTML, like Gecko) Chrome/87.0.4280.141 Safari/537.36"
233.160.13.69 - - [22/Jan/2021:08:34:03 +0000] "GET /gogo/json?action=bgc6r5eeshp5nu&asker=ypgmgo&trollId=xy0j1 HTTP/1.1" 200 84 "https://games.mountyhall.com/" "Mozilla/5.0 (Windows NT 10.0; Win64; x64) AppleWebKit/537.36 (KHTML, like Gecko) Chrome/87.0.4280.141 Safari/537.36"
e7fe:e98b:d6a:e5fc:2bf0:4afc:e063:14f - - [22/Jan/2021:08:34:03 +0000] "GET /gogo/json?action=mf331j19fcfriv57h&asker=0v6clo&name=49kslf70z2niyca6465f20x7qq2o3y5whv886q3orn&monsterId=z4rwqot HTTP/1.1" 200 102 "https://games.mountyhall.com/" "Mozilla/5.0 (Windows NT 10.0; Win64; x64) AppleWebKit/537.36 (KHTML, like Gecko) Chrome/87.0.4280.141 Safari/537.36"
233.160.13.69 - - [22/Jan/2021:08:34:03 +0000] "GET /gogo/json?action=bgc6r5eeshp5nu&asker=ypgmgo&trollId=3avi5 HTTP/1.1" 200 84 "https://games.mountyhall.com/" "Mozilla/5.0 (Windows NT 10.0; Win64; x64) AppleWebKit/537.36 (KHTML, like Gecko) Chrome/87.0.4280.141 Safari/537.36"
e7fe:e98b:d6a:e5fc:2bf0:4afc:e063:14f - - [22/Jan/2021:08:34:04 +0000] "GET /gogo/json?action=mf331j19fcfriv57h&asker=0v6clo&name=8rduxbtje3w8lwak2qi4pyl5&monsterId=aecb9jj HTTP/1.1" 200 2746 "https://games.mountyhall.com/" "Mozilla/5.0 (Windows NT 10.0; Win64; x64) AppleWebKit/537.36 (KHTML, like Gecko) Chrome/87.0.4280.141 Safari/537.36"
e7fe:e98b:d6a:e5fc:2bf0:4afc:e063:14f - - [22/Jan/2021:08:34:05 +0000] "GET /gogo/json?action=mf331j19fcfriv57h&asker=0v6clo&name=1yujz7kx1d0cwm9ojxihmxtjdhqd1zy3hjt57q&monsterId=5kq2utx HTTP/1.1" 200 104 "https://games.mountyhall.com/" "Mozilla/5.0 (Windows NT 10.0; Win64; x64) AppleWebKit/537.36 (KHTML, like Gecko) Chrome/87.0.4280.141 Safari/537.36"
e7fe:e98b:d6a:e5fc:2bf0:4afc:e063:14f - - [22/Jan/2021:08:34:06 +0000] "GET /gogo/json?action=mf331j19fcfriv57h&asker=0v6clo&name=1yujz7kx1d0cwm9ojxihmxtjdhqd1zy3hjt57q&monsterId=5kq2utx HTTP/1.1" 200 104 "https://games.mountyhall.com/" "Mozilla/5.0 (Windows NT 10.0; Win64; x64) AppleWebKit/537.36 (KHTML, like Gecko) Chrome/87.0.4280.141 Safari/537.36"
e7fe:e98b:d6a:e5fc:2bf0:4afc:e063:14f - - [22/Jan/2021:08:34:06 +0000] "GET /gogo/json?action=mf331j19fcfriv57h&asker=0v6clo&name=8rduxbtje3w8lwak2qi4pyl5&monsterId=aecb9jj HTTP/1.1" 200 2746 "https://games.mountyhall.com/" "Mozilla/5.0 (Windows NT 10.0; Win64; x64) AppleWebKit/537.36 (KHTML, like Gecko) Chrome/87.0.4280.141 Safari/537.36"
e7fe:e98b:d6a:e5fc:2bf0:4afc:e063:14f - - [22/Jan/2021:08:34:07 +0000] "GET /gogo/json?action=mf331j19fcfriv57h&asker=0v6clo&name=yo033ngxtksrfeq2wru1v3hvkkbu1iy71s911&monsterId=obn58yx HTTP/1.1" 200 2086 "https://games.mountyhall.com/" "Mozilla/5.0 (Windows NT 10.0; Win64; x64) AppleWebKit/537.36 (KHTML, like Gecko) Chrome/87.0.4280.141 Safari/537.36"
98.67.97.90 - - [22/Jan/2021:08:34:07 +0000] "GET /json/messages/last?n=a&room=iayh HTTP/1.1" 200 1197 "https://miaou.dystroy.org/1934" "Mozilla/5.0 (Windows NT 10.0; Win64; x64; rv:84.0) Gecko/20100101 Firefox/84.0"
98.67.97.90 - - [22/Jan/2021:08:34:07 +0000] "GET /json/messages/last?n=a&room=7tpr HTTP/1.1" 200 1037 "https://miaou.dystroy.org/1934" "Mozilla/5.0 (Windows NT 10.0; Win64; x64; rv:84.0) Gecko/20100101 Firefox/84.0"
e7fe:e98b:d6a:e5fc:2bf0:4afc:e063:14f - - [22/Jan/2021:08:34:09 +0000] "GET /gogo/json?action=mf331j19fcfriv57h&name=yo033ngxtksrfeq2wru1v3hvkkbu1iy71s911&monsterId=0ttt53zmf HTTP/1.1" 200 2086 "https://games.mountyhall.com/" "Mozilla/5.0 (Windows NT 10.0; Win64; x64) AppleWebKit/537.36 (KHTML, like Gecko) Chrome/87.0.4280.141 Safari/537.36"
98.67.97.90 - - [22/Jan/2021:08:34:13 +0000] "GET /json/messages/last?n=a&room=69td HTTP/1.1" 200 1185 "https://miaou.dystroy.org/1934" "Mozilla/5.0 (Windows NT 10.0; Win64; x64; rv:84.0) Gecko/20100101 Firefox/84.0"
57.0.209.250 - - [22/Jan/2021:08:34:13 +0000] "GET /json/messages/last?n=a&room=0ati HTTP/1.1" 200 1032 "https://miaou.dystroy.org/3453" "Mozilla/5.0 (Windows NT 6.3; Win64; x64; rv:84.0) Gecko/20100101 Firefox/84.0"
98.67.97.90 - - [22/Jan/2021:08:34:13 +0000] "GET /json/messages/last?n=a&room=vabh HTTP/1.1" 200 1142 "https://miaou.dystroy.org/1934" "Mozilla/5.0 (Windows NT 10.0; Win64; x64; rv:84.0) Gecko/20100101 Firefox/84.0"
98.67.97.90 - - [22/Jan/2021:08:34:13 +0000] "GET /json/messages/last?n=a&room=3tdx HTTP/1.1" 200 1332 "https://miaou.dystroy.org/1934" "Mozilla/5.0 (Windows NT 10.0; Win64; x64; rv:84.0) Gecko/20100101 Firefox/84.0"
98.67.97.90 - - [22/Jan/2021:08:34:13 +0000] "GET /json/messages/last?n=a&room=h8tg HTTP/1.1" 200 1199 "https://miaou.dystroy.org/1934" "Mozilla/5.0 (Windows NT 10.0; Win64; x64; rv:84.0) Gecko/20100101 Firefox/84.0"
98.67.97.90 - - [22/Jan/2021:08:34:13 +0000] "GET /json/messages/last?n=a&room=t4 HTTP/1.1" 200 1220 "https://miaou.dystroy.org/1934" "Mozilla/5.0 (Windows NT 10.0; Win64; x64; rv:84.0) Gecko/20100101 Firefox/84.0"
98.67.97.90 - - [22/Jan/2021:08:34:14 +0000] "GET /json/messages/last?n=a&room=jo HTTP/1.1" 200 1143 "https://miaou.dystroy.org/1934" "Mozilla/5.0 (Windows NT 10.0; Win64; x64; rv:84.0) Gecko/20100101 Firefox/84.0"
e7fe:e98b:d6a:e5fc:2bf0:4afc:e063:14f - - [22/Jan/2021:08:34:14 +0000] "GET /gogo/json?action=bgc6r5eeshp5nu&asker=0v6clo&trollId=e47e9p HTTP/1.1" 200 85 "https://games.mountyhall.com/" "Mozilla/5.0 (Windows NT 10.0; Win64; x64) AppleWebKit/537.36 (KHTML, like Gecko) Chrome/87.0.4280.141 Safari/537.36"
e7fe:e98b:d6a:e5fc:2bf0:4afc:e063:14f - - [22/Jan/2021:08:34:14 +0000] "GET /gogo/json?action=bgc6r5eeshp5nu&asker=0v6clo&trollId=1ms3 HTTP/1.1" 200 83 "https://games.mountyhall.com/" "Mozilla/5.0 (Windows NT 10.0; Win64; x64) AppleWebKit/537.36 (KHTML, like Gecko) Chrome/87.0.4280.141 Safari/537.36"
233.160.13.69 - - [22/Jan/2021:08:34:15 +0000] "GET /gogo/json?action=bgc6r5eeshp5nu&asker=ypgmgo&trollId=qmjnl HTTP/1.1" 200 84 "https://games.mountyhall.com/" "Mozilla/5.0 (Windows NT 10.0; Win64; x64) AppleWebKit/537.36 (KHTML, like Gecko) Chrome/87.0.4280.141 Safari/537.36"
233.160.13.69 - - [22/Jan/2021:08:34:16 +0000] "GET /gogo/json?action=bgc6r5eeshp5nu&asker=ypgmgo&trollId=6tcb3 HTTP/1.1" 200 84 "https://games.mountyhall.com/" "Mozilla/5.0 (Windows NT 10.0; Win64; x64) AppleWebKit/537.36 (KHTML, like Gecko) Chrome/87.0.4280.141 Safari/537.36"
40.205.208.119 - - [22/Jan/2021:08:34:17 +0000] "POST /sciz-webhook HTTP/1.1" 200 0 "-" "python-requests/2.21.0"
233.160.13.69 - - [22/Jan/2021:08:34:18 +0000] "GET /gogo/json?action=bgc6r5eeshp5nu&asker=ypgmgo&trollId=6tcb3 HTTP/1.1" 200 84 "https://games.mountyhall.com/" "Mozilla/5.0 (Windows NT 10.0; Win64; x64) AppleWebKit/537.36 (KHTML, like Gecko) Chrome/87.0.4280.141 Safari/537.36"
53.110.48.71 - - [22/Jan/2021:08:34:19 +0000] "GET /blog/atom.xml HTTP/1.1" 304 0 "-" "Feedbin feed-id:1894033 - 1 subscribers"
61e3:f08:a7f:95e8:1cba:8117:79f:1a6f - - [22/Jan/2021:08:34:19 +0000] "GET /json/messages/last?n=a&room=p6se HTTP/1.1" 200 1622 "https://miaou.dystroy.org/3" "Mozilla/5.0 (Windows NT 10.0; Win64; x64) AppleWebKit/537.36 (KHTML, like Gecko) Chrome/87.0.4280.141 Safari/537.36"
61e3:f08:a7f:95e8:1cba:8117:79f:1a6f - - [22/Jan/2021:08:34:20 +0000] "GET /3453 HTTP/1.1" 200 5398 "https://miaou.dystroy.org/3" "Mozilla/5.0 (Windows NT 10.0; Win64; x64) AppleWebKit/537.36 (KHTML, like Gecko) Chrome/87.0.4280.141 Safari/537.36"
61e3:f08:a7f:95e8:1cba:8117:79f:1a6f - - [22/Jan/2021:08:34:20 +0000] "GET /json/messages/last?n=a&room=myp3 HTTP/1.1" 304 0 "https://miaou.dystroy.org/3" "Mozilla/5.0 (Windows NT 10.0; Win64; x64) AppleWebKit/537.36 (KHTML, like Gecko) Chrome/87.0.4280.141 Safari/537.36"
61e3:f08:a7f:95e8:1cba:8117:79f:1a6f - - [22/Jan/2021:08:34:20 +0000] "GET /json/messages/last?n=a&room=qeo3 HTTP/1.1" 304 0 "https://miaou.dystroy.org/3" "Mozilla/5.0 (Windows NT 10.0; Win64; x64) AppleWebKit/537.36 (KHTML, like Gecko) Chrome/87.0.4280.141 Safari/537.36"
61e3:f08:a7f:95e8:1cba:8117:79f:1a6f - - [22/Jan/2021:08:34:20 +0000] "GET /json/messages/last?n=a&room=fwv HTTP/1.1" 304 0 "https://miaou.dystroy.org/3" "Mozilla/5.0 (Windows NT 10.0; Win64; x64) AppleWebKit/537.36 (KHTML, like Gecko) Chrome/87.0.4280.141 Safari/537.36"
61e3:f08:a7f:95e8:1cba:8117:79f:1a6f - - [22/Jan/2021:08:34:20 +0000] "GET /socket.io/?EIO=y&transport=c0qucvma5&sid=eig60f6w04ymr4yr5ckz HTTP/1.1" 101 3839 "-" "Mozilla/5.0 (Windows NT 10.0; Win64; x64) AppleWebKit/537.36 (KHTML, like Gecko) Chrome/87.0.4280.141 Safari/537.36"
61e3:f08:a7f:95e8:1cba:8117:79f:1a6f - - [22/Jan/2021:08:34:20 +0000] "GET /socket.io/socket.io.js HTTP/1.1" 304 0 "https://miaou.dystroy.org/3453" "Mozilla/5.0 (Windows NT 10.0; Win64; x64) AppleWebKit/537.36 (KHTML, like Gecko) Chrome/87.0.4280.141 Safari/537.36"
61e3:f08:a7f:95e8:1cba:8117:79f:1a6f - - [22/Jan/2021:08:34:20 +0000] "GET /socket.io/?EIO=y&transport=xkmoyoi&t=t1rtxlf HTTP/1.1" 200 99 "https://miaou.dystroy.org/3453" "Mozilla/5.0 (Windows NT 10.0; Win64; x64) AppleWebKit/537.36 (KHTML, like Gecko) Chrome/87.0.4280.141 Safari/537.36"
61e3:f08:a7f:95e8:1cba:8117:79f:1a6f - - [22/Jan/2021:08:34:21 +0000] "GET /socket.io/?EIO=y&transport=xkmoyoi&t=hcl0mki&sid=480vw8ad9azrzzsnhwh1 HTTP/1.1" 200 18 "https://miaou.dystroy.org/3453" "Mozilla/5.0 (Windows NT 10.0; Win64; x64) AppleWebKit/537.36 (KHTML, like Gecko) Chrome/87.0.4280.141 Safari/537.36"
61e3:f08:a7f:95e8:1cba:8117:79f:1a6f - - [22/Jan/2021:08:34:21 +0000] "POST /socket.io/?EIO=y&transport=xkmoyoi&t=acrsimo&sid=480vw8ad9azrzzsnhwh1 HTTP/1.1" 200 2 "https://miaou.dystroy.org/3453" "Mozilla/5.0 (Windows NT 10.0; Win64; x64) AppleWebKit/537.36 (KHTML, like Gecko) Chrome/87.0.4280.141 Safari/537.36"
61e3:f08:a7f:95e8:1cba:8117:79f:1a6f - - [22/Jan/2021:08:34:21 +0000] "GET /socket.io/?EIO=y&transport=xkmoyoi&t=rwalqpe&sid=480vw8ad9azrzzsnhwh1 HTTP/1.1" 200 34 "https://miaou.dystroy.org/3453" "Mozilla/5.0 (Windows NT 10.0; Win64; x64) AppleWebKit/537.36 (KHTML, like Gecko) Chrome/87.0.4280.141 Safari/537.36"
61e3:f08:a7f:95e8:1cba:8117:79f:1a6f - - [22/Jan/2021:08:34:21 +0000] "GET /socket.io/?EIO=y&transport=xkmoyoi&t=gk92hdn&sid=480vw8ad9azrzzsnhwh1 HTTP/1.1" 200 5834 "https://miaou.dystroy.org/3453" "Mozilla/5.0 (Windows NT 10.0; Win64; x64) AppleWebKit/537.36 (KHTML, like Gecko) Chrome/87.0.4280.141 Safari/537.36"
98.67.97.90 - - [22/Jan/2021:08:34:22 +0000] "GET /socket.io/?EIO=y&transport=c0qucvma5&sid=x42o8xk65odgh0g8lu8z HTTP/1.1" 101 2089 "-" "Mozilla/5.0 (Windows NT 10.0; Win64; x64; rv:84.0) Gecko/20100101 Firefox/84.0"
98.67.97.90 - - [22/Jan/2021:08:34:22 +0000] "GET /12 HTTP/1.1" 200 5725 "https://miaou.dystroy.org/1934" "Mozilla/5.0 (Windows NT 10.0; Win64; x64; rv:84.0) Gecko/20100101 Firefox/84.0"
98.67.97.90 - - [22/Jan/2021:08:34:22 +0000] "GET /socket.io/socket.io.js HTTP/1.1" 200 68739 "https://miaou.dystroy.org/12" "Mozilla/5.0 (Windows NT 10.0; Win64; x64; rv:84.0) Gecko/20100101 Firefox/84.0"
98.67.97.90 - - [22/Jan/2021:08:34:23 +0000] "GET /socket.io/?EIO=y&transport=xkmoyoi&t=7wyglv7 HTTP/1.1" 200 99 "https://miaou.dystroy.org/12" "Mozilla/5.0 (Windows NT 10.0; Win64; x64; rv:84.0) Gecko/20100101 Firefox/84.0"
98.67.97.90 - - [22/Jan/2021:08:34:23 +0000] "GET /file-host/876ab796b3991f4bcb2ebda9.png HTTP/1.1" 200 78222 "https://miaou.dystroy.org/12" "Mozilla/5.0 (Windows NT 10.0; Win64; x64; rv:84.0) Gecko/20100101 Firefox/84.0"
98.67.97.90 - - [22/Jan/2021:08:34:23 +0000] "GET /socket.io/?EIO=y&transport=xkmoyoi&t=eopppnw&sid=thim46wy7yi4yyusg8jt HTTP/1.1" 200 18 "https://miaou.dystroy.org/12" "Mozilla/5.0 (Windows NT 10.0; Win64; x64; rv:84.0) Gecko/20100101 Firefox/84.0"
98.67.97.90 - - [22/Jan/2021:08:34:23 +0000] "POST /socket.io/?EIO=y&transport=xkmoyoi&t=022pe9p&sid=thim46wy7yi4yyusg8jt HTTP/1.1" 200 2 "https://miaou.dystroy.org/12" "Mozilla/5.0 (Windows NT 10.0; Win64; x64; rv:84.0) Gecko/20100101 Firefox/84.0"
98.67.97.90 - - [22/Jan/2021:08:34:23 +0000] "GET /socket.io/?EIO=y&transport=xkmoyoi&t=zzaavor&sid=thim46wy7yi4yyusg8jt HTTP/1.1" 200 34 "https://miaou.dystroy.org/12" "Mozilla/5.0 (Windows NT 10.0; Win64; x64; rv:84.0) Gecko/20100101 Firefox/84.0"
98.67.97.90 - - [22/Jan/2021:08:34:23 +0000] "GET /socket.io/?EIO=y&transport=xkmoyoi&t=7v7b2t6&sid=thim46wy7yi4yyusg8jt HTTP/1.1" 200 6490 "https://miaou.dystroy.org/12" "Mozilla/5.0 (Windows NT 10.0; Win64; x64; rv:84.0) Gecko/20100101 Firefox/84.0"
98.67.97.90 - - [22/Jan/2021:08:34:23 +0000] "POST /socket.io/?EIO=y&transport=xkmoyoi&t=xcvei4o&sid=thim46wy7yi4yyusg8jt HTTP/1.1" 200 2 "https://miaou.dystroy.org/12" "Mozilla/5.0 (Windows NT 10.0; Win64; x64; rv:84.0) Gecko/20100101 Firefox/84.0"
98.67.97.90 - - [22/Jan/2021:08:34:23 +0000] "GET /socket.io/?EIO=y&transport=xkmoyoi&t=n3ab4iz&sid=thim46wy7yi4yyusg8jt HTTP/1.1" 200 88 "https://miaou.dystroy.org/12" "Mozilla/5.0 (Windows NT 10.0; Win64; x64; rv:84.0) Gecko/20100101 Firefox/84.0"
98.67.97.90 - - [22/Jan/2021:08:34:23 +0000] "POST /socket.io/?EIO=y&transport=xkmoyoi&t=pbezbmv&sid=thim46wy7yi4yyusg8jt HTTP/1.1" 200 2 "https://miaou.dystroy.org/12" "Mozilla/5.0 (Windows NT 10.0; Win64; x64; rv:84.0) Gecko/20100101 Firefox/84.0"
98.67.97.90 - - [22/Jan/2021:08:34:23 +0000] "GET /json/external-link-preview?url=mdj90rsgviqm5cksup07xzsdjtqk59s8jlbjjcp768yt60e396ab3rm7w3zeigcso6o6i2p1navowmyki6q87j8r3pbs812b6rhsufcbw HTTP/1.1" 200 581 "https://miaou.dystroy.org/12" "Mozilla/5.0 (Windows NT 10.0; Win64; x64; rv:84.0) Gecko/20100101 Firefox/84.0"
98.67.97.90 - - [22/Jan/2021:08:34:23 +0000] "GET /json/external-link-preview?url=mdj90rsgviqm5cksup07xzsdjtqk59s8jlbjjcp768yt60e396ab3rm7w3zeigcso6o6i2p1navowmyki6q87j8r3pbs812b6rhsufcbw HTTP/1.1" 200 581 "https://miaou.dystroy.org/12" "Mozilla/5.0 (Windows NT 10.0; Win64; x64; rv:84.0) Gecko/20100101 Firefox/84.0"
55.40.152.129 - - [22/Jan/2021:08:34:24 +0000] "GET /gogo/json?action=7c1uz2f9flrxff&TrollId=mhp531&ChrallVersion=9tku HTTP/1.1" 200 65 "https://games.mountyhall.com/" "Mozilla/5.0 (Windows NT 10.0; Win64; x64) AppleWebKit/537.36 (KHTML, like Gecko) Chrome/87.0.4280.141 Safari/537.36"
e7fe:e98b:d6a:e5fc:2bf0:4afc:e063:14f - - [22/Jan/2021:08:34:26 +0000] "GET /gogo/json?action=mf331j19fcfriv57h&asker=0v6clo&name=qv5apgpj68m52p2wx3gdnvzwekxilc6lc88w51s2cx839uxe8kwf9h&monsterId=fqvt3pb HTTP/1.1" 200 2565 "https://games.mountyhall.com/" "Mozilla/5.0 (Windows NT 10.0; Win64; x64) AppleWebKit/537.36 (KHTML, like Gecko) Chrome/87.0.4280.141 Safari/537.36"
40.205.208.119 - - [22/Jan/2021:08:34:27 +0000] "POST /sciz-webhook HTTP/1.1" 200 0 "-" "python-requests/2.21.0"
98.67.97.90 - - [22/Jan/2021:08:34:28 +0000] "GET /json/rooms?pattern= HTTP/1.1" 200 10137 "https://miaou.dystroy.org/12" "Mozilla/5.0 (Windows NT 10.0; Win64; x64; rv:84.0) Gecko/20100101 Firefox/84.0"
e7fe:e98b:d6a:e5fc:2bf0:4afc:e063:14f - - [22/Jan/2021:08:34:30 +0000] "GET /gogo/json?action=bgc6r5eeshp5nu&trollId=0v6clo HTTP/1.1" 200 85 "https://games.mountyhall.com/" "Mozilla/5.0 (Windows NT 10.0; Win64; x64) AppleWebKit/537.36 (KHTML, like Gecko) Chrome/87.0.4280.141 Safari/537.36"
e7fe:e98b:d6a:e5fc:2bf0:4afc:e063:14f - - [22/Jan/2021:08:34:30 +0000] "GET /gogo/json?action=mf331j19fcfriv57h&asker=0v6clo&name=8rduxbtje3w8lwak2qi4pyl5&monsterId=aecb9jj HTTP/1.1" 200 2746 "https://games.mountyhall.com/" "Mozilla/5.0 (Windows NT 10.0; Win64; x64) AppleWebKit/537.36 (KHTML, like Gecko) Chrome/87.0.4280.141 Safari/537.36"
40.205.208.119 - - [22/Jan/2021:08:34:31 +0000] "POST /sciz-webhook HTTP/1.1" 200 0 "-" "python-requests/2.21.0"
e7fe:e98b:d6a:e5fc:2bf0:4afc:e063:14f - - [22/Jan/2021:08:34:45 +0000] "GET /gogo/json?action=7c1uz2f9flrxff&TrollId=0v6clo&ChrallVersion=9tku HTTP/1.1" 200 65 "https://games.mountyhall.com/" "Mozilla/5.0 (Windows NT 10.0; Win64; x64) AppleWebKit/537.36 (KHTML, like Gecko) Chrome/87.0.4280.141 Safari/537.36"
33.164.236.61 - - [22/Jan/2021:08:34:52 +0000] "GET /gogo/json?action=mf331j19fcfriv57h&asker=8e1mzd&name=hyhxyyjco6skgo8c43r2dgqo5kz0f&monsterId=y5bptfe HTTP/1.1" 200 1419 "https://games.mountyhall.com/" "Mozilla/5.0 (Windows NT 10.0; Win64; x64) AppleWebKit/537.36 (KHTML, like Gecko) Chrome/87.0.4280.141 Safari/537.36"
33.164.236.61 - - [22/Jan/2021:08:34:52 +0000] "GET /gogo/json?action=mf331j19fcfriv57h&asker=8e1mzd&name=cq321710a49m3sxrj7c49p5fuac3zxe3ksgdr7w0xxrr7dg2c0e&monsterId=5qv3o39 HTTP/1.1" 200 2755 "https://games.mountyhall.com/" "Mozilla/5.0 (Windows NT 10.0; Win64; x64) AppleWebKit/537.36 (KHTML, like Gecko) Chrome/87.0.4280.141 Safari/537.36"
33.164.236.61 - - [22/Jan/2021:08:34:52 +0000] "GET /gogo/json?action=mf331j19fcfriv57h&asker=8e1mzd&name=7n2tywticgvobn897kp5opy0elltl4ts9pcc4uxl&monsterId=i41x6h8 HTTP/1.1" 200 2764 "https://games.mountyhall.com/" "Mozilla/5.0 (Windows NT 10.0; Win64; x64) AppleWebKit/537.36 (KHTML, like Gecko) Chrome/87.0.4280.141 Safari/537.36"
33.164.236.61 - - [22/Jan/2021:08:34:52 +0000] "GET /gogo/json?action=mf331j19fcfriv57h&asker=8e1mzd&name=msgc6ltcvqalvkoh3iefnw695iq99&monsterId=4t55w0w HTTP/1.1" 200 2767 "https://games.mountyhall.com/" "Mozilla/5.0 (Windows NT 10.0; Win64; x64) AppleWebKit/537.36 (KHTML, like Gecko) Chrome/87.0.4280.141 Safari/537.36"
98.67.97.90 - - [22/Jan/2021:08:35:05 +0000] "GET /json/messages/last?n=a&room=4x1 HTTP/1.1" 200 988 "https://miaou.dystroy.org/12" "Mozilla/5.0 (Windows NT 10.0; Win64; x64; rv:84.0) Gecko/20100101 Firefox/84.0"
40.205.208.119 - - [22/Jan/2021:08:35:08 +0000] "POST /sciz-webhook HTTP/1.1" 200 0 "-" "python-requests/2.21.0"
2d06:0029:e34:172e:9aa4:3527:a89c:b59 - - [22/Jan/2021:08:35:19 +0000] "GET /gogo/json?action=7c1uz2f9flrxff&TrollId=9qdgp&ChrallVersion=9tku HTTP/1.1" 200 65 "https://games.mountyhall.com/" "Mozilla/5.0 (Windows NT 10.0; Win64; x64) AppleWebKit/537.36 (KHTML, like Gecko) Chrome/87.0.4280.141 Safari/537.36"
40.205.208.119 - - [22/Jan/2021:08:35:25 +0000] "POST /sciz-webhook HTTP/1.1" 200 0 "-" "python-requests/2.21.0"
64.6.19.59 - - [22/Jan/2021:08:35:28 +0000] "GET /json/messages/last?n=a&room=g4np HTTP/1.1" 304 0 "https://miaou.dystroy.org/1677" "Mozilla/5.0 (Windows NT 10.0; Win64; x64; rv:84.0) Gecko/20100101 Firefox/84.0"
197.119.191.101 - - [22/Jan/2021:08:35:31 +0000] "GET /12?Mountyhall HTTP/1.1" 200 5741 "https://miaou.dystroy.org/rooms" "Mozilla/5.0 (Windows NT 10.0; Win64; x64; rv:84.0) Gecko/20100101 Firefox/84.0"
197.119.191.101 - - [22/Jan/2021:08:35:31 +0000] "GET /socket.io/socket.io.js HTTP/1.1" 304 0 "https://miaou.dystroy.org/12?Mountyhall" "Mozilla/5.0 (Windows NT 10.0; Win64; x64; rv:84.0) Gecko/20100101 Firefox/84.0"
197.119.191.101 - - [22/Jan/2021:08:35:32 +0000] "GET /socket.io/?EIO=y&transport=xkmoyoi&t=08x3b6y HTTP/1.1" 200 99 "https://miaou.dystroy.org/12?Mountyhall" "Mozilla/5.0 (Windows NT 10.0; Win64; x64; rv:84.0) Gecko/20100101 Firefox/84.0"
197.119.191.101 - - [22/Jan/2021:08:35:32 +0000] "GET /socket.io/?EIO=y&transport=xkmoyoi&t=rtqmvle&sid=ihzunxqg3h0sgslkqiaj HTTP/1.1" 200 18 "https://miaou.dystroy.org/12?Mountyhall" "Mozilla/5.0 (Windows NT 10.0; Win64; x64; rv:84.0) Gecko/20100101 Firefox/84.0"
197.119.191.101 - - [22/Jan/2021:08:35:32 +0000] "GET /sw.js?v=jq HTTP/1.1" 200 2316 "-" "Mozilla/5.0 (Windows NT 10.0; Win64; x64; rv:84.0) Gecko/20100101 Firefox/84.0"
197.119.191.101 - - [22/Jan/2021:08:35:33 +0000] "POST /socket.io/?EIO=y&transport=xkmoyoi&t=2vbv93m&sid=ihzunxqg3h0sgslkqiaj HTTP/1.1" 200 2 "https://miaou.dystroy.org/12?Mountyhall" "Mozilla/5.0 (Windows NT 10.0; Win64; x64; rv:84.0) Gecko/20100101 Firefox/84.0"
197.119.191.101 - - [22/Jan/2021:08:35:33 +0000] "GET /socket.io/?EIO=y&transport=xkmoyoi&t=ctwbndq&sid=ihzunxqg3h0sgslkqiaj HTTP/1.1" 200 34 "https://miaou.dystroy.org/12?Mountyhall" "Mozilla/5.0 (Windows NT 10.0; Win64; x64; rv:84.0) Gecko/20100101 Firefox/84.0"
018a:314c:7d8a:9c12:d5f5:3cf8:6af3:7079 - - [22/Jan/2021:08:35:34 +0000] "GET /1556 HTTP/1.1" 302 126 "-" "Mozilla/5.0 (Android 10; Mobile; rv:84.0) Gecko/84.0 Firefox/84.0"
018a:314c:7d8a:9c12:d5f5:3cf8:6af3:7079 - - [22/Jan/2021:08:35:34 +0000] "GET /login?room=iayh HTTP/1.1" 200 654 "-" "Mozilla/5.0 (Android 10; Mobile; rv:84.0) Gecko/84.0 Firefox/84.0"
018a:314c:7d8a:9c12:d5f5:3cf8:6af3:7079 - - [22/Jan/2021:08:35:34 +0000] "GET /auth/google HTTP/1.1" 302 0 "https://miaou.dystroy.org/login?room=1556" "Mozilla/5.0 (Android 10; Mobile; rv:84.0) Gecko/84.0 Firefox/84.0"
018a:314c:7d8a:9c12:d5f5:3cf8:6af3:7079 - - [22/Jan/2021:08:35:35 +0000] "GET /auth/google/callback?state=li1e&code=rs8qbo1730z9jfy8bu4xi5hh3ehlz0u9fsqafxxkyx8vp05kd1o14fl3ivzwe4lplq2t7a6bef2&scope=umhv4kz0xi8t5his5d1cobpdvdr0bu12ldxemhih7qns84aw3vad7isaa8qilwpmpzn6h60tgcv36xeje78jb22vflxlbpyp56xwfa4kss8s2194096q4ehvzfpmdx286vr7tpbw&authuser=3&prompt=npme HTTP/1.1" 302 96 "https://miaou.dystroy.org/login?room=1556" "Mozilla/5.0 (Android 10; Mobile; rv:84.0) Gecko/84.0 Firefox/84.0"
018a:314c:7d8a:9c12:d5f5:3cf8:6af3:7079 - - [22/Jan/2021:08:35:35 +0000] "GET / HTTP/1.1" 302 106 "https://miaou.dystroy.org/login?room=1556" "Mozilla/5.0 (Android 10; Mobile; rv:84.0) Gecko/84.0 Firefox/84.0"
018a:314c:7d8a:9c12:d5f5:3cf8:6af3:7079 - - [22/Jan/2021:08:35:35 +0000] "GET /rooms HTTP/1.1" 200 2819 "https://miaou.dystroy.org/login?room=1556" "Mozilla/5.0 (Android 10; Mobile; rv:84.0) Gecko/84.0 Firefox/84.0"
018a:314c:7d8a:9c12:d5f5:3cf8:6af3:7079 - - [22/Jan/2021:08:35:36 +0000] "GET /1556 HTTP/1.1" 200 5174 "https://miaou.dystroy.org/rooms" "Mozilla/5.0 (Android 10; Mobile; rv:84.0) Gecko/84.0 Firefox/84.0"
018a:314c:7d8a:9c12:d5f5:3cf8:6af3:7079 - - [22/Jan/2021:08:35:36 +0000] "GET /json/rooms?pattern= HTTP/1.1" 499 0 "https://miaou.dystroy.org/rooms" "Mozilla/5.0 (Android 10; Mobile; rv:84.0) Gecko/84.0 Firefox/84.0"
018a:314c:7d8a:9c12:d5f5:3cf8:6af3:7079 - - [22/Jan/2021:08:35:36 +0000] "GET /socket.io/socket.io.js HTTP/1.1" 304 0 "https://miaou.dystroy.org/1556" "Mozilla/5.0 (Android 10; Mobile; rv:84.0) Gecko/84.0 Firefox/84.0"
207.133.131.169 - - [22/Jan/2021:08:35:36 +0000] "GET /broot/img/favicon.ico HTTP/1.1" 304 0 "-" "Mozilla/5.0 (Macintosh; Intel Mac OS X 11_0_1) AppleWebKit/537.36 (KHTML, like Gecko) Chrome/87.0.4280.141 Safari/537.36"
018a:314c:7d8a:9c12:d5f5:3cf8:6af3:7079 - - [22/Jan/2021:08:35:37 +0000] "GET /socket.io/?EIO=y&transport=xkmoyoi&t=s62a7qi HTTP/1.1" 200 99 "https://miaou.dystroy.org/1556" "Mozilla/5.0 (Android 10; Mobile; rv:84.0) Gecko/84.0 Firefox/84.0"
018a:314c:7d8a:9c12:d5f5:3cf8:6af3:7079 - - [22/Jan/2021:08:35:37 +0000] "GET /file-host/876ab796b3991f4bcb2ebda9.png HTTP/1.1" 200 32212 "https://miaou.dystroy.org/1556" "Mozilla/5.0 (Android 10; Mobile; rv:84.0) Gecko/84.0 Firefox/84.0"
018a:314c:7d8a:9c12:d5f5:3cf8:6af3:7079 - - [22/Jan/2021:08:35:37 +0000] "GET /socket.io/?EIO=y&transport=xkmoyoi&t=qmoq9ib&sid=pwil7tmjm2g6vytssk8j HTTP/1.1" 200 18 "https://miaou.dystroy.org/1556" "Mozilla/5.0 (Android 10; Mobile; rv:84.0) Gecko/84.0 Firefox/84.0"
018a:314c:7d8a:9c12:d5f5:3cf8:6af3:7079 - - [22/Jan/2021:08:35:37 +0000] "POST /socket.io/?EIO=y&transport=xkmoyoi&t=ik8dnpa&sid=pwil7tmjm2g6vytssk8j HTTP/1.1" 200 2 "https://miaou.dystroy.org/1556" "Mozilla/5.0 (Android 10; Mobile; rv:84.0) Gecko/84.0 Firefox/84.0"
018a:314c:7d8a:9c12:d5f5:3cf8:6af3:7079 - - [22/Jan/2021:08:35:37 +0000] "GET /socket.io/?EIO=y&transport=xkmoyoi&t=yogthcv&sid=pwil7tmjm2g6vytssk8j HTTP/1.1" 200 34 "https://miaou.dystroy.org/1556" "Mozilla/5.0 (Android 10; Mobile; rv:84.0) Gecko/84.0 Firefox/84.0"
137.34.166.189 - - [22/Jan/2021:08:35:45 +0000] "GET /broot/img/20191112-overview.png HTTP/1.1" 200 30791 "-" "github-camo (07ab9467)"
57.0.209.250 - - [22/Jan/2021:08:35:47 +0000] "GET /json/messages/last?n=a&room=jkxo HTTP/1.1" 304 0 "https://miaou.dystroy.org/3453" "Mozilla/5.0 (Windows NT 6.3; Win64; x64; rv:84.0) Gecko/20100101 Firefox/84.0"
57.0.209.250 - - [22/Jan/2021:08:35:47 +0000] "GET /json/messages/last?n=a&room=jkxo HTTP/1.1" 304 0 "https://miaou.dystroy.org/3453" "Mozilla/5.0 (Windows NT 6.3; Win64; x64; rv:84.0) Gecko/20100101 Firefox/84.0"
57.0.209.250 - - [22/Jan/2021:08:35:47 +0000] "GET /json/messages/last?n=a&room=jo HTTP/1.1" 304 0 "https://miaou.dystroy.org/3453" "Mozilla/5.0 (Windows NT 6.3; Win64; x64; rv:84.0) Gecko/20100101 Firefox/84.0"
57.0.209.250 - - [22/Jan/2021:08:35:47 +0000] "GET /json/messages/last?n=a&room=sfew HTTP/1.1" 200 982 "https://miaou.dystroy.org/3453" "Mozilla/5.0 (Windows NT 6.3; Win64; x64; rv:84.0) Gecko/20100101 Firefox/84.0"
40.205.208.119 - - [22/Jan/2021:08:35:52 +0000] "POST /sciz-webhook HTTP/1.1" 200 0 "-" "python-requests/2.21.0"
40.205.208.119 - - [22/Jan/2021:08:35:52 +0000] "POST /sciz-webhook HTTP/1.1" 200 0 "-" "python-requests/2.21.0"
40.205.208.119 - - [22/Jan/2021:08:35:52 +0000] "POST /sciz-webhook HTTP/1.1" 200 0 "-" "python-requests/2.21.0"
98.67.97.90 - - [22/Jan/2021:08:35:53 +0000] "GET /json/messages/last?n=a&room=i3yx HTTP/1.1" 200 2722 "https://miaou.dystroy.org/12" "Mozilla/5.0 (Windows NT 10.0; Win64; x64; rv:84.0) Gecko/20100101 Firefox/84.0"
98.67.97.90 - - [22/Jan/2021:08:35:53 +0000] "GET /json/messages/last?n=a&room=ans HTTP/1.1" 200 1723 "https://miaou.dystroy.org/12" "Mozilla/5.0 (Windows NT 10.0; Win64; x64; rv:84.0) Gecko/20100101 Firefox/84.0"
40.205.208.119 - - [22/Jan/2021:08:35:55 +0000] "POST /sciz-webhook HTTP/1.1" 200 0 "-" "python-requests/2.21.0"
28.46.53.144 - - [22/Jan/2021:08:36:05 +0000] "GET /publicProfile?user=erty&room=42pd HTTP/1.1" 304 0 "https://miaou.dystroy.org/3836" "Mozilla/5.0 (Windows NT 6.1; rv:84.0) Gecko/20100101 Firefox/84.0"
40.205.208.119 - - [22/Jan/2021:08:36:05 +0000] "POST /sciz-webhook HTTP/1.1" 200 0 "-" "python-requests/2.21.0"
233.160.13.69 - - [22/Jan/2021:08:36:14 +0000] "GET /gogo/json?action=7c1uz2f9flrxff&TrollId=ypgmgo&ChrallVersion=9tku HTTP/1.1" 200 65 "https://games.mountyhall.com/" "Mozilla/5.0 (Windows NT 10.0; Win64; x64) AppleWebKit/537.36 (KHTML, like Gecko) Chrome/87.0.4280.141 Safari/537.36"
197.119.191.101 - - [22/Jan/2021:08:36:22 +0000] "GET /json/messages/last?n=a&room=dq4 HTTP/1.1" 304 0 "https://miaou.dystroy.org/12?Mountyhall" "Mozilla/5.0 (Windows NT 10.0; Win64; x64; rv:84.0) Gecko/20100101 Firefox/84.0"
197.119.191.101 - - [22/Jan/2021:08:36:23 +0000] "GET /json/external-link-preview?url=mdj90rsgviqm5cksup07xzsdjtqk59s8jlbjjcp768yt60e396ab3rm7w3zeigcso6o6i2p1navowmyki6q87j8r3pbs812b6rhsufcbw HTTP/1.1" 200 581 "https://miaou.dystroy.org/12?Mountyhall" "Mozilla/5.0 (Windows NT 10.0; Win64; x64; rv:84.0) Gecko/20100101 Firefox/84.0"
86.235.228.194 - - [22/Jan/2021:08:36:32 +0000] "GET /favicon.ico HTTP/1.1" 404 2047 "-" "Mozilla/5.0 (X11; Ubuntu; Linux x86_64; rv:84.0) Gecko/20100101 Firefox/84.0"
197.119.191.101 - - [22/Jan/2021:08:36:32 +0000] "GET /json/messages/last?n=a&room=vfx5 HTTP/1.1" 200 1059 "https://miaou.dystroy.org/12?Mountyhall" "Mozilla/5.0 (Windows NT 10.0; Win64; x64; rv:84.0) Gecko/20100101 Firefox/84.0"
197.119.191.101 - - [22/Jan/2021:08:36:34 +0000] "GET /json/messages/last?n=a&room=myp3 HTTP/1.1" 200 1089 "https://miaou.dystroy.org/12?Mountyhall" "Mozilla/5.0 (Windows NT 10.0; Win64; x64; rv:84.0) Gecko/20100101 Firefox/84.0"
197.119.191.101 - - [22/Jan/2021:08:36:34 +0000] "GET /json/messages/last?n=a&room=10ua HTTP/1.1" 200 1124 "https://miaou.dystroy.org/12?Mountyhall" "Mozilla/5.0 (Windows NT 10.0; Win64; x64; rv:84.0) Gecko/20100101 Firefox/84.0"
197.119.191.101 - - [22/Jan/2021:08:36:34 +0000] "GET /json/messages/last?n=a&room=ans HTTP/1.1" 200 1723 "https://miaou.dystroy.org/12?Mountyhall" "Mozilla/5.0 (Windows NT 10.0; Win64; x64; rv:84.0) Gecko/20100101 Firefox/84.0"
197.119.191.101 - - [22/Jan/2021:08:36:34 +0000] "GET /json/messages/last?n=a&room=icva HTTP/1.1" 200 1462 "https://miaou.dystroy.org/12?Mountyhall" "Mozilla/5.0 (Windows NT 10.0; Win64; x64; rv:84.0) Gecko/20100101 Firefox/84.0"
197.119.191.101 - - [22/Jan/2021:08:36:35 +0000] "GET /socket.io/?EIO=y&transport=c0qucvma5&sid=ihzunxqg3h0sgslkqiaj HTTP/1.1" 101 8651 "-" "Mozilla/5.0 (Windows NT 10.0; Win64; x64; rv:84.0) Gecko/20100101 Firefox/84.0"
197.119.191.101 - - [22/Jan/2021:08:36:35 +0000] "GET /4028 HTTP/1.1" 200 6053 "https://miaou.dystroy.org/12?Mountyhall" "Mozilla/5.0 (Windows NT 10.0; Win64; x64; rv:84.0) Gecko/20100101 Firefox/84.0"
197.119.191.101 - - [22/Jan/2021:08:36:35 +0000] "GET /socket.io/socket.io.js HTTP/1.1" 304 0 "https://miaou.dystroy.org/4028" "Mozilla/5.0 (Windows NT 10.0; Win64; x64; rv:84.0) Gecko/20100101 Firefox/84.0"
197.119.191.101 - - [22/Jan/2021:08:36:35 +0000] "GET /sw.js?v=jq HTTP/1.1" 200 2316 "-" "Mozilla/5.0 (Windows NT 10.0; Win64; x64; rv:84.0) Gecko/20100101 Firefox/84.0"
197.119.191.101 - - [22/Jan/2021:08:36:35 +0000] "GET /socket.io/?EIO=y&transport=xkmoyoi&t=36ar8oc HTTP/1.1" 200 99 "https://miaou.dystroy.org/4028" "Mozilla/5.0 (Windows NT 10.0; Win64; x64; rv:84.0) Gecko/20100101 Firefox/84.0"
197.119.191.101 - - [22/Jan/2021:08:36:35 +0000] "GET /socket.io/?EIO=y&transport=xkmoyoi&t=jw2cwuo&sid=o9o3mg7epr9walk0jp0f HTTP/1.1" 200 18 "https://miaou.dystroy.org/4028" "Mozilla/5.0 (Windows NT 10.0; Win64; x64; rv:84.0) Gecko/20100101 Firefox/84.0"
197.119.191.101 - - [22/Jan/2021:08:36:35 +0000] "POST /socket.io/?EIO=y&transport=xkmoyoi&t=lgt69r5&sid=o9o3mg7epr9walk0jp0f HTTP/1.1" 200 2 "https://miaou.dystroy.org/4028" "Mozilla/5.0 (Windows NT 10.0; Win64; x64; rv:84.0) Gecko/20100101 Firefox/84.0"
197.119.191.101 - - [22/Jan/2021:08:36:35 +0000] "GET /socket.io/?EIO=y&transport=xkmoyoi&t=nkd4fj6&sid=o9o3mg7epr9walk0jp0f HTTP/1.1" 200 34 "https://miaou.dystroy.org/4028" "Mozilla/5.0 (Windows NT 10.0; Win64; x64; rv:84.0) Gecko/20100101 Firefox/84.0"
197.119.191.101 - - [22/Jan/2021:08:36:35 +0000] "GET /socket.io/?EIO=y&transport=xkmoyoi&t=71lip3a&sid=o9o3mg7epr9walk0jp0f HTTP/1.1" 200 3312 "https://miaou.dystroy.org/4028" "Mozilla/5.0 (Windows NT 10.0; Win64; x64; rv:84.0) Gecko/20100101 Firefox/84.0"
197.119.191.101 - - [22/Jan/2021:08:36:36 +0000] "GET /sw.js?v=jq HTTP/1.1" 304 0 "-" "Mozilla/5.0 (Windows NT 10.0; Win64; x64; rv:84.0) Gecko/20100101 Firefox/84.0"
197.119.191.101 - - [22/Jan/2021:08:36:36 +0000] "GET /json/messages/last?n=a&room=i05w HTTP/1.1" 200 1218 "https://miaou.dystroy.org/4028" "Mozilla/5.0 (Windows NT 10.0; Win64; x64; rv:84.0) Gecko/20100101 Firefox/84.0"
98.79.225.165 - - [22/Jan/2021:08:36:38 +0000] "GET /4206 HTTP/1.1" 302 126 "-" "Mozilla/5.0 (Windows NT 10.0; Win64; x64) AppleWebKit/537.36 (KHTML, like Gecko) Chrome/87.0.4280.141 Safari/537.36"
98.79.225.165 - - [22/Jan/2021:08:36:38 +0000] "GET /login?room=pato HTTP/1.1" 200 714 "-" "Mozilla/5.0 (Windows NT 10.0; Win64; x64) AppleWebKit/537.36 (KHTML, like Gecko) Chrome/87.0.4280.141 Safari/537.36"
91.110.189.249 - - [22/Jan/2021:08:36:41 +0000] "HEAD / HTTP/1.1" 301 0 "http://www.dystroy.org" "Mozilla/5.0+(compatible; UptimeRobot/2.0; http://www.uptimerobot.com/)"
91.110.189.249 - - [22/Jan/2021:08:36:41 +0000] "HEAD / HTTP/1.1" 200 0 "http://www.dystroy.org" "Mozilla/5.0+(compatible; UptimeRobot/2.0; http://www.uptimerobot.com/)"
197.119.191.101 - - [22/Jan/2021:08:36:47 +0000] "GET /json/messages/last?n=a&room=mafa HTTP/1.1" 200 1132 "https://miaou.dystroy.org/4028" "Mozilla/5.0 (Windows NT 10.0; Win64; x64; rv:84.0) Gecko/20100101 Firefox/84.0"
28.46.53.144 - - [22/Jan/2021:08:36:48 +0000] "GET /publicProfile?user=rajx&room=42pd HTTP/1.1" 304 0 "https://miaou.dystroy.org/3836" "Mozilla/5.0 (Windows NT 6.1; rv:84.0) Gecko/20100101 Firefox/84.0"
018a:314c:7d8a:9c12:d5f5:3cf8:6af3:7079 - - [22/Jan/2021:08:36:57 +0000] "GET /socket.io/?EIO=y&transport=c0qucvma5&sid=pwil7tmjm2g6vytssk8j HTTP/1.1" 101 11027 "-" "Mozilla/5.0 (Android 10; Mobile; rv:84.0) Gecko/84.0 Firefox/84.0"
197.119.191.101 - - [22/Jan/2021:08:37:02 +0000] "GET /file-host/5d243a94d223cba94e66bb67.jpg HTTP/1.1" 200 13776 "https://mhp.mh.raistlin.fr/mountyhall/MH_Play/TurnStart.php" "Mozilla/5.0 (Windows NT 10.0; Win64; x64; rv:84.0) Gecko/20100101 Firefox/84.0"
99.16.220.115 - - [22/Jan/2021:08:37:08 +0000] "GET /gogo/json?action=mf331j19fcfriv57h&asker=248ffa&name=g0nsn378wlv52r3073pdby0pyz10xab1yb3qxeb202mbwavcn3208&monsterId=8iwigad HTTP/1.1" 200 2664 "https://games.mountyhall.com/" "Mozilla/5.0 (Macintosh; Intel Mac OS X 11_1_0) AppleWebKit/537.36 (KHTML, like Gecko) Chrome/87.0.4280.141 Safari/537.36"
99.16.220.115 - - [22/Jan/2021:08:37:08 +0000] "GET /gogo/json?action=bgc6r5eeshp5nu&asker=248ffa&trollId=xzmmx6 HTTP/1.1" 200 85 "https://games.mountyhall.com/" "Mozilla/5.0 (Macintosh; Intel Mac OS X 11_1_0) AppleWebKit/537.36 (KHTML, like Gecko) Chrome/87.0.4280.141 Safari/537.36"
40.205.208.119 - - [22/Jan/2021:08:37:08 +0000] "POST /sciz-webhook HTTP/1.1" 200 0 "-" "python-requests/2.21.0"
40.205.208.119 - - [22/Jan/2021:08:37:08 +0000] "POST /sciz-webhook HTTP/1.1" 200 0 "-" "python-requests/2.21.0"
99.16.220.115 - - [22/Jan/2021:08:37:09 +0000] "GET /gogo/json?action=mf331j19fcfriv57h&asker=248ffa&name=g0nsn378wlv52r3073pdby0pyz10xab1yb3qxeb202mbwavcn3208&monsterId=8iwigad HTTP/1.1" 200 2664 "https://games.mountyhall.com/" "Mozilla/5.0 (Macintosh; Intel Mac OS X 11_1_0) AppleWebKit/537.36 (KHTML, like Gecko) Chrome/87.0.4280.141 Safari/537.36"
99.16.220.115 - - [22/Jan/2021:08:37:10 +0000] "GET /gogo/json?action=mf331j19fcfriv57h&name=g0nsn378wlv52r3073pdby0pyz10xab1yb3qxeb202mbwavcn3208&monsterId=0ttt53zmf HTTP/1.1" 200 2664 "https://games.mountyhall.com/" "Mozilla/5.0 (Macintosh; Intel Mac OS X 11_1_0) AppleWebKit/537.36 (KHTML, like Gecko) Chrome/87.0.4280.141 Safari/537.36"
86.235.228.194 - - [22/Jan/2021:08:37:12 +0000] "GET /favicon.ico HTTP/1.1" 404 2047 "-" "Mozilla/5.0 (X11; Ubuntu; Linux x86_64; rv:84.0) Gecko/20100101 Firefox/84.0"
018a:314c:7d8a:9c12:d5f5:3cf8:6af3:7079 - - [22/Jan/2021:08:37:12 +0000] "GET /socket.io/?EIO=y&transport=xkmoyoi&t=gqimv3h HTTP/1.1" 200 99 "https://miaou.dystroy.org/1556" "Mozilla/5.0 (Android 10; Mobile; rv:84.0) Gecko/84.0 Firefox/84.0"
86.235.228.194 - - [22/Jan/2021:08:37:13 +0000] "GET /favicon.ico HTTP/1.1" 404 2047 "-" "Mozilla/5.0 (X11; Ubuntu; Linux x86_64; rv:84.0) Gecko/20100101 Firefox/84.0"
018a:314c:7d8a:9c12:d5f5:3cf8:6af3:7079 - - [22/Jan/2021:08:37:13 +0000] "GET /socket.io/?EIO=y&transport=xkmoyoi&t=nu6hku9&sid=c16fzn93zcuh2l1pr4l4 HTTP/1.1" 200 18 "https://miaou.dystroy.org/1556" "Mozilla/5.0 (Android 10; Mobile; rv:84.0) Gecko/84.0 Firefox/84.0"
018a:314c:7d8a:9c12:d5f5:3cf8:6af3:7079 - - [22/Jan/2021:08:37:13 +0000] "POST /socket.io/?EIO=y&transport=xkmoyoi&t=7z8qrwq&sid=c16fzn93zcuh2l1pr4l4 HTTP/1.1" 200 2 "https://miaou.dystroy.org/1556" "Mozilla/5.0 (Android 10; Mobile; rv:84.0) Gecko/84.0 Firefox/84.0"
018a:314c:7d8a:9c12:d5f5:3cf8:6af3:7079 - - [22/Jan/2021:08:37:13 +0000] "POST /socket.io/?EIO=y&transport=xkmoyoi&t=3gbimzd&sid=c16fzn93zcuh2l1pr4l4 HTTP/1.1" 200 2 "https://miaou.dystroy.org/1556" "Mozilla/5.0 (Android 10; Mobile; rv:84.0) Gecko/84.0 Firefox/84.0"
018a:314c:7d8a:9c12:d5f5:3cf8:6af3:7079 - - [22/Jan/2021:08:37:13 +0000] "GET /socket.io/?EIO=y&transport=xkmoyoi&t=hswh0ls&sid=c16fzn93zcuh2l1pr4l4 HTTP/1.1" 200 5571 "https://miaou.dystroy.org/1556" "Mozilla/5.0 (Android 10; Mobile; rv:84.0) Gecko/84.0 Firefox/84.0"
99.16.220.115 - - [22/Jan/2021:08:37:15 +0000] "GET /gogo/json?action=mf331j19fcfriv57h&asker=248ffa&name=g0nsn378wlv52r3073pdby0pyz10xab1yb3qxeb202mbwavcn3208&monsterId=8iwigad HTTP/1.1" 200 2664 "https://games.mountyhall.com/" "Mozilla/5.0 (Macintosh; Intel Mac OS X 11_1_0) AppleWebKit/537.36 (KHTML, like Gecko) Chrome/87.0.4280.141 Safari/537.36"
99.16.220.115 - - [22/Jan/2021:08:37:18 +0000] "GET /gogo/json?action=7c1uz2f9flrxff&TrollId=248ffa&ChrallVersion=9tku HTTP/1.1" 200 65 "https://games.mountyhall.com/" "Mozilla/5.0 (Macintosh; Intel Mac OS X 11_1_0) AppleWebKit/537.36 (KHTML, like Gecko) Chrome/87.0.4280.141 Safari/537.36"
27.185.231.148 - - [22/Jan/2021:08:37:34 +0000] "GET /stripad/icon-v1.png HTTP/1.1" 301 185 "http://fiddle.jshell.net/" "Mozilla/5.0 (Windows NT 10.0; Win64; x64) AppleWebKit/537.36 (KHTML, like Gecko) Chrome/87.0.4280.141 Safari/537.36"
27.185.231.148 - - [22/Jan/2021:08:37:34 +0000] "GET /stripad/icon-v1.png HTTP/1.1" 200 4674 "http://fiddle.jshell.net/" "Mozilla/5.0 (Windows NT 10.0; Win64; x64) AppleWebKit/537.36 (KHTML, like Gecko) Chrome/87.0.4280.141 Safari/537.36"
233.160.13.69 - - [22/Jan/2021:08:37:41 +0000] "GET /gogo/json?action=7c1uz2f9flrxff&TrollId=ypgmgo&ChrallVersion=9tku HTTP/1.1" 200 65 "https://games.mountyhall.com/" "Mozilla/5.0 (Windows NT 10.0; Win64; x64) AppleWebKit/537.36 (KHTML, like Gecko) Chrome/87.0.4280.141 Safari/537.36"
018a:314c:7d8a:9c12:d5f5:3cf8:6af3:7079 - - [22/Jan/2021:08:37:45 +0000] "GET /socket.io/?EIO=y&transport=c0qucvma5&sid=c16fzn93zcuh2l1pr4l4 HTTP/1.1" 101 10 "-" "Mozilla/5.0 (Android 10; Mobile; rv:84.0) Gecko/84.0 Firefox/84.0"
018a:314c:7d8a:9c12:d5f5:3cf8:6af3:7079 - - [22/Jan/2021:08:37:47 +0000] "GET /socket.io/?EIO=y&transport=xkmoyoi&t=cjunnmt HTTP/1.1" 200 99 "https://miaou.dystroy.org/1556" "Mozilla/5.0 (Android 10; Mobile; rv:84.0) Gecko/84.0 Firefox/84.0"
018a:314c:7d8a:9c12:d5f5:3cf8:6af3:7079 - - [22/Jan/2021:08:37:47 +0000] "GET /socket.io/?EIO=y&transport=xkmoyoi&t=hrj0n6s&sid=rhlefk64ice7ar4meycy HTTP/1.1" 200 18 "https://miaou.dystroy.org/1556" "Mozilla/5.0 (Android 10; Mobile; rv:84.0) Gecko/84.0 Firefox/84.0"
018a:314c:7d8a:9c12:d5f5:3cf8:6af3:7079 - - [22/Jan/2021:08:37:47 +0000] "POST /socket.io/?EIO=y&transport=xkmoyoi&t=qvi63t5&sid=rhlefk64ice7ar4meycy HTTP/1.1" 200 2 "https://miaou.dystroy.org/1556" "Mozilla/5.0 (Android 10; Mobile; rv:84.0) Gecko/84.0 Firefox/84.0"
018a:314c:7d8a:9c12:d5f5:3cf8:6af3:7079 - - [22/Jan/2021:08:37:47 +0000] "GET /socket.io/?EIO=y&transport=xkmoyoi&t=uf5qway&sid=rhlefk64ice7ar4meycy HTTP/1.1" 200 21 "https://miaou.dystroy.org/1556" "Mozilla/5.0 (Android 10; Mobile; rv:84.0) Gecko/84.0 Firefox/84.0"
018a:314c:7d8a:9c12:d5f5:3cf8:6af3:7079 - - [22/Jan/2021:08:37:47 +0000] "POST /socket.io/?EIO=y&transport=xkmoyoi&t=k3hdoq5&sid=rhlefk64ice7ar4meycy HTTP/1.1" 200 2 "https://miaou.dystroy.org/1556" "Mozilla/5.0 (Android 10; Mobile; rv:84.0) Gecko/84.0 Firefox/84.0"
018a:314c:7d8a:9c12:d5f5:3cf8:6af3:7079 - - [22/Jan/2021:08:37:47 +0000] "GET /socket.io/?EIO=y&transport=xkmoyoi&t=lpl4pyf&sid=rhlefk64ice7ar4meycy HTTP/1.1" 200 78 "https://miaou.dystroy.org/1556" "Mozilla/5.0 (Android 10; Mobile; rv:84.0) Gecko/84.0 Firefox/84.0"
018a:314c:7d8a:9c12:d5f5:3cf8:6af3:7079 - - [22/Jan/2021:08:37:47 +0000] "POST /socket.io/?EIO=y&transport=xkmoyoi&t=xyo6l91&sid=rhlefk64ice7ar4meycy HTTP/1.1" 200 2 "https://miaou.dystroy.org/1556" "Mozilla/5.0 (Android 10; Mobile; rv:84.0) Gecko/84.0 Firefox/84.0"
135.236.152.9 - - [22/Jan/2021:08:38:01 +0000] "GET /gogo/json?action=7c1uz2f9flrxff&TrollId=g8ngzo&ChrallVersion=9tku HTTP/1.1" 200 65 "https://games.mountyhall.com/" "Mozilla/5.0 (Windows NT 10.0; Win64; x64) AppleWebKit/537.36 (KHTML, like Gecko) Chrome/87.0.4280.88 Safari/537.36"
40.205.208.119 - - [22/Jan/2021:08:38:07 +0000] "POST /sciz-webhook HTTP/1.1" 200 0 "-" "python-requests/2.21.0"
40.205.208.119 - - [22/Jan/2021:08:38:11 +0000] "POST /sciz-webhook HTTP/1.1" 200 0 "-" "python-requests/2.21.0"
135.236.152.9 - - [22/Jan/2021:08:38:16 +0000] "GET /gogo/json?action=bgc6r5eeshp5nu&trollId=g8ngzo HTTP/1.1" 200 85 "https://games.mountyhall.com/" "Mozilla/5.0 (Windows NT 10.0; Win64; x64) AppleWebKit/537.36 (KHTML, like Gecko) Chrome/87.0.4280.88 Safari/537.36"
