247.58.227.121 - - [22/Jan/2021:07:30:42 +0000] "GET /socket.io/?EIO=y&transport=xkmoyoi&t=qvtwxig&sid=ecbjeozhlbohx051bc8a HTTP/1.1" 200 6379 "https://miaou.dystroy.org/1616" "Mozilla/5.0 (Linux; Android 10; Redmi Note 9 Pro) AppleWebKit/537.36 (KHTML, like Gecko) Chrome/87.0.4280.141 Mobile Safari/537.36"
b36f:8ac7:d48:7bd1:13b6:1048:5ff3:0b9c - - [22/Jan/2021:07:30:47 +0000] "GET /socket.io/?EIO=y&transport=c0qucvma5&sid=eqgdru9lr64gn5zc4m8k HTTP/1.1" 101 7244 "-" "Mozilla/5.0 (X11; Linux x86_64; rv:78.0) Gecko/20100101 Firefox/78.0"
fb2f:4e0:2b:2da2:acfa:85e9:05ac:6d3f - - [22/Jan/2021:07:30:47 +0000] "GET /gogo/json?action=mf331j19fcfriv57h&asker=lw703d&name=qce030s1cj44l0d2vmsqpzz1&monsterId=i2wnlbw HTTP/1.1" 200 2449 "https://games.mountyhall.com/" "Mozilla/5.0 (Windows NT 10.0; Win64; x64) AppleWebKit/537.36 (KHTML, like Gecko) Chrome/87.0.4280.141 Safari/537.36"
fb2f:4e0:2b:2da2:acfa:85e9:05ac:6d3f - - [22/Jan/2021:07:30:48 +0000] "GET /gogo/json?action=mf331j19fcfriv57h&asker=lw703d&name=71fa3b3jrr2v0u4qtxkwr59nougsxw33ozqrf9qyirs4&monsterId=r7x2chr HTTP/1.1" 200 104 "https://games.mountyhall.com/" "Mozilla/5.0 (Windows NT 10.0; Win64; x64) AppleWebKit/537.36 (KHTML, like Gecko) Chrome/87.0.4280.141 Safari/537.36"
fb2f:4e0:2b:2da2:acfa:85e9:05ac:6d3f - - [22/Jan/2021:07:30:48 +0000] "GET /gogo/json?action=mf331j19fcfriv57h&asker=lw703d&name=of11majqdedvgw7z71t023i6j1ocshb2nvx52r5zgeg2db4tbwg1a&monsterId=f6gukv HTTP/1.1" 200 111 "https://games.mountyhall.com/" "Mozilla/5.0 (Windows NT 10.0; Win64; x64) AppleWebKit/537.36 (KHTML, like Gecko) Chrome/87.0.4280.141 Safari/537.36"
fb2f:4e0:2b:2da2:acfa:85e9:05ac:6d3f - - [22/Jan/2021:07:30:48 +0000] "GET /gogo/json?action=mf331j19fcfriv57h&asker=lw703d&name=71fa3b3jrr2v0u4qtxkwr59nougsxw33ozqrf9qyirs4&monsterId=51l166o HTTP/1.1" 200 104 "https://games.mountyhall.com/" "Mozilla/5.0 (Windows NT 10.0; Win64; x64) AppleWebKit/537.36 (KHTML, like Gecko) Chrome/87.0.4280.141 Safari/537.36"
fb2f:4e0:2b:2da2:acfa:85e9:05ac:6d3f - - [22/Jan/2021:07:30:48 +0000] "GET /gogo/json?action=mf331j19fcfriv57h&asker=lw703d&name=71fa3b3jrr2v0u4qtxkwr59nougsxw33ozqrf9qyirs4&monsterId=2y40w4n HTTP/1.1" 200 104 "https://games.mountyhall.com/" "Mozilla/5.0 (Windows NT 10.0; Win64; x64) AppleWebKit/537.36 (KHTML, like Gecko) Chrome/87.0.4280.141 Safari/537.36"
fb2f:4e0:2b:2da2:acfa:85e9:05ac:6d3f - - [22/Jan/2021:07:30:48 +0000] "GET /gogo/json?action=mf331j19fcfriv57h&asker=lw703d&name=71fa3b3jrr2v0u4qtxkwr59nougsxw33ozqrf9qyirs4&monsterId=tdef63p HTTP/1.1" 200 104 "https://games.mountyhall.com/" "Mozilla/5.0 (Windows NT 10.0; Win64; x64) AppleWebKit/537.36 (KHTML, like Gecko) Chrome/87.0.4280.141 Safari/537.36"
fb2f:4e0:2b:2da2:acfa:85e9:05ac:6d3f - - [22/Jan/2021:07:30:48 +0000] "GET /gogo/json?action=mf331j19fcfriv57h&asker=lw703d&name=71fa3b3jrr2v0u4qtxkwr59nougsxw33ozqrf9qyirs4&monsterId=guuqwqb HTTP/1.1" 200 104 "https://games.mountyhall.com/" "Mozilla/5.0 (Windows NT 10.0; Win64; x64) AppleWebKit/537.36 (KHTML, like Gecko) Chrome/87.0.4280.141 Safari/537.36"
fb2f:4e0:2b:2da2:acfa:85e9:05ac:6d3f - - [22/Jan/2021:07:30:49 +0000] "GET /gogo/json?action=mf331j19fcfriv57h&asker=lw703d&name=71fa3b3jrr2v0u4qtxkwr59nougsxw33ozqrf9qyirs4&monsterId=guuqwqb HTTP/1.1" 200 104 "https://games.mountyhall.com/" "Mozilla/5.0 (Windows NT 10.0; Win64; x64) AppleWebKit/537.36 (KHTML, like Gecko) Chrome/87.0.4280.141 Safari/537.36"
fb2f:4e0:2b:2da2:acfa:85e9:05ac:6d3f - - [22/Jan/2021:07:30:49 +0000] "GET /gogo/json?action=mf331j19fcfriv57h&asker=lw703d&name=71fa3b3jrr2v0u4qtxkwr59nougsxw33ozqrf9qyirs4&monsterId=tdef63p HTTP/1.1" 200 104 "https://games.mountyhall.com/" "Mozilla/5.0 (Windows NT 10.0; Win64; x64) AppleWebKit/537.36 (KHTML, like Gecko) Chrome/87.0.4280.141 Safari/537.36"
fb2f:4e0:2b:2da2:acfa:85e9:05ac:6d3f - - [22/Jan/2021:07:30:49 +0000] "GET /gogo/json?action=mf331j19fcfriv57h&asker=lw703d&name=71fa3b3jrr2v0u4qtxkwr59nougsxw33ozqrf9qyirs4&monsterId=2y40w4n HTTP/1.1" 200 104 "https://games.mountyhall.com/" "Mozilla/5.0 (Windows NT 10.0; Win64; x64) AppleWebKit/537.36 (KHTML, like Gecko) Chrome/87.0.4280.141 Safari/537.36"
fb2f:4e0:2b:2da2:acfa:85e9:05ac:6d3f - - [22/Jan/2021:07:30:49 +0000] "GET /gogo/json?action=mf331j19fcfriv57h&asker=lw703d&name=71fa3b3jrr2v0u4qtxkwr59nougsxw33ozqrf9qyirs4&monsterId=51l166o HTTP/1.1" 200 104 "https://games.mountyhall.com/" "Mozilla/5.0 (Windows NT 10.0; Win64; x64) AppleWebKit/537.36 (KHTML, like Gecko) Chrome/87.0.4280.141 Safari/537.36"
fb2f:4e0:2b:2da2:acfa:85e9:05ac:6d3f - - [22/Jan/2021:07:30:49 +0000] "GET /gogo/json?action=mf331j19fcfriv57h&asker=lw703d&name=71fa3b3jrr2v0u4qtxkwr59nougsxw33ozqrf9qyirs4&monsterId=tk00zx2 HTTP/1.1" 200 104 "https://games.mountyhall.com/" "Mozilla/5.0 (Windows NT 10.0; Win64; x64) AppleWebKit/537.36 (KHTML, like Gecko) Chrome/87.0.4280.141 Safari/537.36"
fb2f:4e0:2b:2da2:acfa:85e9:05ac:6d3f - - [22/Jan/2021:07:30:49 +0000] "GET /gogo/json?action=mf331j19fcfriv57h&asker=lw703d&name=of11majqdedvgw7z71t023i6j1ocshb2nvx52r5zgeg2db4tbwg1a&monsterId=f6gukv HTTP/1.1" 200 111 "https://games.mountyhall.com/" "Mozilla/5.0 (Windows NT 10.0; Win64; x64) AppleWebKit/537.36 (KHTML, like Gecko) Chrome/87.0.4280.141 Safari/537.36"
fb2f:4e0:2b:2da2:acfa:85e9:05ac:6d3f - - [22/Jan/2021:07:30:49 +0000] "GET /gogo/json?action=mf331j19fcfriv57h&asker=lw703d&name=71fa3b3jrr2v0u4qtxkwr59nougsxw33ozqrf9qyirs4&monsterId=r7x2chr HTTP/1.1" 200 104 "https://games.mountyhall.com/" "Mozilla/5.0 (Windows NT 10.0; Win64; x64) AppleWebKit/537.36 (KHTML, like Gecko) Chrome/87.0.4280.141 Safari/537.36"
fb2f:4e0:2b:2da2:acfa:85e9:05ac:6d3f - - [22/Jan/2021:07:30:49 +0000] "GET /gogo/json?action=mf331j19fcfriv57h&asker=lw703d&name=71fa3b3jrr2v0u4qtxkwr59nougsxw33ozqrf9qyirs4&monsterId=h65go18 HTTP/1.1" 200 104 "https://games.mountyhall.com/" "Mozilla/5.0 (Windows NT 10.0; Win64; x64) AppleWebKit/537.36 (KHTML, like Gecko) Chrome/87.0.4280.141 Safari/537.36"
fb2f:4e0:2b:2da2:acfa:85e9:05ac:6d3f - - [22/Jan/2021:07:30:50 +0000] "GET /gogo/json?action=mf331j19fcfriv57h&asker=lw703d&name=of11majqdedvgw7z71t023i6j1ocshb2nvx52r5zgeg2db4tbwg1a&monsterId=f6gukv HTTP/1.1" 200 111 "https://games.mountyhall.com/" "Mozilla/5.0 (Windows NT 10.0; Win64; x64) AppleWebKit/537.36 (KHTML, like Gecko) Chrome/87.0.4280.141 Safari/537.36"
fb2f:4e0:2b:2da2:acfa:85e9:05ac:6d3f - - [22/Jan/2021:07:30:50 +0000] "GET /gogo/json?action=mf331j19fcfriv57h&asker=lw703d&name=71fa3b3jrr2v0u4qtxkwr59nougsxw33ozqrf9qyirs4&monsterId=2ji0fre HTTP/1.1" 200 104 "https://games.mountyhall.com/" "Mozilla/5.0 (Windows NT 10.0; Win64; x64) AppleWebKit/537.36 (KHTML, like Gecko) Chrome/87.0.4280.141 Safari/537.36"
36.88.125.64 - - [22/Jan/2021:07:30:50 +0000] "GET /socket.io/?EIO=y&transport=c0qucvma5&sid=38kkfcg9a63lx1zwkif3 HTTP/1.1" 101 8199 "-" "Mozilla/5.0 (Macintosh; Intel Mac OS X 10.13; rv:84.0) Gecko/20100101 Firefox/84.0"
40.205.208.119 - - [22/Jan/2021:07:30:51 +0000] "POST /sciz-webhook HTTP/1.1" 200 0 "-" "python-requests/2.21.0"
fb2f:4e0:2b:2da2:acfa:85e9:05ac:6d3f - - [22/Jan/2021:07:30:53 +0000] "GET /gogo/json?action=bgc6r5eeshp5nu&asker=lw703d&trollId=ekfdci HTTP/1.1" 200 85 "https://games.mountyhall.com/" "Mozilla/5.0 (Windows NT 10.0; Win64; x64) AppleWebKit/537.36 (KHTML, like Gecko) Chrome/87.0.4280.141 Safari/537.36"
fb2f:4e0:2b:2da2:acfa:85e9:05ac:6d3f - - [22/Jan/2021:07:30:53 +0000] "GET /gogo/json?action=mf331j19fcfriv57h&asker=lw703d&name=mmlqr5kgho7umriyvdb5tczyxiomu8to6bd13b7n3gxx0rilaev3jv&monsterId=62g18lv HTTP/1.1" 200 112 "https://games.mountyhall.com/" "Mozilla/5.0 (Windows NT 10.0; Win64; x64) AppleWebKit/537.36 (KHTML, like Gecko) Chrome/87.0.4280.141 Safari/537.36"
fb2f:4e0:2b:2da2:acfa:85e9:05ac:6d3f - - [22/Jan/2021:07:30:55 +0000] "GET /gogo/json?action=mf331j19fcfriv57h&asker=lw703d&name=6idaf7javwp2zdeko9xnmb2x7bf6&monsterId=t97428q HTTP/1.1" 200 2047 "https://games.mountyhall.com/" "Mozilla/5.0 (Windows NT 10.0; Win64; x64) AppleWebKit/537.36 (KHTML, like Gecko) Chrome/87.0.4280.141 Safari/537.36"
fb2f:4e0:2b:2da2:acfa:85e9:05ac:6d3f - - [22/Jan/2021:07:31:05 +0000] "GET /gogo/json?action=mf331j19fcfriv57h&asker=lw703d&name=d1ezdpngt4n24vq3fb32nm9aa739ffow51oq1lu7n&monsterId=s9bakuq HTTP/1.1" 200 2468 "https://games.mountyhall.com/" "Mozilla/5.0 (Windows NT 10.0; Win64; x64) AppleWebKit/537.36 (KHTML, like Gecko) Chrome/87.0.4280.141 Safari/537.36"
fb2f:4e0:2b:2da2:acfa:85e9:05ac:6d3f - - [22/Jan/2021:07:31:05 +0000] "GET /gogo/json?action=mf331j19fcfriv57h&asker=lw703d&name=z95zqq7trjyle690webhmaft267k0l3d9c5hb0k08rzauntc5jpadd7&monsterId=so8t4z HTTP/1.1" 200 113 "https://games.mountyhall.com/" "Mozilla/5.0 (Windows NT 10.0; Win64; x64) AppleWebKit/537.36 (KHTML, like Gecko) Chrome/87.0.4280.141 Safari/537.36"
28.46.53.144 - - [22/Jan/2021:07:31:14 +0000] "GET /json/messages/last?n=a&room=69td HTTP/1.1" 200 1185 "https://miaou.dystroy.org/1556" "Mozilla/5.0 (Windows NT 6.1; rv:84.0) Gecko/20100101 Firefox/84.0"
28.46.53.144 - - [22/Jan/2021:07:31:14 +0000] "GET /json/messages/last?n=a&room=42pd HTTP/1.1" 200 1080 "https://miaou.dystroy.org/1556" "Mozilla/5.0 (Windows NT 6.1; rv:84.0) Gecko/20100101 Firefox/84.0"
97.45.217.174 - - [22/Jan/2021:07:31:17 +0000] "GET /JSON.prune/JSON.prune.js?_=iwuv3rt8oldr1 HTTP/1.1" 200 5188 "https://schema02.esabora.solutions/" "Mozilla/5.0 (Windows NT 10.0; Win64; x64) AppleWebKit/537.36 (KHTML, like Gecko) Chrome/87.0.4280.141 Safari/537.36"
28.46.53.144 - - [22/Jan/2021:07:31:29 +0000] "GET /publicProfile?user=8xf&room=iayh HTTP/1.1" 200 363 "https://miaou.dystroy.org/1556" "Mozilla/5.0 (Windows NT 6.1; rv:84.0) Gecko/20100101 Firefox/84.0"
40.205.208.119 - - [22/Jan/2021:07:31:31 +0000] "POST /sciz-webhook HTTP/1.1" 200 0 "-" "python-requests/2.21.0"
28.46.53.144 - - [22/Jan/2021:07:31:33 +0000] "GET /json/messages/last?n=a&room=2cmu HTTP/1.1" 200 1169 "https://miaou.dystroy.org/1556" "Mozilla/5.0 (Windows NT 6.1; rv:84.0) Gecko/20100101 Firefox/84.0"
fb2f:4e0:2b:2da2:acfa:85e9:05ac:6d3f - - [22/Jan/2021:07:31:36 +0000] "GET /gogo/json?action=bgc6r5eeshp5nu&trollId=lw703d HTTP/1.1" 200 85 "https://games.mountyhall.com/" "Mozilla/5.0 (Windows NT 10.0; Win64; x64) AppleWebKit/537.36 (KHTML, like Gecko) Chrome/87.0.4280.141 Safari/537.36"
fb2f:4e0:2b:2da2:acfa:85e9:05ac:6d3f - - [22/Jan/2021:07:31:36 +0000] "GET /gogo/json?action=mf331j19fcfriv57h&asker=lw703d&name=6idaf7javwp2zdeko9xnmb2x7bf6&monsterId=t97428q HTTP/1.1" 200 2047 "https://games.mountyhall.com/" "Mozilla/5.0 (Windows NT 10.0; Win64; x64) AppleWebKit/537.36 (KHTML, like Gecko) Chrome/87.0.4280.141 Safari/537.36"
fb2f:4e0:2b:2da2:acfa:85e9:05ac:6d3f - - [22/Jan/2021:07:31:37 +0000] "GET /gogo/json?action=mf331j19fcfriv57h&asker=lw703d&name=6idaf7javwp2zdeko9xnmb2x7bf6&monsterId=t97428q HTTP/1.1" 200 2047 "https://games.mountyhall.com/" "Mozilla/5.0 (Windows NT 10.0; Win64; x64) AppleWebKit/537.36 (KHTML, like Gecko) Chrome/87.0.4280.141 Safari/537.36"
40.205.208.119 - - [22/Jan/2021:07:31:39 +0000] "POST /sciz-webhook HTTP/1.1" 200 0 "-" "python-requests/2.21.0"
91.110.189.249 - - [22/Jan/2021:07:31:41 +0000] "HEAD / HTTP/1.1" 301 0 "http://www.dystroy.org" "Mozilla/5.0+(compatible; UptimeRobot/2.0; http://www.uptimerobot.com/)"
91.110.189.249 - - [22/Jan/2021:07:31:41 +0000] "HEAD / HTTP/1.1" 200 0 "http://www.dystroy.org" "Mozilla/5.0+(compatible; UptimeRobot/2.0; http://www.uptimerobot.com/)"
fb2f:4e0:2b:2da2:acfa:85e9:05ac:6d3f - - [22/Jan/2021:07:31:42 +0000] "GET /gogo/json?action=mf331j19fcfriv57h&asker=lw703d&name=6idaf7javwp2zdeko9xnmb2x7bf6&monsterId=t97428q HTTP/1.1" 200 2047 "https://games.mountyhall.com/" "Mozilla/5.0 (Windows NT 10.0; Win64; x64) AppleWebKit/537.36 (KHTML, like Gecko) Chrome/87.0.4280.141 Safari/537.36"
fb2f:4e0:2b:2da2:acfa:85e9:05ac:6d3f - - [22/Jan/2021:07:31:44 +0000] "GET /gogo/json?action=mf331j19fcfriv57h&asker=lw703d&name=6idaf7javwp2zdeko9xnmb2x7bf6&monsterId=t97428q HTTP/1.1" 200 2047 "https://games.mountyhall.com/" "Mozilla/5.0 (Windows NT 10.0; Win64; x64) AppleWebKit/537.36 (KHTML, like Gecko) Chrome/87.0.4280.141 Safari/537.36"
fb2f:4e0:2b:2da2:acfa:85e9:05ac:6d3f - - [22/Jan/2021:07:31:44 +0000] "GET /gogo/json?action=bgc6r5eeshp5nu&trollId=lw703d HTTP/1.1" 200 85 "https://games.mountyhall.com/" "Mozilla/5.0 (Windows NT 10.0; Win64; x64) AppleWebKit/537.36 (KHTML, like Gecko) Chrome/87.0.4280.141 Safari/537.36"
fb2f:4e0:2b:2da2:acfa:85e9:05ac:6d3f - - [22/Jan/2021:07:31:44 +0000] "GET /gogo/json?action=mf331j19fcfriv57h&asker=lw703d&name=6idaf7javwp2zdeko9xnmb2x7bf6&monsterId=t97428q HTTP/1.1" 200 2047 "https://games.mountyhall.com/" "Mozilla/5.0 (Windows NT 10.0; Win64; x64) AppleWebKit/537.36 (KHTML, like Gecko) Chrome/87.0.4280.141 Safari/537.36"
40.205.208.119 - - [22/Jan/2021:07:31:59 +0000] "POST /sciz-webhook HTTP/1.1" 200 0 "-" "python-requests/2.21.0"
40.205.208.119 - - [22/Jan/2021:07:31:59 +0000] "POST /sciz-webhook HTTP/1.1" 200 0 "-" "python-requests/2.21.0"
57.0.209.250 - - [22/Jan/2021:07:32:06 +0000] "GET /json/tag?name=ej17xaatsi HTTP/1.1" 200 723 "https://miaou.dystroy.org/3453?Gangrene_room" "Mozilla/5.0 (Windows NT 6.3; Win64; x64; rv:84.0) Gecko/20100101 Firefox/84.0"
57.0.209.250 - - [22/Jan/2021:07:32:08 +0000] "GET /json/messages/last?n=a&room=jkxo HTTP/1.1" 200 1405 "https://miaou.dystroy.org/3453?Gangrene_room" "Mozilla/5.0 (Windows NT 6.3; Win64; x64; rv:84.0) Gecko/20100101 Firefox/84.0"
57.0.209.250 - - [22/Jan/2021:07:32:08 +0000] "GET /json/messages/last?n=0&room=gc8 HTTP/1.1" 200 1355 "https://miaou.dystroy.org/3453?Gangrene_room" "Mozilla/5.0 (Windows NT 6.3; Win64; x64; rv:84.0) Gecko/20100101 Firefox/84.0"
40.205.208.119 - - [22/Jan/2021:07:32:08 +0000] "POST /sciz-webhook HTTP/1.1" 200 0 "-" "python-requests/2.21.0"
40.205.208.119 - - [22/Jan/2021:07:32:08 +0000] "POST /sciz-webhook HTTP/1.1" 200 0 "-" "python-requests/2.21.0"
57.0.209.250 - - [22/Jan/2021:07:32:11 +0000] "GET /socket.io/?EIO=y&transport=c0qucvma5&sid=zxfho1xnqm6x7yqesdxg HTTP/1.1" 101 6900 "-" "Mozilla/5.0 (Windows NT 6.3; Win64; x64; rv:84.0) Gecko/20100101 Firefox/84.0"
57.0.209.250 - - [22/Jan/2021:07:32:11 +0000] "GET /431 HTTP/1.1" 200 5609 "https://miaou.dystroy.org/3453?Gangrene_room" "Mozilla/5.0 (Windows NT 6.3; Win64; x64; rv:84.0) Gecko/20100101 Firefox/84.0"
57.0.209.250 - - [22/Jan/2021:07:32:11 +0000] "GET /socket.io/socket.io.js HTTP/1.1" 304 0 "https://miaou.dystroy.org/431" "Mozilla/5.0 (Windows NT 6.3; Win64; x64; rv:84.0) Gecko/20100101 Firefox/84.0"
57.0.209.250 - - [22/Jan/2021:07:32:11 +0000] "GET /socket.io/?EIO=y&transport=xkmoyoi&t=braji40 HTTP/1.1" 200 99 "https://miaou.dystroy.org/431" "Mozilla/5.0 (Windows NT 6.3; Win64; x64; rv:84.0) Gecko/20100101 Firefox/84.0"
57.0.209.250 - - [22/Jan/2021:07:32:11 +0000] "GET /file-host/a6c5517c4feed3f6f93cc0f4.png HTTP/1.1" 200 18279 "https://miaou.dystroy.org/431" "Mozilla/5.0 (Windows NT 6.3; Win64; x64; rv:84.0) Gecko/20100101 Firefox/84.0"
57.0.209.250 - - [22/Jan/2021:07:32:12 +0000] "GET /socket.io/?EIO=y&transport=xkmoyoi&t=hj8clzs&sid=q9e9xb3kjddng5ureu44 HTTP/1.1" 200 18 "https://miaou.dystroy.org/431" "Mozilla/5.0 (Windows NT 6.3; Win64; x64; rv:84.0) Gecko/20100101 Firefox/84.0"
57.0.209.250 - - [22/Jan/2021:07:32:12 +0000] "POST /socket.io/?EIO=y&transport=xkmoyoi&t=477ieek&sid=q9e9xb3kjddng5ureu44 HTTP/1.1" 200 2 "https://miaou.dystroy.org/431" "Mozilla/5.0 (Windows NT 6.3; Win64; x64; rv:84.0) Gecko/20100101 Firefox/84.0"
57.0.209.250 - - [22/Jan/2021:07:32:12 +0000] "GET /socket.io/?EIO=y&transport=xkmoyoi&t=7shktw0&sid=q9e9xb3kjddng5ureu44 HTTP/1.1" 200 34 "https://miaou.dystroy.org/431" "Mozilla/5.0 (Windows NT 6.3; Win64; x64; rv:84.0) Gecko/20100101 Firefox/84.0"
57.0.209.250 - - [22/Jan/2021:07:32:12 +0000] "GET /socket.io/?EIO=y&transport=xkmoyoi&t=lpneea9&sid=q9e9xb3kjddng5ureu44 HTTP/1.1" 200 6273 "https://miaou.dystroy.org/431" "Mozilla/5.0 (Windows NT 6.3; Win64; x64; rv:84.0) Gecko/20100101 Firefox/84.0"
77.223.140.69 - - [22/Jan/2021:07:32:18 +0000] "GET /json/pings HTTP/1.1" 304 0 "https://miaou.dystroy.org/sw.js?v=33" "Mozilla/5.0 (Linux; Android 10; Redmi Note 7) AppleWebKit/537.36 (KHTML, like Gecko) Chrome/87.0.4280.101 Mobile Safari/537.36"
57.0.209.250 - - [22/Jan/2021:07:32:23 +0000] "GET /json/messages/last?n=dm&room=a2fv HTTP/1.1" 200 3343 "https://miaou.dystroy.org/431" "Mozilla/5.0 (Windows NT 6.3; Win64; x64; rv:84.0) Gecko/20100101 Firefox/84.0"
57.0.209.250 - - [22/Jan/2021:07:32:23 +0000] "GET /file-host/90357adf551293ff2ae304d5.png HTTP/1.1" 200 287917 "https://miaou.dystroy.org/431" "Mozilla/5.0 (Windows NT 6.3; Win64; x64; rv:84.0) Gecko/20100101 Firefox/84.0"
57.0.209.250 - - [22/Jan/2021:07:32:23 +0000] "GET /json/messages/last?n=sd&room=jo HTTP/1.1" 200 5082 "https://miaou.dystroy.org/431" "Mozilla/5.0 (Windows NT 6.3; Win64; x64; rv:84.0) Gecko/20100101 Firefox/84.0"
28.46.53.144 - - [22/Jan/2021:07:32:35 +0000] "GET /json/messages/last?n=a&room=eit3 HTTP/1.1" 304 0 "https://miaou.dystroy.org/1556" "Mozilla/5.0 (Windows NT 6.1; rv:84.0) Gecko/20100101 Firefox/84.0"
28.46.53.144 - - [22/Jan/2021:07:32:35 +0000] "GET /json/messages/last?n=a&room=pg66 HTTP/1.1" 304 0 "https://miaou.dystroy.org/1556" "Mozilla/5.0 (Windows NT 6.1; rv:84.0) Gecko/20100101 Firefox/84.0"
247.58.227.121 - - [22/Jan/2021:07:32:56 +0000] "GET /socket.io/?EIO=y&transport=c0qucvma5&sid=ecbjeozhlbohx051bc8a HTTP/1.1" 101 4461 "-" "Mozilla/5.0 (Linux; Android 10; Redmi Note 9 Pro) AppleWebKit/537.36 (KHTML, like Gecko) Chrome/87.0.4280.141 Mobile Safari/537.36"
247.58.227.121 - - [22/Jan/2021:07:32:58 +0000] "GET /socket.io/?EIO=y&transport=xkmoyoi&t=j0ppeq8 HTTP/1.1" 200 99 "https://miaou.dystroy.org/1616" "Mozilla/5.0 (Linux; Android 10; Redmi Note 9 Pro) AppleWebKit/537.36 (KHTML, like Gecko) Chrome/87.0.4280.141 Mobile Safari/537.36"
247.58.227.121 - - [22/Jan/2021:07:32:58 +0000] "GET /socket.io/?EIO=y&transport=xkmoyoi&t=luo9o0p&sid=va8ijgegwh1s4as7vand HTTP/1.1" 200 18 "https://miaou.dystroy.org/1616" "Mozilla/5.0 (Linux; Android 10; Redmi Note 9 Pro) AppleWebKit/537.36 (KHTML, like Gecko) Chrome/87.0.4280.141 Mobile Safari/537.36"
247.58.227.121 - - [22/Jan/2021:07:32:58 +0000] "POST /socket.io/?EIO=y&transport=xkmoyoi&t=dttq2h0&sid=va8ijgegwh1s4as7vand HTTP/1.1" 200 2 "https://miaou.dystroy.org/1616" "Mozilla/5.0 (Linux; Android 10; Redmi Note 9 Pro) AppleWebKit/537.36 (KHTML, like Gecko) Chrome/87.0.4280.141 Mobile Safari/537.36"
247.58.227.121 - - [22/Jan/2021:07:32:58 +0000] "GET /socket.io/?EIO=y&transport=xkmoyoi&t=qmnxip4&sid=va8ijgegwh1s4as7vand HTTP/1.1" 200 57 "https://miaou.dystroy.org/1616" "Mozilla/5.0 (Linux; Android 10; Redmi Note 9 Pro) AppleWebKit/537.36 (KHTML, like Gecko) Chrome/87.0.4280.141 Mobile Safari/537.36"
247.58.227.121 - - [22/Jan/2021:07:32:58 +0000] "GET /socket.io/?EIO=y&transport=xkmoyoi&t=pc1j8qx&sid=va8ijgegwh1s4as7vand HTTP/1.1" 200 6365 "https://miaou.dystroy.org/1616" "Mozilla/5.0 (Linux; Android 10; Redmi Note 9 Pro) AppleWebKit/537.36 (KHTML, like Gecko) Chrome/87.0.4280.141 Mobile Safari/537.36"
98.67.97.90 - - [22/Jan/2021:07:33:15 +0000] "GET /json/messages/last?n=a&room=ans HTTP/1.1" 200 1723 "https://miaou.dystroy.org/1556" "Mozilla/5.0 (Windows NT 10.0; Win64; x64; rv:84.0) Gecko/20100101 Firefox/84.0"
98.67.97.90 - - [22/Jan/2021:07:33:15 +0000] "GET /json/messages/last?n=a&room=i3yx HTTP/1.1" 200 2722 "https://miaou.dystroy.org/1556" "Mozilla/5.0 (Windows NT 10.0; Win64; x64; rv:84.0) Gecko/20100101 Firefox/84.0"
98.67.97.90 - - [22/Jan/2021:07:33:15 +0000] "GET /json/messages/last?n=a&room=hxwg HTTP/1.1" 200 1186 "https://miaou.dystroy.org/1556" "Mozilla/5.0 (Windows NT 10.0; Win64; x64; rv:84.0) Gecko/20100101 Firefox/84.0"
98.67.97.90 - - [22/Jan/2021:07:33:17 +0000] "GET /json/messages/last?n=a&room=a2fv HTTP/1.1" 200 1420 "https://miaou.dystroy.org/1556" "Mozilla/5.0 (Windows NT 10.0; Win64; x64; rv:84.0) Gecko/20100101 Firefox/84.0"
40.205.208.119 - - [22/Jan/2021:07:33:19 +0000] "POST /sciz-webhook HTTP/1.1" 200 0 "-" "python-requests/2.21.0"
40.205.208.119 - - [22/Jan/2021:07:33:19 +0000] "POST /sciz-webhook HTTP/1.1" 200 0 "-" "python-requests/2.21.0"
58.103.75.216 - - [22/Jan/2021:07:33:21 +0000] "GET /JSON.prune/JSON.prune.js?_=h2vh1p0rltn4d HTTP/1.1" 200 5188 "https://esabora-schema-preprod.azurewebsites.net/" "Mozilla/5.0 (Windows NT 10.0; Win64; x64) AppleWebKit/537.36 (KHTML, like Gecko) Chrome/75.0.3770.142 Safari/537.36"
247.58.227.121 - - [22/Jan/2021:07:33:29 +0000] "GET /socket.io/?EIO=y&transport=c0qucvma5&sid=va8ijgegwh1s4as7vand HTTP/1.1" 101 4381 "-" "Mozilla/5.0 (Linux; Android 10; Redmi Note 9 Pro) AppleWebKit/537.36 (KHTML, like Gecko) Chrome/87.0.4280.141 Mobile Safari/537.36"
247.58.227.121 - - [22/Jan/2021:07:33:31 +0000] "GET /socket.io/?EIO=y&transport=xkmoyoi&t=ieqt15y HTTP/1.1" 200 99 "https://miaou.dystroy.org/1616" "Mozilla/5.0 (Linux; Android 10; Redmi Note 9 Pro) AppleWebKit/537.36 (KHTML, like Gecko) Chrome/87.0.4280.141 Mobile Safari/537.36"
247.58.227.121 - - [22/Jan/2021:07:33:31 +0000] "GET /socket.io/?EIO=y&transport=xkmoyoi&t=gs06mnt&sid=482e6tmws1qgzew2as5w HTTP/1.1" 200 18 "https://miaou.dystroy.org/1616" "Mozilla/5.0 (Linux; Android 10; Redmi Note 9 Pro) AppleWebKit/537.36 (KHTML, like Gecko) Chrome/87.0.4280.141 Mobile Safari/537.36"
247.58.227.121 - - [22/Jan/2021:07:33:31 +0000] "POST /socket.io/?EIO=y&transport=xkmoyoi&t=5kxxzzd&sid=482e6tmws1qgzew2as5w HTTP/1.1" 200 2 "https://miaou.dystroy.org/1616" "Mozilla/5.0 (Linux; Android 10; Redmi Note 9 Pro) AppleWebKit/537.36 (KHTML, like Gecko) Chrome/87.0.4280.141 Mobile Safari/537.36"
247.58.227.121 - - [22/Jan/2021:07:33:31 +0000] "GET /socket.io/?EIO=y&transport=xkmoyoi&t=gppr89i&sid=482e6tmws1qgzew2as5w HTTP/1.1" 200 207 "https://miaou.dystroy.org/1616" "Mozilla/5.0 (Linux; Android 10; Redmi Note 9 Pro) AppleWebKit/537.36 (KHTML, like Gecko) Chrome/87.0.4280.141 Mobile Safari/537.36"
247.58.227.121 - - [22/Jan/2021:07:33:31 +0000] "GET /socket.io/?EIO=y&transport=xkmoyoi&t=xvgscj5&sid=482e6tmws1qgzew2as5w HTTP/1.1" 200 6284 "https://miaou.dystroy.org/1616" "Mozilla/5.0 (Linux; Android 10; Redmi Note 9 Pro) AppleWebKit/537.36 (KHTML, like Gecko) Chrome/87.0.4280.141 Mobile Safari/537.36"
50.149.146.228 - - [22/Jan/2021:07:33:33 +0000] "GET /ads.txt HTTP/1.1" 404 2047 "-" "Mozilla/5.0 (Macintosh; Intel Mac OS X 10_15_1) AppleWebKit/537.36 (KHTML, like Gecko) Chrome/84.0.4103.61 Safari/537.37"
50.149.146.228 - - [22/Jan/2021:07:33:33 +0000] "GET /ads.txt HTTP/1.1" 301 185 "-" "Mozilla/5.0 (Macintosh; Intel Mac OS X 10_15_1) AppleWebKit/537.36 (KHTML, like Gecko) Chrome/84.0.4103.61 Safari/537.37"
50.149.146.228 - - [22/Jan/2021:07:33:34 +0000] "GET /ads.txt HTTP/1.1" 404 2047 "-" "Mozilla/5.0 (Macintosh; Intel Mac OS X 10_15_1) AppleWebKit/537.36 (KHTML, like Gecko) Chrome/84.0.4103.61 Safari/537.37"
247.58.227.121 - - [22/Jan/2021:07:33:43 +0000] "GET /socket.io/?EIO=y&transport=c0qucvma5&sid=482e6tmws1qgzew2as5w HTTP/1.1" 101 10 "-" "Mozilla/5.0 (Linux; Android 10; Redmi Note 9 Pro) AppleWebKit/537.36 (KHTML, like Gecko) Chrome/87.0.4280.141 Mobile Safari/537.36"
28.46.53.144 - - [22/Jan/2021:07:33:45 +0000] "GET /publicProfile?user=xc1t&room=iayh HTTP/1.1" 304 0 "https://miaou.dystroy.org/1556" "Mozilla/5.0 (Windows NT 6.1; rv:84.0) Gecko/20100101 Firefox/84.0"
40.205.208.119 - - [22/Jan/2021:07:33:54 +0000] "POST /sciz-webhook HTTP/1.1" 200 0 "-" "python-requests/2.21.0"
40.205.208.119 - - [22/Jan/2021:07:33:54 +0000] "POST /sciz-webhook HTTP/1.1" 200 0 "-" "python-requests/2.21.0"
0.194.16.100 - - [22/Jan/2021:07:33:59 +0000] "GET /broot/ HTTP/1.1" 200 5830 "-" "Mozilla/5.0 (Macintosh; Intel Mac OS X 10_13_6) AppleWebKit/537.36 (KHTML, like Gecko) Chrome/67.0.3396.99 Safari/537.36"
247.58.227.121 - - [22/Jan/2021:07:34:00 +0000] "GET /socket.io/?EIO=y&transport=xkmoyoi&t=7fltg29 HTTP/1.1" 200 99 "https://miaou.dystroy.org/1616" "Mozilla/5.0 (Linux; Android 10; Redmi Note 9 Pro) AppleWebKit/537.36 (KHTML, like Gecko) Chrome/87.0.4280.141 Mobile Safari/537.36"
247.58.227.121 - - [22/Jan/2021:07:34:00 +0000] "GET /socket.io/?EIO=y&transport=xkmoyoi&t=hdcx1wg&sid=e9wcj0m9wxzbrv0e9dwj HTTP/1.1" 200 18 "https://miaou.dystroy.org/1616" "Mozilla/5.0 (Linux; Android 10; Redmi Note 9 Pro) AppleWebKit/537.36 (KHTML, like Gecko) Chrome/87.0.4280.141 Mobile Safari/537.36"
247.58.227.121 - - [22/Jan/2021:07:34:01 +0000] "POST /socket.io/?EIO=y&transport=xkmoyoi&t=06y9fd8&sid=e9wcj0m9wxzbrv0e9dwj HTTP/1.1" 200 2 "https://miaou.dystroy.org/1616" "Mozilla/5.0 (Linux; Android 10; Redmi Note 9 Pro) AppleWebKit/537.36 (KHTML, like Gecko) Chrome/87.0.4280.141 Mobile Safari/537.36"
247.58.227.121 - - [22/Jan/2021:07:34:01 +0000] "GET /socket.io/?EIO=y&transport=xkmoyoi&t=im1s272&sid=e9wcj0m9wxzbrv0e9dwj HTTP/1.1" 200 207 "https://miaou.dystroy.org/1616" "Mozilla/5.0 (Linux; Android 10; Redmi Note 9 Pro) AppleWebKit/537.36 (KHTML, like Gecko) Chrome/87.0.4280.141 Mobile Safari/537.36"
247.58.227.121 - - [22/Jan/2021:07:34:01 +0000] "GET /socket.io/?EIO=y&transport=xkmoyoi&t=cvl3zuy&sid=e9wcj0m9wxzbrv0e9dwj HTTP/1.1" 200 6285 "https://miaou.dystroy.org/1616" "Mozilla/5.0 (Linux; Android 10; Redmi Note 9 Pro) AppleWebKit/537.36 (KHTML, like Gecko) Chrome/87.0.4280.141 Mobile Safari/537.36"
40.205.208.119 - - [22/Jan/2021:07:34:06 +0000] "POST /sciz-webhook HTTP/1.1" 200 0 "-" "python-requests/2.21.0"
40.205.208.119 - - [22/Jan/2021:07:34:06 +0000] "POST /sciz-webhook HTTP/1.1" 200 0 "-" "python-requests/2.21.0"
40.205.208.119 - - [22/Jan/2021:07:34:06 +0000] "POST /sciz-webhook HTTP/1.1" 200 0 "-" "python-requests/2.21.0"
40.205.208.119 - - [22/Jan/2021:07:34:06 +0000] "POST /sciz-webhook HTTP/1.1" 200 0 "-" "python-requests/2.21.0"
40.205.208.119 - - [22/Jan/2021:07:34:07 +0000] "POST /sciz-webhook HTTP/1.1" 200 0 "-" "python-requests/2.21.0"
40.205.208.119 - - [22/Jan/2021:07:34:07 +0000] "POST /sciz-webhook HTTP/1.1" 200 0 "-" "python-requests/2.21.0"
40.205.208.119 - - [22/Jan/2021:07:34:09 +0000] "POST /sciz-webhook HTTP/1.1" 200 0 "-" "python-requests/2.21.0"
40.205.208.119 - - [22/Jan/2021:07:34:09 +0000] "POST /sciz-webhook HTTP/1.1" 200 0 "-" "python-requests/2.21.0"
29bb:5e8:dba0:0e91:8baf:4bda:e159:0a62 - - [22/Jan/2021:07:34:11 +0000] "GET /login HTTP/1.1" 304 0 "-" "Mozilla/5.0 (Windows NT 10.0; Win64; x64) AppleWebKit/537.36 (KHTML, like Gecko) Chrome/87.0.4280.141 Safari/537.36 Edg/87.0.664.75"
29bb:5e8:dba0:0e91:8baf:4bda:e159:0a62 - - [22/Jan/2021:07:34:12 +0000] "GET /auth/google HTTP/1.1" 302 0 "https://miaou.dystroy.org/login" "Mozilla/5.0 (Windows NT 10.0; Win64; x64) AppleWebKit/537.36 (KHTML, like Gecko) Chrome/87.0.4280.141 Safari/537.36 Edg/87.0.664.75"
29bb:5e8:dba0:0e91:8baf:4bda:e159:0a62 - - [22/Jan/2021:07:34:13 +0000] "GET /auth/google/callback?state=li1e&code=38wv9drdrdnzcijp5w17vbpx6qquipxwefyyan6ic6jktxrw7ul24424dza521qc8mxxzsbz2y8&scope=gyotjvtjxxxdrusfcc9l12tzbypfle4jgq62h94bvs91e6iat3q6cahd4kjexbahihbneh2vezrd91d6x3mn55vedhyw2s92whzyqk6fvp37bsrh54rr3r7i3gtxfle2szvaklg1&authuser=3&prompt=npme HTTP/1.1" 302 96 "https://miaou.dystroy.org/login" "Mozilla/5.0 (Windows NT 10.0; Win64; x64) AppleWebKit/537.36 (KHTML, like Gecko) Chrome/87.0.4280.141 Safari/537.36 Edg/87.0.664.75"
29bb:5e8:dba0:0e91:8baf:4bda:e159:0a62 - - [22/Jan/2021:07:34:13 +0000] "GET / HTTP/1.1" 302 106 "https://miaou.dystroy.org/login" "Mozilla/5.0 (Windows NT 10.0; Win64; x64) AppleWebKit/537.36 (KHTML, like Gecko) Chrome/87.0.4280.141 Safari/537.36 Edg/87.0.664.75"
29bb:5e8:dba0:0e91:8baf:4bda:e159:0a62 - - [22/Jan/2021:07:34:13 +0000] "GET /rooms HTTP/1.1" 200 3139 "https://miaou.dystroy.org/login" "Mozilla/5.0 (Windows NT 10.0; Win64; x64) AppleWebKit/537.36 (KHTML, like Gecko) Chrome/87.0.4280.141 Safari/537.36 Edg/87.0.664.75"
29bb:5e8:dba0:0e91:8baf:4bda:e159:0a62 - - [22/Jan/2021:07:34:13 +0000] "GET /json/rooms?pattern= HTTP/1.1" 200 8226 "https://miaou.dystroy.org/rooms" "Mozilla/5.0 (Windows NT 10.0; Win64; x64) AppleWebKit/537.36 (KHTML, like Gecko) Chrome/87.0.4280.141 Safari/537.36 Edg/87.0.664.75"
95.32.158.174 - - [22/Jan/2021:07:34:21 +0000] "GET /albumin-example/2/Lyon/HPIM4603-1000x700.jpeg HTTP/1.1" 200 867840 "-" "Mozilla/5.0 (compatible; bingbot/2.0; +http://www.bing.com/bingbot.htm)"
98.9.27.126 - - [22/Jan/2021:07:34:26 +0000] "GET / HTTP/1.1" 302 106 "-" "Mozilla/5.0 (Windows NT 10.0; Win64; x64) AppleWebKit/537.36 (KHTML, like Gecko) Chrome/87.0.4280.141 Safari/537.36"
98.9.27.126 - - [22/Jan/2021:07:34:26 +0000] "GET /login HTTP/1.1" 200 714 "-" "Mozilla/5.0 (Windows NT 10.0; Win64; x64) AppleWebKit/537.36 (KHTML, like Gecko) Chrome/87.0.4280.141 Safari/537.36"
98.9.27.126 - - [22/Jan/2021:07:34:27 +0000] "GET /auth/google HTTP/1.1" 302 0 "https://miaou.dystroy.org/login" "Mozilla/5.0 (Windows NT 10.0; Win64; x64) AppleWebKit/537.36 (KHTML, like Gecko) Chrome/87.0.4280.141 Safari/537.36"
98.9.27.126 - - [22/Jan/2021:07:34:29 +0000] "GET /auth/google/callback?state=li1e&code=qdz50wgz6on54m0vl0j700fy2cbzkf0o8s6pxd7wk1uzwenjxp1tome4w30xgkrjnhrrcj34x0g&scope=umhv4kz0xi8t5his5d1cobpdvdr0bu12ldxemhih7qns84aw3vad7isaa8qilwpmpzn6h60tgcv36xeje78jb22vflxlbpyp56xwfa4kss8s2194096q4ehvzfpmdx286vr7tpbw&authuser=3&prompt=npme HTTP/1.1" 302 96 "https://accounts.google.com/" "Mozilla/5.0 (Windows NT 10.0; Win64; x64) AppleWebKit/537.36 (KHTML, like Gecko) Chrome/87.0.4280.141 Safari/537.36"
98.9.27.126 - - [22/Jan/2021:07:34:29 +0000] "GET / HTTP/1.1" 302 106 "https://accounts.google.com/" "Mozilla/5.0 (Windows NT 10.0; Win64; x64) AppleWebKit/537.36 (KHTML, like Gecko) Chrome/87.0.4280.141 Safari/537.36"
98.9.27.126 - - [22/Jan/2021:07:34:29 +0000] "GET /rooms HTTP/1.1" 200 3416 "https://accounts.google.com/" "Mozilla/5.0 (Windows NT 10.0; Win64; x64) AppleWebKit/537.36 (KHTML, like Gecko) Chrome/87.0.4280.141 Safari/537.36"
98.9.27.126 - - [22/Jan/2021:07:34:29 +0000] "GET /json/rooms?pattern= HTTP/1.1" 200 10810 "https://miaou.dystroy.org/rooms" "Mozilla/5.0 (Windows NT 10.0; Win64; x64) AppleWebKit/537.36 (KHTML, like Gecko) Chrome/87.0.4280.141 Safari/537.36"
98.9.27.126 - - [22/Jan/2021:07:34:29 +0000] "GET /broot/img/20200620-content-memm.png HTTP/1.1" 304 0 "https://miaou.dystroy.org/rooms" "Mozilla/5.0 (Windows NT 10.0; Win64; x64) AppleWebKit/537.36 (KHTML, like Gecko) Chrome/87.0.4280.141 Safari/537.36"
98.9.27.126 - - [22/Jan/2021:07:34:31 +0000] "GET /1556?ti_group HTTP/1.1" 200 5649 "https://miaou.dystroy.org/rooms" "Mozilla/5.0 (Windows NT 10.0; Win64; x64) AppleWebKit/537.36 (KHTML, like Gecko) Chrome/87.0.4280.141 Safari/537.36"
98.9.27.126 - - [22/Jan/2021:07:34:31 +0000] "GET /socket.io/socket.io.js HTTP/1.1" 304 0 "https://miaou.dystroy.org/1556?ti_group" "Mozilla/5.0 (Windows NT 10.0; Win64; x64) AppleWebKit/537.36 (KHTML, like Gecko) Chrome/87.0.4280.141 Safari/537.36"
98.9.27.126 - - [22/Jan/2021:07:34:31 +0000] "GET /socket.io/?EIO=y&transport=xkmoyoi&t=7p7mmaj HTTP/1.1" 200 99 "https://miaou.dystroy.org/1556?ti_group" "Mozilla/5.0 (Windows NT 10.0; Win64; x64) AppleWebKit/537.36 (KHTML, like Gecko) Chrome/87.0.4280.141 Safari/537.36"
98.9.27.126 - - [22/Jan/2021:07:34:31 +0000] "GET /socket.io/?EIO=y&transport=xkmoyoi&t=p23nnla&sid=9898glo8vnhwrrelquaz HTTP/1.1" 200 18 "https://miaou.dystroy.org/1556?ti_group" "Mozilla/5.0 (Windows NT 10.0; Win64; x64) AppleWebKit/537.36 (KHTML, like Gecko) Chrome/87.0.4280.141 Safari/537.36"
98.9.27.126 - - [22/Jan/2021:07:34:31 +0000] "POST /socket.io/?EIO=y&transport=xkmoyoi&t=pbsfhef&sid=9898glo8vnhwrrelquaz HTTP/1.1" 200 2 "https://miaou.dystroy.org/1556?ti_group" "Mozilla/5.0 (Windows NT 10.0; Win64; x64) AppleWebKit/537.36 (KHTML, like Gecko) Chrome/87.0.4280.141 Safari/537.36"
98.9.27.126 - - [22/Jan/2021:07:34:31 +0000] "GET /socket.io/?EIO=y&transport=xkmoyoi&t=h581hoz&sid=9898glo8vnhwrrelquaz HTTP/1.1" 200 34 "https://miaou.dystroy.org/1556?ti_group" "Mozilla/5.0 (Windows NT 10.0; Win64; x64) AppleWebKit/537.36 (KHTML, like Gecko) Chrome/87.0.4280.141 Safari/537.36"
98.9.27.126 - - [22/Jan/2021:07:34:31 +0000] "GET /socket.io/?EIO=y&transport=xkmoyoi&t=kesp951&sid=9898glo8vnhwrrelquaz HTTP/1.1" 200 5386 "https://miaou.dystroy.org/1556?ti_group" "Mozilla/5.0 (Windows NT 10.0; Win64; x64) AppleWebKit/537.36 (KHTML, like Gecko) Chrome/87.0.4280.141 Safari/537.36"
98.9.27.126 - - [22/Jan/2021:07:34:31 +0000] "POST /socket.io/?EIO=y&transport=xkmoyoi&t=iuiwtuf&sid=9898glo8vnhwrrelquaz HTTP/1.1" 200 2 "https://miaou.dystroy.org/1556?ti_group" "Mozilla/5.0 (Windows NT 10.0; Win64; x64) AppleWebKit/537.36 (KHTML, like Gecko) Chrome/87.0.4280.141 Safari/537.36"
98.9.27.126 - - [22/Jan/2021:07:34:31 +0000] "GET /socket.io/?EIO=y&transport=xkmoyoi&t=7kpp9r2&sid=9898glo8vnhwrrelquaz HTTP/1.1" 200 503 "https://miaou.dystroy.org/1556?ti_group" "Mozilla/5.0 (Windows NT 10.0; Win64; x64) AppleWebKit/537.36 (KHTML, like Gecko) Chrome/87.0.4280.141 Safari/537.36"
98.9.27.126 - - [22/Jan/2021:07:34:31 +0000] "POST /socket.io/?EIO=y&transport=xkmoyoi&t=vjlolym&sid=9898glo8vnhwrrelquaz HTTP/1.1" 200 2 "https://miaou.dystroy.org/1556?ti_group" "Mozilla/5.0 (Windows NT 10.0; Win64; x64) AppleWebKit/537.36 (KHTML, like Gecko) Chrome/87.0.4280.141 Safari/537.36"
98.9.27.126 - - [22/Jan/2021:07:34:31 +0000] "GET /socket.io/?EIO=y&transport=xkmoyoi&t=q6guybx&sid=9898glo8vnhwrrelquaz HTTP/1.1" 200 3474 "https://miaou.dystroy.org/1556?ti_group" "Mozilla/5.0 (Windows NT 10.0; Win64; x64) AppleWebKit/537.36 (KHTML, like Gecko) Chrome/87.0.4280.141 Safari/537.36"
28.46.53.144 - - [22/Jan/2021:07:34:35 +0000] "GET /publicProfile?user=nwy&room=iayh HTTP/1.1" 200 563 "https://miaou.dystroy.org/1556" "Mozilla/5.0 (Windows NT 6.1; rv:84.0) Gecko/20100101 Firefox/84.0"
40.205.208.119 - - [22/Jan/2021:07:34:42 +0000] "POST /sciz-webhook HTTP/1.1" 200 0 "-" "python-requests/2.21.0"
40.205.208.119 - - [22/Jan/2021:07:34:42 +0000] "POST /sciz-webhook HTTP/1.1" 200 0 "-" "python-requests/2.21.0"
28.46.53.144 - - [22/Jan/2021:07:34:43 +0000] "GET /publicProfile?user=2367&room=iayh HTTP/1.1" 200 288 "https://miaou.dystroy.org/1556" "Mozilla/5.0 (Windows NT 6.1; rv:84.0) Gecko/20100101 Firefox/84.0"
57.0.209.250 - - [22/Jan/2021:07:34:50 +0000] "GET /json/messages/last?n=a&room=cer HTTP/1.1" 200 665 "https://miaou.dystroy.org/431" "Mozilla/5.0 (Windows NT 6.3; Win64; x64; rv:84.0) Gecko/20100101 Firefox/84.0"
57.0.209.250 - - [22/Jan/2021:07:34:50 +0000] "GET /json/external-link-preview?url=e4u2f66dlbplmf7h3a52oiuxsdxuq20ibczhdc2w7lpbehj91di38kb6dgozhbbad2if2u8yee5y8pkbbqehva1f21ojw7h1sp29g3dt003zq1wvu2mw0cwml4s51rpqmh2d07ngdqcv4yg7os4ea4m3sbs8olbqne9hq79dpekgfpwt1mkh3xubcbmqk7xj3jde9wov63x5ny2gnfblxgsqsday9qk9y0memoo2ethewvek5qo6s3r4u9xfv0w2vesv HTTP/1.1" 200 399 "https://miaou.dystroy.org/431" "Mozilla/5.0 (Windows NT 6.3; Win64; x64; rv:84.0) Gecko/20100101 Firefox/84.0"
57.0.209.250 - - [22/Jan/2021:07:34:50 +0000] "GET /json/messages/last?n=a&room=p3bn HTTP/1.1" 200 950 "https://miaou.dystroy.org/431" "Mozilla/5.0 (Windows NT 6.3; Win64; x64; rv:84.0) Gecko/20100101 Firefox/84.0"
57.0.209.250 - - [22/Jan/2021:07:34:51 +0000] "GET /json/messages/last?n=a&room=lzp0 HTTP/1.1" 200 979 "https://miaou.dystroy.org/431" "Mozilla/5.0 (Windows NT 6.3; Win64; x64; rv:84.0) Gecko/20100101 Firefox/84.0"
57.0.209.250 - - [22/Jan/2021:07:34:51 +0000] "GET /json/messages/last?n=a&room=jo HTTP/1.1" 200 1162 "https://miaou.dystroy.org/431" "Mozilla/5.0 (Windows NT 6.3; Win64; x64; rv:84.0) Gecko/20100101 Firefox/84.0"
57.0.209.250 - - [22/Jan/2021:07:34:51 +0000] "GET /json/messages/last?n=a&room=twh6 HTTP/1.1" 200 892 "https://miaou.dystroy.org/431" "Mozilla/5.0 (Windows NT 6.3; Win64; x64; rv:84.0) Gecko/20100101 Firefox/84.0"
28.46.53.144 - - [22/Jan/2021:07:34:58 +0000] "GET /publicProfile?user=nwy&room=iayh HTTP/1.1" 499 0 "https://miaou.dystroy.org/1556" "Mozilla/5.0 (Windows NT 6.1; rv:84.0) Gecko/20100101 Firefox/84.0"
28.46.53.144 - - [22/Jan/2021:07:35:01 +0000] "GET /publicProfile?user=rajx&room=iayh HTTP/1.1" 200 399 "https://miaou.dystroy.org/1556" "Mozilla/5.0 (Windows NT 6.1; rv:84.0) Gecko/20100101 Firefox/84.0"
57.158.251.196 - - [22/Jan/2021:07:35:02 +0000] "GET /socket.io/?EIO=y&transport=xkmoyoi&t=qov3spj HTTP/1.1" 200 99 "https://miaou.dystroy.org/637" "Mozilla/5.0 (Linux; Android 11; Pixel 3a) AppleWebKit/537.36 (KHTML, like Gecko) Chrome/86.0.4240.198 Mobile Safari/537.36"
57.158.251.196 - - [22/Jan/2021:07:35:02 +0000] "GET /socket.io/?EIO=y&transport=xkmoyoi&t=78e6bm0 HTTP/1.1" 200 99 "https://miaou.dystroy.org/637" "Mozilla/5.0 (Linux; Android 11; Pixel 3a) AppleWebKit/537.36 (KHTML, like Gecko) Chrome/86.0.4240.198 Mobile Safari/537.36"
57.158.251.196 - - [22/Jan/2021:07:35:02 +0000] "GET /socket.io/?EIO=y&transport=xkmoyoi&t=gxr68aj HTTP/1.1" 200 99 "https://miaou.dystroy.org/637" "Mozilla/5.0 (Linux; Android 11; Pixel 3a) AppleWebKit/537.36 (KHTML, like Gecko) Chrome/86.0.4240.198 Mobile Safari/537.36"
57.158.251.196 - - [22/Jan/2021:07:35:02 +0000] "GET /socket.io/?EIO=y&transport=xkmoyoi&t=pxfgip0 HTTP/1.1" 200 99 "https://miaou.dystroy.org/637" "Mozilla/5.0 (Linux; Android 11; Pixel 3a) AppleWebKit/537.36 (KHTML, like Gecko) Chrome/86.0.4240.198 Mobile Safari/537.36"
57.158.251.196 - - [22/Jan/2021:07:35:02 +0000] "GET /socket.io/?EIO=y&transport=xkmoyoi&t=d5oh98v&sid=qcacv2fmtghlrxdyk0bj HTTP/1.1" 200 18 "https://miaou.dystroy.org/637" "Mozilla/5.0 (Linux; Android 11; Pixel 3a) AppleWebKit/537.36 (KHTML, like Gecko) Chrome/86.0.4240.198 Mobile Safari/537.36"
57.158.251.196 - - [22/Jan/2021:07:35:02 +0000] "POST /socket.io/?EIO=y&transport=xkmoyoi&t=oio8svs&sid=qcacv2fmtghlrxdyk0bj HTTP/1.1" 200 2 "https://miaou.dystroy.org/637" "Mozilla/5.0 (Linux; Android 11; Pixel 3a) AppleWebKit/537.36 (KHTML, like Gecko) Chrome/86.0.4240.198 Mobile Safari/537.36"
57.158.251.196 - - [22/Jan/2021:07:35:02 +0000] "GET /socket.io/?EIO=y&transport=xkmoyoi&t=yq78eo1&sid=qcacv2fmtghlrxdyk0bj HTTP/1.1" 200 1998 "https://miaou.dystroy.org/637" "Mozilla/5.0 (Linux; Android 11; Pixel 3a) AppleWebKit/537.36 (KHTML, like Gecko) Chrome/86.0.4240.198 Mobile Safari/537.36"
57.158.251.196 - - [22/Jan/2021:07:35:05 +0000] "GET /socket.io/?EIO=y&transport=c0qucvma5&sid=qcacv2fmtghlrxdyk0bj HTTP/1.1" 101 854 "-" "Mozilla/5.0 (Linux; Android 11; Pixel 3a) AppleWebKit/537.36 (KHTML, like Gecko) Chrome/86.0.4240.198 Mobile Safari/537.36"
718a:47b:fb6:384a:cdc3:abef:afd9:5d62 - - [22/Jan/2021:07:35:10 +0000] "GET /json/messages/last?n=a&room=wlpv HTTP/1.1" 304 0 "https://miaou.dystroy.org/3728" "Mozilla/5.0 (Windows NT 10.0; Win64; x64; rv:84.0) Gecko/20100101 Firefox/84.0"
718a:47b:fb6:384a:cdc3:abef:afd9:5d62 - - [22/Jan/2021:07:35:13 +0000] "GET /json/messages/last?n=a&room=a2fv HTTP/1.1" 304 0 "https://miaou.dystroy.org/3728" "Mozilla/5.0 (Windows NT 10.0; Win64; x64; rv:84.0) Gecko/20100101 Firefox/84.0"
718a:47b:fb6:384a:cdc3:abef:afd9:5d62 - - [22/Jan/2021:07:35:13 +0000] "GET /json/messages/last?n=a&room=rfm HTTP/1.1" 304 0 "https://miaou.dystroy.org/3728" "Mozilla/5.0 (Windows NT 10.0; Win64; x64; rv:84.0) Gecko/20100101 Firefox/84.0"
718a:47b:fb6:384a:cdc3:abef:afd9:5d62 - - [22/Jan/2021:07:35:13 +0000] "GET /json/messages/last?n=a&room=rfm HTTP/1.1" 304 0 "https://miaou.dystroy.org/3728" "Mozilla/5.0 (Windows NT 10.0; Win64; x64; rv:84.0) Gecko/20100101 Firefox/84.0"
110.98.50.150 - - [22/Jan/2021:07:35:18 +0000] "GET /json/messages/last?n=a&room=p3a HTTP/1.1" 304 0 "https://miaou.dystroy.org/1556" "Mozilla/5.0 (Windows NT 10.0; Win64; x64) AppleWebKit/537.36 (KHTML, like Gecko) Chrome/87.0.4280.141 Safari/537.36"
718a:47b:fb6:384a:cdc3:abef:afd9:5d62 - - [22/Jan/2021:07:35:19 +0000] "GET /json/messages/last?n=a&room=v71d HTTP/1.1" 304 0 "https://miaou.dystroy.org/3728" "Mozilla/5.0 (Windows NT 10.0; Win64; x64; rv:84.0) Gecko/20100101 Firefox/84.0"
718a:47b:fb6:384a:cdc3:abef:afd9:5d62 - - [22/Jan/2021:07:35:20 +0000] "GET /json/messages/last?n=a&room=il48 HTTP/1.1" 304 0 "https://miaou.dystroy.org/3728" "Mozilla/5.0 (Windows NT 10.0; Win64; x64; rv:84.0) Gecko/20100101 Firefox/84.0"
718a:47b:fb6:384a:cdc3:abef:afd9:5d62 - - [22/Jan/2021:07:35:20 +0000] "GET /json/messages/last?n=a&room=bvp8 HTTP/1.1" 304 0 "https://miaou.dystroy.org/3728" "Mozilla/5.0 (Windows NT 10.0; Win64; x64; rv:84.0) Gecko/20100101 Firefox/84.0"
718a:47b:fb6:384a:cdc3:abef:afd9:5d62 - - [22/Jan/2021:07:35:20 +0000] "GET /json/messages/last?n=a&room=cngp HTTP/1.1" 200 1302 "https://miaou.dystroy.org/3728" "Mozilla/5.0 (Windows NT 10.0; Win64; x64; rv:84.0) Gecko/20100101 Firefox/84.0"
718a:47b:fb6:384a:cdc3:abef:afd9:5d62 - - [22/Jan/2021:07:35:21 +0000] "GET /socket.io/?EIO=y&transport=c0qucvma5&sid=a3xk7s08sxg7xsrqzrz5 HTTP/1.1" 101 6028 "-" "Mozilla/5.0 (Windows NT 10.0; Win64; x64; rv:84.0) Gecko/20100101 Firefox/84.0"
718a:47b:fb6:384a:cdc3:abef:afd9:5d62 - - [22/Jan/2021:07:35:21 +0000] "GET /3913 HTTP/1.1" 200 5803 "https://miaou.dystroy.org/3728" "Mozilla/5.0 (Windows NT 10.0; Win64; x64; rv:84.0) Gecko/20100101 Firefox/84.0"
718a:47b:fb6:384a:cdc3:abef:afd9:5d62 - - [22/Jan/2021:07:35:21 +0000] "GET /socket.io/socket.io.js HTTP/1.1" 304 0 "https://miaou.dystroy.org/3913" "Mozilla/5.0 (Windows NT 10.0; Win64; x64; rv:84.0) Gecko/20100101 Firefox/84.0"
718a:47b:fb6:384a:cdc3:abef:afd9:5d62 - - [22/Jan/2021:07:35:21 +0000] "GET /socket.io/?EIO=y&transport=xkmoyoi&t=80vrtza HTTP/1.1" 200 99 "https://miaou.dystroy.org/3913" "Mozilla/5.0 (Windows NT 10.0; Win64; x64; rv:84.0) Gecko/20100101 Firefox/84.0"
718a:47b:fb6:384a:cdc3:abef:afd9:5d62 - - [22/Jan/2021:07:35:21 +0000] "GET /socket.io/?EIO=y&transport=xkmoyoi&t=mymgd7q&sid=qmza7jou4qqolepszc90 HTTP/1.1" 200 18 "https://miaou.dystroy.org/3913" "Mozilla/5.0 (Windows NT 10.0; Win64; x64; rv:84.0) Gecko/20100101 Firefox/84.0"
718a:47b:fb6:384a:cdc3:abef:afd9:5d62 - - [22/Jan/2021:07:35:21 +0000] "POST /socket.io/?EIO=y&transport=xkmoyoi&t=8r4qoai&sid=qmza7jou4qqolepszc90 HTTP/1.1" 200 2 "https://miaou.dystroy.org/3913" "Mozilla/5.0 (Windows NT 10.0; Win64; x64; rv:84.0) Gecko/20100101 Firefox/84.0"
718a:47b:fb6:384a:cdc3:abef:afd9:5d62 - - [22/Jan/2021:07:35:21 +0000] "GET /socket.io/?EIO=y&transport=xkmoyoi&t=lalg061&sid=qmza7jou4qqolepszc90 HTTP/1.1" 200 34 "https://miaou.dystroy.org/3913" "Mozilla/5.0 (Windows NT 10.0; Win64; x64; rv:84.0) Gecko/20100101 Firefox/84.0"
50.149.146.228 - - [22/Jan/2021:07:35:27 +0000] "GET /ads.txt HTTP/1.1" 404 2047 "-" "Mozilla/5.0 (Macintosh; Intel Mac OS X 10_15_1) AppleWebKit/537.36 (KHTML, like Gecko) Chrome/84.0.4103.61 Safari/537.37"
50.149.146.228 - - [22/Jan/2021:07:35:27 +0000] "GET /ads.txt HTTP/1.1" 301 185 "-" "Mozilla/5.0 (Macintosh; Intel Mac OS X 10_15_1) AppleWebKit/537.36 (KHTML, like Gecko) Chrome/84.0.4103.61 Safari/537.37"
50.149.146.228 - - [22/Jan/2021:07:35:28 +0000] "GET /ads.txt HTTP/1.1" 404 2047 "-" "Mozilla/5.0 (Macintosh; Intel Mac OS X 10_15_1) AppleWebKit/537.36 (KHTML, like Gecko) Chrome/84.0.4103.61 Safari/537.37"
247.58.227.121 - - [22/Jan/2021:07:35:28 +0000] "GET /socket.io/?EIO=y&transport=c0qucvma5&sid=e9wcj0m9wxzbrv0e9dwj HTTP/1.1" 101 4688 "-" "Mozilla/5.0 (Linux; Android 10; Redmi Note 9 Pro) AppleWebKit/537.36 (KHTML, like Gecko) Chrome/87.0.4280.141 Mobile Safari/537.36"
718a:47b:fb6:384a:cdc3:abef:afd9:5d62 - - [22/Jan/2021:07:35:29 +0000] "GET /publicProfile?user=4f&room=cngp HTTP/1.1" 200 360 "https://miaou.dystroy.org/3913" "Mozilla/5.0 (Windows NT 10.0; Win64; x64; rv:84.0) Gecko/20100101 Firefox/84.0"
247.58.227.121 - - [22/Jan/2021:07:35:29 +0000] "GET /socket.io/?EIO=y&transport=xkmoyoi&t=qvznsbf HTTP/1.1" 200 99 "https://miaou.dystroy.org/1616" "Mozilla/5.0 (Linux; Android 10; Redmi Note 9 Pro) AppleWebKit/537.36 (KHTML, like Gecko) Chrome/87.0.4280.141 Mobile Safari/537.36"
247.58.227.121 - - [22/Jan/2021:07:35:29 +0000] "GET /socket.io/?EIO=y&transport=xkmoyoi&t=pu6nvhr&sid=z84eoafdkh07f98k0gqw HTTP/1.1" 200 18 "https://miaou.dystroy.org/1616" "Mozilla/5.0 (Linux; Android 10; Redmi Note 9 Pro) AppleWebKit/537.36 (KHTML, like Gecko) Chrome/87.0.4280.141 Mobile Safari/537.36"
247.58.227.121 - - [22/Jan/2021:07:35:29 +0000] "POST /socket.io/?EIO=y&transport=xkmoyoi&t=mbpgz76&sid=z84eoafdkh07f98k0gqw HTTP/1.1" 200 2 "https://miaou.dystroy.org/1616" "Mozilla/5.0 (Linux; Android 10; Redmi Note 9 Pro) AppleWebKit/537.36 (KHTML, like Gecko) Chrome/87.0.4280.141 Mobile Safari/537.36"
247.58.227.121 - - [22/Jan/2021:07:35:30 +0000] "GET /socket.io/?EIO=y&transport=xkmoyoi&t=a1fha1n&sid=z84eoafdkh07f98k0gqw HTTP/1.1" 200 6400 "https://miaou.dystroy.org/1616" "Mozilla/5.0 (Linux; Android 10; Redmi Note 9 Pro) AppleWebKit/537.36 (KHTML, like Gecko) Chrome/87.0.4280.141 Mobile Safari/537.36"
77.223.140.69 - - [22/Jan/2021:07:35:30 +0000] "GET /json/pings HTTP/1.1" 304 0 "https://miaou.dystroy.org/sw.js?v=33" "Mozilla/5.0 (Linux; Android 10; Redmi Note 7) AppleWebKit/537.36 (KHTML, like Gecko) Chrome/87.0.4280.101 Mobile Safari/537.36"
28.46.53.144 - - [22/Jan/2021:07:35:38 +0000] "GET /publicProfile?user=xc1t&room=iayh HTTP/1.1" 304 0 "https://miaou.dystroy.org/1556" "Mozilla/5.0 (Windows NT 6.1; rv:84.0) Gecko/20100101 Firefox/84.0"
77.223.140.69 - - [22/Jan/2021:07:35:40 +0000] "GET /json/pings HTTP/1.1" 304 0 "https://miaou.dystroy.org/sw.js?v=33" "Mozilla/5.0 (Linux; Android 10; Redmi Note 7) AppleWebKit/537.36 (KHTML, like Gecko) Chrome/87.0.4280.101 Mobile Safari/537.36"
28.46.53.144 - - [22/Jan/2021:07:35:56 +0000] "GET /json/messages/last?n=a&room=b4 HTTP/1.1" 200 1046 "https://miaou.dystroy.org/1556" "Mozilla/5.0 (Windows NT 6.1; rv:84.0) Gecko/20100101 Firefox/84.0"
28.46.53.144 - - [22/Jan/2021:07:35:56 +0000] "GET /json/messages/last?n=a&room=mt1g HTTP/1.1" 304 0 "https://miaou.dystroy.org/1556" "Mozilla/5.0 (Windows NT 6.1; rv:84.0) Gecko/20100101 Firefox/84.0"
99.59.19.106 - - [22/Jan/2021:07:35:59 +0000] "GET /robots.txt HTTP/1.1" 404 2047 "-" "Mozilla/5.0 (compatible; SeznamBot/3.2; +http://napoveda.seznam.cz/en/seznambot-intro/)"
99.59.19.106 - - [22/Jan/2021:07:35:59 +0000] "GET /blog/broot-c-search/20200727-c-matches.png HTTP/1.1" 200 73177 "-" "Mozilla/5.0 (compatible; SeznamBot/3.2; +http://napoveda.seznam.cz/en/seznambot-intro/)"
99.59.19.106 - - [22/Jan/2021:07:36:00 +0000] "GET /blog/broot-1-0/preview-image.png HTTP/1.1" 200 101384 "-" "Mozilla/5.0 (compatible; SeznamBot/3.2; +http://napoveda.seznam.cz/en/seznambot-intro/)"
247.58.227.121 - - [22/Jan/2021:07:36:01 +0000] "GET /socket.io/?EIO=y&transport=c0qucvma5&sid=z84eoafdkh07f98k0gqw HTTP/1.1" 101 4378 "-" "Mozilla/5.0 (Linux; Android 10; Redmi Note 9 Pro) AppleWebKit/537.36 (KHTML, like Gecko) Chrome/87.0.4280.141 Mobile Safari/537.36"
98.67.97.90 - - [22/Jan/2021:07:36:03 +0000] "GET /json/messages/last?n=a&room=ans HTTP/1.1" 200 1723 "https://miaou.dystroy.org/1556" "Mozilla/5.0 (Windows NT 10.0; Win64; x64; rv:84.0) Gecko/20100101 Firefox/84.0"
98.67.97.90 - - [22/Jan/2021:07:36:03 +0000] "GET /json/messages/last?n=a&room=i3yx HTTP/1.1" 200 2722 "https://miaou.dystroy.org/1556" "Mozilla/5.0 (Windows NT 10.0; Win64; x64; rv:84.0) Gecko/20100101 Firefox/84.0"
98.67.97.90 - - [22/Jan/2021:07:36:03 +0000] "GET /json/messages/last?n=a&room=i3yx HTTP/1.1" 304 0 "https://miaou.dystroy.org/1556" "Mozilla/5.0 (Windows NT 10.0; Win64; x64; rv:84.0) Gecko/20100101 Firefox/84.0"
40.205.208.119 - - [22/Jan/2021:07:36:08 +0000] "POST /sciz-webhook HTTP/1.1" 200 0 "-" "python-requests/2.21.0"
40.205.208.119 - - [22/Jan/2021:07:36:09 +0000] "POST /sciz-webhook HTTP/1.1" 200 0 "-" "python-requests/2.21.0"
40.205.208.119 - - [22/Jan/2021:07:36:09 +0000] "POST /sciz-webhook HTTP/1.1" 200 0 "-" "python-requests/2.21.0"
92.19.229.158 - - [22/Jan/2021:07:36:09 +0000] "GET /broot/img/favicon.ico HTTP/1.1" 200 1150 "-" "WidgetKitExtension/3279 CFNetwork/1209 Darwin/20.2.0"
77.223.140.69 - - [22/Jan/2021:07:36:14 +0000] "GET /json/pings HTTP/1.1" 304 0 "https://miaou.dystroy.org/sw.js?v=33" "Mozilla/5.0 (Linux; Android 10; Redmi Note 7) AppleWebKit/537.36 (KHTML, like Gecko) Chrome/87.0.4280.101 Mobile Safari/537.36"
98.67.97.90 - - [22/Jan/2021:07:36:20 +0000] "GET /publicProfile?user=nwy&room=iayh HTTP/1.1" 200 563 "https://miaou.dystroy.org/1556" "Mozilla/5.0 (Windows NT 10.0; Win64; x64; rv:84.0) Gecko/20100101 Firefox/84.0"
98.9.27.126 - - [22/Jan/2021:07:36:21 +0000] "GET /json/messages/last?n=a&room=n5i1 HTTP/1.1" 304 0 "https://miaou.dystroy.org/1556?ti_group" "Mozilla/5.0 (Windows NT 10.0; Win64; x64) AppleWebKit/537.36 (KHTML, like Gecko) Chrome/87.0.4280.141 Safari/537.36"
98.9.27.126 - - [22/Jan/2021:07:36:21 +0000] "GET /json/messages/last?n=a&room=wg HTTP/1.1" 304 0 "https://miaou.dystroy.org/1556?ti_group" "Mozilla/5.0 (Windows NT 10.0; Win64; x64) AppleWebKit/537.36 (KHTML, like Gecko) Chrome/87.0.4280.141 Safari/537.36"
98.9.27.126 - - [22/Jan/2021:07:36:21 +0000] "GET /json/messages/last?n=a&room=10ua HTTP/1.1" 200 1124 "https://miaou.dystroy.org/1556?ti_group" "Mozilla/5.0 (Windows NT 10.0; Win64; x64) AppleWebKit/537.36 (KHTML, like Gecko) Chrome/87.0.4280.141 Safari/537.36"
98.9.27.126 - - [22/Jan/2021:07:36:22 +0000] "GET /json/messages/last?n=sd&room=hzm5 HTTP/1.1" 200 3407 "https://miaou.dystroy.org/1556?ti_group" "Mozilla/5.0 (Windows NT 10.0; Win64; x64) AppleWebKit/537.36 (KHTML, like Gecko) Chrome/87.0.4280.141 Safari/537.36"
98.9.27.126 - - [22/Jan/2021:07:36:23 +0000] "GET /file-host/a73b041b658c15acdf06b3c9.jpg HTTP/1.1" 200 20535 "https://miaou.dystroy.org/1556?ti_group" "Mozilla/5.0 (Windows NT 10.0; Win64; x64) AppleWebKit/537.36 (KHTML, like Gecko) Chrome/87.0.4280.141 Safari/537.36"
98.9.27.126 - - [22/Jan/2021:07:36:23 +0000] "GET /file-host/53abc6301fa1e5136ed108a0.jpg HTTP/1.1" 200 25071 "https://miaou.dystroy.org/1556?ti_group" "Mozilla/5.0 (Windows NT 10.0; Win64; x64) AppleWebKit/537.36 (KHTML, like Gecko) Chrome/87.0.4280.141 Safari/537.36"
98.9.27.126 - - [22/Jan/2021:07:36:23 +0000] "GET /file-host/a2d0d2411ea6a8e4b7ee11ac.jpg HTTP/1.1" 200 12708 "https://miaou.dystroy.org/1556?ti_group" "Mozilla/5.0 (Windows NT 10.0; Win64; x64) AppleWebKit/537.36 (KHTML, like Gecko) Chrome/87.0.4280.141 Safari/537.36"
