12.146.12.185 - - [22/Jan/2021:08:03:25 +0000] "GET /socket.io/?EIO=y&transport=xkmoyoi&t=02f51gl&sid=ftqhwph6lgy42usea4m3 HTTP/1.1" 200 5213 "https://miaou.dystroy.org/2363" "Mozilla/5.0 (Windows NT 10.0; Win64; x64) AppleWebKit/537.36 (KHTML, like Gecko) Chrome/87.0.4280.141 Safari/537.36"
12.146.12.185 - - [22/Jan/2021:08:03:26 +0000] "GET /publicProfile?user=7re&room=v71d HTTP/1.1" 304 0 "https://miaou.dystroy.org/2363" "Mozilla/5.0 (Windows NT 10.0; Win64; x64) AppleWebKit/537.36 (KHTML, like Gecko) Chrome/87.0.4280.141 Safari/537.36"
6662:08ba:1a8f:d4d8:e7ac:12c5:d609:86a6 - - [22/Jan/2021:08:03:28 +0000] "GET /gogo/json?action=bgc6r5eeshp5nu&asker=77umk9&trollId=33o2u HTTP/1.1" 200 84 "https://games.mountyhall.com/" "Mozilla/5.0 (Windows NT 10.0; Win64; x64) AppleWebKit/537.36 (KHTML, like Gecko) Chrome/87.0.4280.141 Safari/537.36"
6662:08ba:1a8f:d4d8:e7ac:12c5:d609:86a6 - - [22/Jan/2021:08:03:28 +0000] "GET /gogo/json?action=mf331j19fcfriv57h&asker=77umk9&name=ah8ycu3kngv27cgp5zmkzr7f5qzjce1u5ovkybwievt4w4by0mfgq1iqw2pr2&monsterId=94f18me HTTP/1.1" 200 117 "https://games.mountyhall.com/" "Mozilla/5.0 (Windows NT 10.0; Win64; x64) AppleWebKit/537.36 (KHTML, like Gecko) Chrome/87.0.4280.141 Safari/537.36"
6662:08ba:1a8f:d4d8:e7ac:12c5:d609:86a6 - - [22/Jan/2021:08:03:28 +0000] "GET /gogo/json?action=mf331j19fcfriv57h&asker=77umk9&name=qko1veewm947wvauie87srus5kprlke6wl&monsterId=2g9r78h HTTP/1.1" 200 2373 "https://games.mountyhall.com/" "Mozilla/5.0 (Windows NT 10.0; Win64; x64) AppleWebKit/537.36 (KHTML, like Gecko) Chrome/87.0.4280.141 Safari/537.36"
247.58.227.121 - - [22/Jan/2021:08:03:30 +0000] "GET /socket.io/?EIO=y&transport=c0qucvma5&sid=y02lqnes6eqn46gdtmff HTTP/1.1" 101 4385 "-" "Mozilla/5.0 (Linux; Android 10; Redmi Note 9 Pro) AppleWebKit/537.36 (KHTML, like Gecko) Chrome/87.0.4280.141 Mobile Safari/537.36"
12.146.12.185 - - [22/Jan/2021:08:03:33 +0000] "GET /json/messages/last?n=a&room=injo HTTP/1.1" 304 0 "https://miaou.dystroy.org/2363" "Mozilla/5.0 (Windows NT 10.0; Win64; x64) AppleWebKit/537.36 (KHTML, like Gecko) Chrome/87.0.4280.141 Safari/537.36"
12.146.12.185 - - [22/Jan/2021:08:03:33 +0000] "GET /json/messages/last?n=a&room=5ztp HTTP/1.1" 200 875 "https://miaou.dystroy.org/2363" "Mozilla/5.0 (Windows NT 10.0; Win64; x64) AppleWebKit/537.36 (KHTML, like Gecko) Chrome/87.0.4280.141 Safari/537.36"
12.146.12.185 - - [22/Jan/2021:08:03:34 +0000] "GET /2075 HTTP/1.1" 200 5656 "https://miaou.dystroy.org/2363" "Mozilla/5.0 (Windows NT 10.0; Win64; x64) AppleWebKit/537.36 (KHTML, like Gecko) Chrome/87.0.4280.141 Safari/537.36"
12.146.12.185 - - [22/Jan/2021:08:03:34 +0000] "GET /socket.io/?EIO=y&transport=c0qucvma5&sid=ftqhwph6lgy42usea4m3 HTTP/1.1" 101 756 "-" "Mozilla/5.0 (Windows NT 10.0; Win64; x64) AppleWebKit/537.36 (KHTML, like Gecko) Chrome/87.0.4280.141 Safari/537.36"
12.146.12.185 - - [22/Jan/2021:08:03:34 +0000] "GET /socket.io/socket.io.js HTTP/1.1" 304 0 "https://miaou.dystroy.org/2075" "Mozilla/5.0 (Windows NT 10.0; Win64; x64) AppleWebKit/537.36 (KHTML, like Gecko) Chrome/87.0.4280.141 Safari/537.36"
12.146.12.185 - - [22/Jan/2021:08:03:34 +0000] "GET /socket.io/?EIO=y&transport=xkmoyoi&t=pu1capx HTTP/1.1" 200 99 "https://miaou.dystroy.org/2075" "Mozilla/5.0 (Windows NT 10.0; Win64; x64) AppleWebKit/537.36 (KHTML, like Gecko) Chrome/87.0.4280.141 Safari/537.36"
12.146.12.185 - - [22/Jan/2021:08:03:35 +0000] "GET /socket.io/?EIO=y&transport=xkmoyoi&t=pqsaeq7&sid=ra4vnf00nx6v8vsmw4d2 HTTP/1.1" 200 18 "https://miaou.dystroy.org/2075" "Mozilla/5.0 (Windows NT 10.0; Win64; x64) AppleWebKit/537.36 (KHTML, like Gecko) Chrome/87.0.4280.141 Safari/537.36"
12.146.12.185 - - [22/Jan/2021:08:03:35 +0000] "POST /socket.io/?EIO=y&transport=xkmoyoi&t=hspi9ar&sid=ra4vnf00nx6v8vsmw4d2 HTTP/1.1" 200 2 "https://miaou.dystroy.org/2075" "Mozilla/5.0 (Windows NT 10.0; Win64; x64) AppleWebKit/537.36 (KHTML, like Gecko) Chrome/87.0.4280.141 Safari/537.36"
12.146.12.185 - - [22/Jan/2021:08:03:35 +0000] "GET /socket.io/?EIO=y&transport=xkmoyoi&t=d0erz8o&sid=ra4vnf00nx6v8vsmw4d2 HTTP/1.1" 200 34 "https://miaou.dystroy.org/2075" "Mozilla/5.0 (Windows NT 10.0; Win64; x64) AppleWebKit/537.36 (KHTML, like Gecko) Chrome/87.0.4280.141 Safari/537.36"
12.146.12.185 - - [22/Jan/2021:08:03:35 +0000] "GET /socket.io/?EIO=y&transport=xkmoyoi&t=488nza2&sid=ra4vnf00nx6v8vsmw4d2 HTTP/1.1" 200 6677 "https://miaou.dystroy.org/2075" "Mozilla/5.0 (Windows NT 10.0; Win64; x64) AppleWebKit/537.36 (KHTML, like Gecko) Chrome/87.0.4280.141 Safari/537.36"
6662:08ba:1a8f:d4d8:e7ac:12c5:d609:86a6 - - [22/Jan/2021:08:03:35 +0000] "GET /gogo/json?action=bgc6r5eeshp5nu&asker=77umk9&trollId=miq49 HTTP/1.1" 200 84 "https://games.mountyhall.com/" "Mozilla/5.0 (Windows NT 10.0; Win64; x64) AppleWebKit/537.36 (KHTML, like Gecko) Chrome/87.0.4280.141 Safari/537.36"
98.67.97.90 - - [22/Jan/2021:08:03:35 +0000] "GET /json/external-link-preview?url=evibxckowme5auqmlfxj5mi74uwzjl6faejv4fmon7dr6stk9fent269tj5ar0iehviqajwbmszp38tkymmk07e04ajil HTTP/1.1" 200 260 "https://miaou.dystroy.org/1556" "Mozilla/5.0 (Windows NT 10.0; Win64; x64; rv:84.0) Gecko/20100101 Firefox/84.0"
12.146.12.185 - - [22/Jan/2021:08:03:43 +0000] "GET /json/messages/last?n=a&room=10ua HTTP/1.1" 200 1124 "https://miaou.dystroy.org/2075" "Mozilla/5.0 (Windows NT 10.0; Win64; x64) AppleWebKit/537.36 (KHTML, like Gecko) Chrome/87.0.4280.141 Safari/537.36"
12.146.12.185 - - [22/Jan/2021:08:03:43 +0000] "GET /json/messages/last?n=a&room=10ua HTTP/1.1" 304 0 "https://miaou.dystroy.org/2075" "Mozilla/5.0 (Windows NT 10.0; Win64; x64) AppleWebKit/537.36 (KHTML, like Gecko) Chrome/87.0.4280.141 Safari/537.36"
12.146.12.185 - - [22/Jan/2021:08:03:44 +0000] "GET /2603 HTTP/1.1" 200 5256 "https://miaou.dystroy.org/2075" "Mozilla/5.0 (Windows NT 10.0; Win64; x64) AppleWebKit/537.36 (KHTML, like Gecko) Chrome/87.0.4280.141 Safari/537.36"
12.146.12.185 - - [22/Jan/2021:08:03:45 +0000] "GET /socket.io/?EIO=y&transport=c0qucvma5&sid=ra4vnf00nx6v8vsmw4d2 HTTP/1.1" 101 2484 "-" "Mozilla/5.0 (Windows NT 10.0; Win64; x64) AppleWebKit/537.36 (KHTML, like Gecko) Chrome/87.0.4280.141 Safari/537.36"
12.146.12.185 - - [22/Jan/2021:08:03:45 +0000] "GET /socket.io/socket.io.js HTTP/1.1" 304 0 "https://miaou.dystroy.org/2603" "Mozilla/5.0 (Windows NT 10.0; Win64; x64) AppleWebKit/537.36 (KHTML, like Gecko) Chrome/87.0.4280.141 Safari/537.36"
29.208.112.227 - - [22/Jan/2021:08:03:45 +0000] "GET /gogo/json?action=mf331j19fcfriv57h&asker=z4xer9&name=schnjk1tfej3fsm936r5k3u6alx109hqlwbrkop03gjwr0i9xsq&monsterId=p6473d HTTP/1.1" 200 109 "https://games.mountyhall.com/mountyhall/MH_Play/Play_vue.php?as_PageContenu=Play_vue&as_Action=Terminer+le+mouvement" "Mozilla/5.0 (Windows NT 10.0; Win64; x64) AppleWebKit/537.36 (KHTML, like Gecko) Chrome/83.0.4103.61 Safari/537.36"
12.146.12.185 - - [22/Jan/2021:08:03:45 +0000] "GET /socket.io/?EIO=y&transport=xkmoyoi&t=pyzhw05 HTTP/1.1" 200 99 "https://miaou.dystroy.org/2603" "Mozilla/5.0 (Windows NT 10.0; Win64; x64) AppleWebKit/537.36 (KHTML, like Gecko) Chrome/87.0.4280.141 Safari/537.36"
12.146.12.185 - - [22/Jan/2021:08:03:45 +0000] "GET /socket.io/?EIO=y&transport=xkmoyoi&t=6o9ofgj&sid=rxdugiqts4t5cpmibj9t HTTP/1.1" 200 18 "https://miaou.dystroy.org/2603" "Mozilla/5.0 (Windows NT 10.0; Win64; x64) AppleWebKit/537.36 (KHTML, like Gecko) Chrome/87.0.4280.141 Safari/537.36"
12.146.12.185 - - [22/Jan/2021:08:03:46 +0000] "POST /socket.io/?EIO=y&transport=xkmoyoi&t=jm72zp2&sid=rxdugiqts4t5cpmibj9t HTTP/1.1" 200 2 "https://miaou.dystroy.org/2603" "Mozilla/5.0 (Windows NT 10.0; Win64; x64) AppleWebKit/537.36 (KHTML, like Gecko) Chrome/87.0.4280.141 Safari/537.36"
12.146.12.185 - - [22/Jan/2021:08:03:46 +0000] "GET /socket.io/?EIO=y&transport=xkmoyoi&t=lmuhchq&sid=rxdugiqts4t5cpmibj9t HTTP/1.1" 200 34 "https://miaou.dystroy.org/2603" "Mozilla/5.0 (Windows NT 10.0; Win64; x64) AppleWebKit/537.36 (KHTML, like Gecko) Chrome/87.0.4280.141 Safari/537.36"
12.146.12.185 - - [22/Jan/2021:08:03:46 +0000] "GET /socket.io/?EIO=y&transport=xkmoyoi&t=llyumeg&sid=rxdugiqts4t5cpmibj9t HTTP/1.1" 200 6818 "https://miaou.dystroy.org/2603" "Mozilla/5.0 (Windows NT 10.0; Win64; x64) AppleWebKit/537.36 (KHTML, like Gecko) Chrome/87.0.4280.141 Safari/537.36"
104.219.222.198 - - [22/Jan/2021:08:03:46 +0000] "GET /M-48.png HTTP/1.1" 200 1361 "https://stackoverflow.com/" "Mozilla/5.0 (Windows NT 10.0; Win64; x64) AppleWebKit/537.36 (KHTML, like Gecko) Chrome/87.0.4280.66 Safari/537.36"
104.219.222.198 - - [22/Jan/2021:08:03:46 +0000] "GET /broot-48.jpg HTTP/1.1" 200 1615 "https://stackoverflow.com/" "Mozilla/5.0 (Windows NT 10.0; Win64; x64) AppleWebKit/537.36 (KHTML, like Gecko) Chrome/87.0.4280.66 Safari/537.36"
104.219.222.198 - - [22/Jan/2021:08:03:46 +0000] "GET /icon-spacebullet-48.png HTTP/1.1" 200 1953 "https://stackoverflow.com/" "Mozilla/5.0 (Windows NT 10.0; Win64; x64) AppleWebKit/537.36 (KHTML, like Gecko) Chrome/87.0.4280.66 Safari/537.36"
12.146.12.185 - - [22/Jan/2021:08:03:46 +0000] "GET /file-host/2a8ae23baad376eef6faf004.png HTTP/1.1" 304 0 "https://miaou.dystroy.org/2603" "Mozilla/5.0 (Windows NT 10.0; Win64; x64) AppleWebKit/537.36 (KHTML, like Gecko) Chrome/87.0.4280.141 Safari/537.36"
40.205.208.119 - - [22/Jan/2021:08:03:46 +0000] "POST /sciz-webhook HTTP/1.1" 200 0 "-" "python-requests/2.21.0"
98.67.97.90 - - [22/Jan/2021:08:03:46 +0000] "GET /publicProfile?user=8xf&room=iayh HTTP/1.1" 200 363 "https://miaou.dystroy.org/1556" "Mozilla/5.0 (Windows NT 10.0; Win64; x64; rv:84.0) Gecko/20100101 Firefox/84.0"
40.205.208.119 - - [22/Jan/2021:08:03:53 +0000] "POST /sciz-webhook HTTP/1.1" 200 0 "-" "python-requests/2.21.0"
40.205.208.119 - - [22/Jan/2021:08:03:55 +0000] "POST /sciz-webhook HTTP/1.1" 200 0 "-" "python-requests/2.21.0"
40.205.208.119 - - [22/Jan/2021:08:03:56 +0000] "POST /sciz-webhook HTTP/1.1" 200 0 "-" "python-requests/2.21.0"
40.205.208.119 - - [22/Jan/2021:08:03:57 +0000] "POST /sciz-webhook HTTP/1.1" 200 0 "-" "python-requests/2.21.0"
12.146.12.185 - - [22/Jan/2021:08:04:00 +0000] "GET /json/rooms?pattern= HTTP/1.1" 200 10419 "https://miaou.dystroy.org/2603" "Mozilla/5.0 (Windows NT 10.0; Win64; x64) AppleWebKit/537.36 (KHTML, like Gecko) Chrome/87.0.4280.141 Safari/537.36"
40.205.208.119 - - [22/Jan/2021:08:04:01 +0000] "POST /sciz-webhook HTTP/1.1" 200 0 "-" "python-requests/2.21.0"
40.205.208.119 - - [22/Jan/2021:08:04:02 +0000] "POST /sciz-webhook HTTP/1.1" 200 0 "-" "python-requests/2.21.0"
40.205.208.119 - - [22/Jan/2021:08:04:03 +0000] "POST /sciz-webhook HTTP/1.1" 200 0 "-" "python-requests/2.21.0"
40.205.208.119 - - [22/Jan/2021:08:04:03 +0000] "POST /sciz-webhook HTTP/1.1" 200 0 "-" "python-requests/2.21.0"
40.205.208.119 - - [22/Jan/2021:08:04:04 +0000] "POST /sciz-webhook HTTP/1.1" 200 0 "-" "python-requests/2.21.0"
12.146.12.185 - - [22/Jan/2021:08:04:05 +0000] "GET /3823?Poissotron HTTP/1.1" 200 5753 "https://miaou.dystroy.org/2603" "Mozilla/5.0 (Windows NT 10.0; Win64; x64) AppleWebKit/537.36 (KHTML, like Gecko) Chrome/87.0.4280.141 Safari/537.36"
12.146.12.185 - - [22/Jan/2021:08:04:05 +0000] "GET /socket.io/?EIO=y&transport=c0qucvma5&sid=rxdugiqts4t5cpmibj9t HTTP/1.1" 101 499 "-" "Mozilla/5.0 (Windows NT 10.0; Win64; x64) AppleWebKit/537.36 (KHTML, like Gecko) Chrome/87.0.4280.141 Safari/537.36"
12.146.12.185 - - [22/Jan/2021:08:04:05 +0000] "GET /socket.io/socket.io.js HTTP/1.1" 304 0 "https://miaou.dystroy.org/3823?Poissotron" "Mozilla/5.0 (Windows NT 10.0; Win64; x64) AppleWebKit/537.36 (KHTML, like Gecko) Chrome/87.0.4280.141 Safari/537.36"
40.205.208.119 - - [22/Jan/2021:08:04:06 +0000] "POST /sciz-webhook HTTP/1.1" 200 0 "-" "python-requests/2.21.0"
12.146.12.185 - - [22/Jan/2021:08:04:06 +0000] "GET /socket.io/?EIO=y&transport=xkmoyoi&t=eubojn7 HTTP/1.1" 200 99 "https://miaou.dystroy.org/3823?Poissotron" "Mozilla/5.0 (Windows NT 10.0; Win64; x64) AppleWebKit/537.36 (KHTML, like Gecko) Chrome/87.0.4280.141 Safari/537.36"
12.146.12.185 - - [22/Jan/2021:08:04:06 +0000] "GET /socket.io/?EIO=y&transport=xkmoyoi&t=zzfc5zj&sid=iqo1ndanndjlmv69t7q7 HTTP/1.1" 200 18 "https://miaou.dystroy.org/3823?Poissotron" "Mozilla/5.0 (Windows NT 10.0; Win64; x64) AppleWebKit/537.36 (KHTML, like Gecko) Chrome/87.0.4280.141 Safari/537.36"
97.45.217.174 - - [22/Jan/2021:08:04:06 +0000] "GET /JSON.prune/JSON.prune.js?_=grpcoezgwgghl HTTP/1.1" 200 5188 "https://schema02.esabora.solutions/" "Mozilla/5.0 (Windows NT 10.0; Win64; x64) AppleWebKit/537.36 (KHTML, like Gecko) Chrome/87.0.4280.141 Safari/537.36"
12.146.12.185 - - [22/Jan/2021:08:04:07 +0000] "POST /socket.io/?EIO=y&transport=xkmoyoi&t=7f2u7r9&sid=iqo1ndanndjlmv69t7q7 HTTP/1.1" 200 2 "https://miaou.dystroy.org/3823?Poissotron" "Mozilla/5.0 (Windows NT 10.0; Win64; x64) AppleWebKit/537.36 (KHTML, like Gecko) Chrome/87.0.4280.141 Safari/537.36"
12.146.12.185 - - [22/Jan/2021:08:04:07 +0000] "GET /socket.io/?EIO=y&transport=xkmoyoi&t=xbubhj6&sid=iqo1ndanndjlmv69t7q7 HTTP/1.1" 200 34 "https://miaou.dystroy.org/3823?Poissotron" "Mozilla/5.0 (Windows NT 10.0; Win64; x64) AppleWebKit/537.36 (KHTML, like Gecko) Chrome/87.0.4280.141 Safari/537.36"
6662:08ba:1a8f:d4d8:e7ac:12c5:d609:86a6 - - [22/Jan/2021:08:04:07 +0000] "GET /gogo/json?action=7c1uz2f9flrxff&TrollId=77umk9&ChrallVersion=9tku HTTP/1.1" 200 65 "https://games.mountyhall.com/" "Mozilla/5.0 (Windows NT 10.0; Win64; x64) AppleWebKit/537.36 (KHTML, like Gecko) Chrome/87.0.4280.141 Safari/537.36"
40.205.208.119 - - [22/Jan/2021:08:04:07 +0000] "POST /sciz-webhook HTTP/1.1" 200 0 "-" "python-requests/2.21.0"
97.45.217.174 - - [22/Jan/2021:08:04:11 +0000] "GET /JSON.prune/JSON.prune.js?_=xdu0v48lf3ek9 HTTP/1.1" 200 5188 "https://schema02.esabora.solutions/" "Mozilla/5.0 (Windows NT 10.0; Win64; x64) AppleWebKit/537.36 (KHTML, like Gecko) Chrome/87.0.4280.141 Safari/537.36"
40.205.208.119 - - [22/Jan/2021:08:04:13 +0000] "POST /sciz-webhook HTTP/1.1" 200 0 "-" "python-requests/2.21.0"
40.205.208.119 - - [22/Jan/2021:08:04:13 +0000] "POST /sciz-webhook HTTP/1.1" 200 0 "-" "python-requests/2.21.0"
40.205.208.119 - - [22/Jan/2021:08:04:13 +0000] "POST /sciz-webhook HTTP/1.1" 200 0 "-" "python-requests/2.21.0"
40.205.208.119 - - [22/Jan/2021:08:04:15 +0000] "POST /sciz-webhook HTTP/1.1" 200 0 "-" "python-requests/2.21.0"
40.205.208.119 - - [22/Jan/2021:08:04:15 +0000] "POST /sciz-webhook HTTP/1.1" 200 0 "-" "python-requests/2.21.0"
40.205.208.119 - - [22/Jan/2021:08:04:15 +0000] "POST /sciz-webhook HTTP/1.1" 200 0 "-" "python-requests/2.21.0"
247.58.227.121 - - [22/Jan/2021:08:04:19 +0000] "GET /socket.io/?EIO=y&transport=xkmoyoi&t=0ggwqo4 HTTP/1.1" 200 99 "https://miaou.dystroy.org/1616" "Mozilla/5.0 (Linux; Android 10; Redmi Note 9 Pro) AppleWebKit/537.36 (KHTML, like Gecko) Chrome/87.0.4280.141 Mobile Safari/537.36"
247.58.227.121 - - [22/Jan/2021:08:04:19 +0000] "GET /socket.io/?EIO=y&transport=xkmoyoi&t=v1icocm HTTP/1.1" 200 99 "https://miaou.dystroy.org/1616" "Mozilla/5.0 (Linux; Android 10; Redmi Note 9 Pro) AppleWebKit/537.36 (KHTML, like Gecko) Chrome/87.0.4280.141 Mobile Safari/537.36"
247.58.227.121 - - [22/Jan/2021:08:04:19 +0000] "GET /socket.io/?EIO=y&transport=xkmoyoi&t=74hojfl&sid=jbn1cppzcz1t3qbiwgyv HTTP/1.1" 200 18 "https://miaou.dystroy.org/1616" "Mozilla/5.0 (Linux; Android 10; Redmi Note 9 Pro) AppleWebKit/537.36 (KHTML, like Gecko) Chrome/87.0.4280.141 Mobile Safari/537.36"
247.58.227.121 - - [22/Jan/2021:08:04:19 +0000] "POST /socket.io/?EIO=y&transport=xkmoyoi&t=y7q0z9m&sid=jbn1cppzcz1t3qbiwgyv HTTP/1.1" 200 2 "https://miaou.dystroy.org/1616" "Mozilla/5.0 (Linux; Android 10; Redmi Note 9 Pro) AppleWebKit/537.36 (KHTML, like Gecko) Chrome/87.0.4280.141 Mobile Safari/537.36"
247.58.227.121 - - [22/Jan/2021:08:04:19 +0000] "GET /socket.io/?EIO=y&transport=xkmoyoi&t=3kjw89y&sid=jbn1cppzcz1t3qbiwgyv HTTP/1.1" 200 6374 "https://miaou.dystroy.org/1616" "Mozilla/5.0 (Linux; Android 10; Redmi Note 9 Pro) AppleWebKit/537.36 (KHTML, like Gecko) Chrome/87.0.4280.141 Mobile Safari/537.36"
40.205.208.119 - - [22/Jan/2021:08:04:20 +0000] "POST /sciz-webhook HTTP/1.1" 200 0 "-" "python-requests/2.21.0"
247.58.227.121 - - [22/Jan/2021:08:04:20 +0000] "POST /socket.io/?EIO=y&transport=xkmoyoi&t=v5dswdr&sid=jbn1cppzcz1t3qbiwgyv HTTP/1.1" 200 2 "https://miaou.dystroy.org/1616" "Mozilla/5.0 (Linux; Android 10; Redmi Note 9 Pro) AppleWebKit/537.36 (KHTML, like Gecko) Chrome/87.0.4280.141 Mobile Safari/537.36"
247.58.227.121 - - [22/Jan/2021:08:04:20 +0000] "GET /socket.io/?EIO=y&transport=xkmoyoi&t=ag0mle8&sid=jbn1cppzcz1t3qbiwgyv HTTP/1.1" 200 437 "https://miaou.dystroy.org/1616" "Mozilla/5.0 (Linux; Android 10; Redmi Note 9 Pro) AppleWebKit/537.36 (KHTML, like Gecko) Chrome/87.0.4280.141 Mobile Safari/537.36"
19.137.246.3 - - [22/Jan/2021:08:04:21 +0000] "GET /socket.io/?EIO=y&transport=c0qucvma5&sid=mdz91wt8hwi0gg96d3q7 HTTP/1.1" 101 710 "-" "Mozilla/5.0 (Linux; Android 6.0.1; NX569J) AppleWebKit/537.36 (KHTML, like Gecko) Chrome/88.0.4324.93 Mobile Safari/537.36"
58.103.75.216 - - [22/Jan/2021:08:04:22 +0000] "GET /JSON.prune/JSON.prune.js?_=ypn6igzjokv1d HTTP/1.1" 200 5188 "https://esabora-schema-preprod.azurewebsites.net/" "Mozilla/5.0 (Windows NT 10.0; Win64; x64) AppleWebKit/537.36 (KHTML, like Gecko) Chrome/75.0.3770.142 Safari/537.36"
40.205.208.119 - - [22/Jan/2021:08:04:23 +0000] "POST /sciz-webhook HTTP/1.1" 200 0 "-" "python-requests/2.21.0"
40.205.208.119 - - [22/Jan/2021:08:04:24 +0000] "POST /sciz-webhook HTTP/1.1" 200 0 "-" "python-requests/2.21.0"
40.205.208.119 - - [22/Jan/2021:08:04:24 +0000] "POST /sciz-webhook HTTP/1.1" 200 0 "-" "python-requests/2.21.0"
12.146.12.185 - - [22/Jan/2021:08:04:26 +0000] "GET /3?Code_Croissants HTTP/1.1" 200 5400 "https://miaou.dystroy.org/3823?Poissotron" "Mozilla/5.0 (Windows NT 10.0; Win64; x64) AppleWebKit/537.36 (KHTML, like Gecko) Chrome/87.0.4280.141 Safari/537.36"
12.146.12.185 - - [22/Jan/2021:08:04:26 +0000] "GET /socket.io/?EIO=y&transport=c0qucvma5&sid=iqo1ndanndjlmv69t7q7 HTTP/1.1" 101 5201 "-" "Mozilla/5.0 (Windows NT 10.0; Win64; x64) AppleWebKit/537.36 (KHTML, like Gecko) Chrome/87.0.4280.141 Safari/537.36"
12.146.12.185 - - [22/Jan/2021:08:04:26 +0000] "GET /socket.io/socket.io.js HTTP/1.1" 304 0 "https://miaou.dystroy.org/3?Code_Croissants" "Mozilla/5.0 (Windows NT 10.0; Win64; x64) AppleWebKit/537.36 (KHTML, like Gecko) Chrome/87.0.4280.141 Safari/537.36"
12.146.12.185 - - [22/Jan/2021:08:04:27 +0000] "GET /socket.io/?EIO=y&transport=xkmoyoi&t=8z59ocn HTTP/1.1" 200 99 "https://miaou.dystroy.org/3?Code_Croissants" "Mozilla/5.0 (Windows NT 10.0; Win64; x64) AppleWebKit/537.36 (KHTML, like Gecko) Chrome/87.0.4280.141 Safari/537.36"
12.146.12.185 - - [22/Jan/2021:08:04:27 +0000] "GET /socket.io/?EIO=y&transport=xkmoyoi&t=yklxcn7&sid=mys60aqmr2xfujz19zzv HTTP/1.1" 200 18 "https://miaou.dystroy.org/3?Code_Croissants" "Mozilla/5.0 (Windows NT 10.0; Win64; x64) AppleWebKit/537.36 (KHTML, like Gecko) Chrome/87.0.4280.141 Safari/537.36"
12.146.12.185 - - [22/Jan/2021:08:04:27 +0000] "POST /socket.io/?EIO=y&transport=xkmoyoi&t=sxygaoh&sid=mys60aqmr2xfujz19zzv HTTP/1.1" 200 2 "https://miaou.dystroy.org/3?Code_Croissants" "Mozilla/5.0 (Windows NT 10.0; Win64; x64) AppleWebKit/537.36 (KHTML, like Gecko) Chrome/87.0.4280.141 Safari/537.36"
12.146.12.185 - - [22/Jan/2021:08:04:27 +0000] "GET /socket.io/?EIO=y&transport=xkmoyoi&t=j34g3i2&sid=mys60aqmr2xfujz19zzv HTTP/1.1" 200 34 "https://miaou.dystroy.org/3?Code_Croissants" "Mozilla/5.0 (Windows NT 10.0; Win64; x64) AppleWebKit/537.36 (KHTML, like Gecko) Chrome/87.0.4280.141 Safari/537.36"
12.146.12.185 - - [22/Jan/2021:08:04:27 +0000] "GET /socket.io/?EIO=y&transport=xkmoyoi&t=w00fl8u&sid=mys60aqmr2xfujz19zzv HTTP/1.1" 200 4530 "https://miaou.dystroy.org/3?Code_Croissants" "Mozilla/5.0 (Windows NT 10.0; Win64; x64) AppleWebKit/537.36 (KHTML, like Gecko) Chrome/87.0.4280.141 Safari/537.36"
12.146.12.185 - - [22/Jan/2021:08:04:27 +0000] "POST /socket.io/?EIO=y&transport=xkmoyoi&t=yfuqanw&sid=mys60aqmr2xfujz19zzv HTTP/1.1" 200 2 "https://miaou.dystroy.org/3?Code_Croissants" "Mozilla/5.0 (Windows NT 10.0; Win64; x64) AppleWebKit/537.36 (KHTML, like Gecko) Chrome/87.0.4280.141 Safari/537.36"
12.146.12.185 - - [22/Jan/2021:08:04:27 +0000] "GET /socket.io/?EIO=y&transport=xkmoyoi&t=pp8sayd&sid=mys60aqmr2xfujz19zzv HTTP/1.1" 200 462 "https://miaou.dystroy.org/3?Code_Croissants" "Mozilla/5.0 (Windows NT 10.0; Win64; x64) AppleWebKit/537.36 (KHTML, like Gecko) Chrome/87.0.4280.141 Safari/537.36"
40.205.208.119 - - [22/Jan/2021:08:04:28 +0000] "POST /sciz-webhook HTTP/1.1" 200 0 "-" "python-requests/2.21.0"
40.205.208.119 - - [22/Jan/2021:08:04:28 +0000] "POST /sciz-webhook HTTP/1.1" 200 0 "-" "python-requests/2.21.0"
40.205.208.119 - - [22/Jan/2021:08:04:29 +0000] "POST /sciz-webhook HTTP/1.1" 200 0 "-" "python-requests/2.21.0"
40.205.208.119 - - [22/Jan/2021:08:04:29 +0000] "POST /sciz-webhook HTTP/1.1" 200 0 "-" "python-requests/2.21.0"
40.205.208.119 - - [22/Jan/2021:08:04:29 +0000] "POST /sciz-webhook HTTP/1.1" 200 0 "-" "python-requests/2.21.0"
40.205.208.119 - - [22/Jan/2021:08:04:30 +0000] "POST /sciz-webhook HTTP/1.1" 200 0 "-" "python-requests/2.21.0"
12.146.12.185 - - [22/Jan/2021:08:04:31 +0000] "GET /json/messages/last?n=a&room=skbd HTTP/1.1" 200 804 "https://miaou.dystroy.org/3?Code_Croissants" "Mozilla/5.0 (Windows NT 10.0; Win64; x64) AppleWebKit/537.36 (KHTML, like Gecko) Chrome/87.0.4280.141 Safari/537.36"
12.146.12.185 - - [22/Jan/2021:08:04:31 +0000] "GET /3728 HTTP/1.1" 200 5767 "https://miaou.dystroy.org/3?Code_Croissants" "Mozilla/5.0 (Windows NT 10.0; Win64; x64) AppleWebKit/537.36 (KHTML, like Gecko) Chrome/87.0.4280.141 Safari/537.36"
12.146.12.185 - - [22/Jan/2021:08:04:31 +0000] "GET /socket.io/?EIO=y&transport=c0qucvma5&sid=mys60aqmr2xfujz19zzv HTTP/1.1" 101 123 "-" "Mozilla/5.0 (Windows NT 10.0; Win64; x64) AppleWebKit/537.36 (KHTML, like Gecko) Chrome/87.0.4280.141 Safari/537.36"
12.146.12.185 - - [22/Jan/2021:08:04:32 +0000] "GET /socket.io/socket.io.js HTTP/1.1" 304 0 "https://miaou.dystroy.org/3728" "Mozilla/5.0 (Windows NT 10.0; Win64; x64) AppleWebKit/537.36 (KHTML, like Gecko) Chrome/87.0.4280.141 Safari/537.36"
12.146.12.185 - - [22/Jan/2021:08:04:32 +0000] "GET /socket.io/?EIO=y&transport=xkmoyoi&t=j1rsx2j HTTP/1.1" 200 99 "https://miaou.dystroy.org/3728" "Mozilla/5.0 (Windows NT 10.0; Win64; x64) AppleWebKit/537.36 (KHTML, like Gecko) Chrome/87.0.4280.141 Safari/537.36"
12.146.12.185 - - [22/Jan/2021:08:04:32 +0000] "GET /socket.io/?EIO=y&transport=xkmoyoi&t=atwsdjf&sid=n3a81ich1obn3jhecrt2 HTTP/1.1" 200 18 "https://miaou.dystroy.org/3728" "Mozilla/5.0 (Windows NT 10.0; Win64; x64) AppleWebKit/537.36 (KHTML, like Gecko) Chrome/87.0.4280.141 Safari/537.36"
12.146.12.185 - - [22/Jan/2021:08:04:32 +0000] "POST /socket.io/?EIO=y&transport=xkmoyoi&t=d441ry5&sid=n3a81ich1obn3jhecrt2 HTTP/1.1" 200 2 "https://miaou.dystroy.org/3728" "Mozilla/5.0 (Windows NT 10.0; Win64; x64) AppleWebKit/537.36 (KHTML, like Gecko) Chrome/87.0.4280.141 Safari/537.36"
12.146.12.185 - - [22/Jan/2021:08:04:32 +0000] "GET /socket.io/?EIO=y&transport=xkmoyoi&t=89529t9&sid=n3a81ich1obn3jhecrt2 HTTP/1.1" 200 207 "https://miaou.dystroy.org/3728" "Mozilla/5.0 (Windows NT 10.0; Win64; x64) AppleWebKit/537.36 (KHTML, like Gecko) Chrome/87.0.4280.141 Safari/537.36"
12.146.12.185 - - [22/Jan/2021:08:04:32 +0000] "GET /socket.io/?EIO=y&transport=xkmoyoi&t=1xligv4&sid=n3a81ich1obn3jhecrt2 HTTP/1.1" 200 4753 "https://miaou.dystroy.org/3728" "Mozilla/5.0 (Windows NT 10.0; Win64; x64) AppleWebKit/537.36 (KHTML, like Gecko) Chrome/87.0.4280.141 Safari/537.36"
40.205.208.119 - - [22/Jan/2021:08:04:34 +0000] "POST /sciz-webhook HTTP/1.1" 200 0 "-" "python-requests/2.21.0"
40.205.208.119 - - [22/Jan/2021:08:04:35 +0000] "POST /sciz-webhook HTTP/1.1" 200 0 "-" "python-requests/2.21.0"
40.205.208.119 - - [22/Jan/2021:08:04:35 +0000] "POST /sciz-webhook HTTP/1.1" 200 0 "-" "python-requests/2.21.0"
40.205.208.119 - - [22/Jan/2021:08:04:37 +0000] "POST /sciz-webhook HTTP/1.1" 200 0 "-" "python-requests/2.21.0"
98.9.27.126 - - [22/Jan/2021:08:04:37 +0000] "GET /json/external-link-preview?url=evibxckowme5auqmlfxj5mi74uwzjl6faejv4fmon7dr6stk9fent269tj5ar0iehviqajwbmszp38tkymmk07e04ajil HTTP/1.1" 200 260 "https://miaou.dystroy.org/1556?ti_group" "Mozilla/5.0 (Windows NT 10.0; Win64; x64) AppleWebKit/537.36 (KHTML, like Gecko) Chrome/87.0.4280.141 Safari/537.36"
19.116.190.106 - - [22/Jan/2021:08:04:39 +0000] "GET /JSON.prune/JSON.prune.js?_=c0rae725teh6h HTTP/1.1" 200 5188 "https://schema02.esabora.solutions/" "Mozilla/5.0 (Macintosh; Intel Mac OS X 11_1_0) AppleWebKit/537.36 (KHTML, like Gecko) Chrome/87.0.4280.141 Safari/537.36"
40.205.208.119 - - [22/Jan/2021:08:04:40 +0000] "POST /sciz-webhook HTTP/1.1" 200 0 "-" "python-requests/2.21.0"
40.205.208.119 - - [22/Jan/2021:08:04:43 +0000] "POST /sciz-webhook HTTP/1.1" 200 0 "-" "python-requests/2.21.0"
40.205.208.119 - - [22/Jan/2021:08:04:43 +0000] "POST /sciz-webhook HTTP/1.1" 200 0 "-" "python-requests/2.21.0"
110.98.50.150 - - [22/Jan/2021:08:04:48 +0000] "GET /json/messages/last?n=a&room=4r7 HTTP/1.1" 304 0 "https://miaou.dystroy.org/1556" "Mozilla/5.0 (Windows NT 10.0; Win64; x64) AppleWebKit/537.36 (KHTML, like Gecko) Chrome/87.0.4280.141 Safari/537.36"
247.58.227.121 - - [22/Jan/2021:08:04:51 +0000] "GET /socket.io/?EIO=y&transport=c0qucvma5&sid=jbn1cppzcz1t3qbiwgyv HTTP/1.1" 101 4014 "-" "Mozilla/5.0 (Linux; Android 10; Redmi Note 9 Pro) AppleWebKit/537.36 (KHTML, like Gecko) Chrome/87.0.4280.141 Mobile Safari/537.36"
40.205.208.119 - - [22/Jan/2021:08:05:00 +0000] "POST /sciz-webhook HTTP/1.1" 200 0 "-" "python-requests/2.21.0"
61e3:f08:a7f:95e8:1cba:8117:79f:1a6f - - [22/Jan/2021:08:05:02 +0000] "GET /json/messages/last?n=a&room=vkhh HTTP/1.1" 304 0 "https://miaou.dystroy.org/2075" "Mozilla/5.0 (Windows NT 10.0; Win64; x64) AppleWebKit/537.36 (KHTML, like Gecko) Chrome/87.0.4280.141 Safari/537.36"
61e3:f08:a7f:95e8:1cba:8117:79f:1a6f - - [22/Jan/2021:08:05:03 +0000] "GET /json/messages/last?n=2&room=rfm HTTP/1.1" 200 2279 "https://miaou.dystroy.org/2075" "Mozilla/5.0 (Windows NT 10.0; Win64; x64) AppleWebKit/537.36 (KHTML, like Gecko) Chrome/87.0.4280.141 Safari/537.36"
61e3:f08:a7f:95e8:1cba:8117:79f:1a6f - - [22/Jan/2021:08:05:03 +0000] "GET /json/messages/last?n=a&room=y HTTP/1.1" 200 1036 "https://miaou.dystroy.org/2075" "Mozilla/5.0 (Windows NT 10.0; Win64; x64) AppleWebKit/537.36 (KHTML, like Gecko) Chrome/87.0.4280.141 Safari/537.36"
61e3:f08:a7f:95e8:1cba:8117:79f:1a6f - - [22/Jan/2021:08:05:03 +0000] "GET /json/messages/last?n=a&room=4x1 HTTP/1.1" 304 0 "https://miaou.dystroy.org/2075" "Mozilla/5.0 (Windows NT 10.0; Win64; x64) AppleWebKit/537.36 (KHTML, like Gecko) Chrome/87.0.4280.141 Safari/537.36"
98.67.97.90 - - [22/Jan/2021:08:05:09 +0000] "GET /json/messages/last?n=a&room=9tpe HTTP/1.1" 200 898 "https://miaou.dystroy.org/1556" "Mozilla/5.0 (Windows NT 10.0; Win64; x64; rv:84.0) Gecko/20100101 Firefox/84.0"
98.67.97.90 - - [22/Jan/2021:08:05:09 +0000] "GET /socket.io/?EIO=y&transport=c0qucvma5&sid=h2rya65jwi2myw5rqsv0 HTTP/1.1" 101 5382 "-" "Mozilla/5.0 (Windows NT 10.0; Win64; x64; rv:84.0) Gecko/20100101 Firefox/84.0"
98.67.97.90 - - [22/Jan/2021:08:05:10 +0000] "GET /1934 HTTP/1.1" 200 6643 "https://miaou.dystroy.org/1556" "Mozilla/5.0 (Windows NT 10.0; Win64; x64; rv:84.0) Gecko/20100101 Firefox/84.0"
98.67.97.90 - - [22/Jan/2021:08:05:10 +0000] "GET /socket.io/socket.io.js HTTP/1.1" 200 68739 "https://miaou.dystroy.org/1934" "Mozilla/5.0 (Windows NT 10.0; Win64; x64; rv:84.0) Gecko/20100101 Firefox/84.0"
98.67.97.90 - - [22/Jan/2021:08:05:10 +0000] "GET /socket.io/?EIO=y&transport=xkmoyoi&t=r34twy4 HTTP/1.1" 200 99 "https://miaou.dystroy.org/1934" "Mozilla/5.0 (Windows NT 10.0; Win64; x64; rv:84.0) Gecko/20100101 Firefox/84.0"
98.67.97.90 - - [22/Jan/2021:08:05:10 +0000] "GET /socket.io/?EIO=y&transport=xkmoyoi&t=mniwlnk&sid=x42o8xk65odgh0g8lu8z HTTP/1.1" 200 18 "https://miaou.dystroy.org/1934" "Mozilla/5.0 (Windows NT 10.0; Win64; x64; rv:84.0) Gecko/20100101 Firefox/84.0"
98.67.97.90 - - [22/Jan/2021:08:05:10 +0000] "POST /socket.io/?EIO=y&transport=xkmoyoi&t=zfnwb60&sid=x42o8xk65odgh0g8lu8z HTTP/1.1" 200 2 "https://miaou.dystroy.org/1934" "Mozilla/5.0 (Windows NT 10.0; Win64; x64; rv:84.0) Gecko/20100101 Firefox/84.0"
98.67.97.90 - - [22/Jan/2021:08:05:10 +0000] "GET /socket.io/?EIO=y&transport=xkmoyoi&t=apdxlly&sid=x42o8xk65odgh0g8lu8z HTTP/1.1" 200 34 "https://miaou.dystroy.org/1934" "Mozilla/5.0 (Windows NT 10.0; Win64; x64; rv:84.0) Gecko/20100101 Firefox/84.0"
98.67.97.90 - - [22/Jan/2021:08:05:10 +0000] "GET /socket.io/?EIO=y&transport=xkmoyoi&t=1xpkn0p&sid=x42o8xk65odgh0g8lu8z HTTP/1.1" 200 9104 "https://miaou.dystroy.org/1934" "Mozilla/5.0 (Windows NT 10.0; Win64; x64; rv:84.0) Gecko/20100101 Firefox/84.0"
98.67.97.90 - - [22/Jan/2021:08:05:10 +0000] "GET /file-host/728569e2160a6e1a20eea8db.png HTTP/1.1" 200 82788 "https://miaou.dystroy.org/1934" "Mozilla/5.0 (Windows NT 10.0; Win64; x64; rv:84.0) Gecko/20100101 Firefox/84.0"
61e3:f08:a7f:95e8:1cba:8117:79f:1a6f - - [22/Jan/2021:08:05:12 +0000] "GET /gogo/json?action=bgc6r5eeshp5nu&asker=avy242&trollId=8hrf HTTP/1.1" 200 83 "https://games.mountyhall.com/" "Mozilla/5.0 (Windows NT 10.0; Win64; x64) AppleWebKit/537.36 (KHTML, like Gecko) Chrome/87.0.4280.141 Safari/537.36"
61e3:f08:a7f:95e8:1cba:8117:79f:1a6f - - [22/Jan/2021:08:05:12 +0000] "GET /gogo/json?action=bgc6r5eeshp5nu&trollId=avy242 HTTP/1.1" 200 85 "https://games.mountyhall.com/" "Mozilla/5.0 (Windows NT 10.0; Win64; x64) AppleWebKit/537.36 (KHTML, like Gecko) Chrome/87.0.4280.141 Safari/537.36"
28.46.53.144 - - [22/Jan/2021:08:05:12 +0000] "GET /json/messages/last?n=a&room=b4 HTTP/1.1" 200 1046 "https://miaou.dystroy.org/1556" "Mozilla/5.0 (Windows NT 6.1; rv:84.0) Gecko/20100101 Firefox/84.0"
61e3:f08:a7f:95e8:1cba:8117:79f:1a6f - - [22/Jan/2021:08:05:12 +0000] "GET /gogo/json?action=bgc6r5eeshp5nu&asker=avy242&trollId=efgome HTTP/1.1" 200 85 "https://games.mountyhall.com/" "Mozilla/5.0 (Windows NT 10.0; Win64; x64) AppleWebKit/537.36 (KHTML, like Gecko) Chrome/87.0.4280.141 Safari/537.36"
61e3:f08:a7f:95e8:1cba:8117:79f:1a6f - - [22/Jan/2021:08:05:12 +0000] "GET /gogo/json?action=mf331j19fcfriv57h&asker=avy242&name=itm8f1e6puq0ptnlkcipqzjkoqekmf92x15f6wgtk8gsczjdaxxe61i&monsterId=98t5qmu HTTP/1.1" 200 2386 "https://games.mountyhall.com/" "Mozilla/5.0 (Windows NT 10.0; Win64; x64) AppleWebKit/537.36 (KHTML, like Gecko) Chrome/87.0.4280.141 Safari/537.36"
61e3:f08:a7f:95e8:1cba:8117:79f:1a6f - - [22/Jan/2021:08:05:13 +0000] "GET /gogo/json?action=bgc6r5eeshp5nu&asker=avy242&trollId=efgome HTTP/1.1" 200 85 "https://games.mountyhall.com/" "Mozilla/5.0 (Windows NT 10.0; Win64; x64) AppleWebKit/537.36 (KHTML, like Gecko) Chrome/87.0.4280.141 Safari/537.36"
61e3:f08:a7f:95e8:1cba:8117:79f:1a6f - - [22/Jan/2021:08:05:13 +0000] "GET /gogo/json?action=bgc6r5eeshp5nu&asker=avy242&trollId=0ffna HTTP/1.1" 200 84 "https://games.mountyhall.com/" "Mozilla/5.0 (Windows NT 10.0; Win64; x64) AppleWebKit/537.36 (KHTML, like Gecko) Chrome/87.0.4280.141 Safari/537.36"
61e3:f08:a7f:95e8:1cba:8117:79f:1a6f - - [22/Jan/2021:08:05:13 +0000] "GET /gogo/json?action=bgc6r5eeshp5nu&asker=avy242&trollId=efgome HTTP/1.1" 200 85 "https://games.mountyhall.com/" "Mozilla/5.0 (Windows NT 10.0; Win64; x64) AppleWebKit/537.36 (KHTML, like Gecko) Chrome/87.0.4280.141 Safari/537.36"
61e3:f08:a7f:95e8:1cba:8117:79f:1a6f - - [22/Jan/2021:08:05:13 +0000] "GET /gogo/json?action=mf331j19fcfriv57h&asker=avy242&name=itm8f1e6puq0ptnlkcipqzjkoqekmf92x15f6wgtk8gsczjdaxxe61i&monsterId=98t5qmu HTTP/1.1" 200 2386 "https://games.mountyhall.com/" "Mozilla/5.0 (Windows NT 10.0; Win64; x64) AppleWebKit/537.36 (KHTML, like Gecko) Chrome/87.0.4280.141 Safari/537.36"
61e3:f08:a7f:95e8:1cba:8117:79f:1a6f - - [22/Jan/2021:08:05:13 +0000] "GET /gogo/json?action=bgc6r5eeshp5nu&asker=avy242&trollId=efgome HTTP/1.1" 200 85 "https://games.mountyhall.com/" "Mozilla/5.0 (Windows NT 10.0; Win64; x64) AppleWebKit/537.36 (KHTML, like Gecko) Chrome/87.0.4280.141 Safari/537.36"
61e3:f08:a7f:95e8:1cba:8117:79f:1a6f - - [22/Jan/2021:08:05:13 +0000] "GET /gogo/json?action=bgc6r5eeshp5nu&asker=avy242&trollId=0ffna HTTP/1.1" 200 84 "https://games.mountyhall.com/" "Mozilla/5.0 (Windows NT 10.0; Win64; x64) AppleWebKit/537.36 (KHTML, like Gecko) Chrome/87.0.4280.141 Safari/537.36"
61e3:f08:a7f:95e8:1cba:8117:79f:1a6f - - [22/Jan/2021:08:05:13 +0000] "GET /gogo/json?action=bgc6r5eeshp5nu&asker=avy242&trollId=0ffna HTTP/1.1" 200 84 "https://games.mountyhall.com/" "Mozilla/5.0 (Windows NT 10.0; Win64; x64) AppleWebKit/537.36 (KHTML, like Gecko) Chrome/87.0.4280.141 Safari/537.36"
40.205.208.119 - - [22/Jan/2021:08:05:13 +0000] "POST /sciz-webhook HTTP/1.1" 200 0 "-" "python-requests/2.21.0"
40.205.208.119 - - [22/Jan/2021:08:05:13 +0000] "POST /sciz-webhook HTTP/1.1" 200 0 "-" "python-requests/2.21.0"
61e3:f08:a7f:95e8:1cba:8117:79f:1a6f - - [22/Jan/2021:08:05:13 +0000] "GET /gogo/json?action=bgc6r5eeshp5nu&asker=avy242&trollId=0ffna HTTP/1.1" 200 84 "https://games.mountyhall.com/" "Mozilla/5.0 (Windows NT 10.0; Win64; x64) AppleWebKit/537.36 (KHTML, like Gecko) Chrome/87.0.4280.141 Safari/537.36"
61e3:f08:a7f:95e8:1cba:8117:79f:1a6f - - [22/Jan/2021:08:05:14 +0000] "GET /gogo/json?action=bgc6r5eeshp5nu&asker=avy242&trollId=efgome HTTP/1.1" 200 85 "https://games.mountyhall.com/" "Mozilla/5.0 (Windows NT 10.0; Win64; x64) AppleWebKit/537.36 (KHTML, like Gecko) Chrome/87.0.4280.141 Safari/537.36"
61e3:f08:a7f:95e8:1cba:8117:79f:1a6f - - [22/Jan/2021:08:05:14 +0000] "GET /gogo/json?action=mf331j19fcfriv57h&asker=avy242&name=itm8f1e6puq0ptnlkcipqzjkoqekmf92x15f6wgtk8gsczjdaxxe61i&monsterId=98t5qmu HTTP/1.1" 200 2386 "https://games.mountyhall.com/" "Mozilla/5.0 (Windows NT 10.0; Win64; x64) AppleWebKit/537.36 (KHTML, like Gecko) Chrome/87.0.4280.141 Safari/537.36"
61e3:f08:a7f:95e8:1cba:8117:79f:1a6f - - [22/Jan/2021:08:05:14 +0000] "GET /gogo/json?action=mf331j19fcfriv57h&asker=avy242&name=q9h09rimu5j41x012ii9phztoy6gnf9ewf7ngtaxq7ducmmrnlvzw&monsterId=swdh9ac HTTP/1.1" 200 2563 "https://games.mountyhall.com/" "Mozilla/5.0 (Windows NT 10.0; Win64; x64) AppleWebKit/537.36 (KHTML, like Gecko) Chrome/87.0.4280.141 Safari/537.36"
61e3:f08:a7f:95e8:1cba:8117:79f:1a6f - - [22/Jan/2021:08:05:14 +0000] "GET /gogo/json?action=mf331j19fcfriv57h&asker=avy242&name=g0nsn378wlv52r3073pdby0pyz10xab1yb3qxeb202mbwavcn3208&monsterId=8xfq0ad HTTP/1.1" 200 2664 "https://games.mountyhall.com/" "Mozilla/5.0 (Windows NT 10.0; Win64; x64) AppleWebKit/537.36 (KHTML, like Gecko) Chrome/87.0.4280.141 Safari/537.36"
61e3:f08:a7f:95e8:1cba:8117:79f:1a6f - - [22/Jan/2021:08:05:14 +0000] "GET /gogo/json?action=mf331j19fcfriv57h&asker=avy242&name=v7dszz9aaihy8j221w48lokj&monsterId=g6je7sx HTTP/1.1" 200 2746 "https://games.mountyhall.com/" "Mozilla/5.0 (Windows NT 10.0; Win64; x64) AppleWebKit/537.36 (KHTML, like Gecko) Chrome/87.0.4280.141 Safari/537.36"
28.46.53.144 - - [22/Jan/2021:08:05:21 +0000] "GET /json/messages/last?n=a&room=mt1g HTTP/1.1" 304 0 "https://miaou.dystroy.org/3836" "Mozilla/5.0 (Windows NT 6.1; rv:84.0) Gecko/20100101 Firefox/84.0"
53.110.48.71 - - [22/Jan/2021:08:05:30 +0000] "GET /blog/atom.xml HTTP/1.1" 304 0 "-" "Feedbin feed-id:1894033 - 1 subscribers"
65.213.137.36 - - [22/Jan/2021:08:05:30 +0000] "GET /socket.io/?EIO=y&transport=xkmoyoi&t=c600cqv HTTP/1.1" 200 99 "https://miaou.dystroy.org/1556" "Mozilla/5.0 (Linux; Android 8.1.0; Moto G (5)) AppleWebKit/537.36 (KHTML, like Gecko) Chrome/87.0.4280.101 Mobile Safari/537.36"
65.213.137.36 - - [22/Jan/2021:08:05:30 +0000] "GET /socket.io/?EIO=y&transport=xkmoyoi&t=porh95t HTTP/1.1" 200 99 "https://miaou.dystroy.org/1556" "Mozilla/5.0 (Linux; Android 8.1.0; Moto G (5)) AppleWebKit/537.36 (KHTML, like Gecko) Chrome/87.0.4280.101 Mobile Safari/537.36"
65.213.137.36 - - [22/Jan/2021:08:05:30 +0000] "GET /socket.io/?EIO=y&transport=xkmoyoi&t=5gapny3 HTTP/1.1" 200 99 "https://miaou.dystroy.org/1556" "Mozilla/5.0 (Linux; Android 8.1.0; Moto G (5)) AppleWebKit/537.36 (KHTML, like Gecko) Chrome/87.0.4280.101 Mobile Safari/537.36"
65.213.137.36 - - [22/Jan/2021:08:05:30 +0000] "GET /socket.io/?EIO=y&transport=xkmoyoi&t=i9japto HTTP/1.1" 200 99 "https://miaou.dystroy.org/1556" "Mozilla/5.0 (Linux; Android 8.1.0; Moto G (5)) AppleWebKit/537.36 (KHTML, like Gecko) Chrome/87.0.4280.101 Mobile Safari/537.36"
65.213.137.36 - - [22/Jan/2021:08:05:30 +0000] "GET /socket.io/?EIO=y&transport=xkmoyoi&t=7icy2pu&sid=x1kpyppjit7bdgkumesg HTTP/1.1" 200 18 "https://miaou.dystroy.org/1556" "Mozilla/5.0 (Linux; Android 8.1.0; Moto G (5)) AppleWebKit/537.36 (KHTML, like Gecko) Chrome/87.0.4280.101 Mobile Safari/537.36"
65.213.137.36 - - [22/Jan/2021:08:05:31 +0000] "POST /socket.io/?EIO=y&transport=xkmoyoi&t=ut67lji&sid=x1kpyppjit7bdgkumesg HTTP/1.1" 200 2 "https://miaou.dystroy.org/1556" "Mozilla/5.0 (Linux; Android 8.1.0; Moto G (5)) AppleWebKit/537.36 (KHTML, like Gecko) Chrome/87.0.4280.101 Mobile Safari/537.36"
65.213.137.36 - - [22/Jan/2021:08:05:31 +0000] "GET /socket.io/?EIO=y&transport=xkmoyoi&t=p80z0ed&sid=x1kpyppjit7bdgkumesg HTTP/1.1" 200 21 "https://miaou.dystroy.org/1556" "Mozilla/5.0 (Linux; Android 8.1.0; Moto G (5)) AppleWebKit/537.36 (KHTML, like Gecko) Chrome/87.0.4280.101 Mobile Safari/537.36"
65.213.137.36 - - [22/Jan/2021:08:05:31 +0000] "POST /socket.io/?EIO=y&transport=xkmoyoi&t=9rki03f&sid=x1kpyppjit7bdgkumesg HTTP/1.1" 200 2 "https://miaou.dystroy.org/1556" "Mozilla/5.0 (Linux; Android 8.1.0; Moto G (5)) AppleWebKit/537.36 (KHTML, like Gecko) Chrome/87.0.4280.101 Mobile Safari/537.36"
40.205.208.119 - - [22/Jan/2021:08:06:10 +0000] "POST /sciz-webhook HTTP/1.1" 200 0 "-" "python-requests/2.21.0"
65.213.137.36 - - [22/Jan/2021:08:06:10 +0000] "GET /2444 HTTP/1.1" 304 0 "https://miaou.dystroy.org/1556" "Mozilla/5.0 (Linux; Android 8.1.0; Moto G (5)) AppleWebKit/537.36 (KHTML, like Gecko) Chrome/87.0.4280.101 Mobile Safari/537.36"
12.146.12.185 - - [22/Jan/2021:08:06:12 +0000] "GET /json/rooms?pattern= HTTP/1.1" 200 10422 "https://miaou.dystroy.org/3728" "Mozilla/5.0 (Windows NT 10.0; Win64; x64) AppleWebKit/537.36 (KHTML, like Gecko) Chrome/87.0.4280.141 Safari/537.36"
65.213.137.36 - - [22/Jan/2021:08:06:15 +0000] "GET /socket.io/?EIO=y&transport=c0qucvma5&sid=x1kpyppjit7bdgkumesg HTTP/1.1" 101 10384 "-" "Mozilla/5.0 (Linux; Android 8.1.0; Moto G (5)) AppleWebKit/537.36 (KHTML, like Gecko) Chrome/87.0.4280.101 Mobile Safari/537.36"
65.213.137.36 - - [22/Jan/2021:08:06:15 +0000] "GET /socket.io/socket.io.js HTTP/1.1" 304 0 "https://miaou.dystroy.org/2444" "Mozilla/5.0 (Linux; Android 8.1.0; Moto G (5)) AppleWebKit/537.36 (KHTML, like Gecko) Chrome/87.0.4280.101 Mobile Safari/537.36"
65.213.137.36 - - [22/Jan/2021:08:06:19 +0000] "GET /socket.io/?EIO=y&transport=xkmoyoi&t=3c9tcdm HTTP/1.1" 200 99 "https://miaou.dystroy.org/2444" "Mozilla/5.0 (Linux; Android 8.1.0; Moto G (5)) AppleWebKit/537.36 (KHTML, like Gecko) Chrome/87.0.4280.101 Mobile Safari/537.36"
65.213.137.36 - - [22/Jan/2021:08:06:21 +0000] "GET /socket.io/?EIO=y&transport=xkmoyoi&t=gn65nsn&sid=dffl4yelo36ty1a7lc03 HTTP/1.1" 200 18 "https://miaou.dystroy.org/2444" "Mozilla/5.0 (Linux; Android 8.1.0; Moto G (5)) AppleWebKit/537.36 (KHTML, like Gecko) Chrome/87.0.4280.101 Mobile Safari/537.36"
28.46.53.144 - - [22/Jan/2021:08:06:21 +0000] "GET /json/messages/last?n=a&room=69td HTTP/1.1" 304 0 "https://miaou.dystroy.org/1556" "Mozilla/5.0 (Windows NT 6.1; rv:84.0) Gecko/20100101 Firefox/84.0"
28.46.53.144 - - [22/Jan/2021:08:06:21 +0000] "GET /json/messages/last?n=a&room=42pd HTTP/1.1" 200 1048 "https://miaou.dystroy.org/1556" "Mozilla/5.0 (Windows NT 6.1; rv:84.0) Gecko/20100101 Firefox/84.0"
65.213.137.36 - - [22/Jan/2021:08:06:21 +0000] "GET /socket.io/?EIO=y&transport=xkmoyoi&t=8ch9xv2&sid=dffl4yelo36ty1a7lc03 HTTP/1.1" 200 3 "https://miaou.dystroy.org/2444" "Mozilla/5.0 (Linux; Android 8.1.0; Moto G (5)) AppleWebKit/537.36 (KHTML, like Gecko) Chrome/87.0.4280.101 Mobile Safari/537.36"
65.213.137.36 - - [22/Jan/2021:08:06:21 +0000] "POST /socket.io/?EIO=y&transport=xkmoyoi&t=u3x33gu&sid=dffl4yelo36ty1a7lc03 HTTP/1.1" 200 2 "https://miaou.dystroy.org/2444" "Mozilla/5.0 (Linux; Android 8.1.0; Moto G (5)) AppleWebKit/537.36 (KHTML, like Gecko) Chrome/87.0.4280.101 Mobile Safari/537.36"
28.46.53.144 - - [22/Jan/2021:08:06:25 +0000] "GET /json/user?user=6edh1uu HTTP/1.1" 304 0 "https://miaou.dystroy.org/3836" "Mozilla/5.0 (Windows NT 6.1; rv:84.0) Gecko/20100101 Firefox/84.0"
28.46.53.144 - - [22/Jan/2021:08:06:25 +0000] "GET /json/user?user=tmsfl4yms HTTP/1.1" 200 104 "https://miaou.dystroy.org/3836" "Mozilla/5.0 (Windows NT 6.1; rv:84.0) Gecko/20100101 Firefox/84.0"
28.46.53.144 - - [22/Jan/2021:08:06:25 +0000] "GET /json/user?user=r8zm7xqn HTTP/1.1" 200 87 "https://miaou.dystroy.org/3836" "Mozilla/5.0 (Windows NT 6.1; rv:84.0) Gecko/20100101 Firefox/84.0"
28.46.53.144 - - [22/Jan/2021:08:06:25 +0000] "GET /json/user?user=qzr0x7 HTTP/1.1" 200 100 "https://miaou.dystroy.org/3836" "Mozilla/5.0 (Windows NT 6.1; rv:84.0) Gecko/20100101 Firefox/84.0"
28.46.53.144 - - [22/Jan/2021:08:06:25 +0000] "GET /json/user?user=e8v2r6 HTTP/1.1" 200 49 "https://miaou.dystroy.org/3836" "Mozilla/5.0 (Windows NT 6.1; rv:84.0) Gecko/20100101 Firefox/84.0"
40.205.208.119 - - [22/Jan/2021:08:06:27 +0000] "POST /sciz-webhook HTTP/1.1" 200 0 "-" "python-requests/2.21.0"
77.223.140.69 - - [22/Jan/2021:08:06:35 +0000] "GET /1556 HTTP/1.1" 200 5134 "https://miaou.dystroy.org/3836?Roulette_2020" "Mozilla/5.0 (Linux; Android 10; Redmi Note 7) AppleWebKit/537.36 (KHTML, like Gecko) Chrome/87.0.4280.101 Mobile Safari/537.36"
77.223.140.69 - - [22/Jan/2021:08:06:37 +0000] "GET /socket.io/socket.io.js HTTP/1.1" 304 0 "https://miaou.dystroy.org/1556" "Mozilla/5.0 (Linux; Android 10; Redmi Note 7) AppleWebKit/537.36 (KHTML, like Gecko) Chrome/87.0.4280.101 Mobile Safari/537.36"
77.223.140.69 - - [22/Jan/2021:08:06:37 +0000] "GET /socket.io/?EIO=y&transport=xkmoyoi&t=3zd98yv HTTP/1.1" 200 99 "https://miaou.dystroy.org/1556" "Mozilla/5.0 (Linux; Android 10; Redmi Note 7) AppleWebKit/537.36 (KHTML, like Gecko) Chrome/87.0.4280.101 Mobile Safari/537.36"
77.223.140.69 - - [22/Jan/2021:08:06:37 +0000] "GET /socket.io/?EIO=y&transport=xkmoyoi&t=cmag4z3&sid=u1jwepk0zk9uc8ryq8x1 HTTP/1.1" 200 18 "https://miaou.dystroy.org/1556" "Mozilla/5.0 (Linux; Android 10; Redmi Note 7) AppleWebKit/537.36 (KHTML, like Gecko) Chrome/87.0.4280.101 Mobile Safari/537.36"
77.223.140.69 - - [22/Jan/2021:08:06:37 +0000] "POST /socket.io/?EIO=y&transport=xkmoyoi&t=jigfhr4&sid=u1jwepk0zk9uc8ryq8x1 HTTP/1.1" 200 2 "https://miaou.dystroy.org/1556" "Mozilla/5.0 (Linux; Android 10; Redmi Note 7) AppleWebKit/537.36 (KHTML, like Gecko) Chrome/87.0.4280.101 Mobile Safari/537.36"
77.223.140.69 - - [22/Jan/2021:08:06:37 +0000] "GET /socket.io/?EIO=y&transport=xkmoyoi&t=cqpxkxl&sid=u1jwepk0zk9uc8ryq8x1 HTTP/1.1" 200 34 "https://miaou.dystroy.org/1556" "Mozilla/5.0 (Linux; Android 10; Redmi Note 7) AppleWebKit/537.36 (KHTML, like Gecko) Chrome/87.0.4280.101 Mobile Safari/537.36"
77.223.140.69 - - [22/Jan/2021:08:06:38 +0000] "GET /socket.io/?EIO=y&transport=xkmoyoi&t=bxxrox4&sid=u1jwepk0zk9uc8ryq8x1 HTTP/1.1" 200 5523 "https://miaou.dystroy.org/1556" "Mozilla/5.0 (Linux; Android 10; Redmi Note 7) AppleWebKit/537.36 (KHTML, like Gecko) Chrome/87.0.4280.101 Mobile Safari/537.36"
91.110.189.249 - - [22/Jan/2021:08:06:41 +0000] "HEAD / HTTP/1.1" 301 0 "http://www.dystroy.org" "Mozilla/5.0+(compatible; UptimeRobot/2.0; http://www.uptimerobot.com/)"
91.110.189.249 - - [22/Jan/2021:08:06:41 +0000] "HEAD / HTTP/1.1" 200 0 "http://www.dystroy.org" "Mozilla/5.0+(compatible; UptimeRobot/2.0; http://www.uptimerobot.com/)"
77.223.140.69 - - [22/Jan/2021:08:06:42 +0000] "GET /sw.js?v=jq HTTP/1.1" 304 0 "https://miaou.dystroy.org/sw.js?v=33" "Mozilla/5.0 (Linux; Android 10; Redmi Note 7) AppleWebKit/537.36 (KHTML, like Gecko) Chrome/87.0.4280.101 Mobile Safari/537.36"
40.205.208.119 - - [22/Jan/2021:08:06:43 +0000] "POST /sciz-webhook HTTP/1.1" 200 0 "-" "python-requests/2.21.0"
6662:08ba:1a8f:d4d8:e7ac:12c5:d609:86a6 - - [22/Jan/2021:08:06:43 +0000] "GET /gogo/json?action=7c1uz2f9flrxff&TrollId=77umk9&ChrallVersion=9tku HTTP/1.1" 200 65 "https://games.mountyhall.com/" "Mozilla/5.0 (Windows NT 10.0; Win64; x64) AppleWebKit/537.36 (KHTML, like Gecko) Chrome/87.0.4280.141 Safari/537.36"
61e3:f08:a7f:95e8:1cba:8117:79f:1a6f - - [22/Jan/2021:08:06:54 +0000] "GET /gogo/json?action=bgc6r5eeshp5nu&asker=avy242&trollId=0ffna HTTP/1.1" 200 84 "https://games.mountyhall.com/" "Mozilla/5.0 (Windows NT 10.0; Win64; x64) AppleWebKit/537.36 (KHTML, like Gecko) Chrome/87.0.4280.141 Safari/537.36"
61e3:f08:a7f:95e8:1cba:8117:79f:1a6f - - [22/Jan/2021:08:06:55 +0000] "GET /gogo/json?action=bgc6r5eeshp5nu&asker=avy242&trollId=efgome HTTP/1.1" 200 85 "https://games.mountyhall.com/" "Mozilla/5.0 (Windows NT 10.0; Win64; x64) AppleWebKit/537.36 (KHTML, like Gecko) Chrome/87.0.4280.141 Safari/537.36"
61e3:f08:a7f:95e8:1cba:8117:79f:1a6f - - [22/Jan/2021:08:06:55 +0000] "GET /gogo/json?action=mf331j19fcfriv57h&asker=avy242&name=itm8f1e6puq0ptnlkcipqzjkoqekmf92x15f6wgtk8gsczjdaxxe61i&monsterId=98t5qmu HTTP/1.1" 200 2386 "https://games.mountyhall.com/" "Mozilla/5.0 (Windows NT 10.0; Win64; x64) AppleWebKit/537.36 (KHTML, like Gecko) Chrome/87.0.4280.141 Safari/537.36"
e4ac:ab4:e14:aa56:6163:9683:54af:1216 - - [22/Jan/2021:08:06:58 +0000] "GET /2493 HTTP/1.1" 302 126 "-" "Mozilla/5.0 (Windows NT 6.3; Win64; x64) AppleWebKit/537.36 (KHTML, like Gecko) Chrome/87.0.4280.141 Safari/537.36"
61e3:f08:a7f:95e8:1cba:8117:79f:1a6f - - [22/Jan/2021:08:06:58 +0000] "GET /gogo/json?action=bgc6r5eeshp5nu&asker=avy242&trollId=0ffna HTTP/1.1" 200 84 "https://games.mountyhall.com/" "Mozilla/5.0 (Windows NT 10.0; Win64; x64) AppleWebKit/537.36 (KHTML, like Gecko) Chrome/87.0.4280.141 Safari/537.36"
61e3:f08:a7f:95e8:1cba:8117:79f:1a6f - - [22/Jan/2021:08:06:58 +0000] "GET /gogo/json?action=bgc6r5eeshp5nu&asker=avy242&trollId=efgome HTTP/1.1" 200 85 "https://games.mountyhall.com/" "Mozilla/5.0 (Windows NT 10.0; Win64; x64) AppleWebKit/537.36 (KHTML, like Gecko) Chrome/87.0.4280.141 Safari/537.36"
e4ac:ab4:e14:aa56:6163:9683:54af:1216 - - [22/Jan/2021:08:07:00 +0000] "GET /login?room=aoqp HTTP/1.1" 304 0 "-" "Mozilla/5.0 (Windows NT 6.3; Win64; x64) AppleWebKit/537.36 (KHTML, like Gecko) Chrome/87.0.4280.141 Safari/537.36"
61e3:f08:a7f:95e8:1cba:8117:79f:1a6f - - [22/Jan/2021:08:07:00 +0000] "GET /gogo/json?action=bgc6r5eeshp5nu&asker=avy242&trollId=0ffna HTTP/1.1" 200 84 "https://games.mountyhall.com/" "Mozilla/5.0 (Windows NT 10.0; Win64; x64) AppleWebKit/537.36 (KHTML, like Gecko) Chrome/87.0.4280.141 Safari/537.36"
e4ac:ab4:e14:aa56:6163:9683:54af:1216 - - [22/Jan/2021:08:07:00 +0000] "GET /auth/google HTTP/1.1" 302 0 "https://miaou.dystroy.org/login?room=2493" "Mozilla/5.0 (Windows NT 6.3; Win64; x64) AppleWebKit/537.36 (KHTML, like Gecko) Chrome/87.0.4280.141 Safari/537.36"
e4ac:ab4:e14:aa56:6163:9683:54af:1216 - - [22/Jan/2021:08:07:01 +0000] "GET /auth/google/callback?state=li1e&code=m1plm9zrao5798bvlwjwe38f16izn4ubl6ldqhcgx6w2qipqy6ew63lhqw97307lrspwhbhqhef&scope=9nkogz9perv6jrbeedxdhyldud52idwwpj2o371oatmtpo0sfub8elkdn1d4ctmspst95j5fzkko5v5rjdtfblv1r3kh7eb6a3xerrewie43fx6rzwfb5gjvtrrayfhcdxah68j2&authuser=3&prompt=npme HTTP/1.1" 302 96 "https://miaou.dystroy.org/login?room=2493" "Mozilla/5.0 (Windows NT 6.3; Win64; x64) AppleWebKit/537.36 (KHTML, like Gecko) Chrome/87.0.4280.141 Safari/537.36"
e4ac:ab4:e14:aa56:6163:9683:54af:1216 - - [22/Jan/2021:08:07:01 +0000] "GET / HTTP/1.1" 302 106 "https://miaou.dystroy.org/login?room=2493" "Mozilla/5.0 (Windows NT 6.3; Win64; x64) AppleWebKit/537.36 (KHTML, like Gecko) Chrome/87.0.4280.141 Safari/537.36"
e4ac:ab4:e14:aa56:6163:9683:54af:1216 - - [22/Jan/2021:08:07:02 +0000] "GET /rooms HTTP/1.1" 200 3343 "https://miaou.dystroy.org/login?room=2493" "Mozilla/5.0 (Windows NT 6.3; Win64; x64) AppleWebKit/537.36 (KHTML, like Gecko) Chrome/87.0.4280.141 Safari/537.36"
e4ac:ab4:e14:aa56:6163:9683:54af:1216 - - [22/Jan/2021:08:07:02 +0000] "GET /2493 HTTP/1.1" 200 5154 "https://miaou.dystroy.org/rooms" "Mozilla/5.0 (Windows NT 6.3; Win64; x64) AppleWebKit/537.36 (KHTML, like Gecko) Chrome/87.0.4280.141 Safari/537.36"
e4ac:ab4:e14:aa56:6163:9683:54af:1216 - - [22/Jan/2021:08:07:02 +0000] "GET /json/rooms?pattern= HTTP/1.1" 499 0 "https://miaou.dystroy.org/rooms" "Mozilla/5.0 (Windows NT 6.3; Win64; x64) AppleWebKit/537.36 (KHTML, like Gecko) Chrome/87.0.4280.141 Safari/537.36"
e4ac:ab4:e14:aa56:6163:9683:54af:1216 - - [22/Jan/2021:08:07:02 +0000] "GET /socket.io/socket.io.js HTTP/1.1" 304 0 "https://miaou.dystroy.org/2493" "Mozilla/5.0 (Windows NT 6.3; Win64; x64) AppleWebKit/537.36 (KHTML, like Gecko) Chrome/87.0.4280.141 Safari/537.36"
e4ac:ab4:e14:aa56:6163:9683:54af:1216 - - [22/Jan/2021:08:07:03 +0000] "GET /socket.io/?EIO=y&transport=xkmoyoi&t=6r1961b HTTP/1.1" 200 99 "https://miaou.dystroy.org/2493" "Mozilla/5.0 (Windows NT 6.3; Win64; x64) AppleWebKit/537.36 (KHTML, like Gecko) Chrome/87.0.4280.141 Safari/537.36"
e4ac:ab4:e14:aa56:6163:9683:54af:1216 - - [22/Jan/2021:08:07:03 +0000] "GET /socket.io/?EIO=y&transport=xkmoyoi&t=r8pbjyo&sid=k0yk0ovl9iyb9yo37loi HTTP/1.1" 200 18 "https://miaou.dystroy.org/2493" "Mozilla/5.0 (Windows NT 6.3; Win64; x64) AppleWebKit/537.36 (KHTML, like Gecko) Chrome/87.0.4280.141 Safari/537.36"
e4ac:ab4:e14:aa56:6163:9683:54af:1216 - - [22/Jan/2021:08:07:03 +0000] "POST /socket.io/?EIO=y&transport=xkmoyoi&t=kak701i&sid=k0yk0ovl9iyb9yo37loi HTTP/1.1" 200 2 "https://miaou.dystroy.org/2493" "Mozilla/5.0 (Windows NT 6.3; Win64; x64) AppleWebKit/537.36 (KHTML, like Gecko) Chrome/87.0.4280.141 Safari/537.36"
