2021-03-21T00:00:01.881Z host newsyslog[56965]: logfile turned over
be43:2e2f:ffb::ada:1f02 - - [22/Jan/2021:01:47:05 +0000] "GET /login HTTP/1.1" 200 654 "-" "Mozilla/5.0 (iPhone; CPU iPhone OS 14_3 like Mac OS X) AppleWebKit/605.1.15 (KHTML, like Gecko) Version/14.0.2 Mobile/15E148 Safari/604.1"
208.225.221.135 - - [22/Jan/2021:01:47:05 +0000] "GET /robots.txt HTTP/1.0" 404 4379 "-" "Mozilla/5.0 (Windows NT 10.0; Win64; x64) AppleWebKit/537.36 (KHTML, like Gecko) Chrome/75.0.3770.142 Safari/537.36/Nutch-2.3.1"
6.58.99.52 - - [22/Jan/2021:01:47:06 +0000] "GET /login HTTP/1.1" 200 714 "-" "Mozilla/5.0 (Macintosh; Intel Mac OS X 10_11_1) AppleWebKit/601.2.4 (KHTML, like Gecko) Version/9.0.1 Safari/601.2.4 facebookexternalhit/1.1 Facebot Twitterbot/1.0"
5.35.109.234 - - [22/Jan/2021:01:47:06 +0000] "GET /apple-touch-icon-precomposed.png HTTP/1.1" 404 163 "-" "Mozilla/5.0 (Macintosh; Intel Mac OS X 10_11_1) AppleWebKit/601.2.4 (KHTML, like Gecko) Version/9.0.1 Safari/601.2.4 facebookexternalhit/1.1 Facebot Twitterbot/1.0"
3.66.125.183 - - [22/Jan/2021:01:47:07 +0000] "GET /favicon.ico HTTP/1.1" 404 148 "-" "Mozilla/5.0 (Macintosh; Intel Mac OS X 10_11_1) AppleWebKit/601.2.4 (KHTML, like Gecko) Version/9.0.1 Safari/601.2.4 facebookexternalhit/1.1 Facebot Twitterbot/1.0"
7.87.121.179 - - [22/Jan/2021:01:47:07 +0000] "GET /apple-touch-icon.png HTTP/1.1" 404 155 "-" "Mozilla/5.0 (Macintosh; Intel Mac OS X 10_11_1) AppleWebKit/601.2.4 (KHTML, like Gecko) Version/9.0.1 Safari/601.2.4 facebookexternalhit/1.1 Facebot Twitterbot/1.0"
208.225.221.135 - - [22/Jan/2021:01:47:07 +0000] "GET /broot HTTP/1.0" 301 185 "-" "Mozilla/5.0 (Windows NT 10.0; Win64; x64) AppleWebKit/537.36 (KHTML, like Gecko) Chrome/75.0.3770.142 Safari/537.36/Nutch-2.3.1"
161.184.132.76 - - [22/Jan/2021:01:47:09 +0000] "GET /login HTTP/1.1" 200 714 "-" "Mozilla/5.0 (Macintosh; Intel Mac OS X 10_15_6) AppleWebKit/605.1.15 (KHTML, like Gecko) Version/14.0.2 Safari/605.1.15"
40.205.208.119 - - [22/Jan/2021:01:47:11 +0000] "POST /sciz-webhook HTTP/1.1" 200 0 "-" "python-requests/2.21.0"
40.205.208.119 - - [22/Jan/2021:01:47:11 +0000] "POST /sciz-webhook HTTP/1.1" 200 0 "-" "python-requests/2.21.0"
40.205.208.119 - - [22/Jan/2021:01:47:12 +0000] "POST /sciz-webhook HTTP/1.1" 200 0 "-" "python-requests/2.21.0"
40.205.208.119 - - [22/Jan/2021:01:47:16 +0000] "POST /sciz-webhook HTTP/1.1" 200 0 "-" "python-requests/2.21.0"
40.205.208.119 - - [22/Jan/2021:01:47:16 +0000] "POST /sciz-webhook HTTP/1.1" 200 0 "-" "python-requests/2.21.0"
161.184.132.76 - - [22/Jan/2021:01:47:56 +0000] "GET /auth/github HTTP/1.1" 302 0 "https://miaou.dystroy.org/login" "Mozilla/5.0 (Macintosh; Intel Mac OS X 10_15_6) AppleWebKit/605.1.15 (KHTML, like Gecko) Version/14.0.2 Safari/605.1.15"
74.252.135.182 - - [22/Jan/2021:01:48:09 +0000] "GET /login HTTP/1.1" 200 714 "https://github.com/" "Mozilla/5.0 (Windows NT 10.0; Win64; x64) AppleWebKit/537.36 (KHTML, like Gecko) Chrome/87.0.4280.141 Safari/537.36"
199.64.167.180 - - [22/Jan/2021:01:48:52 +0000] "POST /github-webhook HTTP/1.1" 200 4 "-" "GitHub-Hookshot/301c57e"
198.43.166.199 - - [22/Jan/2021:01:48:52 +0000] "POST /github-webhook HTTP/1.1" 200 4 "-" "GitHub-Hookshot/301c57e"
40.205.208.119 - - [22/Jan/2021:01:50:18 +0000] "POST /sciz-webhook HTTP/1.1" 200 0 "-" "python-requests/2.21.0"
40.205.208.119 - - [22/Jan/2021:01:50:18 +0000] "POST /sciz-webhook HTTP/1.1" 200 0 "-" "python-requests/2.21.0"
40.205.208.119 - - [22/Jan/2021:01:50:19 +0000] "POST /sciz-webhook HTTP/1.1" 200 0 "-" "python-requests/2.21.0"
40.205.208.119 - - [22/Jan/2021:01:50:19 +0000] "POST /sciz-webhook HTTP/1.1" 200 0 "-" "python-requests/2.21.0"
83.157.42.228 - - [22/Jan/2021:01:50:20 +0000] "GET /json/messages/last?n=a&room=aj3d HTTP/1.1" 200 1210 "https://miaou.dystroy.org/3" "Mozilla/5.0 (Windows NT 10.0; Win64; x64; rv:85.0) Gecko/20100101 Firefox/85.0"
83.157.42.228 - - [22/Jan/2021:01:50:21 +0000] "GET /json/messages/last?n=a&room=l4n HTTP/1.1" 304 0 "https://miaou.dystroy.org/3" "Mozilla/5.0 (Windows NT 10.0; Win64; x64; rv:85.0) Gecko/20100101 Firefox/85.0"
83.157.42.228 - - [22/Jan/2021:01:50:24 +0000] "GET /json/rooms?pattern= HTTP/1.1" 200 8453 "https://miaou.dystroy.org/3" "Mozilla/5.0 (Windows NT 10.0; Win64; x64; rv:85.0) Gecko/20100101 Firefox/85.0"
131.68.165.104 - - [22/Jan/2021:01:50:24 +0000] "HEAD /broot/download/x86_64-pc-windows-gnu/broot.exe HTTP/1.1" 200 0 "-" "Mozilla/4.0 (compatible; MSIE 6.0; Windows NT 5.1)"
227.121.139.217 - - [22/Jan/2021:01:50:26 +0000] "GET /JSON.prune/JSON.prune.js HTTP/1.1" 200 5188 "https://bolaodoneneu.com.br/" "Mozilla/5.0 (Linux; Android 5.1; Neffos C5) AppleWebKit/537.36 (KHTML, like Gecko) Chrome/87.0.4280.141 Mobile Safari/537.36"
227.121.139.217 - - [22/Jan/2021:01:51:07 +0000] "GET /JSON.prune/JSON.prune.js HTTP/1.1" 200 5188 "https://bolaodoneneu.com.br/" "Mozilla/5.0 (Linux; U; Android 5.1; en-us; Neffos C5/S100)AppleWebKit/537.36 (KHTML, like Gecko) Version/4.0 Chrome/43.0.2357.121 Mobile Safari/537.36"
40.205.208.119 - - [22/Jan/2021:01:51:20 +0000] "POST /sciz-webhook HTTP/1.1" 200 0 "-" "python-requests/2.21.0"
40.205.208.119 - - [22/Jan/2021:01:51:20 +0000] "POST /sciz-webhook HTTP/1.1" 200 0 "-" "python-requests/2.21.0"
40.205.208.119 - - [22/Jan/2021:01:51:23 +0000] "POST /sciz-webhook HTTP/1.1" 200 0 "-" "python-requests/2.21.0"
40.205.208.119 - - [22/Jan/2021:01:51:23 +0000] "POST /sciz-webhook HTTP/1.1" 200 0 "-" "python-requests/2.21.0"
40.205.208.119 - - [22/Jan/2021:01:51:26 +0000] "POST /sciz-webhook HTTP/1.1" 200 0 "-" "python-requests/2.21.0"
40.205.208.119 - - [22/Jan/2021:01:51:26 +0000] "POST /sciz-webhook HTTP/1.1" 200 0 "-" "python-requests/2.21.0"
40.205.208.119 - - [22/Jan/2021:01:51:26 +0000] "POST /sciz-webhook HTTP/1.1" 200 0 "-" "python-requests/2.21.0"
91.110.189.249 - - [22/Jan/2021:01:51:41 +0000] "HEAD / HTTP/1.1" 301 0 "http://www.dystroy.org" "Mozilla/5.0+(compatible; UptimeRobot/2.0; http://www.uptimerobot.com/)"
91.110.189.249 - - [22/Jan/2021:01:51:41 +0000] "HEAD / HTTP/1.1" 200 0 "http://www.dystroy.org" "Mozilla/5.0+(compatible; UptimeRobot/2.0; http://www.uptimerobot.com/)"
138.25.139.50 - - [22/Jan/2021:01:52:30 +0000] "GET /broot/img/favicon.ico HTTP/1.1" 200 1150 "-" "WidgetKitExtension/3279 CFNetwork/1209 Darwin/20.2.0"
119.62.144.193 - - [22/Jan/2021:01:53:02 +0000] "GET /broot/skins/ HTTP/1.1" 200 6194 "https://dystroy.org/broot/conf_file/" "Mozilla/5.0 (X11; Linux x86_64) AppleWebKit/537.36 (KHTML, like Gecko) Chrome/87.0.4280.141 Safari/537.36"
119.62.144.193 - - [22/Jan/2021:01:53:03 +0000] "GET /broot/img/20200525-custom-colors-panels.png HTTP/1.1" 200 96734 "https://dystroy.org/broot/skins/" "Mozilla/5.0 (X11; Linux x86_64) AppleWebKit/537.36 (KHTML, like Gecko) Chrome/87.0.4280.141 Safari/537.36"
119.62.144.193 - - [22/Jan/2021:01:53:04 +0000] "GET /broot/img/20200526-light-skin.png HTTP/1.1" 200 121549 "https://dystroy.org/broot/skins/" "Mozilla/5.0 (X11; Linux x86_64) AppleWebKit/537.36 (KHTML, like Gecko) Chrome/87.0.4280.141 Safari/537.36"
119.62.144.193 - - [22/Jan/2021:01:53:04 +0000] "GET /broot/img/20200529-transparent-broot.png HTTP/1.1" 200 400303 "https://dystroy.org/broot/skins/" "Mozilla/5.0 (X11; Linux x86_64) AppleWebKit/537.36 (KHTML, like Gecko) Chrome/87.0.4280.141 Safari/537.36"
119.62.144.193 - - [22/Jan/2021:01:53:04 +0000] "GET /broot/img/skins/solarized_dark/search.png HTTP/1.1" 200 59094 "https://dystroy.org/broot/skins/" "Mozilla/5.0 (X11; Linux x86_64) AppleWebKit/537.36 (KHTML, like Gecko) Chrome/87.0.4280.141 Safari/537.36"
119.62.144.193 - - [22/Jan/2021:01:53:04 +0000] "GET /broot/img/skins/solarized_dark/sizes.png HTTP/1.1" 200 64969 "https://dystroy.org/broot/skins/" "Mozilla/5.0 (X11; Linux x86_64) AppleWebKit/537.36 (KHTML, like Gecko) Chrome/87.0.4280.141 Safari/537.36"
119.62.144.193 - - [22/Jan/2021:01:53:04 +0000] "GET /broot/img/skins/solarized_dark/panels.png HTTP/1.1" 200 61424 "https://dystroy.org/broot/skins/" "Mozilla/5.0 (X11; Linux x86_64) AppleWebKit/537.36 (KHTML, like Gecko) Chrome/87.0.4280.141 Safari/537.36"
119.62.144.193 - - [22/Jan/2021:01:53:04 +0000] "GET /broot/img/skins/solarized_dark/perms.png HTTP/1.1" 200 191456 "https://dystroy.org/broot/skins/" "Mozilla/5.0 (X11; Linux x86_64) AppleWebKit/537.36 (KHTML, like Gecko) Chrome/87.0.4280.141 Safari/537.36"
119.62.144.193 - - [22/Jan/2021:01:53:04 +0000] "GET /broot/img/skins/solarized_dark/default.png HTTP/1.1" 200 99402 "https://dystroy.org/broot/skins/" "Mozilla/5.0 (X11; Linux x86_64) AppleWebKit/537.36 (KHTML, like Gecko) Chrome/87.0.4280.141 Safari/537.36"
119.62.144.193 - - [22/Jan/2021:01:54:29 +0000] "GET /broot/conf_verbs/ HTTP/1.1" 200 8617 "https://dystroy.org/broot/skins/" "Mozilla/5.0 (X11; Linux x86_64) AppleWebKit/537.36 (KHTML, like Gecko) Chrome/87.0.4280.141 Safari/537.36"
a5e1:c892:c86:cc4:354b:357:f0da:1323 - - [22/Jan/2021:01:55:00 +0000] "GET /4200 HTTP/1.1" 200 5711 "https://miaou.dystroy.org/4092" "Mozilla/5.0 (Windows NT 10.0; Win64; x64; rv:84.0) Gecko/20100101 Firefox/84.0"
a5e1:c892:c86:cc4:354b:357:f0da:1323 - - [22/Jan/2021:01:55:00 +0000] "GET /socket.io/socket.io.js HTTP/1.1" 304 0 "https://miaou.dystroy.org/4200" "Mozilla/5.0 (Windows NT 10.0; Win64; x64; rv:84.0) Gecko/20100101 Firefox/84.0"
a5e1:c892:c86:cc4:354b:357:f0da:1323 - - [22/Jan/2021:01:55:00 +0000] "GET /socket.io/?EIO=y&transport=xkmoyoi&t=e0exuj2 HTTP/1.1" 200 99 "https://miaou.dystroy.org/4200" "Mozilla/5.0 (Windows NT 10.0; Win64; x64; rv:84.0) Gecko/20100101 Firefox/84.0"
a5e1:c892:c86:cc4:354b:357:f0da:1323 - - [22/Jan/2021:01:55:00 +0000] "GET /socket.io/?EIO=y&transport=xkmoyoi&t=6qm6p9l&sid=aw9huqtqyvmomji33483 HTTP/1.1" 200 18 "https://miaou.dystroy.org/4200" "Mozilla/5.0 (Windows NT 10.0; Win64; x64; rv:84.0) Gecko/20100101 Firefox/84.0"
a5e1:c892:c86:cc4:354b:357:f0da:1323 - - [22/Jan/2021:01:55:00 +0000] "POST /socket.io/?EIO=y&transport=xkmoyoi&t=bj5ix3z&sid=aw9huqtqyvmomji33483 HTTP/1.1" 200 2 "https://miaou.dystroy.org/4200" "Mozilla/5.0 (Windows NT 10.0; Win64; x64; rv:84.0) Gecko/20100101 Firefox/84.0"
a5e1:c892:c86:cc4:354b:357:f0da:1323 - - [22/Jan/2021:01:55:00 +0000] "GET /socket.io/?EIO=y&transport=xkmoyoi&t=7geffe3&sid=aw9huqtqyvmomji33483 HTTP/1.1" 200 34 "https://miaou.dystroy.org/4200" "Mozilla/5.0 (Windows NT 10.0; Win64; x64; rv:84.0) Gecko/20100101 Firefox/84.0"
a5e1:c892:c86:cc4:354b:357:f0da:1323 - - [22/Jan/2021:01:55:00 +0000] "GET /socket.io/?EIO=y&transport=xkmoyoi&t=xwe0vgg&sid=aw9huqtqyvmomji33483 HTTP/1.1" 200 3018 "https://miaou.dystroy.org/4200" "Mozilla/5.0 (Windows NT 10.0; Win64; x64; rv:84.0) Gecko/20100101 Firefox/84.0"
a5e1:c892:c86:cc4:354b:357:f0da:1323 - - [22/Jan/2021:01:55:05 +0000] "GET /json/messages/last?n=a&room=wjgt HTTP/1.1" 304 0 "https://miaou.dystroy.org/4200" "Mozilla/5.0 (Windows NT 10.0; Win64; x64; rv:84.0) Gecko/20100101 Firefox/84.0"
a5e1:c892:c86:cc4:354b:357:f0da:1323 - - [22/Jan/2021:01:55:06 +0000] "GET /socket.io/?EIO=y&transport=c0qucvma5&sid=aw9huqtqyvmomji33483 HTTP/1.1" 101 537 "-" "Mozilla/5.0 (Windows NT 10.0; Win64; x64; rv:84.0) Gecko/20100101 Firefox/84.0"
91.110.189.249 - - [22/Jan/2021:01:56:41 +0000] "HEAD / HTTP/1.1" 301 0 "http://www.dystroy.org" "Mozilla/5.0+(compatible; UptimeRobot/2.0; http://www.uptimerobot.com/)"
91.110.189.249 - - [22/Jan/2021:01:56:41 +0000] "HEAD / HTTP/1.1" 200 0 "http://www.dystroy.org" "Mozilla/5.0+(compatible; UptimeRobot/2.0; http://www.uptimerobot.com/)"
40.205.208.119 - - [22/Jan/2021:01:57:13 +0000] "POST /sciz-webhook HTTP/1.1" 200 0 "-" "python-requests/2.21.0"
40.205.208.119 - - [22/Jan/2021:01:57:13 +0000] "POST /sciz-webhook HTTP/1.1" 200 0 "-" "python-requests/2.21.0"
202.27.25.170 - - [22/Jan/2021:01:57:24 +0000] "GET /socket.io/?EIO=y&transport=c0qucvma5&sid=6obc5i8i9otyswjxvk5l HTTP/1.1" 101 1635 "-" "Mozilla/5.0 (X11; Linux x86_64) AppleWebKit/537.36 (KHTML, like Gecko) Chrome/73.0.3683.103 Safari/537.36"
202.27.25.170 - - [22/Jan/2021:01:57:25 +0000] "GET /socket.io/?EIO=y&transport=c0qucvma5&sid=maqaf87qu28igihh5lwo HTTP/1.1" 101 398 "-" "Mozilla/5.0 (X11; Linux x86_64) AppleWebKit/537.36 (KHTML, like Gecko) Chrome/73.0.3683.103 Safari/537.36"
202.27.25.170 - - [22/Jan/2021:01:57:27 +0000] "GET /socket.io/?EIO=y&transport=xkmoyoi&t=jwj3hl4 HTTP/1.1" 200 99 "https://miaou.dystroy.org/3" "Mozilla/5.0 (X11; Linux x86_64) AppleWebKit/537.36 (KHTML, like Gecko) Chrome/73.0.3683.103 Safari/537.36"
202.27.25.170 - - [22/Jan/2021:01:57:27 +0000] "GET /socket.io/?EIO=y&transport=xkmoyoi&t=zhtibca HTTP/1.1" 200 99 "https://miaou.dystroy.org/3" "Mozilla/5.0 (X11; Linux x86_64) AppleWebKit/537.36 (KHTML, like Gecko) Chrome/73.0.3683.103 Safari/537.36"
202.27.25.170 - - [22/Jan/2021:01:57:27 +0000] "GET /socket.io/?EIO=y&transport=xkmoyoi&t=b9pwzbn&sid=fb3jljjkemc8i62hcbk0 HTTP/1.1" 200 18 "https://miaou.dystroy.org/3" "Mozilla/5.0 (X11; Linux x86_64) AppleWebKit/537.36 (KHTML, like Gecko) Chrome/73.0.3683.103 Safari/537.36"
202.27.25.170 - - [22/Jan/2021:01:57:27 +0000] "GET /socket.io/?EIO=y&transport=xkmoyoi&t=yfwy5ht&sid=1p1hvbjetsqkvlyyak2g HTTP/1.1" 200 18 "https://miaou.dystroy.org/3" "Mozilla/5.0 (X11; Linux x86_64) AppleWebKit/537.36 (KHTML, like Gecko) Chrome/73.0.3683.103 Safari/537.36"
202.27.25.170 - - [22/Jan/2021:01:57:27 +0000] "POST /socket.io/?EIO=y&transport=xkmoyoi&t=yxf401y&sid=fb3jljjkemc8i62hcbk0 HTTP/1.1" 200 2 "https://miaou.dystroy.org/3" "Mozilla/5.0 (X11; Linux x86_64) AppleWebKit/537.36 (KHTML, like Gecko) Chrome/73.0.3683.103 Safari/537.36"
202.27.25.170 - - [22/Jan/2021:01:57:27 +0000] "GET /socket.io/?EIO=y&transport=xkmoyoi&t=eydbtqz&sid=fb3jljjkemc8i62hcbk0 HTTP/1.1" 200 4567 "https://miaou.dystroy.org/3" "Mozilla/5.0 (X11; Linux x86_64) AppleWebKit/537.36 (KHTML, like Gecko) Chrome/73.0.3683.103 Safari/537.36"
202.27.25.170 - - [22/Jan/2021:01:57:27 +0000] "POST /socket.io/?EIO=y&transport=xkmoyoi&t=63l9kko&sid=1p1hvbjetsqkvlyyak2g HTTP/1.1" 200 2 "https://miaou.dystroy.org/3" "Mozilla/5.0 (X11; Linux x86_64) AppleWebKit/537.36 (KHTML, like Gecko) Chrome/73.0.3683.103 Safari/537.36"
202.27.25.170 - - [22/Jan/2021:01:57:27 +0000] "GET /socket.io/?EIO=y&transport=xkmoyoi&t=feebobg&sid=1p1hvbjetsqkvlyyak2g HTTP/1.1" 200 2505 "https://miaou.dystroy.org/3" "Mozilla/5.0 (X11; Linux x86_64) AppleWebKit/537.36 (KHTML, like Gecko) Chrome/73.0.3683.103 Safari/537.36"
202.27.25.170 - - [22/Jan/2021:01:57:28 +0000] "GET /socket.io/?EIO=y&transport=xkmoyoi&t=fkw5qib&sid=1p1hvbjetsqkvlyyak2g HTTP/1.1" 200 2300 "https://miaou.dystroy.org/3" "Mozilla/5.0 (X11; Linux x86_64) AppleWebKit/537.36 (KHTML, like Gecko) Chrome/73.0.3683.103 Safari/537.36"
a5e1:c892:c86:cc4:354b:357:f0da:1323 - - [22/Jan/2021:01:57:50 +0000] "GET /4092 HTTP/1.1" 302 126 "-" "Mozilla/5.0 (Windows NT 10.0; Win64; x64; rv:84.0) Gecko/20100101 Firefox/84.0"
a5e1:c892:c86:cc4:354b:357:f0da:1323 - - [22/Jan/2021:01:57:50 +0000] "GET /login?room=cyzs HTTP/1.1" 200 714 "-" "Mozilla/5.0 (Windows NT 10.0; Win64; x64; rv:84.0) Gecko/20100101 Firefox/84.0"
104.118.92.2 - - [22/Jan/2021:01:57:57 +0000] "GET /broot/download HTTP/1.1" 301 185 "https://dystroy.org/broot/install/" "Mozilla/5.0 (Windows NT 10.0; Win64; x64) AppleWebKit/537.36 (KHTML, like Gecko) Chrome/87.0.4280.141 Safari/537.36"
104.118.92.2 - - [22/Jan/2021:01:57:57 +0000] "GET /broot/download/ HTTP/1.1" 200 430 "https://dystroy.org/broot/install/" "Mozilla/5.0 (Windows NT 10.0; Win64; x64) AppleWebKit/537.36 (KHTML, like Gecko) Chrome/87.0.4280.141 Safari/537.36"
104.118.92.2 - - [22/Jan/2021:01:57:58 +0000] "GET /favicon.ico HTTP/1.1" 404 2047 "https://dystroy.org/broot/download/" "Mozilla/5.0 (Windows NT 10.0; Win64; x64) AppleWebKit/537.36 (KHTML, like Gecko) Chrome/87.0.4280.141 Safari/537.36"
104.118.92.2 - - [22/Jan/2021:01:58:49 +0000] "GET /broot/download/x86_64-linux/broot HTTP/1.1" 200 6495808 "https://dystroy.org/broot/install/" "Mozilla/5.0 (Windows NT 10.0; Win64; x64) AppleWebKit/537.36 (KHTML, like Gecko) Chrome/87.0.4280.141 Safari/537.36"
33.65.221.52 - - [22/Jan/2021:01:59:11 +0000] "GET / HTTP/1.1" 200 2026 "-" "Mozilla/5.0 (compatible; AhrefsBot/7.0; +http://ahrefs.com/robot/)"
93.43.254.11 - - [22/Jan/2021:02:00:35 +0000] "GET /starnet/ HTTP/1.1" 200 819 "https://www.reddit.com/" "Mozilla/5.0 (Macintosh; Intel Mac OS X 10_14_6) AppleWebKit/537.36 (KHTML, like Gecko) Chrome/87.0.4280.141 Safari/537.36"
93.43.254.11 - - [22/Jan/2021:02:00:35 +0000] "GET /starnet/starry.css HTTP/1.1" 200 2325 "https://dystroy.org/starnet/" "Mozilla/5.0 (Macintosh; Intel Mac OS X 10_14_6) AppleWebKit/537.36 (KHTML, like Gecko) Chrome/87.0.4280.141 Safari/537.36"
93.43.254.11 - - [22/Jan/2021:02:00:35 +0000] "GET /starnet/starry.js HTTP/1.1" 200 3816 "https://dystroy.org/starnet/" "Mozilla/5.0 (Macintosh; Intel Mac OS X 10_14_6) AppleWebKit/537.36 (KHTML, like Gecko) Chrome/87.0.4280.141 Safari/537.36"
93.43.254.11 - - [22/Jan/2021:02:00:36 +0000] "GET /starnet/users HTTP/1.1" 200 1148 "https://dystroy.org/starnet/" "Mozilla/5.0 (Macintosh; Intel Mac OS X 10_14_6) AppleWebKit/537.36 (KHTML, like Gecko) Chrome/87.0.4280.141 Safari/537.36"
93.43.254.11 - - [22/Jan/2021:02:00:36 +0000] "GET /favicon.ico HTTP/1.1" 404 2047 "https://dystroy.org/starnet/" "Mozilla/5.0 (Macintosh; Intel Mac OS X 10_14_6) AppleWebKit/537.36 (KHTML, like Gecko) Chrome/87.0.4280.141 Safari/537.36"
93.43.254.11 - - [22/Jan/2021:02:00:51 +0000] "GET /starnet/users/atanunq HTTP/1.1" 200 104 "https://dystroy.org/starnet/" "Mozilla/5.0 (Macintosh; Intel Mac OS X 10_14_6) AppleWebKit/537.36 (KHTML, like Gecko) Chrome/87.0.4280.141 Safari/537.36"
93.43.254.11 - - [22/Jan/2021:02:01:05 +0000] "GET /starnet/svg?keys=3a9zdk5m4s1hm3h HTTP/1.1" 200 7675 "https://dystroy.org/starnet/" "Mozilla/5.0 (Macintosh; Intel Mac OS X 10_14_6) AppleWebKit/537.36 (KHTML, like Gecko) Chrome/87.0.4280.141 Safari/537.36"
93.43.254.11 - - [22/Jan/2021:02:01:06 +0000] "GET /starnet/svg?keys=gc1qzwrce4yea HTTP/1.1" 200 8237 "https://dystroy.org/starnet/" "Mozilla/5.0 (Macintosh; Intel Mac OS X 10_14_6) AppleWebKit/537.36 (KHTML, like Gecko) Chrome/87.0.4280.141 Safari/537.36"
58.103.75.216 - - [22/Jan/2021:02:01:41 +0000] "GET /JSON.prune/JSON.prune.js?_=3wo7j4y5f2e1h HTTP/1.1" 200 5188 "https://esabora-schema-preprod.azurewebsites.net/" "Mozilla/5.0 (Windows NT 10.0; Win64; x64) AppleWebKit/537.36 (KHTML, like Gecko) Chrome/75.0.3770.142 Safari/537.36"
91.110.189.249 - - [22/Jan/2021:02:01:41 +0000] "HEAD / HTTP/1.1" 301 0 "http://www.dystroy.org" "Mozilla/5.0+(compatible; UptimeRobot/2.0; http://www.uptimerobot.com/)"
91.110.189.249 - - [22/Jan/2021:02:01:41 +0000] "HEAD / HTTP/1.1" 200 0 "http://www.dystroy.org" "Mozilla/5.0+(compatible; UptimeRobot/2.0; http://www.uptimerobot.com/)"
66.100.88.35 - - [22/Jan/2021:02:01:48 +0000] "GET / HTTP/1.1" 200 2026 "-" "Reeder/4020.89.01 CFNetwork/1209.1 Darwin/20.2.0"
66.100.88.35 - - [22/Jan/2021:02:01:49 +0000] "HEAD /favicon.ico HTTP/1.1" 404 0 "-" "Reeder/4020.89.01 CFNetwork/1209.1 Darwin/20.2.0"
66.100.88.35 - - [22/Jan/2021:02:01:49 +0000] "HEAD /apple-touch-icon.png HTTP/1.1" 404 0 "-" "Reeder/4020.89.01 CFNetwork/1209.1 Darwin/20.2.0"
66.100.88.35 - - [22/Jan/2021:02:01:49 +0000] "HEAD /apple-touch-icon-precomposed.png HTTP/1.1" 404 0 "-" "Reeder/4020.89.01 CFNetwork/1209.1 Darwin/20.2.0"
81.66.83.245 - - [22/Jan/2021:02:02:07 +0000] "GET /blog/atom.xml HTTP/1.1" 304 0 "-" "NetNewsWire (RSS Reader; https://ranchero.com/netnewswire/)"
40.205.208.119 - - [22/Jan/2021:02:04:09 +0000] "POST /sciz-webhook HTTP/1.1" 200 0 "-" "python-requests/2.21.0"
40.205.208.119 - - [22/Jan/2021:02:04:09 +0000] "POST /sciz-webhook HTTP/1.1" 200 0 "-" "python-requests/2.21.0"
74.252.135.182 - - [22/Jan/2021:02:04:11 +0000] "GET / HTTP/1.1" 302 106 "-" "Mozilla/5.0 (Windows NT 10.0; Win64; x64) AppleWebKit/537.36 (KHTML, like Gecko) Chrome/87.0.4280.141 Safari/537.36"
74.252.135.182 - - [22/Jan/2021:02:04:11 +0000] "GET /login HTTP/1.1" 304 0 "-" "Mozilla/5.0 (Windows NT 10.0; Win64; x64) AppleWebKit/537.36 (KHTML, like Gecko) Chrome/87.0.4280.141 Safari/537.36"
40.205.208.119 - - [22/Jan/2021:02:04:17 +0000] "POST /sciz-webhook HTTP/1.1" 200 0 "-" "python-requests/2.21.0"
fcee:194:4b7:73dc:79c1:1bfa:ff7e:f9a9 - - [22/Jan/2021:02:04:44 +0000] "GET /gogo/json?action=7c1uz2f9flrxff&TrollId=85eur&ChrallVersion=9tku HTTP/1.1" 200 65 "https://games.mountyhall.com/" "Mozilla/5.0 (Windows NT 6.1; Win64; x64) AppleWebKit/537.36 (KHTML, like Gecko) Chrome/87.0.4280.141 Safari/537.36"
fcee:194:4b7:73dc:79c1:1bfa:ff7e:f9a9 - - [22/Jan/2021:02:04:51 +0000] "GET /gogo/json?action=7c1uz2f9flrxff&TrollId=85eur&ChrallVersion=9tku HTTP/1.1" 200 65 "https://games.mountyhall.com/" "Mozilla/5.0 (Windows NT 6.1; Win64; x64) AppleWebKit/537.36 (KHTML, like Gecko) Chrome/87.0.4280.141 Safari/537.36"
40.205.208.119 - - [22/Jan/2021:02:05:00 +0000] "POST /sciz-webhook HTTP/1.1" 200 0 "-" "python-requests/2.21.0"
fcee:194:4b7:73dc:79c1:1bfa:ff7e:f9a9 - - [22/Jan/2021:02:05:01 +0000] "GET /gogo/json?action=7c1uz2f9flrxff&TrollId=85eur&ChrallVersion=9tku HTTP/1.1" 200 65 "https://games.mountyhall.com/" "Mozilla/5.0 (Windows NT 6.1; Win64; x64) AppleWebKit/537.36 (KHTML, like Gecko) Chrome/87.0.4280.141 Safari/537.36"
fcee:194:4b7:73dc:79c1:1bfa:ff7e:f9a9 - - [22/Jan/2021:02:05:25 +0000] "GET /gogo/json?action=7c1uz2f9flrxff&TrollId=85eur&ChrallVersion=9tku HTTP/1.1" 200 65 "https://games.mountyhall.com/" "Mozilla/5.0 (Windows NT 6.1; Win64; x64) AppleWebKit/537.36 (KHTML, like Gecko) Chrome/87.0.4280.141 Safari/537.36"
40.205.208.119 - - [22/Jan/2021:02:05:26 +0000] "POST /sciz-webhook HTTP/1.1" 200 0 "-" "python-requests/2.21.0"
fcee:194:4b7:73dc:79c1:1bfa:ff7e:f9a9 - - [22/Jan/2021:02:05:48 +0000] "GET /gogo/json?action=bgc6r5eeshp5nu&asker=85eur&trollId=8iu02 HTTP/1.1" 200 84 "https://games.mountyhall.com/" "Mozilla/5.0 (Windows NT 6.1; Win64; x64) AppleWebKit/537.36 (KHTML, like Gecko) Chrome/87.0.4280.141 Safari/537.36"
fcee:194:4b7:73dc:79c1:1bfa:ff7e:f9a9 - - [22/Jan/2021:02:05:48 +0000] "GET /gogo/json?action=bgc6r5eeshp5nu&asker=85eur&trollId=9kczm HTTP/1.1" 200 84 "https://games.mountyhall.com/" "Mozilla/5.0 (Windows NT 6.1; Win64; x64) AppleWebKit/537.36 (KHTML, like Gecko) Chrome/87.0.4280.141 Safari/537.36"
fcee:194:4b7:73dc:79c1:1bfa:ff7e:f9a9 - - [22/Jan/2021:02:06:06 +0000] "GET /gogo/json?action=bgc6r5eeshp5nu&asker=85eur&trollId=ic0ki HTTP/1.1" 200 84 "https://games.mountyhall.com/" "Mozilla/5.0 (Windows NT 6.1; Win64; x64) AppleWebKit/537.36 (KHTML, like Gecko) Chrome/87.0.4280.141 Safari/537.36"
fcee:194:4b7:73dc:79c1:1bfa:ff7e:f9a9 - - [22/Jan/2021:02:06:07 +0000] "GET /gogo/json?action=mf331j19fcfriv57h&asker=85eur&name=2svotdmq2co5jfabfhfifbodx7e94rwq0zcwdtaobc99w4ctpaeb2gr&monsterId=v6iduga HTTP/1.1" 200 2393 "https://games.mountyhall.com/" "Mozilla/5.0 (Windows NT 6.1; Win64; x64) AppleWebKit/537.36 (KHTML, like Gecko) Chrome/87.0.4280.141 Safari/537.36"
fcee:194:4b7:73dc:79c1:1bfa:ff7e:f9a9 - - [22/Jan/2021:02:06:10 +0000] "GET /gogo/json?action=bgc6r5eeshp5nu&asker=85eur&trollId=1bcz7 HTTP/1.1" 200 84 "https://games.mountyhall.com/" "Mozilla/5.0 (Windows NT 6.1; Win64; x64) AppleWebKit/537.36 (KHTML, like Gecko) Chrome/87.0.4280.141 Safari/537.36"
fcee:194:4b7:73dc:79c1:1bfa:ff7e:f9a9 - - [22/Jan/2021:02:06:17 +0000] "GET /gogo/json?action=bgc6r5eeshp5nu&trollId=wi9dro HTTP/1.1" 200 85 "https://games.mountyhall.com/" "Mozilla/5.0 (Windows NT 6.1; Win64; x64) AppleWebKit/537.36 (KHTML, like Gecko) Chrome/87.0.4280.141 Safari/537.36"
fcee:194:4b7:73dc:79c1:1bfa:ff7e:f9a9 - - [22/Jan/2021:02:06:31 +0000] "GET /gogo/json?action=mf331j19fcfriv57h&asker=85eur&name=2svotdmq2co5jfabfhfifbodx7e94rwq0zcwdtaobc99w4ctpaeb2gr&monsterId=v6iduga HTTP/1.1" 200 2393 "https://games.mountyhall.com/" "Mozilla/5.0 (Windows NT 6.1; Win64; x64) AppleWebKit/537.36 (KHTML, like Gecko) Chrome/87.0.4280.141 Safari/537.36"
202.27.25.170 - - [22/Jan/2021:02:06:31 +0000] "GET /socket.io/?EIO=y&transport=xkmoyoi&t=706te14 HTTP/1.1" 200 99 "https://miaou.dystroy.org/3" "Mozilla/5.0 (X11; Linux x86_64) AppleWebKit/537.36 (KHTML, like Gecko) Chrome/73.0.3683.103 Safari/537.36"
202.27.25.170 - - [22/Jan/2021:02:06:31 +0000] "GET /socket.io/?EIO=y&transport=xkmoyoi&t=2sc4368 HTTP/1.1" 200 99 "https://miaou.dystroy.org/3" "Mozilla/5.0 (X11; Linux x86_64) AppleWebKit/537.36 (KHTML, like Gecko) Chrome/73.0.3683.103 Safari/537.36"
202.27.25.170 - - [22/Jan/2021:02:06:32 +0000] "GET /socket.io/?EIO=y&transport=xkmoyoi&t=2sc4368 HTTP/1.1" 200 99 "https://miaou.dystroy.org/3" "Mozilla/5.0 (X11; Linux x86_64) AppleWebKit/537.36 (KHTML, like Gecko) Chrome/73.0.3683.103 Safari/537.36"
202.27.25.170 - - [22/Jan/2021:02:06:32 +0000] "GET /socket.io/?EIO=y&transport=xkmoyoi&t=07e6rdc&sid=ouw0py5q0axw4zifvwjv HTTP/1.1" 200 18 "https://miaou.dystroy.org/3" "Mozilla/5.0 (X11; Linux x86_64) AppleWebKit/537.36 (KHTML, like Gecko) Chrome/73.0.3683.103 Safari/537.36"
202.27.25.170 - - [22/Jan/2021:02:06:32 +0000] "GET /socket.io/?EIO=y&transport=xkmoyoi&t=wc5yj0m&sid=i2kt8tmidbuio0c92klh HTTP/1.1" 200 18 "https://miaou.dystroy.org/3" "Mozilla/5.0 (X11; Linux x86_64) AppleWebKit/537.36 (KHTML, like Gecko) Chrome/73.0.3683.103 Safari/537.36"
202.27.25.170 - - [22/Jan/2021:02:06:32 +0000] "POST /socket.io/?EIO=y&transport=xkmoyoi&t=tavje6d&sid=ouw0py5q0axw4zifvwjv HTTP/1.1" 200 2 "https://miaou.dystroy.org/3" "Mozilla/5.0 (X11; Linux x86_64) AppleWebKit/537.36 (KHTML, like Gecko) Chrome/73.0.3683.103 Safari/537.36"
202.27.25.170 - - [22/Jan/2021:02:06:32 +0000] "GET /socket.io/?EIO=y&transport=xkmoyoi&t=qcpkn6e&sid=ouw0py5q0axw4zifvwjv HTTP/1.1" 200 4567 "https://miaou.dystroy.org/3" "Mozilla/5.0 (X11; Linux x86_64) AppleWebKit/537.36 (KHTML, like Gecko) Chrome/73.0.3683.103 Safari/537.36"
202.27.25.170 - - [22/Jan/2021:02:06:32 +0000] "POST /socket.io/?EIO=y&transport=xkmoyoi&t=huwmv1y&sid=i2kt8tmidbuio0c92klh HTTP/1.1" 200 2 "https://miaou.dystroy.org/3" "Mozilla/5.0 (X11; Linux x86_64) AppleWebKit/537.36 (KHTML, like Gecko) Chrome/73.0.3683.103 Safari/537.36"
202.27.25.170 - - [22/Jan/2021:02:06:32 +0000] "GET /socket.io/?EIO=y&transport=xkmoyoi&t=tfd73lt&sid=i2kt8tmidbuio0c92klh HTTP/1.1" 200 4570 "https://miaou.dystroy.org/3" "Mozilla/5.0 (X11; Linux x86_64) AppleWebKit/537.36 (KHTML, like Gecko) Chrome/73.0.3683.103 Safari/537.36"
202.27.25.170 - - [22/Jan/2021:02:06:32 +0000] "POST /socket.io/?EIO=y&transport=xkmoyoi&t=dd9w6hm&sid=ouw0py5q0axw4zifvwjv HTTP/1.1" 200 2 "https://miaou.dystroy.org/3" "Mozilla/5.0 (X11; Linux x86_64) AppleWebKit/537.36 (KHTML, like Gecko) Chrome/73.0.3683.103 Safari/537.36"
202.27.25.170 - - [22/Jan/2021:02:06:32 +0000] "GET /socket.io/?EIO=y&transport=xkmoyoi&t=54d1dve&sid=ouw0py5q0axw4zifvwjv HTTP/1.1" 200 133 "https://miaou.dystroy.org/3" "Mozilla/5.0 (X11; Linux x86_64) AppleWebKit/537.36 (KHTML, like Gecko) Chrome/73.0.3683.103 Safari/537.36"
202.27.25.170 - - [22/Jan/2021:02:06:32 +0000] "POST /socket.io/?EIO=y&transport=xkmoyoi&t=oapjqfc&sid=i2kt8tmidbuio0c92klh HTTP/1.1" 200 2 "https://miaou.dystroy.org/3" "Mozilla/5.0 (X11; Linux x86_64) AppleWebKit/537.36 (KHTML, like Gecko) Chrome/73.0.3683.103 Safari/537.36"
202.27.25.170 - - [22/Jan/2021:02:06:32 +0000] "GET /socket.io/?EIO=y&transport=xkmoyoi&t=ee168cv&sid=i2kt8tmidbuio0c92klh HTTP/1.1" 200 850 "https://miaou.dystroy.org/3" "Mozilla/5.0 (X11; Linux x86_64) AppleWebKit/537.36 (KHTML, like Gecko) Chrome/73.0.3683.103 Safari/537.36"
202.27.25.170 - - [22/Jan/2021:02:06:35 +0000] "GET /socket.io/?EIO=y&transport=c0qucvma5&sid=fb3jljjkemc8i62hcbk0 HTTP/1.1" 101 1218 "-" "Mozilla/5.0 (X11; Linux x86_64) AppleWebKit/537.36 (KHTML, like Gecko) Chrome/73.0.3683.103 Safari/537.36"
fcee:194:4b7:73dc:79c1:1bfa:ff7e:f9a9 - - [22/Jan/2021:02:06:37 +0000] "GET /gogo/json?action=bgc6r5eeshp5nu&asker=85eur&trollId=1bcz7 HTTP/1.1" 200 84 "https://games.mountyhall.com/" "Mozilla/5.0 (Windows NT 6.1; Win64; x64) AppleWebKit/537.36 (KHTML, like Gecko) Chrome/87.0.4280.141 Safari/537.36"
202.27.25.170 - - [22/Jan/2021:02:06:37 +0000] "GET /socket.io/?EIO=y&transport=c0qucvma5&sid=1p1hvbjetsqkvlyyak2g HTTP/1.1" 101 1085 "-" "Mozilla/5.0 (X11; Linux x86_64) AppleWebKit/537.36 (KHTML, like Gecko) Chrome/73.0.3683.103 Safari/537.36"
fcee:194:4b7:73dc:79c1:1bfa:ff7e:f9a9 - - [22/Jan/2021:02:06:37 +0000] "GET /gogo/json?action=bgc6r5eeshp5nu&asker=85eur&trollId=dbl84c HTTP/1.1" 200 85 "https://games.mountyhall.com/" "Mozilla/5.0 (Windows NT 6.1; Win64; x64) AppleWebKit/537.36 (KHTML, like Gecko) Chrome/87.0.4280.141 Safari/537.36"
91.110.189.249 - - [22/Jan/2021:02:06:41 +0000] "HEAD / HTTP/1.1" 301 0 "http://www.dystroy.org" "Mozilla/5.0+(compatible; UptimeRobot/2.0; http://www.uptimerobot.com/)"
91.110.189.249 - - [22/Jan/2021:02:06:41 +0000] "HEAD / HTTP/1.1" 200 0 "http://www.dystroy.org" "Mozilla/5.0+(compatible; UptimeRobot/2.0; http://www.uptimerobot.com/)"
46.164.161.29 - - [22/Jan/2021:02:06:41 +0000] "GET /stackoverflow/rockpaperscissor.html HTTP/1.1" 301 185 "-" "Mozilla/5.0 (X11; CrOS x86_64 13505.100.0) AppleWebKit/537.36 (KHTML, like Gecko) Chrome/87.0.4280.142 Safari/537.36"
46.164.161.29 - - [22/Jan/2021:02:06:42 +0000] "GET /stackoverflow/rockpaperscissor.html HTTP/1.1" 200 256 "-" "Mozilla/5.0 (X11; CrOS x86_64 13505.100.0) AppleWebKit/537.36 (KHTML, like Gecko) Chrome/87.0.4280.142 Safari/537.36"
46.164.161.29 - - [22/Jan/2021:02:06:42 +0000] "GET /favicon.ico HTTP/1.1" 404 2047 "https://dystroy.org/stackoverflow/rockpaperscissor.html" "Mozilla/5.0 (X11; CrOS x86_64 13505.100.0) AppleWebKit/537.36 (KHTML, like Gecko) Chrome/87.0.4280.142 Safari/537.36"
6e6f:b44:872e:ab13:10f9:55b0:cf1:2c12 - - [22/Jan/2021:02:07:10 +0000] "GET /file-host/0b96bb6ecb14d814a59bc7ba.png HTTP/1.1" 200 413 "https://www.kigard.fr/" "Mozilla/5.0 (iPhone; CPU iPhone OS 14_0_1 like Mac OS X) AppleWebKit/605.1.15 (KHTML, like Gecko) Version/14.0 Mobile/15E148 Safari/604.1"
8a2b:3f2:076d:60b5:6826:2b7:6b29:3cfc - - [22/Jan/2021:02:07:12 +0000] "GET /gogo/json?action=mf331j19fcfriv57h&name=2zmts1dkz5e9gkpy2uwpkgbbq2rt4altnvurz3uxinlvrl8nrwq0o&monsterId=0ttt53zmf HTTP/1.1" 200 113 "https://games.mountyhall.com/" "Mozilla/5.0 (Windows NT 10.0; Win64; x64) AppleWebKit/537.36 (KHTML, like Gecko) Chrome/87.0.4280.141 Safari/537.36"
8a2b:3f2:076d:60b5:6826:2b7:6b29:3cfc - - [22/Jan/2021:02:07:12 +0000] "GET /gogo/json?action=mf331j19fcfriv57h&name=2zmts1dkz5e9gkpy2uwpkgbbq2rt4altnvurz3uxinlvrl8nrwq0o&monsterId=0ttt53zmf HTTP/1.1" 200 113 "https://games.mountyhall.com/" "Mozilla/5.0 (Windows NT 10.0; Win64; x64) AppleWebKit/537.36 (KHTML, like Gecko) Chrome/87.0.4280.141 Safari/537.36"
119.107.218.169 - - [22/Jan/2021:02:07:23 +0000] "GET /broot/img/favicon.ico HTTP/1.1" 200 1150 "-" "WidgetKitExtension/3279 CFNetwork/1209 Darwin/20.2.0"
63.46.255.127 - - [22/Jan/2021:02:07:30 +0000] "GET /photos/3/A/DSCN1113-1000x700.jpeg HTTP/1.1" 200 326328 "-" "Mozilla/5.0 (compatible; bingbot/2.0; +http://www.bing.com/bingbot.htm)"
57.69.11.113 - - [22/Jan/2021:02:07:53 +0000] "GET /robots.txt HTTP/1.1" 404 2047 "-" "Mozilla/5.0 (compatible; SeznamBot/3.2; +http://napoveda.seznam.cz/en/seznambot-intro/)"
57.69.11.113 - - [22/Jan/2021:02:07:54 +0000] "GET /blog/broot-1-0/content-search-with-preview.png HTTP/1.1" 200 69528 "-" "Mozilla/5.0 (compatible; SeznamBot/3.2; +http://napoveda.seznam.cz/en/seznambot-intro/)"
57.69.11.113 - - [22/Jan/2021:02:07:55 +0000] "GET /blog/broot-1-0/old_broot-overview.png HTTP/1.1" 200 45238 "-" "Mozilla/5.0 (compatible; SeznamBot/3.2; +http://napoveda.seznam.cz/en/seznambot-intro/)"
119.107.218.169 - - [22/Jan/2021:02:08:05 +0000] "GET /broot/img/favicon.ico HTTP/1.1" 200 1150 "-" "WidgetKitExtension/3279 CFNetwork/1209 Darwin/20.2.0"
202.27.25.170 - - [22/Jan/2021:02:08:26 +0000] "GET /socket.io/?EIO=y&transport=xkmoyoi&t=f72vign HTTP/1.1" 200 99 "https://miaou.dystroy.org/3" "Mozilla/5.0 (X11; Linux x86_64) AppleWebKit/537.36 (KHTML, like Gecko) Chrome/73.0.3683.103 Safari/537.36"
202.27.25.170 - - [22/Jan/2021:02:08:26 +0000] "GET /socket.io/?EIO=y&transport=xkmoyoi&t=f72vign HTTP/1.1" 200 99 "https://miaou.dystroy.org/3" "Mozilla/5.0 (X11; Linux x86_64) AppleWebKit/537.36 (KHTML, like Gecko) Chrome/73.0.3683.103 Safari/537.36"
202.27.25.170 - - [22/Jan/2021:02:08:26 +0000] "GET /socket.io/?EIO=y&transport=xkmoyoi&t=6xb446r&sid=gomvzqkb32ap15dwce00 HTTP/1.1" 200 18 "https://miaou.dystroy.org/3" "Mozilla/5.0 (X11; Linux x86_64) AppleWebKit/537.36 (KHTML, like Gecko) Chrome/73.0.3683.103 Safari/537.36"
202.27.25.170 - - [22/Jan/2021:02:08:26 +0000] "GET /socket.io/?EIO=y&transport=xkmoyoi&t=j4e5791&sid=4cxrtpwfz72arzgo4gll HTTP/1.1" 200 18 "https://miaou.dystroy.org/3" "Mozilla/5.0 (X11; Linux x86_64) AppleWebKit/537.36 (KHTML, like Gecko) Chrome/73.0.3683.103 Safari/537.36"
202.27.25.170 - - [22/Jan/2021:02:08:26 +0000] "POST /socket.io/?EIO=y&transport=xkmoyoi&t=55cuv5n&sid=gomvzqkb32ap15dwce00 HTTP/1.1" 200 2 "https://miaou.dystroy.org/3" "Mozilla/5.0 (X11; Linux x86_64) AppleWebKit/537.36 (KHTML, like Gecko) Chrome/73.0.3683.103 Safari/537.36"
202.27.25.170 - - [22/Jan/2021:02:08:26 +0000] "GET /socket.io/?EIO=y&transport=xkmoyoi&t=ff5j7dy&sid=gomvzqkb32ap15dwce00 HTTP/1.1" 200 207 "https://miaou.dystroy.org/3" "Mozilla/5.0 (X11; Linux x86_64) AppleWebKit/537.36 (KHTML, like Gecko) Chrome/73.0.3683.103 Safari/537.36"
202.27.25.170 - - [22/Jan/2021:02:08:26 +0000] "POST /socket.io/?EIO=y&transport=xkmoyoi&t=f3e353f&sid=4cxrtpwfz72arzgo4gll HTTP/1.1" 200 2 "https://miaou.dystroy.org/3" "Mozilla/5.0 (X11; Linux x86_64) AppleWebKit/537.36 (KHTML, like Gecko) Chrome/73.0.3683.103 Safari/537.36"
202.27.25.170 - - [22/Jan/2021:02:08:26 +0000] "GET /socket.io/?EIO=y&transport=xkmoyoi&t=x6a0a8g&sid=4cxrtpwfz72arzgo4gll HTTP/1.1" 200 207 "https://miaou.dystroy.org/3" "Mozilla/5.0 (X11; Linux x86_64) AppleWebKit/537.36 (KHTML, like Gecko) Chrome/73.0.3683.103 Safari/537.36"
202.27.25.170 - - [22/Jan/2021:02:08:26 +0000] "GET /socket.io/?EIO=y&transport=xkmoyoi&t=ynlgjgs&sid=gomvzqkb32ap15dwce00 HTTP/1.1" 200 4452 "https://miaou.dystroy.org/3" "Mozilla/5.0 (X11; Linux x86_64) AppleWebKit/537.36 (KHTML, like Gecko) Chrome/73.0.3683.103 Safari/537.36"
202.27.25.170 - - [22/Jan/2021:02:08:26 +0000] "GET /socket.io/?EIO=y&transport=xkmoyoi&t=nrvy6lb&sid=4cxrtpwfz72arzgo4gll HTTP/1.1" 200 4452 "https://miaou.dystroy.org/3" "Mozilla/5.0 (X11; Linux x86_64) AppleWebKit/537.36 (KHTML, like Gecko) Chrome/73.0.3683.103 Safari/537.36"
202.27.25.170 - - [22/Jan/2021:02:08:26 +0000] "POST /socket.io/?EIO=y&transport=xkmoyoi&t=6mzkwd1&sid=4cxrtpwfz72arzgo4gll HTTP/1.1" 200 2 "https://miaou.dystroy.org/3" "Mozilla/5.0 (X11; Linux x86_64) AppleWebKit/537.36 (KHTML, like Gecko) Chrome/73.0.3683.103 Safari/537.36"
202.27.25.170 - - [22/Jan/2021:02:08:26 +0000] "GET /socket.io/?EIO=y&transport=xkmoyoi&t=kd8udoi&sid=4cxrtpwfz72arzgo4gll HTTP/1.1" 200 826 "https://miaou.dystroy.org/3" "Mozilla/5.0 (X11; Linux x86_64) AppleWebKit/537.36 (KHTML, like Gecko) Chrome/73.0.3683.103 Safari/537.36"
202.27.25.170 - - [22/Jan/2021:02:08:31 +0000] "GET /socket.io/?EIO=y&transport=c0qucvma5&sid=i2kt8tmidbuio0c92klh HTTP/1.1" 101 626 "-" "Mozilla/5.0 (X11; Linux x86_64) AppleWebKit/537.36 (KHTML, like Gecko) Chrome/73.0.3683.103 Safari/537.36"
202.27.25.170 - - [22/Jan/2021:02:08:32 +0000] "GET /socket.io/?EIO=y&transport=c0qucvma5&sid=ouw0py5q0axw4zifvwjv HTTP/1.1" 101 1494 "-" "Mozilla/5.0 (X11; Linux x86_64) AppleWebKit/537.36 (KHTML, like Gecko) Chrome/73.0.3683.103 Safari/537.36"
30.40.203.139 - - [22/Jan/2021:02:10:37 +0000] "GET /socket.io/?EIO=y&transport=c0qucvma5&sid=djr00olkqte80o5f3dpe HTTP/1.1" 101 65791 "-" "Mozilla/5.0 (Windows NT 10.0; Win64; x64; rv:84.0) Gecko/20100101 Firefox/84.0"
92.19.229.158 - - [22/Jan/2021:02:10:48 +0000] "GET /broot/img/favicon.ico HTTP/1.1" 200 1150 "-" "WidgetKitExtension/3279 CFNetwork/1209 Darwin/20.2.0"
93.142.41.174 - - [22/Jan/2021:02:10:51 +0000] "GET /miaou/intro HTTP/1.1" 200 442 "-" "Mozilla/5.0 (Linux; Android 6.0.1; Nexus 5X Build/MMB29P) AppleWebKit/537.36 (KHTML, like Gecko) Chrome/87.0.4280.90 Mobile Safari/537.36 (compatible; Googlebot/2.1; +http://www.google.com/bot.html)"
66.26.133.26 - - [22/Jan/2021:02:11:32 +0000] "GET /photos/3/A/DSCN1132-1000x700.jpeg HTTP/1.1" 200 732339 "-" "Mozilla/5.0 (compatible; bingbot/2.0; +http://www.bing.com/bingbot.htm)"
91.110.189.249 - - [22/Jan/2021:02:11:41 +0000] "HEAD / HTTP/1.1" 301 0 "http://www.dystroy.org" "Mozilla/5.0+(compatible; UptimeRobot/2.0; http://www.uptimerobot.com/)"
91.110.189.249 - - [22/Jan/2021:02:11:41 +0000] "HEAD / HTTP/1.1" 200 0 "http://www.dystroy.org" "Mozilla/5.0+(compatible; UptimeRobot/2.0; http://www.uptimerobot.com/)"
14.181.128.62 - - [22/Jan/2021:02:11:45 +0000] "GET /JSON.prune/JSON.prune.js HTTP/1.1" 200 5188 "https://bolaodoneneu.com.br/c_jogo/bilhete_online/1385119" "Mozilla/5.0 (Linux; U; Android 10; pt-br; Redmi Note 7 Build/QKQ1.190910.002) AppleWebKit/537.36 (KHTML, like Gecko) Version/4.0 Chrome/71.0.3578.141 Mobile Safari/537.36 XiaoMi/MiuiBrowser/12.8.3-gn"
159.136.127.185 - - [22/Jan/2021:02:12:34 +0000] "GET /robots.txt HTTP/1.0" 404 4379 "-" "Mozilla/5.0 (Windows NT 10.0; Win64; x64) AppleWebKit/537.36 (KHTML, like Gecko) Chrome/75.0.3770.142 Safari/537.36/Nutch-2.3.1"
159.136.127.185 - - [22/Jan/2021:02:12:35 +0000] "GET /broot HTTP/1.0" 301 185 "-" "Mozilla/5.0 (Windows NT 10.0; Win64; x64) AppleWebKit/537.36 (KHTML, like Gecko) Chrome/75.0.3770.142 Safari/537.36/Nutch-2.3.1"
251.65.56.53 - - [22/Jan/2021:02:13:23 +0000] "GET /robots.txt HTTP/1.1" 404 149 "-" "Mozilla/5.0 (compatible; bingbot/2.0; +http://www.bing.com/bingbot.htm)"
180.32.9.184 - - [22/Jan/2021:02:14:52 +0000] "GET /broot/ HTTP/1.1" 200 5830 "-" "Mozilla/5.0 (Windows NT 6.1) AppleWebKit/537.36 (KHTML, like Gecko) Chrome/41.0.2228.0 Safari/537.36"
40.205.208.119 - - [22/Jan/2021:02:15:14 +0000] "POST /sciz-webhook HTTP/1.1" 200 0 "-" "python-requests/2.21.0"
40.205.208.119 - - [22/Jan/2021:02:15:15 +0000] "POST /sciz-webhook HTTP/1.1" 200 0 "-" "python-requests/2.21.0"
40.205.208.119 - - [22/Jan/2021:02:15:19 +0000] "POST /sciz-webhook HTTP/1.1" 200 0 "-" "python-requests/2.21.0"
40.205.208.119 - - [22/Jan/2021:02:15:20 +0000] "POST /sciz-webhook HTTP/1.1" 200 0 "-" "python-requests/2.21.0"
40.205.208.119 - - [22/Jan/2021:02:15:21 +0000] "POST /sciz-webhook HTTP/1.1" 200 0 "-" "python-requests/2.21.0"
40.205.208.119 - - [22/Jan/2021:02:15:50 +0000] "POST /sciz-webhook HTTP/1.1" 200 0 "-" "python-requests/2.21.0"
40.205.208.119 - - [22/Jan/2021:02:16:07 +0000] "POST /sciz-webhook HTTP/1.1" 200 0 "-" "python-requests/2.21.0"
40.205.208.119 - - [22/Jan/2021:02:16:12 +0000] "POST /sciz-webhook HTTP/1.1" 200 0 "-" "python-requests/2.21.0"
40.205.208.119 - - [22/Jan/2021:02:16:12 +0000] "POST /sciz-webhook HTTP/1.1" 200 0 "-" "python-requests/2.21.0"
91.110.189.249 - - [22/Jan/2021:02:16:41 +0000] "HEAD / HTTP/1.1" 301 0 "http://www.dystroy.org" "Mozilla/5.0+(compatible; UptimeRobot/2.0; http://www.uptimerobot.com/)"
91.110.189.249 - - [22/Jan/2021:02:16:41 +0000] "HEAD / HTTP/1.1" 200 0 "http://www.dystroy.org" "Mozilla/5.0+(compatible; UptimeRobot/2.0; http://www.uptimerobot.com/)"
119.62.144.193 - - [22/Jan/2021:02:17:05 +0000] "GET /broot/navigation/ HTTP/1.1" 200 5159 "https://dystroy.org/broot/conf_verbs/" "Mozilla/5.0 (X11; Linux x86_64) AppleWebKit/537.36 (KHTML, like Gecko) Chrome/87.0.4280.141 Safari/537.36"
119.62.144.193 - - [22/Jan/2021:02:17:05 +0000] "GET /broot/img/20200620-content-search.png HTTP/1.1" 200 36140 "https://dystroy.org/broot/navigation/" "Mozilla/5.0 (X11; Linux x86_64) AppleWebKit/537.36 (KHTML, like Gecko) Chrome/87.0.4280.141 Safari/537.36"
119.62.144.193 - - [22/Jan/2021:02:17:05 +0000] "GET /broot/img/20200620-composite-notrs.png HTTP/1.1" 200 34001 "https://dystroy.org/broot/navigation/" "Mozilla/5.0 (X11; Linux x86_64) AppleWebKit/537.36 (KHTML, like Gecko) Chrome/87.0.4280.141 Safari/537.36"
40.205.208.119 - - [22/Jan/2021:02:17:21 +0000] "POST /sciz-webhook HTTP/1.1" 200 0 "-" "python-requests/2.21.0"
119.62.144.193 - - [22/Jan/2021:02:17:32 +0000] "GET /broot/verbs/ HTTP/1.1" 200 4556 "https://dystroy.org/broot/navigation/" "Mozilla/5.0 (X11; Linux x86_64) AppleWebKit/537.36 (KHTML, like Gecko) Chrome/87.0.4280.141 Safari/537.36"
40.205.208.119 - - [22/Jan/2021:02:17:34 +0000] "POST /sciz-webhook HTTP/1.1" 200 0 "-" "python-requests/2.21.0"
58.103.75.216 - - [22/Jan/2021:02:17:46 +0000] "GET /JSON.prune/JSON.prune.js?_=kceptmm3g3cys HTTP/1.1" 200 5188 "https://esabora-schema-preprod.azurewebsites.net/" "Mozilla/5.0 (Windows NT 10.0; Win64; x64) AppleWebKit/537.36 (KHTML, like Gecko) Chrome/75.0.3770.142 Safari/537.36"
81.66.83.245 - - [22/Jan/2021:02:18:03 +0000] "GET /blog/atom.xml HTTP/1.1" 304 0 "-" "NetNewsWire (RSS Reader; https://ranchero.com/netnewswire/)"
40.205.208.119 - - [22/Jan/2021:02:18:06 +0000] "POST /sciz-webhook HTTP/1.1" 200 0 "-" "python-requests/2.21.0"
40.205.208.119 - - [22/Jan/2021:02:18:12 +0000] "POST /sciz-webhook HTTP/1.1" 200 0 "-" "python-requests/2.21.0"
40.205.208.119 - - [22/Jan/2021:02:18:12 +0000] "POST /sciz-webhook HTTP/1.1" 200 0 "-" "python-requests/2.21.0"
228.37.95.92 - - [22/Jan/2021:02:18:37 +0000] "GET / HTTP/1.1" 302 53 "-" "Mozilla/5.0 (compatible; bingbot/2.0; +http://www.bing.com/bingbot.htm)"
228.37.95.92 - - [22/Jan/2021:02:18:38 +0000] "GET /login HTTP/1.1" 200 714 "-" "Mozilla/5.0 (compatible; bingbot/2.0; +http://www.bing.com/bingbot.htm)"
40.205.208.119 - - [22/Jan/2021:02:18:46 +0000] "POST /sciz-webhook HTTP/1.1" 200 0 "-" "python-requests/2.21.0"
95.252.150.61 - - [22/Jan/2021:02:18:47 +0000] "GET /favicon.ico HTTP/1.1" 404 2047 "https://dystroy.org/miaou/1616" "Mozilla/5.0 (Linux; Android 10; LYA-L29) AppleWebKit/537.36 (KHTML, like Gecko) Chrome/87.0.4280.141 Mobile Safari/537.36"
bf1b:72c:343:52c3:534b:1081:ab02:19c7 - - [22/Jan/2021:02:18:48 +0000] "GET / HTTP/1.1" 302 106 "https://dystroy.org/miaou/1616" "Mozilla/5.0 (Linux; Android 10; LYA-L29) AppleWebKit/537.36 (KHTML, like Gecko) Chrome/87.0.4280.141 Mobile Safari/537.36"
bf1b:72c:343:52c3:534b:1081:ab02:19c7 - - [22/Jan/2021:02:18:48 +0000] "GET /login HTTP/1.1" 304 0 "https://dystroy.org/miaou/1616" "Mozilla/5.0 (Linux; Android 10; LYA-L29) AppleWebKit/537.36 (KHTML, like Gecko) Chrome/87.0.4280.141 Mobile Safari/537.36"
bf1b:72c:343:52c3:534b:1081:ab02:19c7 - - [22/Jan/2021:02:18:48 +0000] "GET /auth/google HTTP/1.1" 302 0 "https://miaou.dystroy.org/login" "Mozilla/5.0 (Linux; Android 10; LYA-L29) AppleWebKit/537.36 (KHTML, like Gecko) Chrome/87.0.4280.141 Mobile Safari/537.36"
bf1b:72c:343:52c3:534b:1081:ab02:19c7 - - [22/Jan/2021:02:18:49 +0000] "GET /auth/google/callback?state=li1e&code=lnwyo976hu9psel6bh6nfzwm7es7sh1my2eh4jyq5awjnddeha2j1tygpsawl07wze0k5m5pao6&scope=aubfz6yo9g9ep58gm03bd55rv5ebfd4alizq4n4fg42fd96ftdof5ssyfiviqwo51ukfd25jppqx39644h60hj5ym9leynwmukr7445kx4seqv118y3kd573w6vfeqwl5rgmx94p&authuser=3&prompt=npme HTTP/1.1" 302 96 "https://miaou.dystroy.org/login" "Mozilla/5.0 (Linux; Android 10; LYA-L29) AppleWebKit/537.36 (KHTML, like Gecko) Chrome/87.0.4280.141 Mobile Safari/537.36"
bf1b:72c:343:52c3:534b:1081:ab02:19c7 - - [22/Jan/2021:02:18:49 +0000] "GET / HTTP/1.1" 302 106 "https://miaou.dystroy.org/login" "Mozilla/5.0 (Linux; Android 10; LYA-L29) AppleWebKit/537.36 (KHTML, like Gecko) Chrome/87.0.4280.141 Mobile Safari/537.36"
bf1b:72c:343:52c3:534b:1081:ab02:19c7 - - [22/Jan/2021:02:18:49 +0000] "GET /rooms HTTP/1.1" 200 3227 "https://miaou.dystroy.org/login" "Mozilla/5.0 (Linux; Android 10; LYA-L29) AppleWebKit/537.36 (KHTML, like Gecko) Chrome/87.0.4280.141 Mobile Safari/537.36"
bf1b:72c:343:52c3:534b:1081:ab02:19c7 - - [22/Jan/2021:02:18:49 +0000] "GET /json/rooms?pattern= HTTP/1.1" 200 8280 "https://miaou.dystroy.org/rooms" "Mozilla/5.0 (Linux; Android 10; LYA-L29) AppleWebKit/537.36 (KHTML, like Gecko) Chrome/87.0.4280.141 Mobile Safari/537.36"
bf1b:72c:343:52c3:534b:1081:ab02:19c7 - - [22/Jan/2021:02:18:50 +0000] "GET /1616?troll_a_troll HTTP/1.1" 200 4961 "https://miaou.dystroy.org/rooms" "Mozilla/5.0 (Linux; Android 10; LYA-L29) AppleWebKit/537.36 (KHTML, like Gecko) Chrome/87.0.4280.141 Mobile Safari/537.36"
bf1b:72c:343:52c3:534b:1081:ab02:19c7 - - [22/Jan/2021:02:18:50 +0000] "GET /socket.io/socket.io.js HTTP/1.1" 304 0 "https://miaou.dystroy.org/1616?troll_a_troll" "Mozilla/5.0 (Linux; Android 10; LYA-L29) AppleWebKit/537.36 (KHTML, like Gecko) Chrome/87.0.4280.141 Mobile Safari/537.36"
bf1b:72c:343:52c3:534b:1081:ab02:19c7 - - [22/Jan/2021:02:18:51 +0000] "GET /socket.io/?EIO=y&transport=xkmoyoi&t=wmxj4lh HTTP/1.1" 200 99 "https://miaou.dystroy.org/1616?troll_a_troll" "Mozilla/5.0 (Linux; Android 10; LYA-L29) AppleWebKit/537.36 (KHTML, like Gecko) Chrome/87.0.4280.141 Mobile Safari/537.36"
bf1b:72c:343:52c3:534b:1081:ab02:19c7 - - [22/Jan/2021:02:18:51 +0000] "GET /socket.io/?EIO=y&transport=xkmoyoi&t=1dvxmvf&sid=2j3xzumt3z0r3hducdj4 HTTP/1.1" 200 18 "https://miaou.dystroy.org/1616?troll_a_troll" "Mozilla/5.0 (Linux; Android 10; LYA-L29) AppleWebKit/537.36 (KHTML, like Gecko) Chrome/87.0.4280.141 Mobile Safari/537.36"
bf1b:72c:343:52c3:534b:1081:ab02:19c7 - - [22/Jan/2021:02:18:51 +0000] "POST /socket.io/?EIO=y&transport=xkmoyoi&t=3zrlswx&sid=2j3xzumt3z0r3hducdj4 HTTP/1.1" 200 2 "https://miaou.dystroy.org/1616?troll_a_troll" "Mozilla/5.0 (Linux; Android 10; LYA-L29) AppleWebKit/537.36 (KHTML, like Gecko) Chrome/87.0.4280.141 Mobile Safari/537.36"
bf1b:72c:343:52c3:534b:1081:ab02:19c7 - - [22/Jan/2021:02:18:51 +0000] "GET /socket.io/?EIO=y&transport=xkmoyoi&t=6sfkofx&sid=2j3xzumt3z0r3hducdj4 HTTP/1.1" 200 34 "https://miaou.dystroy.org/1616?troll_a_troll" "Mozilla/5.0 (Linux; Android 10; LYA-L29) AppleWebKit/537.36 (KHTML, like Gecko) Chrome/87.0.4280.141 Mobile Safari/537.36"
bf1b:72c:343:52c3:534b:1081:ab02:19c7 - - [22/Jan/2021:02:18:51 +0000] "GET /socket.io/?EIO=y&transport=xkmoyoi&t=m5a1g43&sid=2j3xzumt3z0r3hducdj4 HTTP/1.1" 200 6346 "https://miaou.dystroy.org/1616?troll_a_troll" "Mozilla/5.0 (Linux; Android 10; LYA-L29) AppleWebKit/537.36 (KHTML, like Gecko) Chrome/87.0.4280.141 Mobile Safari/537.36"
40.205.208.119 - - [22/Jan/2021:02:19:27 +0000] "POST /sciz-webhook HTTP/1.1" 200 0 "-" "python-requests/2.21.0"
40.205.208.119 - - [22/Jan/2021:02:19:27 +0000] "POST /sciz-webhook HTTP/1.1" 200 0 "-" "python-requests/2.21.0"
40.205.208.119 - - [22/Jan/2021:02:19:28 +0000] "POST /sciz-webhook HTTP/1.1" 200 0 "-" "python-requests/2.21.0"
40.205.208.119 - - [22/Jan/2021:02:19:28 +0000] "POST /sciz-webhook HTTP/1.1" 200 0 "-" "python-requests/2.21.0"
bf1b:72c:343:52c3:534b:1081:ab02:19c7 - - [22/Jan/2021:02:19:47 +0000] "GET /socket.io/?EIO=y&transport=c0qucvma5&sid=2j3xzumt3z0r3hducdj4 HTTP/1.1" 101 4888 "-" "Mozilla/5.0 (Linux; Android 10; LYA-L29) AppleWebKit/537.36 (KHTML, like Gecko) Chrome/87.0.4280.141 Mobile Safari/537.36"
40.205.208.119 - - [22/Jan/2021:02:20:09 +0000] "POST /sciz-webhook HTTP/1.1" 200 0 "-" "python-requests/2.21.0"
40.205.208.119 - - [22/Jan/2021:02:20:15 +0000] "POST /sciz-webhook HTTP/1.1" 200 0 "-" "python-requests/2.21.0"
bf1b:72c:343:52c3:534b:1081:ab02:19c7 - - [22/Jan/2021:02:20:24 +0000] "GET /socket.io/?EIO=y&transport=xkmoyoi&t=u3rrdhm HTTP/1.1" 200 99 "https://miaou.dystroy.org/1616?troll_a_troll" "Mozilla/5.0 (Linux; Android 10; LYA-L29) AppleWebKit/537.36 (KHTML, like Gecko) Chrome/87.0.4280.141 Mobile Safari/537.36"
bf1b:72c:343:52c3:534b:1081:ab02:19c7 - - [22/Jan/2021:02:20:24 +0000] "GET /socket.io/?EIO=y&transport=xkmoyoi&t=nabas4s&sid=qtwh6xtxn1usrslgykxr HTTP/1.1" 200 18 "https://miaou.dystroy.org/1616?troll_a_troll" "Mozilla/5.0 (Linux; Android 10; LYA-L29) AppleWebKit/537.36 (KHTML, like Gecko) Chrome/87.0.4280.141 Mobile Safari/537.36"
bf1b:72c:343:52c3:534b:1081:ab02:19c7 - - [22/Jan/2021:02:20:24 +0000] "POST /socket.io/?EIO=y&transport=xkmoyoi&t=xc81asd&sid=qtwh6xtxn1usrslgykxr HTTP/1.1" 200 2 "https://miaou.dystroy.org/1616?troll_a_troll" "Mozilla/5.0 (Linux; Android 10; LYA-L29) AppleWebKit/537.36 (KHTML, like Gecko) Chrome/87.0.4280.141 Mobile Safari/537.36"
bf1b:72c:343:52c3:534b:1081:ab02:19c7 - - [22/Jan/2021:02:20:24 +0000] "GET /socket.io/?EIO=y&transport=xkmoyoi&t=tkwzp9d&sid=qtwh6xtxn1usrslgykxr HTTP/1.1" 200 6389 "https://miaou.dystroy.org/1616?troll_a_troll" "Mozilla/5.0 (Linux; Android 10; LYA-L29) AppleWebKit/537.36 (KHTML, like Gecko) Chrome/87.0.4280.141 Mobile Safari/537.36"
95.32.158.174 - - [22/Jan/2021:02:20:40 +0000] "GET /sitemap.txt HTTP/1.1" 404 2047 "-" "Mozilla/5.0 (compatible; bingbot/2.0; +http://www.bing.com/bingbot.htm)"
bf1b:72c:343:52c3:534b:1081:ab02:19c7 - - [22/Jan/2021:02:20:49 +0000] "GET /socket.io/?EIO=y&transport=c0qucvma5&sid=qtwh6xtxn1usrslgykxr HTTP/1.1" 101 4610 "-" "Mozilla/5.0 (Linux; Android 10; LYA-L29) AppleWebKit/537.36 (KHTML, like Gecko) Chrome/87.0.4280.141 Mobile Safari/537.36"
68.218.77.155 - - [22/Jan/2021:02:21:18 +0000] "GET /JSON.prune/JSON.prune.js?_=k5kwfloaitpl8 HTTP/1.1" 200 5188 "https://schema02.esabora.solutions/" "Mozilla/5.0 (Windows NT 10.0; Win64; x64) AppleWebKit/537.36 (KHTML, like Gecko) Chrome/87.0.4280.141 Safari/537.36"
91.110.189.249 - - [22/Jan/2021:02:21:41 +0000] "HEAD / HTTP/1.1" 301 0 "http://www.dystroy.org" "Mozilla/5.0+(compatible; UptimeRobot/2.0; http://www.uptimerobot.com/)"
91.110.189.249 - - [22/Jan/2021:02:21:41 +0000] "HEAD / HTTP/1.1" 200 0 "http://www.dystroy.org" "Mozilla/5.0+(compatible; UptimeRobot/2.0; http://www.uptimerobot.com/)"
77.82.9.117 - - [22/Jan/2021:02:21:56 +0000] "GET /robots.txt HTTP/1.1" 404 4379 "-" "Mozilla/5.0 (compatible; YandexBot/3.0; +http://yandex.com/bots)"
77.82.9.117 - - [22/Jan/2021:02:22:00 +0000] "GET /bali2007/26juillet-Amed.html HTTP/1.1" 200 1307 "-" "Mozilla/5.0 (compatible; YandexBot/3.0; +http://yandex.com/bots)"
131.68.165.104 - - [22/Jan/2021:02:22:15 +0000] "HEAD /broot/download/x86_64-linux/broot HTTP/1.1" 200 0 "-" "Mozilla/4.0 (compatible; MSIE 6.0; Windows NT 5.1)"
