66.117.89.209 - - [22/Jan/2021:07:55:40 +0000] "GET /socket.io/socket.io.js HTTP/1.1" 304 0 "https://miaou.dystroy.org/1616" "Mozilla/5.0 (Linux; Android 10; ONEPLUS A6013) AppleWebKit/537.36 (KHTML, like Gecko) Chrome/87.0.4280.141 Mobile Safari/537.36"
66.117.89.209 - - [22/Jan/2021:07:55:40 +0000] "GET /socket.io/?EIO=y&transport=xkmoyoi&t=dh9neqt HTTP/1.1" 200 99 "https://miaou.dystroy.org/1616" "Mozilla/5.0 (Linux; Android 10; ONEPLUS A6013) AppleWebKit/537.36 (KHTML, like Gecko) Chrome/87.0.4280.141 Mobile Safari/537.36"
66.117.89.209 - - [22/Jan/2021:07:55:40 +0000] "GET /socket.io/?EIO=y&transport=xkmoyoi&t=q08noew&sid=4xzqj88mv24khpyhfyqx HTTP/1.1" 200 18 "https://miaou.dystroy.org/1616" "Mozilla/5.0 (Linux; Android 10; ONEPLUS A6013) AppleWebKit/537.36 (KHTML, like Gecko) Chrome/87.0.4280.141 Mobile Safari/537.36"
66.117.89.209 - - [22/Jan/2021:07:55:41 +0000] "POST /socket.io/?EIO=y&transport=xkmoyoi&t=ys26upj&sid=4xzqj88mv24khpyhfyqx HTTP/1.1" 200 2 "https://miaou.dystroy.org/1616" "Mozilla/5.0 (Linux; Android 10; ONEPLUS A6013) AppleWebKit/537.36 (KHTML, like Gecko) Chrome/87.0.4280.141 Mobile Safari/537.36"
66.117.89.209 - - [22/Jan/2021:07:55:41 +0000] "GET /socket.io/?EIO=y&transport=xkmoyoi&t=9ryosuf&sid=4xzqj88mv24khpyhfyqx HTTP/1.1" 200 34 "https://miaou.dystroy.org/1616" "Mozilla/5.0 (Linux; Android 10; ONEPLUS A6013) AppleWebKit/537.36 (KHTML, like Gecko) Chrome/87.0.4280.141 Mobile Safari/537.36"
110.98.50.150 - - [22/Jan/2021:07:55:53 +0000] "GET /json/messages/last?n=a&room=p3bb HTTP/1.1" 304 0 "https://miaou.dystroy.org/1556" "Mozilla/5.0 (Windows NT 10.0; Win64; x64) AppleWebKit/537.36 (KHTML, like Gecko) Chrome/87.0.4280.141 Safari/537.36"
134.64.71.155 - - [22/Jan/2021:07:55:53 +0000] "GET /rooms HTTP/1.1" 302 53 "-" "Mozilla/5.0 (compatible; bingbot/2.0; +http://www.bing.com/bingbot.htm)"
134.64.71.155 - - [22/Jan/2021:07:55:53 +0000] "GET /login HTTP/1.1" 200 714 "-" "Mozilla/5.0 (compatible; bingbot/2.0; +http://www.bing.com/bingbot.htm)"
98.67.97.90 - - [22/Jan/2021:07:55:57 +0000] "GET /json/messages/last?n=a&room=a2fv HTTP/1.1" 200 1420 "https://miaou.dystroy.org/1556" "Mozilla/5.0 (Windows NT 10.0; Win64; x64; rv:84.0) Gecko/20100101 Firefox/84.0"
98.67.97.90 - - [22/Jan/2021:07:56:01 +0000] "GET /json/messages/last?n=a&room=i3yx HTTP/1.1" 200 2722 "https://miaou.dystroy.org/1556" "Mozilla/5.0 (Windows NT 10.0; Win64; x64; rv:84.0) Gecko/20100101 Firefox/84.0"
98.67.97.90 - - [22/Jan/2021:07:56:01 +0000] "GET /json/messages/last?n=a&room=a2fv HTTP/1.1" 304 0 "https://miaou.dystroy.org/1556" "Mozilla/5.0 (Windows NT 10.0; Win64; x64; rv:84.0) Gecko/20100101 Firefox/84.0"
0.149.32.81 - - [22/Jan/2021:07:56:05 +0000] "GET /broot/conf_file HTTP/1.1" 301 185 "https://dystroy.org/broot/" "Mozilla/5.0 (iPhone; CPU iPhone OS 14_3 like Mac OS X) AppleWebKit/605.1.15 (KHTML, like Gecko) Version/14.0.2 Mobile/15E148 Safari/604.1"
0.149.32.81 - - [22/Jan/2021:07:56:06 +0000] "GET /broot/conf_file/ HTTP/1.1" 200 4813 "https://dystroy.org/broot/" "Mozilla/5.0 (iPhone; CPU iPhone OS 14_3 like Mac OS X) AppleWebKit/605.1.15 (KHTML, like Gecko) Version/14.0.2 Mobile/15E148 Safari/604.1"
40.205.208.119 - - [22/Jan/2021:07:56:07 +0000] "POST /sciz-webhook HTTP/1.1" 200 0 "-" "python-requests/2.21.0"
247.58.227.121 - - [22/Jan/2021:07:56:14 +0000] "GET /socket.io/?EIO=y&transport=c0qucvma5&sid=5vajf7hm0p1kb5ac7nvg HTTP/1.1" 101 11050 "-" "Mozilla/5.0 (Linux; Android 10; Redmi Note 9 Pro) AppleWebKit/537.36 (KHTML, like Gecko) Chrome/87.0.4280.141 Mobile Safari/537.36"
40.205.208.119 - - [22/Jan/2021:07:56:27 +0000] "POST /sciz-webhook HTTP/1.1" 200 0 "-" "python-requests/2.21.0"
40.205.208.119 - - [22/Jan/2021:07:56:27 +0000] "POST /sciz-webhook HTTP/1.1" 200 0 "-" "python-requests/2.21.0"
91.110.189.249 - - [22/Jan/2021:07:56:41 +0000] "HEAD / HTTP/1.1" 301 0 "http://www.dystroy.org" "Mozilla/5.0+(compatible; UptimeRobot/2.0; http://www.uptimerobot.com/)"
75bf:ccee:5a3:3938:9699:06ca:7b6e:338a - - [22/Jan/2021:07:56:41 +0000] "GET /socket.io/?EIO=y&transport=c0qucvma5&sid=v1m4yttmokk2eb90h9wo HTTP/1.1" 101 5168 "-" "Mozilla/5.0 (Linux; Android 10; SM-T830) AppleWebKit/537.36 (KHTML, like Gecko) Chrome/87.0.4280.141 Safari/537.36"
91.110.189.249 - - [22/Jan/2021:07:56:41 +0000] "HEAD / HTTP/1.1" 200 0 "http://www.dystroy.org" "Mozilla/5.0+(compatible; UptimeRobot/2.0; http://www.uptimerobot.com/)"
247.58.227.121 - - [22/Jan/2021:07:56:42 +0000] "GET /socket.io/?EIO=y&transport=xkmoyoi&t=y8b11ax HTTP/1.1" 200 99 "https://miaou.dystroy.org/1616" "Mozilla/5.0 (Linux; Android 10; Redmi Note 9 Pro) AppleWebKit/537.36 (KHTML, like Gecko) Chrome/87.0.4280.141 Mobile Safari/537.36"
247.58.227.121 - - [22/Jan/2021:07:56:42 +0000] "GET /socket.io/?EIO=y&transport=xkmoyoi&t=znq99p4&sid=1eluvpy63uec633dyb9t HTTP/1.1" 200 18 "https://miaou.dystroy.org/1616" "Mozilla/5.0 (Linux; Android 10; Redmi Note 9 Pro) AppleWebKit/537.36 (KHTML, like Gecko) Chrome/87.0.4280.141 Mobile Safari/537.36"
247.58.227.121 - - [22/Jan/2021:07:56:42 +0000] "POST /socket.io/?EIO=y&transport=xkmoyoi&t=8h6g1pn&sid=1eluvpy63uec633dyb9t HTTP/1.1" 200 2 "https://miaou.dystroy.org/1616" "Mozilla/5.0 (Linux; Android 10; Redmi Note 9 Pro) AppleWebKit/537.36 (KHTML, like Gecko) Chrome/87.0.4280.141 Mobile Safari/537.36"
247.58.227.121 - - [22/Jan/2021:07:56:42 +0000] "GET /socket.io/?EIO=y&transport=xkmoyoi&t=dcv5ymh&sid=1eluvpy63uec633dyb9t HTTP/1.1" 200 207 "https://miaou.dystroy.org/1616" "Mozilla/5.0 (Linux; Android 10; Redmi Note 9 Pro) AppleWebKit/537.36 (KHTML, like Gecko) Chrome/87.0.4280.141 Mobile Safari/537.36"
247.58.227.121 - - [22/Jan/2021:07:56:42 +0000] "GET /socket.io/?EIO=y&transport=xkmoyoi&t=ibw8qm7&sid=1eluvpy63uec633dyb9t HTTP/1.1" 200 6259 "https://miaou.dystroy.org/1616" "Mozilla/5.0 (Linux; Android 10; Redmi Note 9 Pro) AppleWebKit/537.36 (KHTML, like Gecko) Chrome/87.0.4280.141 Mobile Safari/537.36"
247.58.227.121 - - [22/Jan/2021:07:56:52 +0000] "GET /socket.io/?EIO=y&transport=c0qucvma5&sid=1eluvpy63uec633dyb9t HTTP/1.1" 101 10 "-" "Mozilla/5.0 (Linux; Android 10; Redmi Note 9 Pro) AppleWebKit/537.36 (KHTML, like Gecko) Chrome/87.0.4280.141 Mobile Safari/537.36"
40.205.208.119 - - [22/Jan/2021:07:57:08 +0000] "POST /sciz-webhook HTTP/1.1" 200 0 "-" "python-requests/2.21.0"
40.205.208.119 - - [22/Jan/2021:07:57:08 +0000] "POST /sciz-webhook HTTP/1.1" 200 0 "-" "python-requests/2.21.0"
40.205.208.119 - - [22/Jan/2021:07:57:09 +0000] "POST /sciz-webhook HTTP/1.1" 200 0 "-" "python-requests/2.21.0"
40.205.208.119 - - [22/Jan/2021:07:57:09 +0000] "POST /sciz-webhook HTTP/1.1" 200 0 "-" "python-requests/2.21.0"
40.205.208.119 - - [22/Jan/2021:07:57:09 +0000] "POST /sciz-webhook HTTP/1.1" 200 0 "-" "python-requests/2.21.0"
40.205.208.119 - - [22/Jan/2021:07:57:09 +0000] "POST /sciz-webhook HTTP/1.1" 200 0 "-" "python-requests/2.21.0"
28.46.53.144 - - [22/Jan/2021:07:57:12 +0000] "GET /publicProfile?user=rajx&room=42pd HTTP/1.1" 200 286 "https://miaou.dystroy.org/3836" "Mozilla/5.0 (Windows NT 6.1; rv:84.0) Gecko/20100101 Firefox/84.0"
28.46.53.144 - - [22/Jan/2021:07:57:13 +0000] "GET /json/messages/last?n=a&room=6j7g HTTP/1.1" 304 0 "https://miaou.dystroy.org/3836" "Mozilla/5.0 (Windows NT 6.1; rv:84.0) Gecko/20100101 Firefox/84.0"
40.205.208.119 - - [22/Jan/2021:07:57:19 +0000] "POST /sciz-webhook HTTP/1.1" 200 0 "-" "python-requests/2.21.0"
40.205.208.119 - - [22/Jan/2021:07:57:20 +0000] "POST /sciz-webhook HTTP/1.1" 200 0 "-" "python-requests/2.21.0"
40.205.208.119 - - [22/Jan/2021:07:57:21 +0000] "POST /sciz-webhook HTTP/1.1" 200 0 "-" "python-requests/2.21.0"
40.205.208.119 - - [22/Jan/2021:07:57:21 +0000] "POST /sciz-webhook HTTP/1.1" 200 0 "-" "python-requests/2.21.0"
40.205.208.119 - - [22/Jan/2021:07:57:22 +0000] "POST /sciz-webhook HTTP/1.1" 200 0 "-" "python-requests/2.21.0"
92.19.229.158 - - [22/Jan/2021:07:57:52 +0000] "GET /broot/img/favicon.ico HTTP/1.1" 200 1150 "-" "WidgetKitExtension/3279 CFNetwork/1209 Darwin/20.2.0"
0.149.32.81 - - [22/Jan/2021:07:57:58 +0000] "GET /broot/fonts/fontawesome-webfont.woff2?v=j53ec HTTP/1.1" 200 77160 "https://dystroy.org/broot/" "Mozilla/5.0 (iPhone; CPU iPhone OS 14_3 like Mac OS X) AppleWebKit/605.1.15 (KHTML, like Gecko) Version/14.0.2 Mobile/15E148 Safari/604.1"
0.149.32.81 - - [22/Jan/2021:07:58:09 +0000] "GET /broot/vim_mode/ HTTP/1.1" 200 3624 "https://dystroy.org/broot/conf_file/" "Mozilla/5.0 (iPhone; CPU iPhone OS 14_3 like Mac OS X) AppleWebKit/605.1.15 (KHTML, like Gecko) Version/14.0.2 Mobile/15E148 Safari/604.1"
19.137.246.3 - - [22/Jan/2021:07:58:18 +0000] "GET /2845 HTTP/1.1" 302 126 "https://miaou.dystroy.org/1309" "Mozilla/5.0 (Linux; Android 6.0.1; NX569J) AppleWebKit/537.36 (KHTML, like Gecko) Chrome/88.0.4324.93 Mobile Safari/537.36"
19.137.246.3 - - [22/Jan/2021:07:58:18 +0000] "GET /login?room=ddv0 HTTP/1.1" 200 654 "https://miaou.dystroy.org/1309" "Mozilla/5.0 (Linux; Android 6.0.1; NX569J) AppleWebKit/537.36 (KHTML, like Gecko) Chrome/88.0.4324.93 Mobile Safari/537.36"
19.137.246.3 - - [22/Jan/2021:07:58:19 +0000] "GET /auth/google HTTP/1.1" 302 0 "https://miaou.dystroy.org/login?room=2845" "Mozilla/5.0 (Linux; Android 6.0.1; NX569J) AppleWebKit/537.36 (KHTML, like Gecko) Chrome/88.0.4324.93 Mobile Safari/537.36"
19.137.246.3 - - [22/Jan/2021:07:58:24 +0000] "GET /auth/google/callback?state=li1e&code=66ggfdi1zafaw29ezp0kgo5pmr2peotecu10ihlry3sosskjklhkngw8kp7mzf69a5e6r9sfte3&scope=umhv4kz0xi8t5his5d1cobpdvdr0bu12ldxemhih7qns84aw3vad7isaa8qilwpmpzn6h60tgcv36xeje78jb22vflxlbpyp56xwfa4kss8s2194096q4ehvzfpmdx286vr7tpbw&authuser=3&prompt=npme HTTP/1.1" 302 96 "https://accounts.google.com/" "Mozilla/5.0 (Linux; Android 6.0.1; NX569J) AppleWebKit/537.36 (KHTML, like Gecko) Chrome/88.0.4324.93 Mobile Safari/537.36"
19.137.246.3 - - [22/Jan/2021:07:58:24 +0000] "GET / HTTP/1.1" 302 106 "https://accounts.google.com/" "Mozilla/5.0 (Linux; Android 6.0.1; NX569J) AppleWebKit/537.36 (KHTML, like Gecko) Chrome/88.0.4324.93 Mobile Safari/537.36"
19.137.246.3 - - [22/Jan/2021:07:58:24 +0000] "GET /rooms HTTP/1.1" 200 3010 "https://accounts.google.com/" "Mozilla/5.0 (Linux; Android 6.0.1; NX569J) AppleWebKit/537.36 (KHTML, like Gecko) Chrome/88.0.4324.93 Mobile Safari/537.36"
19.137.246.3 - - [22/Jan/2021:07:58:25 +0000] "GET /2845 HTTP/1.1" 200 4818 "https://miaou.dystroy.org/rooms" "Mozilla/5.0 (Linux; Android 6.0.1; NX569J) AppleWebKit/537.36 (KHTML, like Gecko) Chrome/88.0.4324.93 Mobile Safari/537.36"
19.137.246.3 - - [22/Jan/2021:07:58:25 +0000] "GET /json/rooms?pattern= HTTP/1.1" 200 7927 "https://miaou.dystroy.org/rooms" "Mozilla/5.0 (Linux; Android 6.0.1; NX569J) AppleWebKit/537.36 (KHTML, like Gecko) Chrome/88.0.4324.93 Mobile Safari/537.36"
19.137.246.3 - - [22/Jan/2021:07:58:25 +0000] "GET /socket.io/socket.io.js HTTP/1.1" 200 68739 "https://miaou.dystroy.org/2845" "Mozilla/5.0 (Linux; Android 6.0.1; NX569J) AppleWebKit/537.36 (KHTML, like Gecko) Chrome/88.0.4324.93 Mobile Safari/537.36"
19.137.246.3 - - [22/Jan/2021:07:58:26 +0000] "GET /socket.io/?EIO=y&transport=xkmoyoi&t=vhjhbff HTTP/1.1" 200 99 "https://miaou.dystroy.org/2845" "Mozilla/5.0 (Linux; Android 6.0.1; NX569J) AppleWebKit/537.36 (KHTML, like Gecko) Chrome/88.0.4324.93 Mobile Safari/537.36"
19.137.246.3 - - [22/Jan/2021:07:58:27 +0000] "GET /socket.io/?EIO=y&transport=xkmoyoi&t=9vub0lu&sid=ahrja4q08zi8dz3td2pn HTTP/1.1" 200 18 "https://miaou.dystroy.org/2845" "Mozilla/5.0 (Linux; Android 6.0.1; NX569J) AppleWebKit/537.36 (KHTML, like Gecko) Chrome/88.0.4324.93 Mobile Safari/537.36"
19.137.246.3 - - [22/Jan/2021:07:58:27 +0000] "POST /socket.io/?EIO=y&transport=xkmoyoi&t=defv1g9&sid=ahrja4q08zi8dz3td2pn HTTP/1.1" 200 2 "https://miaou.dystroy.org/2845" "Mozilla/5.0 (Linux; Android 6.0.1; NX569J) AppleWebKit/537.36 (KHTML, like Gecko) Chrome/88.0.4324.93 Mobile Safari/537.36"
19.137.246.3 - - [22/Jan/2021:07:58:27 +0000] "GET /socket.io/?EIO=y&transport=xkmoyoi&t=d14b8y3&sid=ahrja4q08zi8dz3td2pn HTTP/1.1" 200 34 "https://miaou.dystroy.org/2845" "Mozilla/5.0 (Linux; Android 6.0.1; NX569J) AppleWebKit/537.36 (KHTML, like Gecko) Chrome/88.0.4324.93 Mobile Safari/537.36"
19.137.246.3 - - [22/Jan/2021:07:58:27 +0000] "GET /socket.io/?EIO=y&transport=xkmoyoi&t=5mgb9fd&sid=ahrja4q08zi8dz3td2pn HTTP/1.1" 200 3339 "https://miaou.dystroy.org/2845" "Mozilla/5.0 (Linux; Android 6.0.1; NX569J) AppleWebKit/537.36 (KHTML, like Gecko) Chrome/88.0.4324.93 Mobile Safari/537.36"
0.149.32.81 - - [22/Jan/2021:07:58:29 +0000] "GET /broot/conf_verbs/ HTTP/1.1" 200 8617 "https://dystroy.org/broot/conf_file/" "Mozilla/5.0 (iPhone; CPU iPhone OS 14_3 like Mac OS X) AppleWebKit/605.1.15 (KHTML, like Gecko) Version/14.0.2 Mobile/15E148 Safari/604.1"
0.149.32.81 - - [22/Jan/2021:07:58:29 +0000] "GET /broot/img/20190306-md.png HTTP/1.1" 200 31207 "https://dystroy.org/broot/conf_verbs/" "Mozilla/5.0 (iPhone; CPU iPhone OS 14_3 like Mac OS X) AppleWebKit/605.1.15 (KHTML, like Gecko) Version/14.0.2 Mobile/15E148 Safari/604.1"
0.149.32.81 - - [22/Jan/2021:07:58:30 +0000] "GET /broot/img/20190306-mv.png HTTP/1.1" 200 31134 "https://dystroy.org/broot/conf_verbs/" "Mozilla/5.0 (iPhone; CPU iPhone OS 14_3 like Mac OS X) AppleWebKit/605.1.15 (KHTML, like Gecko) Version/14.0.2 Mobile/15E148 Safari/604.1"
0.149.32.81 - - [22/Jan/2021:07:58:30 +0000] "GET /broot/img/20190306-blop.png HTTP/1.1" 200 47546 "https://dystroy.org/broot/conf_verbs/" "Mozilla/5.0 (iPhone; CPU iPhone OS 14_3 like Mac OS X) AppleWebKit/605.1.15 (KHTML, like Gecko) Version/14.0.2 Mobile/15E148 Safari/604.1"
19.137.246.3 - - [22/Jan/2021:07:58:35 +0000] "GET /1309 HTTP/1.1" 200 5007 "https://miaou.dystroy.org/2845" "Mozilla/5.0 (Linux; Android 6.0.1; NX569J) AppleWebKit/537.36 (KHTML, like Gecko) Chrome/88.0.4324.93 Mobile Safari/537.36"
19.137.246.3 - - [22/Jan/2021:07:58:35 +0000] "GET /socket.io/?EIO=y&transport=c0qucvma5&sid=ahrja4q08zi8dz3td2pn HTTP/1.1" 101 4461 "-" "Mozilla/5.0 (Linux; Android 6.0.1; NX569J) AppleWebKit/537.36 (KHTML, like Gecko) Chrome/88.0.4324.93 Mobile Safari/537.36"
19.137.246.3 - - [22/Jan/2021:07:58:35 +0000] "GET /socket.io/socket.io.js HTTP/1.1" 304 0 "https://miaou.dystroy.org/1309" "Mozilla/5.0 (Linux; Android 6.0.1; NX569J) AppleWebKit/537.36 (KHTML, like Gecko) Chrome/88.0.4324.93 Mobile Safari/537.36"
19.137.246.3 - - [22/Jan/2021:07:58:36 +0000] "GET /socket.io/?EIO=y&transport=xkmoyoi&t=u1s11b6 HTTP/1.1" 200 99 "https://miaou.dystroy.org/1309" "Mozilla/5.0 (Linux; Android 6.0.1; NX569J) AppleWebKit/537.36 (KHTML, like Gecko) Chrome/88.0.4324.93 Mobile Safari/537.36"
19.137.246.3 - - [22/Jan/2021:07:58:36 +0000] "GET /file-host/ce04e3bdf9f1422edc7b7f62.png HTTP/1.1" 200 57846 "https://miaou.dystroy.org/1309" "Mozilla/5.0 (Linux; Android 6.0.1; NX569J) AppleWebKit/537.36 (KHTML, like Gecko) Chrome/88.0.4324.93 Mobile Safari/537.36"
19.137.246.3 - - [22/Jan/2021:07:58:36 +0000] "GET /file-host/cec67c3625e3946f0a13dfbe.png HTTP/1.1" 200 98448 "https://miaou.dystroy.org/1309" "Mozilla/5.0 (Linux; Android 6.0.1; NX569J) AppleWebKit/537.36 (KHTML, like Gecko) Chrome/88.0.4324.93 Mobile Safari/537.36"
19.137.246.3 - - [22/Jan/2021:07:58:36 +0000] "GET /file-host/55d53fb4a0e6bd97502fee02.png HTTP/1.1" 200 2216 "https://miaou.dystroy.org/1309" "Mozilla/5.0 (Linux; Android 6.0.1; NX569J) AppleWebKit/537.36 (KHTML, like Gecko) Chrome/88.0.4324.93 Mobile Safari/537.36"
19.137.246.3 - - [22/Jan/2021:07:58:36 +0000] "GET /socket.io/?EIO=y&transport=xkmoyoi&t=sq4zlg9&sid=mdz91wt8hwi0gg96d3q7 HTTP/1.1" 200 18 "https://miaou.dystroy.org/1309" "Mozilla/5.0 (Linux; Android 6.0.1; NX569J) AppleWebKit/537.36 (KHTML, like Gecko) Chrome/88.0.4324.93 Mobile Safari/537.36"
19.137.246.3 - - [22/Jan/2021:07:58:36 +0000] "POST /socket.io/?EIO=y&transport=xkmoyoi&t=e4v8mgt&sid=mdz91wt8hwi0gg96d3q7 HTTP/1.1" 200 2 "https://miaou.dystroy.org/1309" "Mozilla/5.0 (Linux; Android 6.0.1; NX569J) AppleWebKit/537.36 (KHTML, like Gecko) Chrome/88.0.4324.93 Mobile Safari/537.36"
19.137.246.3 - - [22/Jan/2021:07:58:36 +0000] "GET /socket.io/?EIO=y&transport=xkmoyoi&t=fk9cjp1&sid=mdz91wt8hwi0gg96d3q7 HTTP/1.1" 200 34 "https://miaou.dystroy.org/1309" "Mozilla/5.0 (Linux; Android 6.0.1; NX569J) AppleWebKit/537.36 (KHTML, like Gecko) Chrome/88.0.4324.93 Mobile Safari/537.36"
19.137.246.3 - - [22/Jan/2021:07:58:36 +0000] "GET /socket.io/?EIO=y&transport=xkmoyoi&t=pdwmtto&sid=mdz91wt8hwi0gg96d3q7 HTTP/1.1" 200 7838 "https://miaou.dystroy.org/1309" "Mozilla/5.0 (Linux; Android 6.0.1; NX569J) AppleWebKit/537.36 (KHTML, like Gecko) Chrome/88.0.4324.93 Mobile Safari/537.36"
33.164.236.61 - - [22/Jan/2021:07:58:38 +0000] "GET /gogo/json?action=bgc6r5eeshp5nu&asker=8e1mzd&trollId=r3c6p HTTP/1.1" 200 84 "https://games.mountyhall.com/" "Mozilla/5.0 (Windows NT 10.0; Win64; x64) AppleWebKit/537.36 (KHTML, like Gecko) Chrome/87.0.4280.141 Safari/537.36"
33.164.236.61 - - [22/Jan/2021:07:58:38 +0000] "GET /gogo/json?action=bgc6r5eeshp5nu&asker=8e1mzd&trollId=bx1h8 HTTP/1.1" 200 84 "https://games.mountyhall.com/" "Mozilla/5.0 (Windows NT 10.0; Win64; x64) AppleWebKit/537.36 (KHTML, like Gecko) Chrome/87.0.4280.141 Safari/537.36"
33.164.236.61 - - [22/Jan/2021:07:58:38 +0000] "GET /gogo/json?action=mf331j19fcfriv57h&asker=8e1mzd&name=hct8i1bhck7uqszjchgnfzc30u42s3&monsterId=tzidn9t HTTP/1.1" 200 2756 "https://games.mountyhall.com/" "Mozilla/5.0 (Windows NT 10.0; Win64; x64) AppleWebKit/537.36 (KHTML, like Gecko) Chrome/87.0.4280.141 Safari/537.36"
33.164.236.61 - - [22/Jan/2021:07:58:38 +0000] "GET /gogo/json?action=mf331j19fcfriv57h&asker=8e1mzd&name=u13obeevqf28qit9ryqhtov9sjydeto0tk9l7ot9yp5&monsterId=faiq68k HTTP/1.1" 200 2737 "https://games.mountyhall.com/" "Mozilla/5.0 (Windows NT 10.0; Win64; x64) AppleWebKit/537.36 (KHTML, like Gecko) Chrome/87.0.4280.141 Safari/537.36"
28.46.53.144 - - [22/Jan/2021:07:58:46 +0000] "GET /json/messages/last?n=a&room=hzm5 HTTP/1.1" 304 0 "https://miaou.dystroy.org/1556" "Mozilla/5.0 (Windows NT 6.1; rv:84.0) Gecko/20100101 Firefox/84.0"
28.46.53.144 - - [22/Jan/2021:07:58:46 +0000] "GET /json/messages/last?n=a&room=6j7g HTTP/1.1" 304 0 "https://miaou.dystroy.org/1556" "Mozilla/5.0 (Windows NT 6.1; rv:84.0) Gecko/20100101 Firefox/84.0"
b36f:8ac7:d48:7bd1:13b6:1048:5ff3:0b9c - - [22/Jan/2021:07:58:48 +0000] "GET /1616 HTTP/1.1" 200 5377 "https://miaou.dystroy.org/4017" "Mozilla/5.0 (X11; Linux x86_64; rv:78.0) Gecko/20100101 Firefox/78.0"
b36f:8ac7:d48:7bd1:13b6:1048:5ff3:0b9c - - [22/Jan/2021:07:58:48 +0000] "GET /socket.io/socket.io.js HTTP/1.1" 304 0 "https://miaou.dystroy.org/1616" "Mozilla/5.0 (X11; Linux x86_64; rv:78.0) Gecko/20100101 Firefox/78.0"
b36f:8ac7:d48:7bd1:13b6:1048:5ff3:0b9c - - [22/Jan/2021:07:58:48 +0000] "GET /socket.io/?EIO=y&transport=xkmoyoi&t=ao75msp HTTP/1.1" 200 99 "https://miaou.dystroy.org/1616" "Mozilla/5.0 (X11; Linux x86_64; rv:78.0) Gecko/20100101 Firefox/78.0"
b36f:8ac7:d48:7bd1:13b6:1048:5ff3:0b9c - - [22/Jan/2021:07:58:49 +0000] "GET /socket.io/?EIO=y&transport=xkmoyoi&t=cv83wcx&sid=v4z8eji5izvl0j41unqz HTTP/1.1" 200 18 "https://miaou.dystroy.org/1616" "Mozilla/5.0 (X11; Linux x86_64; rv:78.0) Gecko/20100101 Firefox/78.0"
b36f:8ac7:d48:7bd1:13b6:1048:5ff3:0b9c - - [22/Jan/2021:07:58:49 +0000] "POST /socket.io/?EIO=y&transport=xkmoyoi&t=jj63n88&sid=v4z8eji5izvl0j41unqz HTTP/1.1" 200 2 "https://miaou.dystroy.org/1616" "Mozilla/5.0 (X11; Linux x86_64; rv:78.0) Gecko/20100101 Firefox/78.0"
b36f:8ac7:d48:7bd1:13b6:1048:5ff3:0b9c - - [22/Jan/2021:07:58:49 +0000] "GET /socket.io/?EIO=y&transport=xkmoyoi&t=3iav39b&sid=v4z8eji5izvl0j41unqz HTTP/1.1" 200 34 "https://miaou.dystroy.org/1616" "Mozilla/5.0 (X11; Linux x86_64; rv:78.0) Gecko/20100101 Firefox/78.0"
b36f:8ac7:d48:7bd1:13b6:1048:5ff3:0b9c - - [22/Jan/2021:07:58:49 +0000] "GET /socket.io/?EIO=y&transport=xkmoyoi&t=zof3a68&sid=v4z8eji5izvl0j41unqz HTTP/1.1" 200 6351 "https://miaou.dystroy.org/1616" "Mozilla/5.0 (X11; Linux x86_64; rv:78.0) Gecko/20100101 Firefox/78.0"
33.164.236.61 - - [22/Jan/2021:07:58:50 +0000] "GET /gogo/json?action=mf331j19fcfriv57h&asker=8e1mzd&name=u13obeevqf28qit9ryqhtov9sjydeto0tk9l7ot9yp5&monsterId=faiq68k HTTP/1.1" 200 2737 "https://games.mountyhall.com/" "Mozilla/5.0 (Windows NT 10.0; Win64; x64) AppleWebKit/537.36 (KHTML, like Gecko) Chrome/87.0.4280.141 Safari/537.36"
33.164.236.61 - - [22/Jan/2021:07:58:50 +0000] "GET /gogo/json?action=mf331j19fcfriv57h&asker=8e1mzd&name=7zhki5fyf74z0cu3bq86eg&monsterId=xiudkln HTTP/1.1" 200 2740 "https://games.mountyhall.com/" "Mozilla/5.0 (Windows NT 10.0; Win64; x64) AppleWebKit/537.36 (KHTML, like Gecko) Chrome/87.0.4280.141 Safari/537.36"
33.164.236.61 - - [22/Jan/2021:07:58:50 +0000] "GET /gogo/json?action=mf331j19fcfriv57h&asker=8e1mzd&name=msgc6ltcvqalvkoh3iefnw695iq99&monsterId=4t55w0w HTTP/1.1" 200 2767 "https://games.mountyhall.com/" "Mozilla/5.0 (Windows NT 10.0; Win64; x64) AppleWebKit/537.36 (KHTML, like Gecko) Chrome/87.0.4280.141 Safari/537.36"
33.164.236.61 - - [22/Jan/2021:07:58:51 +0000] "GET /gogo/json?action=mf331j19fcfriv57h&asker=8e1mzd&name=nvh3w6dvwq6q75ilut4t&monsterId=397iib6 HTTP/1.1" 200 2728 "https://games.mountyhall.com/" "Mozilla/5.0 (Windows NT 10.0; Win64; x64) AppleWebKit/537.36 (KHTML, like Gecko) Chrome/87.0.4280.141 Safari/537.36"
b36f:8ac7:d48:7bd1:13b6:1048:5ff3:0b9c - - [22/Jan/2021:07:58:52 +0000] "GET /json/messages/last?n=a&room=udgu HTTP/1.1" 200 1581 "https://miaou.dystroy.org/1616" "Mozilla/5.0 (X11; Linux x86_64; rv:78.0) Gecko/20100101 Firefox/78.0"
33.164.236.61 - - [22/Jan/2021:07:58:53 +0000] "GET /gogo/json?action=mf331j19fcfriv57h&asker=8e1mzd&name=wp9zw5xj7gna1oa6pvxqwsuzu&monsterId=86inu1r HTTP/1.1" 200 2731 "https://games.mountyhall.com/" "Mozilla/5.0 (Windows NT 10.0; Win64; x64) AppleWebKit/537.36 (KHTML, like Gecko) Chrome/87.0.4280.141 Safari/537.36"
33.164.236.61 - - [22/Jan/2021:07:58:53 +0000] "GET /gogo/json?action=mf331j19fcfriv57h&asker=8e1mzd&name=wp9zw5xj7gna1oa6pvxqwsuzu&monsterId=86inu1r HTTP/1.1" 200 2731 "https://games.mountyhall.com/" "Mozilla/5.0 (Windows NT 10.0; Win64; x64) AppleWebKit/537.36 (KHTML, like Gecko) Chrome/87.0.4280.141 Safari/537.36"
33.164.236.61 - - [22/Jan/2021:07:58:56 +0000] "GET /gogo/json?action=mf331j19fcfriv57h&asker=8e1mzd&name=nvh3w6dvwq6q75ilut4t&monsterId=397iib6 HTTP/1.1" 200 2728 "https://games.mountyhall.com/" "Mozilla/5.0 (Windows NT 10.0; Win64; x64) AppleWebKit/537.36 (KHTML, like Gecko) Chrome/87.0.4280.141 Safari/537.36"
33.164.236.61 - - [22/Jan/2021:07:58:59 +0000] "GET /gogo/json?action=mf331j19fcfriv57h&asker=8e1mzd&name=nhbgwl6h2vtsi1zmr1799zv6chv7sfxb03nut8tg9lmhmga&monsterId=i3gwwqx HTTP/1.1" 200 2745 "https://games.mountyhall.com/" "Mozilla/5.0 (Windows NT 10.0; Win64; x64) AppleWebKit/537.36 (KHTML, like Gecko) Chrome/87.0.4280.141 Safari/537.36"
33.164.236.61 - - [22/Jan/2021:07:58:59 +0000] "GET /gogo/json?action=mf331j19fcfriv57h&asker=8e1mzd&name=7zhki5fyf74z0cu3bq86eg&monsterId=xiudkln HTTP/1.1" 200 2740 "https://games.mountyhall.com/" "Mozilla/5.0 (Windows NT 10.0; Win64; x64) AppleWebKit/537.36 (KHTML, like Gecko) Chrome/87.0.4280.141 Safari/537.36"
33.164.236.61 - - [22/Jan/2021:07:58:59 +0000] "GET /gogo/json?action=mf331j19fcfriv57h&asker=8e1mzd&name=eecbxq2ldwqk6plpmmy1foearltod&monsterId=trfbd9g HTTP/1.1" 200 1859 "https://games.mountyhall.com/" "Mozilla/5.0 (Windows NT 10.0; Win64; x64) AppleWebKit/537.36 (KHTML, like Gecko) Chrome/87.0.4280.141 Safari/537.36"
33.164.236.61 - - [22/Jan/2021:07:58:59 +0000] "GET /gogo/json?action=mf331j19fcfriv57h&asker=8e1mzd&name=msgc6ltcvqalvkoh3iefnw695iq99&monsterId=4t55w0w HTTP/1.1" 200 2767 "https://games.mountyhall.com/" "Mozilla/5.0 (Windows NT 10.0; Win64; x64) AppleWebKit/537.36 (KHTML, like Gecko) Chrome/87.0.4280.141 Safari/537.36"
33.164.236.61 - - [22/Jan/2021:07:59:00 +0000] "GET /gogo/json?action=mf331j19fcfriv57h&asker=8e1mzd&name=7zhki5fyf74z0cu3bq86eg&monsterId=xiudkln HTTP/1.1" 200 2740 "https://games.mountyhall.com/" "Mozilla/5.0 (Windows NT 10.0; Win64; x64) AppleWebKit/537.36 (KHTML, like Gecko) Chrome/87.0.4280.141 Safari/537.36"
33.164.236.61 - - [22/Jan/2021:07:59:00 +0000] "GET /gogo/json?action=mf331j19fcfriv57h&asker=8e1mzd&name=hxe4n8bf9gdo9htzulv2iwpewbt&monsterId=dnhsts8 HTTP/1.1" 200 93 "https://games.mountyhall.com/" "Mozilla/5.0 (Windows NT 10.0; Win64; x64) AppleWebKit/537.36 (KHTML, like Gecko) Chrome/87.0.4280.141 Safari/537.36"
33.164.236.61 - - [22/Jan/2021:07:59:00 +0000] "GET /gogo/json?action=mf331j19fcfriv57h&asker=8e1mzd&name=nhbgwl6h2vtsi1zmr1799zv6chv7sfxb03nut8tg9lmhmga&monsterId=i3gwwqx HTTP/1.1" 200 2745 "https://games.mountyhall.com/" "Mozilla/5.0 (Windows NT 10.0; Win64; x64) AppleWebKit/537.36 (KHTML, like Gecko) Chrome/87.0.4280.141 Safari/537.36"
33.164.236.61 - - [22/Jan/2021:07:59:00 +0000] "GET /gogo/json?action=mf331j19fcfriv57h&asker=8e1mzd&name=u13obeevqf28qit9ryqhtov9sjydeto0tk9l7ot9yp5&monsterId=faiq68k HTTP/1.1" 200 2737 "https://games.mountyhall.com/" "Mozilla/5.0 (Windows NT 10.0; Win64; x64) AppleWebKit/537.36 (KHTML, like Gecko) Chrome/87.0.4280.141 Safari/537.36"
33.164.236.61 - - [22/Jan/2021:07:59:00 +0000] "GET /gogo/json?action=mf331j19fcfriv57h&asker=8e1mzd&name=hct8i1bhck7uqszjchgnfzc30u42s3&monsterId=tzidn9t HTTP/1.1" 200 2756 "https://games.mountyhall.com/" "Mozilla/5.0 (Windows NT 10.0; Win64; x64) AppleWebKit/537.36 (KHTML, like Gecko) Chrome/87.0.4280.141 Safari/537.36"
33.164.236.61 - - [22/Jan/2021:07:59:00 +0000] "GET /gogo/json?action=bgc6r5eeshp5nu&asker=8e1mzd&trollId=bx1h8 HTTP/1.1" 200 84 "https://games.mountyhall.com/" "Mozilla/5.0 (Windows NT 10.0; Win64; x64) AppleWebKit/537.36 (KHTML, like Gecko) Chrome/87.0.4280.141 Safari/537.36"
33.164.236.61 - - [22/Jan/2021:07:59:00 +0000] "GET /gogo/json?action=bgc6r5eeshp5nu&asker=8e1mzd&trollId=r3c6p HTTP/1.1" 200 84 "https://games.mountyhall.com/" "Mozilla/5.0 (Windows NT 10.0; Win64; x64) AppleWebKit/537.36 (KHTML, like Gecko) Chrome/87.0.4280.141 Safari/537.36"
33.164.236.61 - - [22/Jan/2021:07:59:00 +0000] "GET /gogo/json?action=bgc6r5eeshp5nu&asker=8e1mzd&trollId=9kv6z HTTP/1.1" 200 84 "https://games.mountyhall.com/" "Mozilla/5.0 (Windows NT 10.0; Win64; x64) AppleWebKit/537.36 (KHTML, like Gecko) Chrome/87.0.4280.141 Safari/537.36"
33.164.236.61 - - [22/Jan/2021:07:59:00 +0000] "GET /gogo/json?action=bgc6r5eeshp5nu&asker=8e1mzd&trollId=g2yb7 HTTP/1.1" 200 84 "https://games.mountyhall.com/" "Mozilla/5.0 (Windows NT 10.0; Win64; x64) AppleWebKit/537.36 (KHTML, like Gecko) Chrome/87.0.4280.141 Safari/537.36"
40.205.208.119 - - [22/Jan/2021:07:59:09 +0000] "POST /sciz-webhook HTTP/1.1" 200 0 "-" "python-requests/2.21.0"
40.205.208.119 - - [22/Jan/2021:07:59:09 +0000] "POST /sciz-webhook HTTP/1.1" 200 0 "-" "python-requests/2.21.0"
40.205.208.119 - - [22/Jan/2021:07:59:10 +0000] "POST /sciz-webhook HTTP/1.1" 200 0 "-" "python-requests/2.21.0"
40.205.208.119 - - [22/Jan/2021:07:59:10 +0000] "POST /sciz-webhook HTTP/1.1" 200 0 "-" "python-requests/2.21.0"
40.205.208.119 - - [22/Jan/2021:07:59:13 +0000] "POST /sciz-webhook HTTP/1.1" 200 0 "-" "python-requests/2.21.0"
40.205.208.119 - - [22/Jan/2021:07:59:13 +0000] "POST /sciz-webhook HTTP/1.1" 200 0 "-" "python-requests/2.21.0"
33.164.236.61 - - [22/Jan/2021:07:59:16 +0000] "GET /gogo/json?action=mf331j19fcfriv57h&asker=8e1mzd&name=hyhxyyjco6skgo8c43r2dgqo5kz0f&monsterId=y5bptfe HTTP/1.1" 200 1419 "https://games.mountyhall.com/" "Mozilla/5.0 (Windows NT 10.0; Win64; x64) AppleWebKit/537.36 (KHTML, like Gecko) Chrome/87.0.4280.141 Safari/537.36"
33.164.236.61 - - [22/Jan/2021:07:59:20 +0000] "GET /gogo/json?action=mf331j19fcfriv57h&asker=8e1mzd&name=hyhxyyjco6skgo8c43r2dgqo5kz0f&monsterId=y5bptfe HTTP/1.1" 200 1419 "https://games.mountyhall.com/" "Mozilla/5.0 (Windows NT 10.0; Win64; x64) AppleWebKit/537.36 (KHTML, like Gecko) Chrome/87.0.4280.141 Safari/537.36"
33.164.236.61 - - [22/Jan/2021:07:59:20 +0000] "GET /gogo/json?action=mf331j19fcfriv57h&asker=8e1mzd&name=cq321710a49m3sxrj7c49p5fuac3zxe3ksgdr7w0xxrr7dg2c0e&monsterId=5qv3o39 HTTP/1.1" 200 2755 "https://games.mountyhall.com/" "Mozilla/5.0 (Windows NT 10.0; Win64; x64) AppleWebKit/537.36 (KHTML, like Gecko) Chrome/87.0.4280.141 Safari/537.36"
33.164.236.61 - - [22/Jan/2021:07:59:21 +0000] "GET /gogo/json?action=mf331j19fcfriv57h&asker=8e1mzd&name=7n2tywticgvobn897kp5opy0elltl4ts9pcc4uxl&monsterId=i41x6h8 HTTP/1.1" 200 2764 "https://games.mountyhall.com/" "Mozilla/5.0 (Windows NT 10.0; Win64; x64) AppleWebKit/537.36 (KHTML, like Gecko) Chrome/87.0.4280.141 Safari/537.36"
33.164.236.61 - - [22/Jan/2021:07:59:21 +0000] "GET /gogo/json?action=mf331j19fcfriv57h&asker=8e1mzd&name=msgc6ltcvqalvkoh3iefnw695iq99&monsterId=4t55w0w HTTP/1.1" 200 2767 "https://games.mountyhall.com/" "Mozilla/5.0 (Windows NT 10.0; Win64; x64) AppleWebKit/537.36 (KHTML, like Gecko) Chrome/87.0.4280.141 Safari/537.36"
33.164.236.61 - - [22/Jan/2021:07:59:21 +0000] "GET /gogo/json?action=mf331j19fcfriv57h&asker=8e1mzd&name=eecbxq2ldwqk6plpmmy1foearltod&monsterId=trfbd9g HTTP/1.1" 200 1859 "https://games.mountyhall.com/" "Mozilla/5.0 (Windows NT 10.0; Win64; x64) AppleWebKit/537.36 (KHTML, like Gecko) Chrome/87.0.4280.141 Safari/537.36"
33.164.236.61 - - [22/Jan/2021:07:59:21 +0000] "GET /gogo/json?action=mf331j19fcfriv57h&asker=8e1mzd&name=7zhki5fyf74z0cu3bq86eg&monsterId=xiudkln HTTP/1.1" 200 2740 "https://games.mountyhall.com/" "Mozilla/5.0 (Windows NT 10.0; Win64; x64) AppleWebKit/537.36 (KHTML, like Gecko) Chrome/87.0.4280.141 Safari/537.36"
33.164.236.61 - - [22/Jan/2021:07:59:21 +0000] "GET /gogo/json?action=mf331j19fcfriv57h&asker=8e1mzd&name=hxe4n8bf9gdo9htzulv2iwpewbt&monsterId=dnhsts8 HTTP/1.1" 200 93 "https://games.mountyhall.com/" "Mozilla/5.0 (Windows NT 10.0; Win64; x64) AppleWebKit/537.36 (KHTML, like Gecko) Chrome/87.0.4280.141 Safari/537.36"
33.164.236.61 - - [22/Jan/2021:07:59:21 +0000] "GET /gogo/json?action=mf331j19fcfriv57h&asker=8e1mzd&name=nhbgwl6h2vtsi1zmr1799zv6chv7sfxb03nut8tg9lmhmga&monsterId=i3gwwqx HTTP/1.1" 200 2745 "https://games.mountyhall.com/" "Mozilla/5.0 (Windows NT 10.0; Win64; x64) AppleWebKit/537.36 (KHTML, like Gecko) Chrome/87.0.4280.141 Safari/537.36"
33.164.236.61 - - [22/Jan/2021:07:59:22 +0000] "GET /gogo/json?action=bgc6r5eeshp5nu&asker=8e1mzd&trollId=9kv6z HTTP/1.1" 200 84 "https://games.mountyhall.com/" "Mozilla/5.0 (Windows NT 10.0; Win64; x64) AppleWebKit/537.36 (KHTML, like Gecko) Chrome/87.0.4280.141 Safari/537.36"
33.164.236.61 - - [22/Jan/2021:07:59:22 +0000] "GET /gogo/json?action=bgc6r5eeshp5nu&asker=8e1mzd&trollId=g2yb7 HTTP/1.1" 200 84 "https://games.mountyhall.com/" "Mozilla/5.0 (Windows NT 10.0; Win64; x64) AppleWebKit/537.36 (KHTML, like Gecko) Chrome/87.0.4280.141 Safari/537.36"
33.164.236.61 - - [22/Jan/2021:07:59:22 +0000] "GET /gogo/json?action=bgc6r5eeshp5nu&asker=8e1mzd&trollId=a7o0w HTTP/1.1" 200 84 "https://games.mountyhall.com/" "Mozilla/5.0 (Windows NT 10.0; Win64; x64) AppleWebKit/537.36 (KHTML, like Gecko) Chrome/87.0.4280.141 Safari/537.36"
33.164.236.61 - - [22/Jan/2021:07:59:22 +0000] "GET /gogo/json?action=bgc6r5eeshp5nu&asker=8e1mzd&trollId=zdb46 HTTP/1.1" 200 84 "https://games.mountyhall.com/" "Mozilla/5.0 (Windows NT 10.0; Win64; x64) AppleWebKit/537.36 (KHTML, like Gecko) Chrome/87.0.4280.141 Safari/537.36"
33.164.236.61 - - [22/Jan/2021:07:59:24 +0000] "GET /gogo/json?action=bgc6r5eeshp5nu&asker=8e1mzd&trollId=a7o0w HTTP/1.1" 200 84 "https://games.mountyhall.com/" "Mozilla/5.0 (Windows NT 10.0; Win64; x64) AppleWebKit/537.36 (KHTML, like Gecko) Chrome/87.0.4280.141 Safari/537.36"
33.164.236.61 - - [22/Jan/2021:07:59:24 +0000] "GET /gogo/json?action=bgc6r5eeshp5nu&asker=8e1mzd&trollId=g2yb7 HTTP/1.1" 200 84 "https://games.mountyhall.com/" "Mozilla/5.0 (Windows NT 10.0; Win64; x64) AppleWebKit/537.36 (KHTML, like Gecko) Chrome/87.0.4280.141 Safari/537.36"
33.164.236.61 - - [22/Jan/2021:07:59:24 +0000] "GET /gogo/json?action=bgc6r5eeshp5nu&asker=8e1mzd&trollId=9kv6z HTTP/1.1" 200 84 "https://games.mountyhall.com/" "Mozilla/5.0 (Windows NT 10.0; Win64; x64) AppleWebKit/537.36 (KHTML, like Gecko) Chrome/87.0.4280.141 Safari/537.36"
33.164.236.61 - - [22/Jan/2021:07:59:24 +0000] "GET /gogo/json?action=bgc6r5eeshp5nu&asker=8e1mzd&trollId=r3c6p HTTP/1.1" 200 84 "https://games.mountyhall.com/" "Mozilla/5.0 (Windows NT 10.0; Win64; x64) AppleWebKit/537.36 (KHTML, like Gecko) Chrome/87.0.4280.141 Safari/537.36"
33.164.236.61 - - [22/Jan/2021:07:59:24 +0000] "GET /gogo/json?action=mf331j19fcfriv57h&asker=8e1mzd&name=hct8i1bhck7uqszjchgnfzc30u42s3&monsterId=tzidn9t HTTP/1.1" 200 2756 "https://games.mountyhall.com/" "Mozilla/5.0 (Windows NT 10.0; Win64; x64) AppleWebKit/537.36 (KHTML, like Gecko) Chrome/87.0.4280.141 Safari/537.36"
33.164.236.61 - - [22/Jan/2021:07:59:24 +0000] "GET /gogo/json?action=mf331j19fcfriv57h&asker=8e1mzd&name=u13obeevqf28qit9ryqhtov9sjydeto0tk9l7ot9yp5&monsterId=faiq68k HTTP/1.1" 200 2737 "https://games.mountyhall.com/" "Mozilla/5.0 (Windows NT 10.0; Win64; x64) AppleWebKit/537.36 (KHTML, like Gecko) Chrome/87.0.4280.141 Safari/537.36"
33.164.236.61 - - [22/Jan/2021:07:59:24 +0000] "GET /gogo/json?action=mf331j19fcfriv57h&asker=8e1mzd&name=nhbgwl6h2vtsi1zmr1799zv6chv7sfxb03nut8tg9lmhmga&monsterId=i3gwwqx HTTP/1.1" 200 2745 "https://games.mountyhall.com/" "Mozilla/5.0 (Windows NT 10.0; Win64; x64) AppleWebKit/537.36 (KHTML, like Gecko) Chrome/87.0.4280.141 Safari/537.36"
33.164.236.61 - - [22/Jan/2021:07:59:24 +0000] "GET /gogo/json?action=mf331j19fcfriv57h&asker=8e1mzd&name=hxe4n8bf9gdo9htzulv2iwpewbt&monsterId=dnhsts8 HTTP/1.1" 200 93 "https://games.mountyhall.com/" "Mozilla/5.0 (Windows NT 10.0; Win64; x64) AppleWebKit/537.36 (KHTML, like Gecko) Chrome/87.0.4280.141 Safari/537.36"
33.164.236.61 - - [22/Jan/2021:07:59:24 +0000] "GET /gogo/json?action=mf331j19fcfriv57h&asker=8e1mzd&name=7zhki5fyf74z0cu3bq86eg&monsterId=xiudkln HTTP/1.1" 200 2740 "https://games.mountyhall.com/" "Mozilla/5.0 (Windows NT 10.0; Win64; x64) AppleWebKit/537.36 (KHTML, like Gecko) Chrome/87.0.4280.141 Safari/537.36"
33.164.236.61 - - [22/Jan/2021:07:59:24 +0000] "GET /gogo/json?action=mf331j19fcfriv57h&asker=8e1mzd&name=eecbxq2ldwqk6plpmmy1foearltod&monsterId=trfbd9g HTTP/1.1" 200 1859 "https://games.mountyhall.com/" "Mozilla/5.0 (Windows NT 10.0; Win64; x64) AppleWebKit/537.36 (KHTML, like Gecko) Chrome/87.0.4280.141 Safari/537.36"
33.164.236.61 - - [22/Jan/2021:07:59:24 +0000] "GET /gogo/json?action=mf331j19fcfriv57h&asker=8e1mzd&name=msgc6ltcvqalvkoh3iefnw695iq99&monsterId=4t55w0w HTTP/1.1" 200 2767 "https://games.mountyhall.com/" "Mozilla/5.0 (Windows NT 10.0; Win64; x64) AppleWebKit/537.36 (KHTML, like Gecko) Chrome/87.0.4280.141 Safari/537.36"
33.164.236.61 - - [22/Jan/2021:07:59:24 +0000] "GET /gogo/json?action=mf331j19fcfriv57h&asker=8e1mzd&name=7n2tywticgvobn897kp5opy0elltl4ts9pcc4uxl&monsterId=i41x6h8 HTTP/1.1" 200 2764 "https://games.mountyhall.com/" "Mozilla/5.0 (Windows NT 10.0; Win64; x64) AppleWebKit/537.36 (KHTML, like Gecko) Chrome/87.0.4280.141 Safari/537.36"
33.164.236.61 - - [22/Jan/2021:07:59:24 +0000] "GET /gogo/json?action=mf331j19fcfriv57h&asker=8e1mzd&name=cq321710a49m3sxrj7c49p5fuac3zxe3ksgdr7w0xxrr7dg2c0e&monsterId=5qv3o39 HTTP/1.1" 200 2755 "https://games.mountyhall.com/" "Mozilla/5.0 (Windows NT 10.0; Win64; x64) AppleWebKit/537.36 (KHTML, like Gecko) Chrome/87.0.4280.141 Safari/537.36"
33.164.236.61 - - [22/Jan/2021:07:59:24 +0000] "GET /gogo/json?action=mf331j19fcfriv57h&asker=8e1mzd&name=7n2tywticgvobn897kp5opy0elltl4ts9pcc4uxl&monsterId=i41x6h8 HTTP/1.1" 200 2764 "https://games.mountyhall.com/" "Mozilla/5.0 (Windows NT 10.0; Win64; x64) AppleWebKit/537.36 (KHTML, like Gecko) Chrome/87.0.4280.141 Safari/537.36"
40.205.208.119 - - [22/Jan/2021:07:59:26 +0000] "POST /sciz-webhook HTTP/1.1" 200 0 "-" "python-requests/2.21.0"
40.205.208.119 - - [22/Jan/2021:07:59:26 +0000] "POST /sciz-webhook HTTP/1.1" 200 0 "-" "python-requests/2.21.0"
33.164.236.61 - - [22/Jan/2021:07:59:29 +0000] "GET /gogo/json?action=mf331j19fcfriv57h&asker=8e1mzd&name=msgc6ltcvqalvkoh3iefnw695iq99&monsterId=4t55w0w HTTP/1.1" 200 2767 "https://games.mountyhall.com/" "Mozilla/5.0 (Windows NT 10.0; Win64; x64) AppleWebKit/537.36 (KHTML, like Gecko) Chrome/87.0.4280.141 Safari/537.36"
40.205.208.119 - - [22/Jan/2021:07:59:30 +0000] "POST /sciz-webhook HTTP/1.1" 200 0 "-" "python-requests/2.21.0"
40.205.208.119 - - [22/Jan/2021:07:59:30 +0000] "POST /sciz-webhook HTTP/1.1" 200 0 "-" "python-requests/2.21.0"
40.205.208.119 - - [22/Jan/2021:07:59:36 +0000] "POST /sciz-webhook HTTP/1.1" 200 0 "-" "python-requests/2.21.0"
40.205.208.119 - - [22/Jan/2021:07:59:36 +0000] "POST /sciz-webhook HTTP/1.1" 200 0 "-" "python-requests/2.21.0"
247.58.227.121 - - [22/Jan/2021:07:59:39 +0000] "GET /socket.io/?EIO=y&transport=xkmoyoi&t=cyf8zu4 HTTP/1.1" 200 99 "https://miaou.dystroy.org/1616" "Mozilla/5.0 (Linux; Android 10; Redmi Note 9 Pro) AppleWebKit/537.36 (KHTML, like Gecko) Chrome/87.0.4280.141 Mobile Safari/537.36"
247.58.227.121 - - [22/Jan/2021:07:59:39 +0000] "GET /socket.io/?EIO=y&transport=xkmoyoi&t=qj91xmb&sid=6u9t42lu0nson8lkucze HTTP/1.1" 200 18 "https://miaou.dystroy.org/1616" "Mozilla/5.0 (Linux; Android 10; Redmi Note 9 Pro) AppleWebKit/537.36 (KHTML, like Gecko) Chrome/87.0.4280.141 Mobile Safari/537.36"
247.58.227.121 - - [22/Jan/2021:07:59:39 +0000] "POST /socket.io/?EIO=y&transport=xkmoyoi&t=qoiycpc&sid=6u9t42lu0nson8lkucze HTTP/1.1" 200 2 "https://miaou.dystroy.org/1616" "Mozilla/5.0 (Linux; Android 10; Redmi Note 9 Pro) AppleWebKit/537.36 (KHTML, like Gecko) Chrome/87.0.4280.141 Mobile Safari/537.36"
247.58.227.121 - - [22/Jan/2021:07:59:39 +0000] "GET /socket.io/?EIO=y&transport=xkmoyoi&t=nagfza3&sid=6u9t42lu0nson8lkucze HTTP/1.1" 200 6382 "https://miaou.dystroy.org/1616" "Mozilla/5.0 (Linux; Android 10; Redmi Note 9 Pro) AppleWebKit/537.36 (KHTML, like Gecko) Chrome/87.0.4280.141 Mobile Safari/537.36"
40.205.208.119 - - [22/Jan/2021:07:59:41 +0000] "POST /sciz-webhook HTTP/1.1" 200 0 "-" "python-requests/2.21.0"
40.205.208.119 - - [22/Jan/2021:07:59:41 +0000] "POST /sciz-webhook HTTP/1.1" 200 0 "-" "python-requests/2.21.0"
98.9.27.126 - - [22/Jan/2021:07:59:44 +0000] "GET /json/messages/last?n=a&room=lelv HTTP/1.1" 304 0 "https://miaou.dystroy.org/1556?ti_group" "Mozilla/5.0 (Windows NT 10.0; Win64; x64) AppleWebKit/537.36 (KHTML, like Gecko) Chrome/87.0.4280.141 Safari/537.36"
28.46.53.144 - - [22/Jan/2021:07:59:45 +0000] "GET /json/messages/last?n=a&room=u2yf HTTP/1.1" 304 0 "https://miaou.dystroy.org/1556" "Mozilla/5.0 (Windows NT 6.1; rv:84.0) Gecko/20100101 Firefox/84.0"
98.9.27.126 - - [22/Jan/2021:07:59:45 +0000] "GET /json/messages/last?n=a&room=hutv HTTP/1.1" 304 0 "https://miaou.dystroy.org/1556?ti_group" "Mozilla/5.0 (Windows NT 10.0; Win64; x64) AppleWebKit/537.36 (KHTML, like Gecko) Chrome/87.0.4280.141 Safari/537.36"
98.9.27.126 - - [22/Jan/2021:07:59:45 +0000] "GET /json/messages/last?n=a&room=hutv HTTP/1.1" 304 0 "https://miaou.dystroy.org/1556?ti_group" "Mozilla/5.0 (Windows NT 10.0; Win64; x64) AppleWebKit/537.36 (KHTML, like Gecko) Chrome/87.0.4280.141 Safari/537.36"
40.205.208.119 - - [22/Jan/2021:07:59:50 +0000] "POST /sciz-webhook HTTP/1.1" 200 0 "-" "python-requests/2.21.0"
40.205.208.119 - - [22/Jan/2021:07:59:50 +0000] "POST /sciz-webhook HTTP/1.1" 200 0 "-" "python-requests/2.21.0"
33.164.236.61 - - [22/Jan/2021:07:59:53 +0000] "GET /gogo/json?action=mf331j19fcfriv57h&asker=8e1mzd&name=jfu4jvdwng4gm523l21vhfspafh5qwmc7s8&monsterId=pkivpac HTTP/1.1" 200 2731 "https://games.mountyhall.com/" "Mozilla/5.0 (Windows NT 10.0; Win64; x64) AppleWebKit/537.36 (KHTML, like Gecko) Chrome/87.0.4280.141 Safari/537.36"
33.164.236.61 - - [22/Jan/2021:07:59:55 +0000] "GET /gogo/json?action=mf331j19fcfriv57h&asker=8e1mzd&name=hxe4n8bf9gdo9htzulv2iwpewbt&monsterId=dnhsts8 HTTP/1.1" 200 93 "https://games.mountyhall.com/" "Mozilla/5.0 (Windows NT 10.0; Win64; x64) AppleWebKit/537.36 (KHTML, like Gecko) Chrome/87.0.4280.141 Safari/537.36"
33.164.236.61 - - [22/Jan/2021:07:59:55 +0000] "GET /gogo/json?action=mf331j19fcfriv57h&asker=8e1mzd&name=nhbgwl6h2vtsi1zmr1799zv6chv7sfxb03nut8tg9lmhmga&monsterId=i3gwwqx HTTP/1.1" 200 2745 "https://games.mountyhall.com/" "Mozilla/5.0 (Windows NT 10.0; Win64; x64) AppleWebKit/537.36 (KHTML, like Gecko) Chrome/87.0.4280.141 Safari/537.36"
33.164.236.61 - - [22/Jan/2021:07:59:55 +0000] "GET /gogo/json?action=mf331j19fcfriv57h&asker=8e1mzd&name=hxe4n8bf9gdo9htzulv2iwpewbt&monsterId=dnhsts8 HTTP/1.1" 200 93 "https://games.mountyhall.com/" "Mozilla/5.0 (Windows NT 10.0; Win64; x64) AppleWebKit/537.36 (KHTML, like Gecko) Chrome/87.0.4280.141 Safari/537.36"
33.164.236.61 - - [22/Jan/2021:07:59:55 +0000] "GET /gogo/json?action=mf331j19fcfriv57h&asker=8e1mzd&name=eecbxq2ldwqk6plpmmy1foearltod&monsterId=trfbd9g HTTP/1.1" 200 1859 "https://games.mountyhall.com/" "Mozilla/5.0 (Windows NT 10.0; Win64; x64) AppleWebKit/537.36 (KHTML, like Gecko) Chrome/87.0.4280.141 Safari/537.36"
33.164.236.61 - - [22/Jan/2021:07:59:55 +0000] "GET /gogo/json?action=mf331j19fcfriv57h&asker=8e1mzd&name=7n2tywticgvobn897kp5opy0elltl4ts9pcc4uxl&monsterId=i41x6h8 HTTP/1.1" 200 2764 "https://games.mountyhall.com/" "Mozilla/5.0 (Windows NT 10.0; Win64; x64) AppleWebKit/537.36 (KHTML, like Gecko) Chrome/87.0.4280.141 Safari/537.36"
33.164.236.61 - - [22/Jan/2021:07:59:55 +0000] "GET /gogo/json?action=mf331j19fcfriv57h&asker=8e1mzd&name=cq321710a49m3sxrj7c49p5fuac3zxe3ksgdr7w0xxrr7dg2c0e&monsterId=5qv3o39 HTTP/1.1" 200 2755 "https://games.mountyhall.com/" "Mozilla/5.0 (Windows NT 10.0; Win64; x64) AppleWebKit/537.36 (KHTML, like Gecko) Chrome/87.0.4280.141 Safari/537.36"
33.164.236.61 - - [22/Jan/2021:07:59:56 +0000] "GET /gogo/json?action=mf331j19fcfriv57h&asker=8e1mzd&name=hyhxyyjco6skgo8c43r2dgqo5kz0f&monsterId=y5bptfe HTTP/1.1" 200 1419 "https://games.mountyhall.com/" "Mozilla/5.0 (Windows NT 10.0; Win64; x64) AppleWebKit/537.36 (KHTML, like Gecko) Chrome/87.0.4280.141 Safari/537.36"
33.164.236.61 - - [22/Jan/2021:08:00:00 +0000] "GET /gogo/json?action=bgc6r5eeshp5nu&asker=8e1mzd&trollId=a7o0w HTTP/1.1" 200 84 "https://games.mountyhall.com/" "Mozilla/5.0 (Windows NT 10.0; Win64; x64) AppleWebKit/537.36 (KHTML, like Gecko) Chrome/87.0.4280.141 Safari/537.36"
33.164.236.61 - - [22/Jan/2021:08:00:00 +0000] "GET /gogo/json?action=bgc6r5eeshp5nu&asker=8e1mzd&trollId=9kv6z HTTP/1.1" 200 84 "https://games.mountyhall.com/" "Mozilla/5.0 (Windows NT 10.0; Win64; x64) AppleWebKit/537.36 (KHTML, like Gecko) Chrome/87.0.4280.141 Safari/537.36"
40.205.208.119 - - [22/Jan/2021:08:00:01 +0000] "POST /sciz-webhook HTTP/1.1" 200 0 "-" "python-requests/2.21.0"
40.205.208.119 - - [22/Jan/2021:08:00:01 +0000] "POST /sciz-webhook HTTP/1.1" 200 0 "-" "python-requests/2.21.0"
33.164.236.61 - - [22/Jan/2021:08:00:03 +0000] "GET /gogo/json?action=mf331j19fcfriv57h&asker=8e1mzd&name=zduyf95t1p0n8erj6wtntl6ut8d0nfwg&monsterId=sk3n213 HTTP/1.1" 200 2746 "https://games.mountyhall.com/" "Mozilla/5.0 (Windows NT 10.0; Win64; x64) AppleWebKit/537.36 (KHTML, like Gecko) Chrome/87.0.4280.141 Safari/537.36"
33.164.236.61 - - [22/Jan/2021:08:00:03 +0000] "GET /gogo/json?action=mf331j19fcfriv57h&asker=8e1mzd&name=hyhxyyjco6skgo8c43r2dgqo5kz0f&monsterId=y5bptfe HTTP/1.1" 200 1419 "https://games.mountyhall.com/" "Mozilla/5.0 (Windows NT 10.0; Win64; x64) AppleWebKit/537.36 (KHTML, like Gecko) Chrome/87.0.4280.141 Safari/537.36"
33.164.236.61 - - [22/Jan/2021:08:00:03 +0000] "GET /gogo/json?action=mf331j19fcfriv57h&asker=8e1mzd&name=cq321710a49m3sxrj7c49p5fuac3zxe3ksgdr7w0xxrr7dg2c0e&monsterId=5qv3o39 HTTP/1.1" 200 2755 "https://games.mountyhall.com/" "Mozilla/5.0 (Windows NT 10.0; Win64; x64) AppleWebKit/537.36 (KHTML, like Gecko) Chrome/87.0.4280.141 Safari/537.36"
33.164.236.61 - - [22/Jan/2021:08:00:03 +0000] "GET /gogo/json?action=mf331j19fcfriv57h&asker=8e1mzd&name=msgc6ltcvqalvkoh3iefnw695iq99&monsterId=4t55w0w HTTP/1.1" 200 2767 "https://games.mountyhall.com/" "Mozilla/5.0 (Windows NT 10.0; Win64; x64) AppleWebKit/537.36 (KHTML, like Gecko) Chrome/87.0.4280.141 Safari/537.36"
33.164.236.61 - - [22/Jan/2021:08:00:03 +0000] "GET /gogo/json?action=mf331j19fcfriv57h&asker=8e1mzd&name=eecbxq2ldwqk6plpmmy1foearltod&monsterId=trfbd9g HTTP/1.1" 200 1859 "https://games.mountyhall.com/" "Mozilla/5.0 (Windows NT 10.0; Win64; x64) AppleWebKit/537.36 (KHTML, like Gecko) Chrome/87.0.4280.141 Safari/537.36"
33.164.236.61 - - [22/Jan/2021:08:00:03 +0000] "GET /gogo/json?action=mf331j19fcfriv57h&asker=8e1mzd&name=nhbgwl6h2vtsi1zmr1799zv6chv7sfxb03nut8tg9lmhmga&monsterId=i3gwwqx HTTP/1.1" 200 2745 "https://games.mountyhall.com/" "Mozilla/5.0 (Windows NT 10.0; Win64; x64) AppleWebKit/537.36 (KHTML, like Gecko) Chrome/87.0.4280.141 Safari/537.36"
33.164.236.61 - - [22/Jan/2021:08:00:04 +0000] "GET /gogo/json?action=mf331j19fcfriv57h&asker=8e1mzd&name=u13obeevqf28qit9ryqhtov9sjydeto0tk9l7ot9yp5&monsterId=faiq68k HTTP/1.1" 200 2737 "https://games.mountyhall.com/" "Mozilla/5.0 (Windows NT 10.0; Win64; x64) AppleWebKit/537.36 (KHTML, like Gecko) Chrome/87.0.4280.141 Safari/537.36"
33.164.236.61 - - [22/Jan/2021:08:00:04 +0000] "GET /gogo/json?action=mf331j19fcfriv57h&asker=8e1mzd&name=nhbgwl6h2vtsi1zmr1799zv6chv7sfxb03nut8tg9lmhmga&monsterId=i3gwwqx HTTP/1.1" 200 2745 "https://games.mountyhall.com/" "Mozilla/5.0 (Windows NT 10.0; Win64; x64) AppleWebKit/537.36 (KHTML, like Gecko) Chrome/87.0.4280.141 Safari/537.36"
33.164.236.61 - - [22/Jan/2021:08:00:04 +0000] "GET /gogo/json?action=mf331j19fcfriv57h&asker=8e1mzd&name=u13obeevqf28qit9ryqhtov9sjydeto0tk9l7ot9yp5&monsterId=faiq68k HTTP/1.1" 200 2737 "https://games.mountyhall.com/" "Mozilla/5.0 (Windows NT 10.0; Win64; x64) AppleWebKit/537.36 (KHTML, like Gecko) Chrome/87.0.4280.141 Safari/537.36"
33.164.236.61 - - [22/Jan/2021:08:00:04 +0000] "GET /gogo/json?action=mf331j19fcfriv57h&asker=8e1mzd&name=hct8i1bhck7uqszjchgnfzc30u42s3&monsterId=tzidn9t HTTP/1.1" 200 2756 "https://games.mountyhall.com/" "Mozilla/5.0 (Windows NT 10.0; Win64; x64) AppleWebKit/537.36 (KHTML, like Gecko) Chrome/87.0.4280.141 Safari/537.36"
33.164.236.61 - - [22/Jan/2021:08:00:04 +0000] "GET /gogo/json?action=bgc6r5eeshp5nu&asker=8e1mzd&trollId=bx1h8 HTTP/1.1" 200 84 "https://games.mountyhall.com/" "Mozilla/5.0 (Windows NT 10.0; Win64; x64) AppleWebKit/537.36 (KHTML, like Gecko) Chrome/87.0.4280.141 Safari/537.36"
33.164.236.61 - - [22/Jan/2021:08:00:04 +0000] "GET /gogo/json?action=bgc6r5eeshp5nu&asker=8e1mzd&trollId=r3c6p HTTP/1.1" 200 84 "https://games.mountyhall.com/" "Mozilla/5.0 (Windows NT 10.0; Win64; x64) AppleWebKit/537.36 (KHTML, like Gecko) Chrome/87.0.4280.141 Safari/537.36"
33.164.236.61 - - [22/Jan/2021:08:00:05 +0000] "GET /gogo/json?action=bgc6r5eeshp5nu&asker=8e1mzd&trollId=9kv6z HTTP/1.1" 200 84 "https://games.mountyhall.com/" "Mozilla/5.0 (Windows NT 10.0; Win64; x64) AppleWebKit/537.36 (KHTML, like Gecko) Chrome/87.0.4280.141 Safari/537.36"
33.164.236.61 - - [22/Jan/2021:08:00:05 +0000] "GET /gogo/json?action=bgc6r5eeshp5nu&asker=8e1mzd&trollId=g2yb7 HTTP/1.1" 200 84 "https://games.mountyhall.com/" "Mozilla/5.0 (Windows NT 10.0; Win64; x64) AppleWebKit/537.36 (KHTML, like Gecko) Chrome/87.0.4280.141 Safari/537.36"
33.164.236.61 - - [22/Jan/2021:08:00:05 +0000] "GET /gogo/json?action=bgc6r5eeshp5nu&asker=8e1mzd&trollId=a7o0w HTTP/1.1" 200 84 "https://games.mountyhall.com/" "Mozilla/5.0 (Windows NT 10.0; Win64; x64) AppleWebKit/537.36 (KHTML, like Gecko) Chrome/87.0.4280.141 Safari/537.36"
110.98.50.150 - - [22/Jan/2021:08:00:07 +0000] "GET /publicProfile?user=nwy&room=iayh HTTP/1.1" 304 0 "https://miaou.dystroy.org/1556" "Mozilla/5.0 (Windows NT 10.0; Win64; x64) AppleWebKit/537.36 (KHTML, like Gecko) Chrome/87.0.4280.141 Safari/537.36"
33.164.236.61 - - [22/Jan/2021:08:00:08 +0000] "GET /gogo/json?action=mf331j19fcfriv57h&asker=8e1mzd&name=nhbgwl6h2vtsi1zmr1799zv6chv7sfxb03nut8tg9lmhmga&monsterId=i3gwwqx HTTP/1.1" 200 2745 "https://games.mountyhall.com/" "Mozilla/5.0 (Windows NT 10.0; Win64; x64) AppleWebKit/537.36 (KHTML, like Gecko) Chrome/87.0.4280.141 Safari/537.36"
110.98.50.150 - - [22/Jan/2021:08:00:09 +0000] "GET /json/external-link-preview?url=g5x7lygc8y8ixvmt8bzzk4m3hsgtfgkqucq89a2lbxqyx0l1bvss2ak7qy35zawx HTTP/1.1" 200 260 "https://miaou.dystroy.org/1556" "Mozilla/5.0 (Windows NT 10.0; Win64; x64) AppleWebKit/537.36 (KHTML, like Gecko) Chrome/87.0.4280.141 Safari/537.36"
110.98.50.150 - - [22/Jan/2021:08:00:12 +0000] "GET /publicProfile?user=8xf&room=iayh HTTP/1.1" 304 0 "https://miaou.dystroy.org/1556" "Mozilla/5.0 (Windows NT 10.0; Win64; x64) AppleWebKit/537.36 (KHTML, like Gecko) Chrome/87.0.4280.141 Safari/537.36"
247.58.227.121 - - [22/Jan/2021:08:00:13 +0000] "GET /socket.io/?EIO=y&transport=c0qucvma5&sid=6u9t42lu0nson8lkucze HTTP/1.1" 101 4478 "-" "Mozilla/5.0 (Linux; Android 10; Redmi Note 9 Pro) AppleWebKit/537.36 (KHTML, like Gecko) Chrome/87.0.4280.141 Mobile Safari/537.36"
247.58.227.121 - - [22/Jan/2021:08:00:15 +0000] "GET /socket.io/?EIO=y&transport=xkmoyoi&t=j1svd5t HTTP/1.1" 200 99 "https://miaou.dystroy.org/1616" "Mozilla/5.0 (Linux; Android 10; Redmi Note 9 Pro) AppleWebKit/537.36 (KHTML, like Gecko) Chrome/87.0.4280.141 Mobile Safari/537.36"
247.58.227.121 - - [22/Jan/2021:08:00:15 +0000] "GET /socket.io/?EIO=y&transport=xkmoyoi&t=8blvpac&sid=h6a4anya9mri0sk64krb HTTP/1.1" 200 18 "https://miaou.dystroy.org/1616" "Mozilla/5.0 (Linux; Android 10; Redmi Note 9 Pro) AppleWebKit/537.36 (KHTML, like Gecko) Chrome/87.0.4280.141 Mobile Safari/537.36"
247.58.227.121 - - [22/Jan/2021:08:00:15 +0000] "POST /socket.io/?EIO=y&transport=xkmoyoi&t=9jj5xkp&sid=h6a4anya9mri0sk64krb HTTP/1.1" 200 2 "https://miaou.dystroy.org/1616" "Mozilla/5.0 (Linux; Android 10; Redmi Note 9 Pro) AppleWebKit/537.36 (KHTML, like Gecko) Chrome/87.0.4280.141 Mobile Safari/537.36"
