61e3:f08:a7f:95e8:1cba:8117:79f:1a6f - - [22/Jan/2021:08:08:52 +0000] "GET /gogo/json?action=mf331j19fcfriv57h&asker=avy242&name=0qupi47ro502xbz7lhpwvl2fgekuz71lued81&monsterId=nkl93wm HTTP/1.1" 200 2460 "https://games.mountyhall.com/" "Mozilla/5.0 (Windows NT 10.0; Win64; x64) AppleWebKit/537.36 (KHTML, like Gecko) Chrome/87.0.4280.141 Safari/537.36"
61e3:f08:a7f:95e8:1cba:8117:79f:1a6f - - [22/Jan/2021:08:08:52 +0000] "GET /gogo/json?action=mf331j19fcfriv57h&asker=avy242&name=8tz1jofeix2phuagybougvjxbab1e5p27gl6aco1rk3&monsterId=qtid1h0 HTTP/1.1" 200 2374 "https://games.mountyhall.com/" "Mozilla/5.0 (Windows NT 10.0; Win64; x64) AppleWebKit/537.36 (KHTML, like Gecko) Chrome/87.0.4280.141 Safari/537.36"
231.91.228.157 - - [22/Jan/2021:08:08:57 +0000] "GET / HTTP/1.1" 302 106 "https://dystroy.org/miaou/user/274" "Mozilla/5.0 (X11; Ubuntu; Linux x86_64; rv:84.0) Gecko/20100101 Firefox/84.0"
231.91.228.157 - - [22/Jan/2021:08:08:57 +0000] "GET /login HTTP/1.1" 200 714 "https://dystroy.org/miaou/user/274" "Mozilla/5.0 (X11; Ubuntu; Linux x86_64; rv:84.0) Gecko/20100101 Firefox/84.0"
52.192.19.21 - - [22/Jan/2021:08:09:31 +0000] "GET /2603 HTTP/1.1" 200 4759 "https://miaou.dystroy.org/3913?Pen-Hiss_Rouletabille" "Mozilla/5.0 (Linux; Android 8.0.0; F5321) AppleWebKit/537.36 (KHTML, like Gecko) Chrome/87.0.4280.101 Mobile Safari/537.36"
52.192.19.21 - - [22/Jan/2021:08:09:31 +0000] "GET /socket.io/?EIO=y&transport=c0qucvma5&sid=oy82n1bcj1qq1rz5jwh3 HTTP/1.1" 101 1559 "-" "Mozilla/5.0 (Linux; Android 8.0.0; F5321) AppleWebKit/537.36 (KHTML, like Gecko) Chrome/87.0.4280.101 Mobile Safari/537.36"
52.192.19.21 - - [22/Jan/2021:08:09:31 +0000] "GET /socket.io/socket.io.js HTTP/1.1" 304 0 "https://miaou.dystroy.org/2603" "Mozilla/5.0 (Linux; Android 8.0.0; F5321) AppleWebKit/537.36 (KHTML, like Gecko) Chrome/87.0.4280.101 Mobile Safari/537.36"
52.192.19.21 - - [22/Jan/2021:08:09:31 +0000] "GET /socket.io/?EIO=y&transport=xkmoyoi&t=3kkv5r7 HTTP/1.1" 200 99 "https://miaou.dystroy.org/2603" "Mozilla/5.0 (Linux; Android 8.0.0; F5321) AppleWebKit/537.36 (KHTML, like Gecko) Chrome/87.0.4280.101 Mobile Safari/537.36"
52.192.19.21 - - [22/Jan/2021:08:09:32 +0000] "GET /socket.io/?EIO=y&transport=xkmoyoi&t=82zbp3h&sid=wsk48eqnd7x2klrkr8ql HTTP/1.1" 200 18 "https://miaou.dystroy.org/2603" "Mozilla/5.0 (Linux; Android 8.0.0; F5321) AppleWebKit/537.36 (KHTML, like Gecko) Chrome/87.0.4280.101 Mobile Safari/537.36"
52.192.19.21 - - [22/Jan/2021:08:09:32 +0000] "POST /socket.io/?EIO=y&transport=xkmoyoi&t=6rz20p9&sid=wsk48eqnd7x2klrkr8ql HTTP/1.1" 200 2 "https://miaou.dystroy.org/2603" "Mozilla/5.0 (Linux; Android 8.0.0; F5321) AppleWebKit/537.36 (KHTML, like Gecko) Chrome/87.0.4280.101 Mobile Safari/537.36"
52.192.19.21 - - [22/Jan/2021:08:09:32 +0000] "GET /socket.io/?EIO=y&transport=xkmoyoi&t=i113io6&sid=wsk48eqnd7x2klrkr8ql HTTP/1.1" 200 34 "https://miaou.dystroy.org/2603" "Mozilla/5.0 (Linux; Android 8.0.0; F5321) AppleWebKit/537.36 (KHTML, like Gecko) Chrome/87.0.4280.101 Mobile Safari/537.36"
52.192.19.21 - - [22/Jan/2021:08:09:32 +0000] "GET /socket.io/?EIO=y&transport=xkmoyoi&t=zn5k3tv&sid=wsk48eqnd7x2klrkr8ql HTTP/1.1" 200 6819 "https://miaou.dystroy.org/2603" "Mozilla/5.0 (Linux; Android 8.0.0; F5321) AppleWebKit/537.36 (KHTML, like Gecko) Chrome/87.0.4280.101 Mobile Safari/537.36"
52.192.19.21 - - [22/Jan/2021:08:09:32 +0000] "GET /file-host/2a8ae23baad376eef6faf004.png HTTP/1.1" 200 8054 "https://miaou.dystroy.org/2603" "Mozilla/5.0 (Linux; Android 8.0.0; F5321) AppleWebKit/537.36 (KHTML, like Gecko) Chrome/87.0.4280.101 Mobile Safari/537.36"
52.192.19.21 - - [22/Jan/2021:08:09:35 +0000] "GET /sw.js?v=jq HTTP/1.1" 304 0 "https://miaou.dystroy.org/sw.js?v=33" "Mozilla/5.0 (Linux; Android 8.0.0; F5321) AppleWebKit/537.36 (KHTML, like Gecko) Chrome/87.0.4280.101 Mobile Safari/537.36"
52.192.19.21 - - [22/Jan/2021:08:09:38 +0000] "GET /58 HTTP/1.1" 304 0 "https://miaou.dystroy.org/2603" "Mozilla/5.0 (Linux; Android 8.0.0; F5321) AppleWebKit/537.36 (KHTML, like Gecko) Chrome/87.0.4280.101 Mobile Safari/537.36"
52.192.19.21 - - [22/Jan/2021:08:09:38 +0000] "GET /socket.io/?EIO=y&transport=c0qucvma5&sid=wsk48eqnd7x2klrkr8ql HTTP/1.1" 101 1308 "-" "Mozilla/5.0 (Linux; Android 8.0.0; F5321) AppleWebKit/537.36 (KHTML, like Gecko) Chrome/87.0.4280.101 Mobile Safari/537.36"
52.192.19.21 - - [22/Jan/2021:08:09:39 +0000] "GET /socket.io/socket.io.js HTTP/1.1" 304 0 "https://miaou.dystroy.org/58" "Mozilla/5.0 (Linux; Android 8.0.0; F5321) AppleWebKit/537.36 (KHTML, like Gecko) Chrome/87.0.4280.101 Mobile Safari/537.36"
52.192.19.21 - - [22/Jan/2021:08:09:39 +0000] "GET /socket.io/?EIO=y&transport=xkmoyoi&t=56rr9lr HTTP/1.1" 200 99 "https://miaou.dystroy.org/58" "Mozilla/5.0 (Linux; Android 8.0.0; F5321) AppleWebKit/537.36 (KHTML, like Gecko) Chrome/87.0.4280.101 Mobile Safari/537.36"
52.192.19.21 - - [22/Jan/2021:08:09:39 +0000] "GET /socket.io/?EIO=y&transport=xkmoyoi&t=wn63jz2&sid=qwgrw053xdyve7mmysh2 HTTP/1.1" 200 18 "https://miaou.dystroy.org/58" "Mozilla/5.0 (Linux; Android 8.0.0; F5321) AppleWebKit/537.36 (KHTML, like Gecko) Chrome/87.0.4280.101 Mobile Safari/537.36"
52.192.19.21 - - [22/Jan/2021:08:09:40 +0000] "POST /socket.io/?EIO=y&transport=xkmoyoi&t=2yr6lpc&sid=qwgrw053xdyve7mmysh2 HTTP/1.1" 200 2 "https://miaou.dystroy.org/58" "Mozilla/5.0 (Linux; Android 8.0.0; F5321) AppleWebKit/537.36 (KHTML, like Gecko) Chrome/87.0.4280.101 Mobile Safari/537.36"
52.192.19.21 - - [22/Jan/2021:08:09:40 +0000] "GET /socket.io/?EIO=y&transport=xkmoyoi&t=06vq2p4&sid=qwgrw053xdyve7mmysh2 HTTP/1.1" 200 34 "https://miaou.dystroy.org/58" "Mozilla/5.0 (Linux; Android 8.0.0; F5321) AppleWebKit/537.36 (KHTML, like Gecko) Chrome/87.0.4280.101 Mobile Safari/537.36"
52.192.19.21 - - [22/Jan/2021:08:09:40 +0000] "GET /socket.io/?EIO=y&transport=xkmoyoi&t=hccskdv&sid=qwgrw053xdyve7mmysh2 HTTP/1.1" 200 6329 "https://miaou.dystroy.org/58" "Mozilla/5.0 (Linux; Android 8.0.0; F5321) AppleWebKit/537.36 (KHTML, like Gecko) Chrome/87.0.4280.101 Mobile Safari/537.36"
52.192.19.21 - - [22/Jan/2021:08:09:42 +0000] "GET /sw.js?v=jq HTTP/1.1" 304 0 "https://miaou.dystroy.org/sw.js?v=33" "Mozilla/5.0 (Linux; Android 8.0.0; F5321) AppleWebKit/537.36 (KHTML, like Gecko) Chrome/87.0.4280.101 Mobile Safari/537.36"
718a:47b:fb6:384a:cdc3:abef:afd9:5d62 - - [22/Jan/2021:08:09:45 +0000] "GET /json/messages/last?n=a&room=v71d HTTP/1.1" 200 1042 "https://miaou.dystroy.org/3728" "Mozilla/5.0 (Windows NT 10.0; Win64; x64; rv:84.0) Gecko/20100101 Firefox/84.0"
718a:47b:fb6:384a:cdc3:abef:afd9:5d62 - - [22/Jan/2021:08:09:46 +0000] "GET /json/messages/last?n=a&room=a2fv HTTP/1.1" 304 0 "https://miaou.dystroy.org/3728" "Mozilla/5.0 (Windows NT 10.0; Win64; x64; rv:84.0) Gecko/20100101 Firefox/84.0"
718a:47b:fb6:384a:cdc3:abef:afd9:5d62 - - [22/Jan/2021:08:09:46 +0000] "GET /json/messages/last?n=a&room=10ua HTTP/1.1" 304 0 "https://miaou.dystroy.org/3728" "Mozilla/5.0 (Windows NT 10.0; Win64; x64; rv:84.0) Gecko/20100101 Firefox/84.0"
718a:47b:fb6:384a:cdc3:abef:afd9:5d62 - - [22/Jan/2021:08:09:46 +0000] "GET /json/messages/last?n=a&room=ans HTTP/1.1" 200 1723 "https://miaou.dystroy.org/3728" "Mozilla/5.0 (Windows NT 10.0; Win64; x64; rv:84.0) Gecko/20100101 Firefox/84.0"
718a:47b:fb6:384a:cdc3:abef:afd9:5d62 - - [22/Jan/2021:08:09:46 +0000] "GET /json/messages/last?n=a&room=2cmu HTTP/1.1" 304 0 "https://miaou.dystroy.org/3728" "Mozilla/5.0 (Windows NT 10.0; Win64; x64; rv:84.0) Gecko/20100101 Firefox/84.0"
718a:47b:fb6:384a:cdc3:abef:afd9:5d62 - - [22/Jan/2021:08:09:46 +0000] "GET /json/messages/last?n=a&room=eil0 HTTP/1.1" 304 0 "https://miaou.dystroy.org/3728" "Mozilla/5.0 (Windows NT 10.0; Win64; x64; rv:84.0) Gecko/20100101 Firefox/84.0"
718a:47b:fb6:384a:cdc3:abef:afd9:5d62 - - [22/Jan/2021:08:09:46 +0000] "GET /json/messages/last?n=a&room=eil0 HTTP/1.1" 304 0 "https://miaou.dystroy.org/3728" "Mozilla/5.0 (Windows NT 10.0; Win64; x64; rv:84.0) Gecko/20100101 Firefox/84.0"
718a:47b:fb6:384a:cdc3:abef:afd9:5d62 - - [22/Jan/2021:08:09:46 +0000] "GET /json/messages/last?n=a&room=70ka HTTP/1.1" 304 0 "https://miaou.dystroy.org/3728" "Mozilla/5.0 (Windows NT 10.0; Win64; x64; rv:84.0) Gecko/20100101 Firefox/84.0"
718a:47b:fb6:384a:cdc3:abef:afd9:5d62 - - [22/Jan/2021:08:09:46 +0000] "GET /json/messages/last?n=a&room=n6yp HTTP/1.1" 304 0 "https://miaou.dystroy.org/3728" "Mozilla/5.0 (Windows NT 10.0; Win64; x64; rv:84.0) Gecko/20100101 Firefox/84.0"
718a:47b:fb6:384a:cdc3:abef:afd9:5d62 - - [22/Jan/2021:08:09:47 +0000] "GET /json/messages/last?n=a&room=03ee HTTP/1.1" 304 0 "https://miaou.dystroy.org/3728" "Mozilla/5.0 (Windows NT 10.0; Win64; x64; rv:84.0) Gecko/20100101 Firefox/84.0"
718a:47b:fb6:384a:cdc3:abef:afd9:5d62 - - [22/Jan/2021:08:09:47 +0000] "GET /json/messages/last?n=a&room=rfm HTTP/1.1" 304 0 "https://miaou.dystroy.org/3728" "Mozilla/5.0 (Windows NT 10.0; Win64; x64; rv:84.0) Gecko/20100101 Firefox/84.0"
718a:47b:fb6:384a:cdc3:abef:afd9:5d62 - - [22/Jan/2021:08:09:47 +0000] "GET /json/messages/last?n=a&room=cngp HTTP/1.1" 200 1191 "https://miaou.dystroy.org/3728" "Mozilla/5.0 (Windows NT 10.0; Win64; x64; rv:84.0) Gecko/20100101 Firefox/84.0"
e4ac:ab4:e14:aa56:6163:9683:54af:1216 - - [22/Jan/2021:08:09:50 +0000] "GET /2493 HTTP/1.1" 304 0 "-" "Mozilla/5.0 (Windows NT 6.3; Win64; x64) AppleWebKit/537.36 (KHTML, like Gecko) Chrome/87.0.4280.141 Safari/537.36"
e4ac:ab4:e14:aa56:6163:9683:54af:1216 - - [22/Jan/2021:08:09:50 +0000] "GET /socket.io/socket.io.js HTTP/1.1" 304 0 "https://miaou.dystroy.org/2493" "Mozilla/5.0 (Windows NT 6.3; Win64; x64) AppleWebKit/537.36 (KHTML, like Gecko) Chrome/87.0.4280.141 Safari/537.36"
718a:47b:fb6:384a:cdc3:abef:afd9:5d62 - - [22/Jan/2021:08:09:50 +0000] "GET /json/messages/last?n=a&room=mpsn HTTP/1.1" 304 0 "https://miaou.dystroy.org/3728" "Mozilla/5.0 (Windows NT 10.0; Win64; x64; rv:84.0) Gecko/20100101 Firefox/84.0"
718a:47b:fb6:384a:cdc3:abef:afd9:5d62 - - [22/Jan/2021:08:09:50 +0000] "GET /json/messages/last?n=a&room=mte5 HTTP/1.1" 304 0 "https://miaou.dystroy.org/3728" "Mozilla/5.0 (Windows NT 10.0; Win64; x64; rv:84.0) Gecko/20100101 Firefox/84.0"
e4ac:ab4:e14:aa56:6163:9683:54af:1216 - - [22/Jan/2021:08:09:50 +0000] "GET /socket.io/?EIO=y&transport=xkmoyoi&t=opu390o HTTP/1.1" 200 99 "https://miaou.dystroy.org/2493" "Mozilla/5.0 (Windows NT 6.3; Win64; x64) AppleWebKit/537.36 (KHTML, like Gecko) Chrome/87.0.4280.141 Safari/537.36"
718a:47b:fb6:384a:cdc3:abef:afd9:5d62 - - [22/Jan/2021:08:09:51 +0000] "GET /json/messages/last?n=a&room=xuz8 HTTP/1.1" 200 1546 "https://miaou.dystroy.org/3728" "Mozilla/5.0 (Windows NT 10.0; Win64; x64; rv:84.0) Gecko/20100101 Firefox/84.0"
e4ac:ab4:e14:aa56:6163:9683:54af:1216 - - [22/Jan/2021:08:09:51 +0000] "GET /socket.io/?EIO=y&transport=xkmoyoi&t=wnxezd7&sid=hctk9ecl687iq51hyijo HTTP/1.1" 200 18 "https://miaou.dystroy.org/2493" "Mozilla/5.0 (Windows NT 6.3; Win64; x64) AppleWebKit/537.36 (KHTML, like Gecko) Chrome/87.0.4280.141 Safari/537.36"
e4ac:ab4:e14:aa56:6163:9683:54af:1216 - - [22/Jan/2021:08:09:51 +0000] "POST /socket.io/?EIO=y&transport=xkmoyoi&t=wtoh76w&sid=hctk9ecl687iq51hyijo HTTP/1.1" 200 2 "https://miaou.dystroy.org/2493" "Mozilla/5.0 (Windows NT 6.3; Win64; x64) AppleWebKit/537.36 (KHTML, like Gecko) Chrome/87.0.4280.141 Safari/537.36"
e4ac:ab4:e14:aa56:6163:9683:54af:1216 - - [22/Jan/2021:08:09:51 +0000] "GET /socket.io/?EIO=y&transport=xkmoyoi&t=kkh4ahm&sid=hctk9ecl687iq51hyijo HTTP/1.1" 200 34 "https://miaou.dystroy.org/2493" "Mozilla/5.0 (Windows NT 6.3; Win64; x64) AppleWebKit/537.36 (KHTML, like Gecko) Chrome/87.0.4280.141 Safari/537.36"
718a:47b:fb6:384a:cdc3:abef:afd9:5d62 - - [22/Jan/2021:08:09:51 +0000] "GET /json/messages/last?n=a&room=wlpv HTTP/1.1" 200 1107 "https://miaou.dystroy.org/3728" "Mozilla/5.0 (Windows NT 10.0; Win64; x64; rv:84.0) Gecko/20100101 Firefox/84.0"
718a:47b:fb6:384a:cdc3:abef:afd9:5d62 - - [22/Jan/2021:08:09:51 +0000] "GET /json/messages/last?n=a&room=iumb HTTP/1.1" 200 1468 "https://miaou.dystroy.org/3728" "Mozilla/5.0 (Windows NT 10.0; Win64; x64; rv:84.0) Gecko/20100101 Firefox/84.0"
718a:47b:fb6:384a:cdc3:abef:afd9:5d62 - - [22/Jan/2021:08:09:51 +0000] "GET /json/messages/last?n=a&room=4dku HTTP/1.1" 200 1382 "https://miaou.dystroy.org/3728" "Mozilla/5.0 (Windows NT 10.0; Win64; x64; rv:84.0) Gecko/20100101 Firefox/84.0"
718a:47b:fb6:384a:cdc3:abef:afd9:5d62 - - [22/Jan/2021:08:09:51 +0000] "GET /json/messages/last?n=a&room=cngp HTTP/1.1" 304 0 "https://miaou.dystroy.org/3728" "Mozilla/5.0 (Windows NT 10.0; Win64; x64; rv:84.0) Gecko/20100101 Firefox/84.0"
718a:47b:fb6:384a:cdc3:abef:afd9:5d62 - - [22/Jan/2021:08:09:51 +0000] "GET /json/messages/last?n=a&room=03ee HTTP/1.1" 304 0 "https://miaou.dystroy.org/3728" "Mozilla/5.0 (Windows NT 10.0; Win64; x64; rv:84.0) Gecko/20100101 Firefox/84.0"
718a:47b:fb6:384a:cdc3:abef:afd9:5d62 - - [22/Jan/2021:08:09:51 +0000] "GET /json/messages/last?n=a&room=n6yp HTTP/1.1" 304 0 "https://miaou.dystroy.org/3728" "Mozilla/5.0 (Windows NT 10.0; Win64; x64; rv:84.0) Gecko/20100101 Firefox/84.0"
eae5:1700:681b:f453:c960:5c83:b532:67c9 - - [22/Jan/2021:08:09:52 +0000] "GET /json/messages/last?n=a&room=m4r HTTP/1.1" 200 1287 "https://miaou.dystroy.org/2960" "Mozilla/5.0 (Windows NT 10.0; Win64; x64; rv:84.0) Gecko/20100101 Firefox/84.0"
eae5:1700:681b:f453:c960:5c83:b532:67c9 - - [22/Jan/2021:08:09:52 +0000] "GET /json/messages/last?n=a&room=ans HTTP/1.1" 200 1723 "https://miaou.dystroy.org/2960" "Mozilla/5.0 (Windows NT 10.0; Win64; x64; rv:84.0) Gecko/20100101 Firefox/84.0"
eae5:1700:681b:f453:c960:5c83:b532:67c9 - - [22/Jan/2021:08:09:52 +0000] "GET /json/messages/last?n=a&room=ans HTTP/1.1" 304 0 "https://miaou.dystroy.org/2960" "Mozilla/5.0 (Windows NT 10.0; Win64; x64; rv:84.0) Gecko/20100101 Firefox/84.0"
eae5:1700:681b:f453:c960:5c83:b532:67c9 - - [22/Jan/2021:08:09:52 +0000] "GET /json/messages/last?n=a&room=rfm HTTP/1.1" 200 1339 "https://miaou.dystroy.org/2960" "Mozilla/5.0 (Windows NT 10.0; Win64; x64; rv:84.0) Gecko/20100101 Firefox/84.0"
e4ac:ab4:e14:aa56:6163:9683:54af:1216 - - [22/Jan/2021:08:09:53 +0000] "GET /json/messages/last?n=a&room=0afm HTTP/1.1" 200 1307 "https://miaou.dystroy.org/2493" "Mozilla/5.0 (Windows NT 6.3; Win64; x64) AppleWebKit/537.36 (KHTML, like Gecko) Chrome/87.0.4280.141 Safari/537.36"
e4ac:ab4:e14:aa56:6163:9683:54af:1216 - - [22/Jan/2021:08:09:53 +0000] "GET /4098 HTTP/1.1" 200 5966 "https://miaou.dystroy.org/2493" "Mozilla/5.0 (Windows NT 6.3; Win64; x64) AppleWebKit/537.36 (KHTML, like Gecko) Chrome/87.0.4280.141 Safari/537.36"
e4ac:ab4:e14:aa56:6163:9683:54af:1216 - - [22/Jan/2021:08:09:53 +0000] "GET /socket.io/?EIO=y&transport=c0qucvma5&sid=hctk9ecl687iq51hyijo HTTP/1.1" 101 3530 "-" "Mozilla/5.0 (Windows NT 6.3; Win64; x64) AppleWebKit/537.36 (KHTML, like Gecko) Chrome/87.0.4280.141 Safari/537.36"
e4ac:ab4:e14:aa56:6163:9683:54af:1216 - - [22/Jan/2021:08:09:53 +0000] "GET /socket.io/socket.io.js HTTP/1.1" 304 0 "https://miaou.dystroy.org/4098" "Mozilla/5.0 (Windows NT 6.3; Win64; x64) AppleWebKit/537.36 (KHTML, like Gecko) Chrome/87.0.4280.141 Safari/537.36"
e4ac:ab4:e14:aa56:6163:9683:54af:1216 - - [22/Jan/2021:08:09:54 +0000] "GET /socket.io/?EIO=y&transport=xkmoyoi&t=sjdbxvs HTTP/1.1" 200 99 "https://miaou.dystroy.org/4098" "Mozilla/5.0 (Windows NT 6.3; Win64; x64) AppleWebKit/537.36 (KHTML, like Gecko) Chrome/87.0.4280.141 Safari/537.36"
e4ac:ab4:e14:aa56:6163:9683:54af:1216 - - [22/Jan/2021:08:09:54 +0000] "GET /socket.io/?EIO=y&transport=xkmoyoi&t=zp8rid4&sid=wfaa9lvgh483dcoics1a HTTP/1.1" 200 18 "https://miaou.dystroy.org/4098" "Mozilla/5.0 (Windows NT 6.3; Win64; x64) AppleWebKit/537.36 (KHTML, like Gecko) Chrome/87.0.4280.141 Safari/537.36"
e4ac:ab4:e14:aa56:6163:9683:54af:1216 - - [22/Jan/2021:08:09:54 +0000] "POST /socket.io/?EIO=y&transport=xkmoyoi&t=udorxgi&sid=wfaa9lvgh483dcoics1a HTTP/1.1" 200 2 "https://miaou.dystroy.org/4098" "Mozilla/5.0 (Windows NT 6.3; Win64; x64) AppleWebKit/537.36 (KHTML, like Gecko) Chrome/87.0.4280.141 Safari/537.36"
e4ac:ab4:e14:aa56:6163:9683:54af:1216 - - [22/Jan/2021:08:09:54 +0000] "GET /socket.io/?EIO=y&transport=xkmoyoi&t=fnw3kxe&sid=wfaa9lvgh483dcoics1a HTTP/1.1" 200 34 "https://miaou.dystroy.org/4098" "Mozilla/5.0 (Windows NT 6.3; Win64; x64) AppleWebKit/537.36 (KHTML, like Gecko) Chrome/87.0.4280.141 Safari/537.36"
718a:47b:fb6:384a:cdc3:abef:afd9:5d62 - - [22/Jan/2021:08:09:54 +0000] "GET /json/messages/last?n=a&room=v71d HTTP/1.1" 200 1042 "https://miaou.dystroy.org/3728" "Mozilla/5.0 (Windows NT 10.0; Win64; x64; rv:84.0) Gecko/20100101 Firefox/84.0"
e4ac:ab4:e14:aa56:6163:9683:54af:1216 - - [22/Jan/2021:08:09:55 +0000] "GET /json/external-link-preview?url=h6w27432ev81kmqcq9csp7d5x62dvib85mzdyvidsx95vkf2bj66qoddoh845leg1jqr1mibkq7rakbdw HTTP/1.1" 200 295 "https://miaou.dystroy.org/4098" "Mozilla/5.0 (Windows NT 6.3; Win64; x64) AppleWebKit/537.36 (KHTML, like Gecko) Chrome/87.0.4280.141 Safari/537.36"
718a:47b:fb6:384a:cdc3:abef:afd9:5d62 - - [22/Jan/2021:08:09:55 +0000] "GET /socket.io/?EIO=y&transport=c0qucvma5&sid=p4viiu9befiurd69v8k0 HTTP/1.1" 101 12235 "-" "Mozilla/5.0 (Windows NT 10.0; Win64; x64; rv:84.0) Gecko/20100101 Firefox/84.0"
718a:47b:fb6:384a:cdc3:abef:afd9:5d62 - - [22/Jan/2021:08:09:55 +0000] "GET /2363 HTTP/1.1" 200 5509 "https://miaou.dystroy.org/3728" "Mozilla/5.0 (Windows NT 10.0; Win64; x64; rv:84.0) Gecko/20100101 Firefox/84.0"
718a:47b:fb6:384a:cdc3:abef:afd9:5d62 - - [22/Jan/2021:08:09:55 +0000] "GET /socket.io/socket.io.js HTTP/1.1" 304 0 "https://miaou.dystroy.org/2363" "Mozilla/5.0 (Windows NT 10.0; Win64; x64; rv:84.0) Gecko/20100101 Firefox/84.0"
718a:47b:fb6:384a:cdc3:abef:afd9:5d62 - - [22/Jan/2021:08:09:56 +0000] "GET /socket.io/?EIO=y&transport=xkmoyoi&t=lxlchbb HTTP/1.1" 200 99 "https://miaou.dystroy.org/2363" "Mozilla/5.0 (Windows NT 10.0; Win64; x64; rv:84.0) Gecko/20100101 Firefox/84.0"
718a:47b:fb6:384a:cdc3:abef:afd9:5d62 - - [22/Jan/2021:08:09:56 +0000] "GET /socket.io/?EIO=y&transport=xkmoyoi&t=jpec7yn&sid=ak3jxtl6371wobisivds HTTP/1.1" 200 18 "https://miaou.dystroy.org/2363" "Mozilla/5.0 (Windows NT 10.0; Win64; x64; rv:84.0) Gecko/20100101 Firefox/84.0"
718a:47b:fb6:384a:cdc3:abef:afd9:5d62 - - [22/Jan/2021:08:09:56 +0000] "POST /socket.io/?EIO=y&transport=xkmoyoi&t=z9xsnqd&sid=ak3jxtl6371wobisivds HTTP/1.1" 200 2 "https://miaou.dystroy.org/2363" "Mozilla/5.0 (Windows NT 10.0; Win64; x64; rv:84.0) Gecko/20100101 Firefox/84.0"
718a:47b:fb6:384a:cdc3:abef:afd9:5d62 - - [22/Jan/2021:08:09:56 +0000] "GET /socket.io/?EIO=y&transport=xkmoyoi&t=jlngt3a&sid=ak3jxtl6371wobisivds HTTP/1.1" 200 34 "https://miaou.dystroy.org/2363" "Mozilla/5.0 (Windows NT 10.0; Win64; x64; rv:84.0) Gecko/20100101 Firefox/84.0"
718a:47b:fb6:384a:cdc3:abef:afd9:5d62 - - [22/Jan/2021:08:09:56 +0000] "GET /file-host/28154096e48b815c205b726d.png HTTP/1.1" 499 0 "https://miaou.dystroy.org/2363" "Mozilla/5.0 (Windows NT 10.0; Win64; x64; rv:84.0) Gecko/20100101 Firefox/84.0"
40.205.208.119 - - [22/Jan/2021:08:10:17 +0000] "POST /sciz-webhook HTTP/1.1" 200 0 "-" "python-requests/2.21.0"
40.205.208.119 - - [22/Jan/2021:08:10:17 +0000] "POST /sciz-webhook HTTP/1.1" 200 0 "-" "python-requests/2.21.0"
40.205.208.119 - - [22/Jan/2021:08:10:18 +0000] "POST /sciz-webhook HTTP/1.1" 200 0 "-" "python-requests/2.21.0"
40.205.208.119 - - [22/Jan/2021:08:10:21 +0000] "POST /sciz-webhook HTTP/1.1" 200 0 "-" "python-requests/2.21.0"
40.205.208.119 - - [22/Jan/2021:08:10:21 +0000] "POST /sciz-webhook HTTP/1.1" 200 0 "-" "python-requests/2.21.0"
75.232.69.91 - - [22/Jan/2021:08:10:23 +0000] "GET /file-host/f82231e6687f52ff8ca3aca0.png HTTP/1.1" 200 171395 "-" "Slack-ImgProxy (+https://api.slack.com/robots)"
106.185.26.123 - - [22/Jan/2021:08:10:30 +0000] "GET / HTTP/1.1" 301 185 "-" "Mozilla/5.0 (compatible; Baiduspider/2.0; +http://www.baidu.com/search/spider.html)"
197.246.17.188 - - [22/Jan/2021:08:10:31 +0000] "GET / HTTP/1.1" 200 5371 "-" "Mozilla/5.0 (compatible; Baiduspider/2.0; +http://www.baidu.com/search/spider.html)"
61e3:f08:a7f:95e8:1cba:8117:79f:1a6f - - [22/Jan/2021:08:10:33 +0000] "GET /gogo/json?action=mf331j19fcfriv57h&asker=avy242&name=8tz1jofeix2phuagybougvjxbab1e5p27gl6aco1rk3&monsterId=qtid1h0 HTTP/1.1" 200 2374 "https://games.mountyhall.com/" "Mozilla/5.0 (Windows NT 10.0; Win64; x64) AppleWebKit/537.36 (KHTML, like Gecko) Chrome/87.0.4280.141 Safari/537.36"
61e3:f08:a7f:95e8:1cba:8117:79f:1a6f - - [22/Jan/2021:08:10:33 +0000] "GET /gogo/json?action=mf331j19fcfriv57h&asker=avy242&name=0qupi47ro502xbz7lhpwvl2fgekuz71lued81&monsterId=nkl93wm HTTP/1.1" 200 2460 "https://games.mountyhall.com/" "Mozilla/5.0 (Windows NT 10.0; Win64; x64) AppleWebKit/537.36 (KHTML, like Gecko) Chrome/87.0.4280.141 Safari/537.36"
61e3:f08:a7f:95e8:1cba:8117:79f:1a6f - - [22/Jan/2021:08:10:34 +0000] "GET /gogo/json?action=mf331j19fcfriv57h&asker=avy242&name=e92o1gtu2goj5mobiben8gyygcf9wli2xjkser6jdm8xahp&monsterId=44s74we HTTP/1.1" 200 2573 "https://games.mountyhall.com/" "Mozilla/5.0 (Windows NT 10.0; Win64; x64) AppleWebKit/537.36 (KHTML, like Gecko) Chrome/87.0.4280.141 Safari/537.36"
61e3:f08:a7f:95e8:1cba:8117:79f:1a6f - - [22/Jan/2021:08:10:34 +0000] "GET /gogo/json?action=mf331j19fcfriv57h&asker=avy242&name=skicnmwd8gpaf7temijyzn82tb8gdriv7tsdgodvj0nx&monsterId=fnysyir HTTP/1.1" 200 104 "https://games.mountyhall.com/" "Mozilla/5.0 (Windows NT 10.0; Win64; x64) AppleWebKit/537.36 (KHTML, like Gecko) Chrome/87.0.4280.141 Safari/537.36"
61e3:f08:a7f:95e8:1cba:8117:79f:1a6f - - [22/Jan/2021:08:10:36 +0000] "GET /gogo/json?action=7c1uz2f9flrxff&TrollId=avy242&ChrallVersion=9tku HTTP/1.1" 200 65 "https://games.mountyhall.com/" "Mozilla/5.0 (Windows NT 10.0; Win64; x64) AppleWebKit/537.36 (KHTML, like Gecko) Chrome/87.0.4280.141 Safari/537.36"
61e3:f08:a7f:95e8:1cba:8117:79f:1a6f - - [22/Jan/2021:08:10:44 +0000] "GET /gogo/json?action=7c1uz2f9flrxff&TrollId=avy242&ChrallVersion=9tku HTTP/1.1" 200 65 "https://games.mountyhall.com/" "Mozilla/5.0 (Windows NT 10.0; Win64; x64) AppleWebKit/537.36 (KHTML, like Gecko) Chrome/87.0.4280.141 Safari/537.36"
28.46.53.144 - - [22/Jan/2021:08:10:47 +0000] "GET /publicProfile?user=erty&room=42pd HTTP/1.1" 304 0 "https://miaou.dystroy.org/3836" "Mozilla/5.0 (Windows NT 6.1; rv:84.0) Gecko/20100101 Firefox/84.0"
98.9.27.126 - - [22/Jan/2021:08:10:48 +0000] "GET /json/messages/last?n=a&room=ej89 HTTP/1.1" 304 0 "https://miaou.dystroy.org/1556?ti_group" "Mozilla/5.0 (Windows NT 10.0; Win64; x64) AppleWebKit/537.36 (KHTML, like Gecko) Chrome/87.0.4280.141 Safari/537.36"
61e3:f08:a7f:95e8:1cba:8117:79f:1a6f - - [22/Jan/2021:08:10:50 +0000] "GET /gogo/json?action=bgc6r5eeshp5nu&asker=avy242&trollId=gvn69 HTTP/1.1" 200 84 "https://games.mountyhall.com/" "Mozilla/5.0 (Windows NT 10.0; Win64; x64) AppleWebKit/537.36 (KHTML, like Gecko) Chrome/87.0.4280.141 Safari/537.36"
61e3:f08:a7f:95e8:1cba:8117:79f:1a6f - - [22/Jan/2021:08:10:50 +0000] "GET /gogo/json?action=bgc6r5eeshp5nu&asker=avy242&trollId=411w1w HTTP/1.1" 200 85 "https://games.mountyhall.com/" "Mozilla/5.0 (Windows NT 10.0; Win64; x64) AppleWebKit/537.36 (KHTML, like Gecko) Chrome/87.0.4280.141 Safari/537.36"
61e3:f08:a7f:95e8:1cba:8117:79f:1a6f - - [22/Jan/2021:08:10:50 +0000] "GET /gogo/json?action=mf331j19fcfriv57h&asker=avy242&name=rqmxc19vbncoe2iq8lgy8s8of&monsterId=w0xu4qb HTTP/1.1" 200 2453 "https://games.mountyhall.com/" "Mozilla/5.0 (Windows NT 10.0; Win64; x64) AppleWebKit/537.36 (KHTML, like Gecko) Chrome/87.0.4280.141 Safari/537.36"
61e3:f08:a7f:95e8:1cba:8117:79f:1a6f - - [22/Jan/2021:08:10:50 +0000] "GET /gogo/json?action=mf331j19fcfriv57h&asker=avy242&name=f2ebcnky69h67rpkwn10tjjfi&monsterId=nqzaurn HTTP/1.1" 200 2451 "https://games.mountyhall.com/" "Mozilla/5.0 (Windows NT 10.0; Win64; x64) AppleWebKit/537.36 (KHTML, like Gecko) Chrome/87.0.4280.141 Safari/537.36"
61e3:f08:a7f:95e8:1cba:8117:79f:1a6f - - [22/Jan/2021:08:10:50 +0000] "GET /gogo/json?action=mf331j19fcfriv57h&asker=avy242&name=8tz1jofeix2phuagybougvjxbab1e5p27gl6aco1rk3&monsterId=xx8k4rx HTTP/1.1" 200 2374 "https://games.mountyhall.com/" "Mozilla/5.0 (Windows NT 10.0; Win64; x64) AppleWebKit/537.36 (KHTML, like Gecko) Chrome/87.0.4280.141 Safari/537.36"
61e3:f08:a7f:95e8:1cba:8117:79f:1a6f - - [22/Jan/2021:08:10:50 +0000] "GET /gogo/json?action=mf331j19fcfriv57h&asker=avy242&name=8tz1jofeix2phuagybougvjxbab1e5p27gl6aco1rk3&monsterId=qtid1h0 HTTP/1.1" 200 2374 "https://games.mountyhall.com/" "Mozilla/5.0 (Windows NT 10.0; Win64; x64) AppleWebKit/537.36 (KHTML, like Gecko) Chrome/87.0.4280.141 Safari/537.36"
61e3:f08:a7f:95e8:1cba:8117:79f:1a6f - - [22/Jan/2021:08:10:50 +0000] "GET /gogo/json?action=mf331j19fcfriv57h&asker=avy242&name=0qupi47ro502xbz7lhpwvl2fgekuz71lued81&monsterId=nkl93wm HTTP/1.1" 200 2460 "https://games.mountyhall.com/" "Mozilla/5.0 (Windows NT 10.0; Win64; x64) AppleWebKit/537.36 (KHTML, like Gecko) Chrome/87.0.4280.141 Safari/537.36"
61e3:f08:a7f:95e8:1cba:8117:79f:1a6f - - [22/Jan/2021:08:10:50 +0000] "GET /gogo/json?action=mf331j19fcfriv57h&asker=avy242&name=e92o1gtu2goj5mobiben8gyygcf9wli2xjkser6jdm8xahp&monsterId=44s74we HTTP/1.1" 200 2573 "https://games.mountyhall.com/" "Mozilla/5.0 (Windows NT 10.0; Win64; x64) AppleWebKit/537.36 (KHTML, like Gecko) Chrome/87.0.4280.141 Safari/537.36"
61e3:f08:a7f:95e8:1cba:8117:79f:1a6f - - [22/Jan/2021:08:10:51 +0000] "GET /gogo/json?action=mf331j19fcfriv57h&asker=avy242&name=skicnmwd8gpaf7temijyzn82tb8gdriv7tsdgodvj0nx&monsterId=fnysyir HTTP/1.1" 200 104 "https://games.mountyhall.com/" "Mozilla/5.0 (Windows NT 10.0; Win64; x64) AppleWebKit/537.36 (KHTML, like Gecko) Chrome/87.0.4280.141 Safari/537.36"
61e3:f08:a7f:95e8:1cba:8117:79f:1a6f - - [22/Jan/2021:08:10:52 +0000] "GET /gogo/json?action=mf331j19fcfriv57h&asker=avy242&name=e92o1gtu2goj5mobiben8gyygcf9wli2xjkser6jdm8xahp&monsterId=44s74we HTTP/1.1" 200 2573 "https://games.mountyhall.com/" "Mozilla/5.0 (Windows NT 10.0; Win64; x64) AppleWebKit/537.36 (KHTML, like Gecko) Chrome/87.0.4280.141 Safari/537.36"
61e3:f08:a7f:95e8:1cba:8117:79f:1a6f - - [22/Jan/2021:08:10:52 +0000] "GET /gogo/json?action=mf331j19fcfriv57h&asker=avy242&name=0qupi47ro502xbz7lhpwvl2fgekuz71lued81&monsterId=nkl93wm HTTP/1.1" 200 2460 "https://games.mountyhall.com/" "Mozilla/5.0 (Windows NT 10.0; Win64; x64) AppleWebKit/537.36 (KHTML, like Gecko) Chrome/87.0.4280.141 Safari/537.36"
40.205.208.119 - - [22/Jan/2021:08:10:54 +0000] "POST /sciz-webhook HTTP/1.1" 200 0 "-" "python-requests/2.21.0"
52.192.19.21 - - [22/Jan/2021:08:11:04 +0000] "GET /socket.io/?EIO=y&transport=c0qucvma5&sid=qwgrw053xdyve7mmysh2 HTTP/1.1" 101 3328 "-" "Mozilla/5.0 (Linux; Android 8.0.0; F5321) AppleWebKit/537.36 (KHTML, like Gecko) Chrome/87.0.4280.101 Mobile Safari/537.36"
40.205.208.119 - - [22/Jan/2021:08:11:10 +0000] "POST /sciz-webhook HTTP/1.1" 200 0 "-" "python-requests/2.21.0"
40.205.208.119 - - [22/Jan/2021:08:11:11 +0000] "POST /sciz-webhook HTTP/1.1" 200 0 "-" "python-requests/2.21.0"
65.213.137.36 - - [22/Jan/2021:08:11:19 +0000] "GET /socket.io/?EIO=y&transport=xkmoyoi&t=sarktb9 HTTP/1.1" 200 99 "https://miaou.dystroy.org/2444" "Mozilla/5.0 (Linux; Android 8.1.0; Moto G (5)) AppleWebKit/537.36 (KHTML, like Gecko) Chrome/87.0.4280.101 Mobile Safari/537.36"
65.213.137.36 - - [22/Jan/2021:08:11:19 +0000] "GET /socket.io/?EIO=y&transport=xkmoyoi&t=r65c7zj&sid=c8ifzlzokfrxlxvpnd0y HTTP/1.1" 200 18 "https://miaou.dystroy.org/2444" "Mozilla/5.0 (Linux; Android 8.1.0; Moto G (5)) AppleWebKit/537.36 (KHTML, like Gecko) Chrome/87.0.4280.101 Mobile Safari/537.36"
65.213.137.36 - - [22/Jan/2021:08:11:21 +0000] "POST /socket.io/?EIO=y&transport=xkmoyoi&t=ut0ppoe&sid=c8ifzlzokfrxlxvpnd0y HTTP/1.1" 200 2 "https://miaou.dystroy.org/2444" "Mozilla/5.0 (Linux; Android 8.1.0; Moto G (5)) AppleWebKit/537.36 (KHTML, like Gecko) Chrome/87.0.4280.101 Mobile Safari/537.36"
65.213.137.36 - - [22/Jan/2021:08:11:21 +0000] "GET /socket.io/?EIO=y&transport=xkmoyoi&t=4e6lwd9&sid=c8ifzlzokfrxlxvpnd0y HTTP/1.1" 200 7969 "https://miaou.dystroy.org/2444" "Mozilla/5.0 (Linux; Android 8.1.0; Moto G (5)) AppleWebKit/537.36 (KHTML, like Gecko) Chrome/87.0.4280.101 Mobile Safari/537.36"
eae5:1700:681b:f453:c960:5c83:b532:67c9 - - [22/Jan/2021:08:11:23 +0000] "GET /json/messages/last?n=a&room=rfm HTTP/1.1" 304 0 "https://miaou.dystroy.org/2960" "Mozilla/5.0 (Windows NT 10.0; Win64; x64; rv:84.0) Gecko/20100101 Firefox/84.0"
eae5:1700:681b:f453:c960:5c83:b532:67c9 - - [22/Jan/2021:08:11:24 +0000] "GET /json/messages/last?n=a&room=ans HTTP/1.1" 304 0 "https://miaou.dystroy.org/2960" "Mozilla/5.0 (Windows NT 10.0; Win64; x64; rv:84.0) Gecko/20100101 Firefox/84.0"
eae5:1700:681b:f453:c960:5c83:b532:67c9 - - [22/Jan/2021:08:11:24 +0000] "GET /json/messages/last?n=a&room=injo HTTP/1.1" 200 1056 "https://miaou.dystroy.org/2960" "Mozilla/5.0 (Windows NT 10.0; Win64; x64; rv:84.0) Gecko/20100101 Firefox/84.0"
eae5:1700:681b:f453:c960:5c83:b532:67c9 - - [22/Jan/2021:08:11:24 +0000] "GET /json/messages/last?n=a&room=a411 HTTP/1.1" 200 1177 "https://miaou.dystroy.org/2960" "Mozilla/5.0 (Windows NT 10.0; Win64; x64; rv:84.0) Gecko/20100101 Firefox/84.0"
eae5:1700:681b:f453:c960:5c83:b532:67c9 - - [22/Jan/2021:08:11:24 +0000] "GET /json/messages/last?n=a&room=injo HTTP/1.1" 304 0 "https://miaou.dystroy.org/2960" "Mozilla/5.0 (Windows NT 10.0; Win64; x64; rv:84.0) Gecko/20100101 Firefox/84.0"
40.205.208.119 - - [22/Jan/2021:08:11:25 +0000] "POST /sciz-webhook HTTP/1.1" 200 0 "-" "python-requests/2.21.0"
eae5:1700:681b:f453:c960:5c83:b532:67c9 - - [22/Jan/2021:08:11:25 +0000] "GET /json/messages/last?n=a&room=a411 HTTP/1.1" 304 0 "https://miaou.dystroy.org/2960" "Mozilla/5.0 (Windows NT 10.0; Win64; x64; rv:84.0) Gecko/20100101 Firefox/84.0"
eae5:1700:681b:f453:c960:5c83:b532:67c9 - - [22/Jan/2021:08:11:25 +0000] "GET /json/messages/last?n=a&room=m4r HTTP/1.1" 304 0 "https://miaou.dystroy.org/2960" "Mozilla/5.0 (Windows NT 10.0; Win64; x64; rv:84.0) Gecko/20100101 Firefox/84.0"
eae5:1700:681b:f453:c960:5c83:b532:67c9 - - [22/Jan/2021:08:11:25 +0000] "GET /json/messages/last?n=a&room=m4r HTTP/1.1" 304 0 "https://miaou.dystroy.org/2960" "Mozilla/5.0 (Windows NT 10.0; Win64; x64; rv:84.0) Gecko/20100101 Firefox/84.0"
eae5:1700:681b:f453:c960:5c83:b532:67c9 - - [22/Jan/2021:08:11:27 +0000] "GET /json/messages/last?n=a&room=a411 HTTP/1.1" 304 0 "https://miaou.dystroy.org/2960" "Mozilla/5.0 (Windows NT 10.0; Win64; x64; rv:84.0) Gecko/20100101 Firefox/84.0"
eae5:1700:681b:f453:c960:5c83:b532:67c9 - - [22/Jan/2021:08:11:29 +0000] "GET /json/messages/last?n=a&room=injo HTTP/1.1" 304 0 "https://miaou.dystroy.org/2960" "Mozilla/5.0 (Windows NT 10.0; Win64; x64; rv:84.0) Gecko/20100101 Firefox/84.0"
65.213.137.36 - - [22/Jan/2021:08:11:31 +0000] "GET /socket.io/?EIO=y&transport=c0qucvma5&sid=c8ifzlzokfrxlxvpnd0y HTTP/1.1" 101 0 "-" "Mozilla/5.0 (Linux; Android 8.1.0; Moto G (5)) AppleWebKit/537.36 (KHTML, like Gecko) Chrome/87.0.4280.101 Mobile Safari/537.36"
65.213.137.36 - - [22/Jan/2021:08:11:31 +0000] "POST /socket.io/?EIO=y&transport=xkmoyoi&t=hhcx2qj&sid=c8ifzlzokfrxlxvpnd0y HTTP/1.1" 200 2 "https://miaou.dystroy.org/2444" "Mozilla/5.0 (Linux; Android 8.1.0; Moto G (5)) AppleWebKit/537.36 (KHTML, like Gecko) Chrome/87.0.4280.101 Mobile Safari/537.36"
eae5:1700:681b:f453:c960:5c83:b532:67c9 - - [22/Jan/2021:08:11:32 +0000] "GET /json/messages/last?n=a&room=ans HTTP/1.1" 304 0 "https://miaou.dystroy.org/2960" "Mozilla/5.0 (Windows NT 10.0; Win64; x64; rv:84.0) Gecko/20100101 Firefox/84.0"
63.46.255.127 - - [22/Jan/2021:08:11:33 +0000] "GET /broot/documentation/usage/ HTTP/1.1" 200 9465 "-" "Mozilla/5.0 (compatible; bingbot/2.0; +http://www.bing.com/bingbot.htm)"
eae5:1700:681b:f453:c960:5c83:b532:67c9 - - [22/Jan/2021:08:11:33 +0000] "GET /json/messages/last?n=a&room=n5i1 HTTP/1.1" 200 1467 "https://miaou.dystroy.org/2960" "Mozilla/5.0 (Windows NT 10.0; Win64; x64; rv:84.0) Gecko/20100101 Firefox/84.0"
eae5:1700:681b:f453:c960:5c83:b532:67c9 - - [22/Jan/2021:08:11:33 +0000] "GET /json/messages/last?n=a&room=y HTTP/1.1" 304 0 "https://miaou.dystroy.org/2960" "Mozilla/5.0 (Windows NT 10.0; Win64; x64; rv:84.0) Gecko/20100101 Firefox/84.0"
eae5:1700:681b:f453:c960:5c83:b532:67c9 - - [22/Jan/2021:08:11:34 +0000] "GET /json/messages/last?n=a&room=410v HTTP/1.1" 200 1254 "https://miaou.dystroy.org/2960" "Mozilla/5.0 (Windows NT 10.0; Win64; x64; rv:84.0) Gecko/20100101 Firefox/84.0"
eae5:1700:681b:f453:c960:5c83:b532:67c9 - - [22/Jan/2021:08:11:34 +0000] "GET /json/rooms?pattern= HTTP/1.1" 200 11786 "https://miaou.dystroy.org/2960" "Mozilla/5.0 (Windows NT 10.0; Win64; x64; rv:84.0) Gecko/20100101 Firefox/84.0"
150.153.149.194 - - [22/Jan/2021:08:11:35 +0000] "GET /broot/img/20200620-content-memm.png HTTP/1.1" 200 35627 "https://miaou.dystroy.org/2960" "Mozilla/5.0 (Windows NT 10.0; Win64; x64; rv:84.0) Gecko/20100101 Firefox/84.0"
61e3:f08:a7f:95e8:1cba:8117:79f:1a6f - - [22/Jan/2021:08:11:35 +0000] "GET /gogo/json?action=7c1uz2f9flrxff&TrollId=avy242&ChrallVersion=9tku HTTP/1.1" 200 65 "https://games.mountyhall.com/" "Mozilla/5.0 (Windows NT 10.0; Win64; x64) AppleWebKit/537.36 (KHTML, like Gecko) Chrome/87.0.4280.141 Safari/537.36"
40.205.208.119 - - [22/Jan/2021:08:11:36 +0000] "POST /sciz-webhook HTTP/1.1" 200 0 "-" "python-requests/2.21.0"
eae5:1700:681b:f453:c960:5c83:b532:67c9 - - [22/Jan/2021:08:11:40 +0000] "GET /socket.io/?EIO=y&transport=c0qucvma5&sid=gvinw126h4r8lemz6naw HTTP/1.1" 101 4760 "-" "Mozilla/5.0 (Windows NT 10.0; Win64; x64; rv:84.0) Gecko/20100101 Firefox/84.0"
eae5:1700:681b:f453:c960:5c83:b532:67c9 - - [22/Jan/2021:08:11:40 +0000] "GET /file-host/f7d2fe99d4c6e3972754a679.png HTTP/1.1" 200 343507 "https://miaou.dystroy.org/2960" "Mozilla/5.0 (Windows NT 10.0; Win64; x64; rv:84.0) Gecko/20100101 Firefox/84.0"
eae5:1700:681b:f453:c960:5c83:b532:67c9 - - [22/Jan/2021:08:11:40 +0000] "GET /12?Mountyhall HTTP/1.1" 200 5749 "https://miaou.dystroy.org/2960" "Mozilla/5.0 (Windows NT 10.0; Win64; x64; rv:84.0) Gecko/20100101 Firefox/84.0"
eae5:1700:681b:f453:c960:5c83:b532:67c9 - - [22/Jan/2021:08:11:40 +0000] "GET /socket.io/socket.io.js HTTP/1.1" 200 68739 "https://miaou.dystroy.org/12?Mountyhall" "Mozilla/5.0 (Windows NT 10.0; Win64; x64; rv:84.0) Gecko/20100101 Firefox/84.0"
eae5:1700:681b:f453:c960:5c83:b532:67c9 - - [22/Jan/2021:08:11:41 +0000] "GET /socket.io/?EIO=y&transport=xkmoyoi&t=kvz1x2g HTTP/1.1" 200 99 "https://miaou.dystroy.org/12?Mountyhall" "Mozilla/5.0 (Windows NT 10.0; Win64; x64; rv:84.0) Gecko/20100101 Firefox/84.0"
eae5:1700:681b:f453:c960:5c83:b532:67c9 - - [22/Jan/2021:08:11:41 +0000] "GET /socket.io/?EIO=y&transport=xkmoyoi&t=t59u0dz&sid=atkyg28hi7toufluswbf HTTP/1.1" 200 18 "https://miaou.dystroy.org/12?Mountyhall" "Mozilla/5.0 (Windows NT 10.0; Win64; x64; rv:84.0) Gecko/20100101 Firefox/84.0"
91.110.189.249 - - [22/Jan/2021:08:11:41 +0000] "HEAD / HTTP/1.1" 301 0 "http://www.dystroy.org" "Mozilla/5.0+(compatible; UptimeRobot/2.0; http://www.uptimerobot.com/)"
66.26.133.26 - - [22/Jan/2021:08:11:41 +0000] "GET /broot/conf_verbs/ HTTP/1.1" 200 8617 "-" "Mozilla/5.0 (compatible; bingbot/2.0; +http://www.bing.com/bingbot.htm)"
eae5:1700:681b:f453:c960:5c83:b532:67c9 - - [22/Jan/2021:08:11:41 +0000] "GET /file-host/876ab796b3991f4bcb2ebda9.png HTTP/1.1" 200 78222 "https://miaou.dystroy.org/12?Mountyhall" "Mozilla/5.0 (Windows NT 10.0; Win64; x64; rv:84.0) Gecko/20100101 Firefox/84.0"
91.110.189.249 - - [22/Jan/2021:08:11:41 +0000] "HEAD / HTTP/1.1" 200 0 "http://www.dystroy.org" "Mozilla/5.0+(compatible; UptimeRobot/2.0; http://www.uptimerobot.com/)"
66.26.133.26 - - [22/Jan/2021:08:11:41 +0000] "GET /broot/documentation/configuration/ HTTP/1.1" 200 7847 "-" "Mozilla/5.0 (compatible; bingbot/2.0; +http://www.bing.com/bingbot.htm)"
eae5:1700:681b:f453:c960:5c83:b532:67c9 - - [22/Jan/2021:08:11:41 +0000] "POST /socket.io/?EIO=y&transport=xkmoyoi&t=uh9idhy&sid=atkyg28hi7toufluswbf HTTP/1.1" 200 2 "https://miaou.dystroy.org/12?Mountyhall" "Mozilla/5.0 (Windows NT 10.0; Win64; x64; rv:84.0) Gecko/20100101 Firefox/84.0"
eae5:1700:681b:f453:c960:5c83:b532:67c9 - - [22/Jan/2021:08:11:41 +0000] "GET /socket.io/?EIO=y&transport=xkmoyoi&t=zci84nu&sid=atkyg28hi7toufluswbf HTTP/1.1" 200 34 "https://miaou.dystroy.org/12?Mountyhall" "Mozilla/5.0 (Windows NT 10.0; Win64; x64; rv:84.0) Gecko/20100101 Firefox/84.0"
eae5:1700:681b:f453:c960:5c83:b532:67c9 - - [22/Jan/2021:08:11:42 +0000] "GET /socket.io/?EIO=y&transport=xkmoyoi&t=vdktjhf&sid=atkyg28hi7toufluswbf HTTP/1.1" 200 6470 "https://miaou.dystroy.org/12?Mountyhall" "Mozilla/5.0 (Windows NT 10.0; Win64; x64; rv:84.0) Gecko/20100101 Firefox/84.0"
eae5:1700:681b:f453:c960:5c83:b532:67c9 - - [22/Jan/2021:08:11:42 +0000] "POST /socket.io/?EIO=y&transport=xkmoyoi&t=r7z2q05&sid=atkyg28hi7toufluswbf HTTP/1.1" 200 2 "https://miaou.dystroy.org/12?Mountyhall" "Mozilla/5.0 (Windows NT 10.0; Win64; x64; rv:84.0) Gecko/20100101 Firefox/84.0"
eae5:1700:681b:f453:c960:5c83:b532:67c9 - - [22/Jan/2021:08:11:42 +0000] "GET /socket.io/?EIO=y&transport=xkmoyoi&t=t25lqwq&sid=atkyg28hi7toufluswbf HTTP/1.1" 200 88 "https://miaou.dystroy.org/12?Mountyhall" "Mozilla/5.0 (Windows NT 10.0; Win64; x64; rv:84.0) Gecko/20100101 Firefox/84.0"
eae5:1700:681b:f453:c960:5c83:b532:67c9 - - [22/Jan/2021:08:11:42 +0000] "POST /socket.io/?EIO=y&transport=xkmoyoi&t=7nuj7dt&sid=atkyg28hi7toufluswbf HTTP/1.1" 200 2 "https://miaou.dystroy.org/12?Mountyhall" "Mozilla/5.0 (Windows NT 10.0; Win64; x64; rv:84.0) Gecko/20100101 Firefox/84.0"
eae5:1700:681b:f453:c960:5c83:b532:67c9 - - [22/Jan/2021:08:11:42 +0000] "GET /socket.io/?EIO=y&transport=xkmoyoi&t=ljb367y&sid=atkyg28hi7toufluswbf HTTP/1.1" 200 874 "https://miaou.dystroy.org/12?Mountyhall" "Mozilla/5.0 (Windows NT 10.0; Win64; x64; rv:84.0) Gecko/20100101 Firefox/84.0"
e4ac:ab4:e14:aa56:6163:9683:54af:1216 - - [22/Jan/2021:08:11:46 +0000] "GET /json/external-link-preview?url=xxszb0ermwnke9i0qla31j7bqtl8kvomou7klpqxws91793fcq7sicttmh7d7etzebsj7rdtdc0gbcn4y HTTP/1.1" 200 295 "https://miaou.dystroy.org/4098" "Mozilla/5.0 (Windows NT 6.3; Win64; x64) AppleWebKit/537.36 (KHTML, like Gecko) Chrome/87.0.4280.141 Safari/537.36"
28.46.53.144 - - [22/Jan/2021:08:11:47 +0000] "GET /json/messages/last?n=a&room=2cmu HTTP/1.1" 304 0 "https://miaou.dystroy.org/3836" "Mozilla/5.0 (Windows NT 6.1; rv:84.0) Gecko/20100101 Firefox/84.0"
61e3:f08:a7f:95e8:1cba:8117:79f:1a6f - - [22/Jan/2021:08:11:51 +0000] "GET /json/tag?name=ej17xaatsi HTTP/1.1" 304 0 "https://miaou.dystroy.org/2075" "Mozilla/5.0 (Windows NT 10.0; Win64; x64) AppleWebKit/537.36 (KHTML, like Gecko) Chrome/87.0.4280.141 Safari/537.36"
61e3:f08:a7f:95e8:1cba:8117:79f:1a6f - - [22/Jan/2021:08:11:52 +0000] "GET /json/messages/last?n=a&room=jo HTTP/1.1" 200 1143 "https://miaou.dystroy.org/2075" "Mozilla/5.0 (Windows NT 10.0; Win64; x64) AppleWebKit/537.36 (KHTML, like Gecko) Chrome/87.0.4280.141 Safari/537.36"
226.219.240.8 - - [22/Jan/2021:08:11:52 +0000] "GET / HTTP/1.1" 200 393 "-" "Mozilla/5.0 (Windows NT 6.1; WOW64) AppleWebKit/537.36 (KHTML, like Gecko) Chrome/51.0.2704.103 Safari/537.36"
61e3:f08:a7f:95e8:1cba:8117:79f:1a6f - - [22/Jan/2021:08:11:55 +0000] "GET /json/external-link-preview?url=mdj90rsgviqm5cksup07xzsdjtqk59s8jlbjjcp768yt60e396ab3rm7w3zeigcso6o6i2p1navowmyki6q87j8r3pbs812b6rhsufcbw HTTP/1.1" 200 581 "https://miaou.dystroy.org/2075" "Mozilla/5.0 (Windows NT 10.0; Win64; x64) AppleWebKit/537.36 (KHTML, like Gecko) Chrome/87.0.4280.141 Safari/537.36"
61e3:f08:a7f:95e8:1cba:8117:79f:1a6f - - [22/Jan/2021:08:11:57 +0000] "GET /12 HTTP/1.1" 200 5741 "https://miaou.dystroy.org/2075" "Mozilla/5.0 (Windows NT 10.0; Win64; x64) AppleWebKit/537.36 (KHTML, like Gecko) Chrome/87.0.4280.141 Safari/537.36"
61e3:f08:a7f:95e8:1cba:8117:79f:1a6f - - [22/Jan/2021:08:11:57 +0000] "GET /socket.io/?EIO=y&transport=c0qucvma5&sid=ugxzxid70mcq5o6ggtei HTTP/1.1" 101 11442 "-" "Mozilla/5.0 (Windows NT 10.0; Win64; x64) AppleWebKit/537.36 (KHTML, like Gecko) Chrome/87.0.4280.141 Safari/537.36"
61e3:f08:a7f:95e8:1cba:8117:79f:1a6f - - [22/Jan/2021:08:11:57 +0000] "GET /socket.io/socket.io.js HTTP/1.1" 304 0 "https://miaou.dystroy.org/12" "Mozilla/5.0 (Windows NT 10.0; Win64; x64) AppleWebKit/537.36 (KHTML, like Gecko) Chrome/87.0.4280.141 Safari/537.36"
61e3:f08:a7f:95e8:1cba:8117:79f:1a6f - - [22/Jan/2021:08:11:57 +0000] "GET /socket.io/?EIO=y&transport=xkmoyoi&t=rjs6qbz HTTP/1.1" 200 99 "https://miaou.dystroy.org/12" "Mozilla/5.0 (Windows NT 10.0; Win64; x64) AppleWebKit/537.36 (KHTML, like Gecko) Chrome/87.0.4280.141 Safari/537.36"
61e3:f08:a7f:95e8:1cba:8117:79f:1a6f - - [22/Jan/2021:08:11:57 +0000] "GET /socket.io/?EIO=y&transport=xkmoyoi&t=bml0n6l&sid=4uq96givc2mjhvni13sr HTTP/1.1" 200 18 "https://miaou.dystroy.org/12" "Mozilla/5.0 (Windows NT 10.0; Win64; x64) AppleWebKit/537.36 (KHTML, like Gecko) Chrome/87.0.4280.141 Safari/537.36"
61e3:f08:a7f:95e8:1cba:8117:79f:1a6f - - [22/Jan/2021:08:11:57 +0000] "POST /socket.io/?EIO=y&transport=xkmoyoi&t=o43ghg6&sid=4uq96givc2mjhvni13sr HTTP/1.1" 200 2 "https://miaou.dystroy.org/12" "Mozilla/5.0 (Windows NT 10.0; Win64; x64) AppleWebKit/537.36 (KHTML, like Gecko) Chrome/87.0.4280.141 Safari/537.36"
61e3:f08:a7f:95e8:1cba:8117:79f:1a6f - - [22/Jan/2021:08:11:57 +0000] "GET /socket.io/?EIO=y&transport=xkmoyoi&t=r6tqoft&sid=4uq96givc2mjhvni13sr HTTP/1.1" 200 34 "https://miaou.dystroy.org/12" "Mozilla/5.0 (Windows NT 10.0; Win64; x64) AppleWebKit/537.36 (KHTML, like Gecko) Chrome/87.0.4280.141 Safari/537.36"
61e3:f08:a7f:95e8:1cba:8117:79f:1a6f - - [22/Jan/2021:08:11:58 +0000] "GET /json/messages/last?n=a&room=vkhh HTTP/1.1" 304 0 "https://miaou.dystroy.org/12" "Mozilla/5.0 (Windows NT 10.0; Win64; x64) AppleWebKit/537.36 (KHTML, like Gecko) Chrome/87.0.4280.141 Safari/537.36"
61e3:f08:a7f:95e8:1cba:8117:79f:1a6f - - [22/Jan/2021:08:11:58 +0000] "GET /json/messages/last?n=2&room=rfm HTTP/1.1" 304 0 "https://miaou.dystroy.org/12" "Mozilla/5.0 (Windows NT 10.0; Win64; x64) AppleWebKit/537.36 (KHTML, like Gecko) Chrome/87.0.4280.141 Safari/537.36"
61e3:f08:a7f:95e8:1cba:8117:79f:1a6f - - [22/Jan/2021:08:11:59 +0000] "GET /json/messages/last?n=2&room=rfm HTTP/1.1" 304 0 "https://miaou.dystroy.org/12" "Mozilla/5.0 (Windows NT 10.0; Win64; x64) AppleWebKit/537.36 (KHTML, like Gecko) Chrome/87.0.4280.141 Safari/537.36"
718a:47b:fb6:384a:cdc3:abef:afd9:5d62 - - [22/Jan/2021:08:12:00 +0000] "GET /json/messages/last?n=a&room=skbd HTTP/1.1" 200 940 "https://miaou.dystroy.org/2363" "Mozilla/5.0 (Windows NT 10.0; Win64; x64; rv:84.0) Gecko/20100101 Firefox/84.0"
61e3:f08:a7f:95e8:1cba:8117:79f:1a6f - - [22/Jan/2021:08:12:00 +0000] "GET /json/external-link-preview?url=m95vkji8xh9ppmjpr7sooy2924fcn7n4pj5224po3slfqwn9f1nrfu8k043rkqh1k5jwdizmq3x5q HTTP/1.1" 200 94 "https://miaou.dystroy.org/12" "Mozilla/5.0 (Windows NT 10.0; Win64; x64) AppleWebKit/537.36 (KHTML, like Gecko) Chrome/87.0.4280.141 Safari/537.36"
718a:47b:fb6:384a:cdc3:abef:afd9:5d62 - - [22/Jan/2021:08:12:01 +0000] "GET /socket.io/?EIO=y&transport=c0qucvma5&sid=ak3jxtl6371wobisivds HTTP/1.1" 101 6521 "-" "Mozilla/5.0 (Windows NT 10.0; Win64; x64; rv:84.0) Gecko/20100101 Firefox/84.0"
718a:47b:fb6:384a:cdc3:abef:afd9:5d62 - - [22/Jan/2021:08:12:01 +0000] "GET /3728 HTTP/1.1" 200 5642 "https://miaou.dystroy.org/2363" "Mozilla/5.0 (Windows NT 10.0; Win64; x64; rv:84.0) Gecko/20100101 Firefox/84.0"
718a:47b:fb6:384a:cdc3:abef:afd9:5d62 - - [22/Jan/2021:08:12:01 +0000] "GET /socket.io/socket.io.js HTTP/1.1" 304 0 "https://miaou.dystroy.org/3728" "Mozilla/5.0 (Windows NT 10.0; Win64; x64; rv:84.0) Gecko/20100101 Firefox/84.0"
61e3:f08:a7f:95e8:1cba:8117:79f:1a6f - - [22/Jan/2021:08:12:01 +0000] "GET /478 HTTP/1.1" 200 6367 "https://miaou.dystroy.org/12" "Mozilla/5.0 (Windows NT 10.0; Win64; x64) AppleWebKit/537.36 (KHTML, like Gecko) Chrome/87.0.4280.141 Safari/537.36"
61e3:f08:a7f:95e8:1cba:8117:79f:1a6f - - [22/Jan/2021:08:12:01 +0000] "GET /socket.io/?EIO=y&transport=c0qucvma5&sid=4uq96givc2mjhvni13sr HTTP/1.1" 101 7809 "-" "Mozilla/5.0 (Windows NT 10.0; Win64; x64) AppleWebKit/537.36 (KHTML, like Gecko) Chrome/87.0.4280.141 Safari/537.36"
61e3:f08:a7f:95e8:1cba:8117:79f:1a6f - - [22/Jan/2021:08:12:01 +0000] "GET /socket.io/socket.io.js HTTP/1.1" 304 0 "https://miaou.dystroy.org/478" "Mozilla/5.0 (Windows NT 10.0; Win64; x64) AppleWebKit/537.36 (KHTML, like Gecko) Chrome/87.0.4280.141 Safari/537.36"
718a:47b:fb6:384a:cdc3:abef:afd9:5d62 - - [22/Jan/2021:08:12:01 +0000] "GET /socket.io/?EIO=y&transport=xkmoyoi&t=igtxwud HTTP/1.1" 200 99 "https://miaou.dystroy.org/3728" "Mozilla/5.0 (Windows NT 10.0; Win64; x64; rv:84.0) Gecko/20100101 Firefox/84.0"
61e3:f08:a7f:95e8:1cba:8117:79f:1a6f - - [22/Jan/2021:08:12:01 +0000] "GET /socket.io/?EIO=y&transport=xkmoyoi&t=bd62evy HTTP/1.1" 200 99 "https://miaou.dystroy.org/478" "Mozilla/5.0 (Windows NT 10.0; Win64; x64) AppleWebKit/537.36 (KHTML, like Gecko) Chrome/87.0.4280.141 Safari/537.36"
718a:47b:fb6:384a:cdc3:abef:afd9:5d62 - - [22/Jan/2021:08:12:01 +0000] "GET /socket.io/?EIO=y&transport=xkmoyoi&t=xttvyhc&sid=sdx6na4zzu7tonph9uw3 HTTP/1.1" 200 18 "https://miaou.dystroy.org/3728" "Mozilla/5.0 (Windows NT 10.0; Win64; x64; rv:84.0) Gecko/20100101 Firefox/84.0"
718a:47b:fb6:384a:cdc3:abef:afd9:5d62 - - [22/Jan/2021:08:12:01 +0000] "POST /socket.io/?EIO=y&transport=xkmoyoi&t=qqmyw2v&sid=sdx6na4zzu7tonph9uw3 HTTP/1.1" 200 2 "https://miaou.dystroy.org/3728" "Mozilla/5.0 (Windows NT 10.0; Win64; x64; rv:84.0) Gecko/20100101 Firefox/84.0"
718a:47b:fb6:384a:cdc3:abef:afd9:5d62 - - [22/Jan/2021:08:12:01 +0000] "GET /socket.io/?EIO=y&transport=xkmoyoi&t=h9a3dqw&sid=sdx6na4zzu7tonph9uw3 HTTP/1.1" 200 34 "https://miaou.dystroy.org/3728" "Mozilla/5.0 (Windows NT 10.0; Win64; x64; rv:84.0) Gecko/20100101 Firefox/84.0"
718a:47b:fb6:384a:cdc3:abef:afd9:5d62 - - [22/Jan/2021:08:12:01 +0000] "GET /file-host/c30a3ff144a2cb259df7f657.png HTTP/1.1" 499 0 "https://miaou.dystroy.org/3728" "Mozilla/5.0 (Windows NT 10.0; Win64; x64; rv:84.0) Gecko/20100101 Firefox/84.0"
61e3:f08:a7f:95e8:1cba:8117:79f:1a6f - - [22/Jan/2021:08:12:02 +0000] "GET /socket.io/?EIO=y&transport=xkmoyoi&t=9qb8afj&sid=gwjd8eczj5w7bifq6a76 HTTP/1.1" 200 18 "https://miaou.dystroy.org/478" "Mozilla/5.0 (Windows NT 10.0; Win64; x64) AppleWebKit/537.36 (KHTML, like Gecko) Chrome/87.0.4280.141 Safari/537.36"
61e3:f08:a7f:95e8:1cba:8117:79f:1a6f - - [22/Jan/2021:08:12:02 +0000] "POST /socket.io/?EIO=y&transport=xkmoyoi&t=3xcrd57&sid=gwjd8eczj5w7bifq6a76 HTTP/1.1" 200 2 "https://miaou.dystroy.org/478" "Mozilla/5.0 (Windows NT 10.0; Win64; x64) AppleWebKit/537.36 (KHTML, like Gecko) Chrome/87.0.4280.141 Safari/537.36"
61e3:f08:a7f:95e8:1cba:8117:79f:1a6f - - [22/Jan/2021:08:12:02 +0000] "GET /socket.io/?EIO=y&transport=xkmoyoi&t=5gqp2le&sid=gwjd8eczj5w7bifq6a76 HTTP/1.1" 200 34 "https://miaou.dystroy.org/478" "Mozilla/5.0 (Windows NT 10.0; Win64; x64) AppleWebKit/537.36 (KHTML, like Gecko) Chrome/87.0.4280.141 Safari/537.36"
61e3:f08:a7f:95e8:1cba:8117:79f:1a6f - - [22/Jan/2021:08:12:02 +0000] "GET /json/external-link-preview?url=5man5h5iugajwo87gz9525mj9t94rtzrtubq0h3trlzx1ktdfnnullmsv5ps8wdtd9xtozqb7nb HTTP/1.1" 200 72 "https://miaou.dystroy.org/478" "Mozilla/5.0 (Windows NT 10.0; Win64; x64) AppleWebKit/537.36 (KHTML, like Gecko) Chrome/87.0.4280.141 Safari/537.36"
28.46.53.144 - - [22/Jan/2021:08:12:02 +0000] "GET /12 HTTP/1.1" 200 5716 "-" "Mozilla/5.0 (Windows NT 6.1; rv:84.0) Gecko/20100101 Firefox/84.0"
28.46.53.144 - - [22/Jan/2021:08:12:02 +0000] "GET /json/messages/last?n=a&room=jo HTTP/1.1" 200 1143 "https://miaou.dystroy.org/3836" "Mozilla/5.0 (Windows NT 6.1; rv:84.0) Gecko/20100101 Firefox/84.0"
28.46.53.144 - - [22/Jan/2021:08:12:03 +0000] "GET /json/messages/last?n=a&room=1qkt HTTP/1.1" 304 0 "https://miaou.dystroy.org/3836" "Mozilla/5.0 (Windows NT 6.1; rv:84.0) Gecko/20100101 Firefox/84.0"
28.46.53.144 - - [22/Jan/2021:08:12:03 +0000] "GET /socket.io/socket.io.js HTTP/1.1" 304 0 "https://miaou.dystroy.org/12" "Mozilla/5.0 (Windows NT 6.1; rv:84.0) Gecko/20100101 Firefox/84.0"
28.46.53.144 - - [22/Jan/2021:08:12:03 +0000] "GET /json/messages/last?n=a&room=kkpl HTTP/1.1" 304 0 "https://miaou.dystroy.org/3836" "Mozilla/5.0 (Windows NT 6.1; rv:84.0) Gecko/20100101 Firefox/84.0"
61e3:f08:a7f:95e8:1cba:8117:79f:1a6f - - [22/Jan/2021:08:12:03 +0000] "GET /json/rooms?pattern= HTTP/1.1" 200 11276 "https://miaou.dystroy.org/478" "Mozilla/5.0 (Windows NT 10.0; Win64; x64) AppleWebKit/537.36 (KHTML, like Gecko) Chrome/87.0.4280.141 Safari/537.36"
28.46.53.144 - - [22/Jan/2021:08:12:04 +0000] "GET /json/messages/last?n=a&room=y HTTP/1.1" 304 0 "https://miaou.dystroy.org/3836" "Mozilla/5.0 (Windows NT 6.1; rv:84.0) Gecko/20100101 Firefox/84.0"
28.46.53.144 - - [22/Jan/2021:08:12:04 +0000] "GET /json/messages/last?n=a&room=2cmu HTTP/1.1" 304 0 "https://miaou.dystroy.org/3836" "Mozilla/5.0 (Windows NT 6.1; rv:84.0) Gecko/20100101 Firefox/84.0"
61e3:f08:a7f:95e8:1cba:8117:79f:1a6f - - [22/Jan/2021:08:12:05 +0000] "GET /gogo/json?action=7c1uz2f9flrxff&TrollId=avy242&ChrallVersion=9tku HTTP/1.1" 200 65 "https://games.mountyhall.com/" "Mozilla/5.0 (Windows NT 10.0; Win64; x64) AppleWebKit/537.36 (KHTML, like Gecko) Chrome/87.0.4280.141 Safari/537.36"
28.46.53.144 - - [22/Jan/2021:08:12:05 +0000] "GET /json/messages/last?n=a&room=ws6g HTTP/1.1" 304 0 "https://miaou.dystroy.org/3836" "Mozilla/5.0 (Windows NT 6.1; rv:84.0) Gecko/20100101 Firefox/84.0"
28.46.53.144 - - [22/Jan/2021:08:12:05 +0000] "GET /json/messages/last?n=a&room=jo HTTP/1.1" 200 1143 "https://miaou.dystroy.org/3836" "Mozilla/5.0 (Windows NT 6.1; rv:84.0) Gecko/20100101 Firefox/84.0"
12.146.12.185 - - [22/Jan/2021:08:12:05 +0000] "GET /publicProfile?user=rkef&room=skbd HTTP/1.1" 304 0 "https://miaou.dystroy.org/3728" "Mozilla/5.0 (Windows NT 10.0; Win64; x64) AppleWebKit/537.36 (KHTML, like Gecko) Chrome/87.0.4280.141 Safari/537.36"
