22.205.194.252 - - [22/Jan/2021:08:14:12 +0000] "GET /gogo/json?action=mf331j19fcfriv57h&name=clkpzc56gcerr2iwhkgpmj70i6kcfajqjcim&monsterId=jpd1mx1 HTTP/1.1" 200 1417 "https://games.mountyhall.com/" "Mozilla/5.0 (Windows NT 10.0; Win64; x64) AppleWebKit/537.36 (KHTML, like Gecko) Chrome/87.0.4280.141 Safari/537.36"
61e3:f08:a7f:95e8:1cba:8117:79f:1a6f - - [22/Jan/2021:08:14:12 +0000] "GET /879 HTTP/1.1" 304 0 "https://miaou.dystroy.org/478" "Mozilla/5.0 (Windows NT 10.0; Win64; x64) AppleWebKit/537.36 (KHTML, like Gecko) Chrome/87.0.4280.141 Safari/537.36"
61e3:f08:a7f:95e8:1cba:8117:79f:1a6f - - [22/Jan/2021:08:14:12 +0000] "GET /socket.io/?EIO=y&transport=c0qucvma5&sid=gwjd8eczj5w7bifq6a76 HTTP/1.1" 101 7038 "-" "Mozilla/5.0 (Windows NT 10.0; Win64; x64) AppleWebKit/537.36 (KHTML, like Gecko) Chrome/87.0.4280.141 Safari/537.36"
61e3:f08:a7f:95e8:1cba:8117:79f:1a6f - - [22/Jan/2021:08:14:12 +0000] "GET /socket.io/socket.io.js HTTP/1.1" 304 0 "https://miaou.dystroy.org/879" "Mozilla/5.0 (Windows NT 10.0; Win64; x64) AppleWebKit/537.36 (KHTML, like Gecko) Chrome/87.0.4280.141 Safari/537.36"
61e3:f08:a7f:95e8:1cba:8117:79f:1a6f - - [22/Jan/2021:08:14:12 +0000] "GET /socket.io/?EIO=y&transport=xkmoyoi&t=n7lwuwt HTTP/1.1" 200 99 "https://miaou.dystroy.org/879" "Mozilla/5.0 (Windows NT 10.0; Win64; x64) AppleWebKit/537.36 (KHTML, like Gecko) Chrome/87.0.4280.141 Safari/537.36"
61e3:f08:a7f:95e8:1cba:8117:79f:1a6f - - [22/Jan/2021:08:14:13 +0000] "GET /socket.io/?EIO=y&transport=xkmoyoi&t=ogbq5ia&sid=yn6qnugqlck1nzyrk5za HTTP/1.1" 200 18 "https://miaou.dystroy.org/879" "Mozilla/5.0 (Windows NT 10.0; Win64; x64) AppleWebKit/537.36 (KHTML, like Gecko) Chrome/87.0.4280.141 Safari/537.36"
61e3:f08:a7f:95e8:1cba:8117:79f:1a6f - - [22/Jan/2021:08:14:13 +0000] "POST /socket.io/?EIO=y&transport=xkmoyoi&t=kq6vise&sid=yn6qnugqlck1nzyrk5za HTTP/1.1" 200 2 "https://miaou.dystroy.org/879" "Mozilla/5.0 (Windows NT 10.0; Win64; x64) AppleWebKit/537.36 (KHTML, like Gecko) Chrome/87.0.4280.141 Safari/537.36"
61e3:f08:a7f:95e8:1cba:8117:79f:1a6f - - [22/Jan/2021:08:14:13 +0000] "GET /socket.io/?EIO=y&transport=xkmoyoi&t=owa1ru3&sid=yn6qnugqlck1nzyrk5za HTTP/1.1" 200 34 "https://miaou.dystroy.org/879" "Mozilla/5.0 (Windows NT 10.0; Win64; x64) AppleWebKit/537.36 (KHTML, like Gecko) Chrome/87.0.4280.141 Safari/537.36"
77.223.140.69 - - [22/Jan/2021:08:14:14 +0000] "GET /sw.js?v=jq HTTP/1.1" 304 0 "https://miaou.dystroy.org/sw.js?v=33" "Mozilla/5.0 (Linux; Android 10; Redmi Note 7) AppleWebKit/537.36 (KHTML, like Gecko) Chrome/87.0.4280.101 Mobile Safari/537.36"
61e3:f08:a7f:95e8:1cba:8117:79f:1a6f - - [22/Jan/2021:08:14:14 +0000] "POST /upload HTTP/1.1" 200 74 "https://miaou.dystroy.org/879" "Mozilla/5.0 (Windows NT 10.0; Win64; x64) AppleWebKit/537.36 (KHTML, like Gecko) Chrome/87.0.4280.141 Safari/537.36"
61e3:f08:a7f:95e8:1cba:8117:79f:1a6f - - [22/Jan/2021:08:14:14 +0000] "GET /file-host/7d6d3a885899a5867a4e29aa.png HTTP/1.1" 200 74536 "https://miaou.dystroy.org/879" "Mozilla/5.0 (Windows NT 10.0; Win64; x64) AppleWebKit/537.36 (KHTML, like Gecko) Chrome/87.0.4280.141 Safari/537.36"
61e3:f08:a7f:95e8:1cba:8117:79f:1a6f - - [22/Jan/2021:08:14:20 +0000] "GET /favicon.ico HTTP/1.1" 404 148 "https://miaou.dystroy.org/file-host/7d6d3a885899a5867a4e29aa.png" "Mozilla/5.0 (Windows NT 10.0; Win64; x64) AppleWebKit/537.36 (KHTML, like Gecko) Chrome/87.0.4280.141 Safari/537.36"
0314:0499:b76b:f3e9:3f2:36ec:de11:094f - - [22/Jan/2021:08:14:20 +0000] "GET /gogo/json?action=7c1uz2f9flrxff&TrollId=a0ei0&ChrallVersion=9tku HTTP/1.1" 200 65 "https://games.mountyhall.com/" "Mozilla/5.0 (Windows NT 10.0; Win64; x64) AppleWebKit/537.36 (KHTML, like Gecko) Chrome/87.0.4280.141 Safari/537.36"
40.205.208.119 - - [22/Jan/2021:08:14:27 +0000] "POST /sciz-webhook HTTP/1.1" 200 0 "-" "python-requests/2.21.0"
61e3:f08:a7f:95e8:1cba:8117:79f:1a6f - - [22/Jan/2021:08:14:29 +0000] "GET /json/messages/last?n=a&room=fwv HTTP/1.1" 304 0 "https://miaou.dystroy.org/879" "Mozilla/5.0 (Windows NT 10.0; Win64; x64) AppleWebKit/537.36 (KHTML, like Gecko) Chrome/87.0.4280.141 Safari/537.36"
0314:0499:b76b:f3e9:3f2:36ec:de11:094f - - [22/Jan/2021:08:14:32 +0000] "GET /gogo/json?action=7c1uz2f9flrxff&TrollId=a0ei0&ChrallVersion=9tku HTTP/1.1" 200 65 "https://games.mountyhall.com/" "Mozilla/5.0 (Windows NT 10.0; Win64; x64) AppleWebKit/537.36 (KHTML, like Gecko) Chrome/87.0.4280.141 Safari/537.36"
61e3:f08:a7f:95e8:1cba:8117:79f:1a6f - - [22/Jan/2021:08:14:32 +0000] "GET /json/messages/last?n=a&room=y HTTP/1.1" 304 0 "https://miaou.dystroy.org/879" "Mozilla/5.0 (Windows NT 10.0; Win64; x64) AppleWebKit/537.36 (KHTML, like Gecko) Chrome/87.0.4280.141 Safari/537.36"
28.46.53.144 - - [22/Jan/2021:08:14:34 +0000] "GET /file-host/80437d6ba55a9cefeb510804.jpg HTTP/1.1" 304 0 "https://miaou.dystroy.org/3836" "Mozilla/5.0 (Windows NT 6.1; rv:84.0) Gecko/20100101 Firefox/84.0"
22.205.194.252 - - [22/Jan/2021:08:14:35 +0000] "GET /gogo/json?action=mf331j19fcfriv57h&name=jbhk7m1b4hqg8rf7rpxjimuigjqoe4eormtu77s1wjelsy&monsterId=clidajc HTTP/1.1" 200 2764 "https://games.mountyhall.com/" "Mozilla/5.0 (Windows NT 10.0; Win64; x64) AppleWebKit/537.36 (KHTML, like Gecko) Chrome/87.0.4280.141 Safari/537.36"
22.205.194.252 - - [22/Jan/2021:08:14:35 +0000] "GET /gogo/json?action=mf331j19fcfriv57h&name=clkpzc56gcerr2iwhkgpmj70i6kcfajqjcim&monsterId=jpd1mx1 HTTP/1.1" 200 1417 "https://games.mountyhall.com/" "Mozilla/5.0 (Windows NT 10.0; Win64; x64) AppleWebKit/537.36 (KHTML, like Gecko) Chrome/87.0.4280.141 Safari/537.36"
22.205.194.252 - - [22/Jan/2021:08:14:36 +0000] "GET /gogo/json?action=mf331j19fcfriv57h&name=clkpzc56gcerr2iwhkgpmj70i6kcfajqjcim&monsterId=jpd1mx1 HTTP/1.1" 200 1417 "https://games.mountyhall.com/" "Mozilla/5.0 (Windows NT 10.0; Win64; x64) AppleWebKit/537.36 (KHTML, like Gecko) Chrome/87.0.4280.141 Safari/537.36"
22.205.194.252 - - [22/Jan/2021:08:14:36 +0000] "GET /gogo/json?action=mf331j19fcfriv57h&name=clkpzc56gcerr2iwhkgpmj70i6kcfajqjcim&monsterId=jpd1mx1 HTTP/1.1" 200 1417 "https://games.mountyhall.com/" "Mozilla/5.0 (Windows NT 10.0; Win64; x64) AppleWebKit/537.36 (KHTML, like Gecko) Chrome/87.0.4280.141 Safari/537.36"
61e3:f08:a7f:95e8:1cba:8117:79f:1a6f - - [22/Jan/2021:08:14:36 +0000] "GET /3 HTTP/1.1" 200 5406 "https://miaou.dystroy.org/879" "Mozilla/5.0 (Windows NT 10.0; Win64; x64) AppleWebKit/537.36 (KHTML, like Gecko) Chrome/87.0.4280.141 Safari/537.36"
61e3:f08:a7f:95e8:1cba:8117:79f:1a6f - - [22/Jan/2021:08:14:36 +0000] "GET /socket.io/?EIO=y&transport=c0qucvma5&sid=yn6qnugqlck1nzyrk5za HTTP/1.1" 101 5943 "-" "Mozilla/5.0 (Windows NT 10.0; Win64; x64) AppleWebKit/537.36 (KHTML, like Gecko) Chrome/87.0.4280.141 Safari/537.36"
61e3:f08:a7f:95e8:1cba:8117:79f:1a6f - - [22/Jan/2021:08:14:36 +0000] "GET /socket.io/socket.io.js HTTP/1.1" 304 0 "https://miaou.dystroy.org/3" "Mozilla/5.0 (Windows NT 10.0; Win64; x64) AppleWebKit/537.36 (KHTML, like Gecko) Chrome/87.0.4280.141 Safari/537.36"
61e3:f08:a7f:95e8:1cba:8117:79f:1a6f - - [22/Jan/2021:08:14:36 +0000] "GET /socket.io/?EIO=y&transport=xkmoyoi&t=oc8zwxx HTTP/1.1" 200 99 "https://miaou.dystroy.org/3" "Mozilla/5.0 (Windows NT 10.0; Win64; x64) AppleWebKit/537.36 (KHTML, like Gecko) Chrome/87.0.4280.141 Safari/537.36"
61e3:f08:a7f:95e8:1cba:8117:79f:1a6f - - [22/Jan/2021:08:14:36 +0000] "GET /socket.io/?EIO=y&transport=xkmoyoi&t=nufvd34&sid=eig60f6w04ymr4yr5ckz HTTP/1.1" 200 18 "https://miaou.dystroy.org/3" "Mozilla/5.0 (Windows NT 10.0; Win64; x64) AppleWebKit/537.36 (KHTML, like Gecko) Chrome/87.0.4280.141 Safari/537.36"
92.19.229.158 - - [22/Jan/2021:08:14:36 +0000] "GET /broot/img/favicon.ico HTTP/1.1" 200 1150 "-" "WidgetKitExtension/3279 CFNetwork/1209 Darwin/20.2.0"
61e3:f08:a7f:95e8:1cba:8117:79f:1a6f - - [22/Jan/2021:08:14:36 +0000] "POST /socket.io/?EIO=y&transport=xkmoyoi&t=pphf35s&sid=eig60f6w04ymr4yr5ckz HTTP/1.1" 200 2 "https://miaou.dystroy.org/3" "Mozilla/5.0 (Windows NT 10.0; Win64; x64) AppleWebKit/537.36 (KHTML, like Gecko) Chrome/87.0.4280.141 Safari/537.36"
61e3:f08:a7f:95e8:1cba:8117:79f:1a6f - - [22/Jan/2021:08:14:36 +0000] "GET /socket.io/?EIO=y&transport=xkmoyoi&t=36e2d6f&sid=eig60f6w04ymr4yr5ckz HTTP/1.1" 200 34 "https://miaou.dystroy.org/3" "Mozilla/5.0 (Windows NT 10.0; Win64; x64) AppleWebKit/537.36 (KHTML, like Gecko) Chrome/87.0.4280.141 Safari/537.36"
61e3:f08:a7f:95e8:1cba:8117:79f:1a6f - - [22/Jan/2021:08:14:36 +0000] "GET /socket.io/?EIO=y&transport=xkmoyoi&t=jzee4kl&sid=eig60f6w04ymr4yr5ckz HTTP/1.1" 200 4525 "https://miaou.dystroy.org/3" "Mozilla/5.0 (Windows NT 10.0; Win64; x64) AppleWebKit/537.36 (KHTML, like Gecko) Chrome/87.0.4280.141 Safari/537.36"
22.205.194.252 - - [22/Jan/2021:08:14:36 +0000] "GET /gogo/json?action=mf331j19fcfriv57h&name=clkpzc56gcerr2iwhkgpmj70i6kcfajqjcim&monsterId=jpd1mx1 HTTP/1.1" 200 1417 "https://games.mountyhall.com/" "Mozilla/5.0 (Windows NT 10.0; Win64; x64) AppleWebKit/537.36 (KHTML, like Gecko) Chrome/87.0.4280.141 Safari/537.36"
0314:0499:b76b:f3e9:3f2:36ec:de11:094f - - [22/Jan/2021:08:14:43 +0000] "GET /gogo/json?action=7c1uz2f9flrxff&TrollId=a0ei0&ChrallVersion=9tku HTTP/1.1" 200 65 "https://games.mountyhall.com/" "Mozilla/5.0 (Windows NT 10.0; Win64; x64) AppleWebKit/537.36 (KHTML, like Gecko) Chrome/87.0.4280.141 Safari/537.36"
77.223.140.69 - - [22/Jan/2021:08:14:53 +0000] "GET /socket.io/?EIO=y&transport=c0qucvma5&sid=64enzulf5l6evoom5spq HTTP/1.1" 101 3265 "-" "Mozilla/5.0 (Linux; Android 10; Redmi Note 7) AppleWebKit/537.36 (KHTML, like Gecko) Chrome/87.0.4280.101 Mobile Safari/537.36"
22.205.194.252 - - [22/Jan/2021:08:14:53 +0000] "GET /gogo/json?action=7c1uz2f9flrxff&TrollId=6otph&ChrallVersion=9tku HTTP/1.1" 200 65 "https://games.mountyhall.com/" "Mozilla/5.0 (Windows NT 10.0; Win64; x64) AppleWebKit/537.36 (KHTML, like Gecko) Chrome/87.0.4280.141 Safari/537.36"
0314:0499:b76b:f3e9:3f2:36ec:de11:094f - - [22/Jan/2021:08:15:05 +0000] "GET /gogo/json?action=7c1uz2f9flrxff&TrollId=a0ei0&ChrallVersion=9tku HTTP/1.1" 200 65 "https://games.mountyhall.com/" "Mozilla/5.0 (Windows NT 10.0; Win64; x64) AppleWebKit/537.36 (KHTML, like Gecko) Chrome/87.0.4280.141 Safari/537.36"
e4ac:ab4:e14:aa56:6163:9683:54af:1216 - - [22/Jan/2021:08:15:08 +0000] "GET /socket.io/?EIO=y&transport=c0qucvma5&sid=wfaa9lvgh483dcoics1a HTTP/1.1" 101 6288 "-" "Mozilla/5.0 (Windows NT 6.3; Win64; x64) AppleWebKit/537.36 (KHTML, like Gecko) Chrome/87.0.4280.141 Safari/537.36"
40.205.208.119 - - [22/Jan/2021:08:15:11 +0000] "POST /sciz-webhook HTTP/1.1" 200 0 "-" "python-requests/2.21.0"
28.46.53.144 - - [22/Jan/2021:08:15:20 +0000] "GET /socket.io/?EIO=y&transport=xkmoyoi&t=vlngd7g HTTP/1.1" 200 99 "https://miaou.dystroy.org/3836" "Mozilla/5.0 (Windows NT 6.1; rv:84.0) Gecko/20100101 Firefox/84.0"
28.46.53.144 - - [22/Jan/2021:08:15:20 +0000] "GET /socket.io/?EIO=y&transport=xkmoyoi&t=7jup9n0&sid=n5vveeefwcq4s9dutdqf HTTP/1.1" 200 18 "https://miaou.dystroy.org/3836" "Mozilla/5.0 (Windows NT 6.1; rv:84.0) Gecko/20100101 Firefox/84.0"
28.46.53.144 - - [22/Jan/2021:08:15:20 +0000] "GET /socket.io/?EIO=y&transport=xkmoyoi&t=qb074ri HTTP/1.1" 200 99 "https://miaou.dystroy.org/12" "Mozilla/5.0 (Windows NT 6.1; rv:84.0) Gecko/20100101 Firefox/84.0"
28.46.53.144 - - [22/Jan/2021:08:15:20 +0000] "POST /socket.io/?EIO=y&transport=xkmoyoi&t=3pgv69z&sid=n5vveeefwcq4s9dutdqf HTTP/1.1" 200 2 "https://miaou.dystroy.org/3836" "Mozilla/5.0 (Windows NT 6.1; rv:84.0) Gecko/20100101 Firefox/84.0"
28.46.53.144 - - [22/Jan/2021:08:15:20 +0000] "GET /socket.io/?EIO=y&transport=xkmoyoi&t=zxk3a9u&sid=n5vveeefwcq4s9dutdqf HTTP/1.1" 200 57 "https://miaou.dystroy.org/3836" "Mozilla/5.0 (Windows NT 6.1; rv:84.0) Gecko/20100101 Firefox/84.0"
28.46.53.144 - - [22/Jan/2021:08:15:20 +0000] "GET /socket.io/?EIO=y&transport=xkmoyoi&t=ca9sw6i&sid=5l8mv3hjehuq9bu4alul HTTP/1.1" 200 18 "https://miaou.dystroy.org/12" "Mozilla/5.0 (Windows NT 6.1; rv:84.0) Gecko/20100101 Firefox/84.0"
28.46.53.144 - - [22/Jan/2021:08:15:20 +0000] "GET /socket.io/?EIO=y&transport=xkmoyoi&t=incv3vc&sid=n5vveeefwcq4s9dutdqf HTTP/1.1" 200 3626 "https://miaou.dystroy.org/3836" "Mozilla/5.0 (Windows NT 6.1; rv:84.0) Gecko/20100101 Firefox/84.0"
28.46.53.144 - - [22/Jan/2021:08:15:20 +0000] "POST /socket.io/?EIO=y&transport=xkmoyoi&t=xlddpgc&sid=5l8mv3hjehuq9bu4alul HTTP/1.1" 200 2 "https://miaou.dystroy.org/12" "Mozilla/5.0 (Windows NT 6.1; rv:84.0) Gecko/20100101 Firefox/84.0"
28.46.53.144 - - [22/Jan/2021:08:15:20 +0000] "GET /socket.io/?EIO=y&transport=xkmoyoi&t=7cwh9ro&sid=5l8mv3hjehuq9bu4alul HTTP/1.1" 200 57 "https://miaou.dystroy.org/12" "Mozilla/5.0 (Windows NT 6.1; rv:84.0) Gecko/20100101 Firefox/84.0"
28.46.53.144 - - [22/Jan/2021:08:15:20 +0000] "GET /socket.io/?EIO=y&transport=xkmoyoi&t=nwpmkpd&sid=5l8mv3hjehuq9bu4alul HTTP/1.1" 200 6485 "https://miaou.dystroy.org/12" "Mozilla/5.0 (Windows NT 6.1; rv:84.0) Gecko/20100101 Firefox/84.0"
28.46.53.144 - - [22/Jan/2021:08:15:20 +0000] "GET /file-host/452f5b44be2b0395c9011ccf.jpg HTTP/1.1" 304 0 "https://miaou.dystroy.org/3836" "Mozilla/5.0 (Windows NT 6.1; rv:84.0) Gecko/20100101 Firefox/84.0"
28.46.53.144 - - [22/Jan/2021:08:15:20 +0000] "GET /file-host/0eab470e2b56099300195cf8.jpg HTTP/1.1" 304 0 "https://miaou.dystroy.org/3836" "Mozilla/5.0 (Windows NT 6.1; rv:84.0) Gecko/20100101 Firefox/84.0"
28.46.53.144 - - [22/Jan/2021:08:15:20 +0000] "POST /socket.io/?EIO=y&transport=xkmoyoi&t=isx9ort&sid=n5vveeefwcq4s9dutdqf HTTP/1.1" 200 2 "https://miaou.dystroy.org/3836" "Mozilla/5.0 (Windows NT 6.1; rv:84.0) Gecko/20100101 Firefox/84.0"
28.46.53.144 - - [22/Jan/2021:08:15:21 +0000] "GET /socket.io/?EIO=y&transport=xkmoyoi&t=eeo93er&sid=n5vveeefwcq4s9dutdqf HTTP/1.1" 200 562 "https://miaou.dystroy.org/3836" "Mozilla/5.0 (Windows NT 6.1; rv:84.0) Gecko/20100101 Firefox/84.0"
28.46.53.144 - - [22/Jan/2021:08:15:21 +0000] "POST /socket.io/?EIO=y&transport=xkmoyoi&t=8puk81j&sid=5l8mv3hjehuq9bu4alul HTTP/1.1" 200 2 "https://miaou.dystroy.org/12" "Mozilla/5.0 (Windows NT 6.1; rv:84.0) Gecko/20100101 Firefox/84.0"
28.46.53.144 - - [22/Jan/2021:08:15:21 +0000] "POST /socket.io/?EIO=y&transport=xkmoyoi&t=lef46jc&sid=5l8mv3hjehuq9bu4alul HTTP/1.1" 200 2 "https://miaou.dystroy.org/12" "Mozilla/5.0 (Windows NT 6.1; rv:84.0) Gecko/20100101 Firefox/84.0"
28.46.53.144 - - [22/Jan/2021:08:15:21 +0000] "GET /socket.io/?EIO=y&transport=xkmoyoi&t=optx8z4&sid=5l8mv3hjehuq9bu4alul HTTP/1.1" 200 334 "https://miaou.dystroy.org/12" "Mozilla/5.0 (Windows NT 6.1; rv:84.0) Gecko/20100101 Firefox/84.0"
28.46.53.144 - - [22/Jan/2021:08:15:21 +0000] "GET /socket.io/?EIO=y&transport=xkmoyoi&t=qie2fg2&sid=5l8mv3hjehuq9bu4alul HTTP/1.1" 200 560 "https://miaou.dystroy.org/12" "Mozilla/5.0 (Windows NT 6.1; rv:84.0) Gecko/20100101 Firefox/84.0"
28.46.53.144 - - [22/Jan/2021:08:15:21 +0000] "GET /socket.io/?EIO=y&transport=xkmoyoi&t=trk0ha7&sid=5l8mv3hjehuq9bu4alul HTTP/1.1" 200 3 "https://miaou.dystroy.org/12" "Mozilla/5.0 (Windows NT 6.1; rv:84.0) Gecko/20100101 Firefox/84.0"
28.46.53.144 - - [22/Jan/2021:08:15:21 +0000] "GET /socket.io/?EIO=y&transport=c0qucvma5&sid=i42b8ll4npy2s3o3r0k2 HTTP/1.1" 101 807 "-" "Mozilla/5.0 (Windows NT 6.1; rv:84.0) Gecko/20100101 Firefox/84.0"
28.46.53.144 - - [22/Jan/2021:08:15:22 +0000] "GET /socket.io/?EIO=y&transport=c0qucvma5&sid=iu2mj1mv8y0nomo0wdky HTTP/1.1" 101 4743 "-" "Mozilla/5.0 (Windows NT 6.1; rv:84.0) Gecko/20100101 Firefox/84.0"
101.155.243.126 - - [22/Jan/2021:08:15:36 +0000] "GET /json/messages/last?n=0&room=g HTTP/1.1" 304 0 "https://miaou.dystroy.org/4047" "Mozilla/5.0 (Windows NT 10.0; Win64; x64; rv:84.0) Gecko/20100101 Firefox/84.0"
0314:0499:b76b:f3e9:3f2:36ec:de11:094f - - [22/Jan/2021:08:15:39 +0000] "GET /gogo/json?action=7c1uz2f9flrxff&TrollId=a0ei0&ChrallVersion=9tku HTTP/1.1" 200 65 "https://games.mountyhall.com/" "Mozilla/5.0 (Windows NT 10.0; Win64; x64) AppleWebKit/537.36 (KHTML, like Gecko) Chrome/87.0.4280.141 Safari/537.36"
66.117.89.209 - - [22/Jan/2021:08:15:47 +0000] "GET /socket.io/?EIO=y&transport=xkmoyoi&t=ti8fwhm HTTP/1.1" 200 99 "https://miaou.dystroy.org/1616" "Mozilla/5.0 (Linux; Android 10; ONEPLUS A6013) AppleWebKit/537.36 (KHTML, like Gecko) Chrome/87.0.4280.141 Mobile Safari/537.36"
66.117.89.209 - - [22/Jan/2021:08:15:47 +0000] "GET /socket.io/?EIO=y&transport=xkmoyoi&t=klrezqr&sid=x7amsiavu3i2tnt9lnyr HTTP/1.1" 200 18 "https://miaou.dystroy.org/1616" "Mozilla/5.0 (Linux; Android 10; ONEPLUS A6013) AppleWebKit/537.36 (KHTML, like Gecko) Chrome/87.0.4280.141 Mobile Safari/537.36"
66.117.89.209 - - [22/Jan/2021:08:15:47 +0000] "POST /socket.io/?EIO=y&transport=xkmoyoi&t=qrdzq2n&sid=x7amsiavu3i2tnt9lnyr HTTP/1.1" 200 2 "https://miaou.dystroy.org/1616" "Mozilla/5.0 (Linux; Android 10; ONEPLUS A6013) AppleWebKit/537.36 (KHTML, like Gecko) Chrome/87.0.4280.141 Mobile Safari/537.36"
66.117.89.209 - - [22/Jan/2021:08:15:47 +0000] "GET /socket.io/?EIO=y&transport=xkmoyoi&t=gkc6qar&sid=x7amsiavu3i2tnt9lnyr HTTP/1.1" 200 6374 "https://miaou.dystroy.org/1616" "Mozilla/5.0 (Linux; Android 10; ONEPLUS A6013) AppleWebKit/537.36 (KHTML, like Gecko) Chrome/87.0.4280.141 Mobile Safari/537.36"
66.117.89.209 - - [22/Jan/2021:08:15:48 +0000] "POST /socket.io/?EIO=y&transport=xkmoyoi&t=8iwh0ci&sid=x7amsiavu3i2tnt9lnyr HTTP/1.1" 200 2 "https://miaou.dystroy.org/1616" "Mozilla/5.0 (Linux; Android 10; ONEPLUS A6013) AppleWebKit/537.36 (KHTML, like Gecko) Chrome/87.0.4280.141 Mobile Safari/537.36"
66.117.89.209 - - [22/Jan/2021:08:15:48 +0000] "GET /socket.io/?EIO=y&transport=xkmoyoi&t=zzb60wg&sid=x7amsiavu3i2tnt9lnyr HTTP/1.1" 200 433 "https://miaou.dystroy.org/1616" "Mozilla/5.0 (Linux; Android 10; ONEPLUS A6013) AppleWebKit/537.36 (KHTML, like Gecko) Chrome/87.0.4280.141 Mobile Safari/537.36"
40.205.208.119 - - [22/Jan/2021:08:16:11 +0000] "POST /sciz-webhook HTTP/1.1" 200 0 "-" "python-requests/2.21.0"
40.205.208.119 - - [22/Jan/2021:08:16:11 +0000] "POST /sciz-webhook HTTP/1.1" 200 0 "-" "python-requests/2.21.0"
28.46.53.144 - - [22/Jan/2021:08:16:20 +0000] "GET /publicProfile?user=erty&room=42pd HTTP/1.1" 304 0 "https://miaou.dystroy.org/3836" "Mozilla/5.0 (Windows NT 6.1; rv:84.0) Gecko/20100101 Firefox/84.0"
12.146.12.185 - - [22/Jan/2021:08:16:28 +0000] "GET /json/rooms?pattern= HTTP/1.1" 200 10420 "https://miaou.dystroy.org/2075" "Mozilla/5.0 (Windows NT 10.0; Win64; x64) AppleWebKit/537.36 (KHTML, like Gecko) Chrome/87.0.4280.141 Safari/537.36"
58.103.75.216 - - [22/Jan/2021:08:16:35 +0000] "GET /JSON.prune/JSON.prune.js?_=jolnapcbrkfm0 HTTP/1.1" 200 5188 "https://esabora-schema-preprod.azurewebsites.net/" "Mozilla/5.0 (Windows NT 10.0; Win64; x64) AppleWebKit/537.36 (KHTML, like Gecko) Chrome/75.0.3770.142 Safari/537.36"
91.110.189.249 - - [22/Jan/2021:08:16:41 +0000] "HEAD / HTTP/1.1" 301 0 "http://www.dystroy.org" "Mozilla/5.0+(compatible; UptimeRobot/2.0; http://www.uptimerobot.com/)"
91.110.189.249 - - [22/Jan/2021:08:16:41 +0000] "HEAD / HTTP/1.1" 200 0 "http://www.dystroy.org" "Mozilla/5.0+(compatible; UptimeRobot/2.0; http://www.uptimerobot.com/)"
0314:0499:b76b:f3e9:3f2:36ec:de11:094f - - [22/Jan/2021:08:16:41 +0000] "GET /gogo/json?action=7c1uz2f9flrxff&TrollId=a0ei0&ChrallVersion=9tku HTTP/1.1" 200 65 "https://games.mountyhall.com/" "Mozilla/5.0 (Windows NT 10.0; Win64; x64) AppleWebKit/537.36 (KHTML, like Gecko) Chrome/87.0.4280.141 Safari/537.36"
61e3:f08:a7f:95e8:1cba:8117:79f:1a6f - - [22/Jan/2021:08:16:46 +0000] "GET /gogo/json?action=7c1uz2f9flrxff&TrollId=avy242&ChrallVersion=9tku HTTP/1.1" 200 65 "https://games.mountyhall.com/" "Mozilla/5.0 (Windows NT 10.0; Win64; x64) AppleWebKit/537.36 (KHTML, like Gecko) Chrome/87.0.4280.141 Safari/537.36"
61e3:f08:a7f:95e8:1cba:8117:79f:1a6f - - [22/Jan/2021:08:16:46 +0000] "GET /gogo/json?action=7c1uz2f9flrxff&TrollId=avy242&ChrallVersion=9tku HTTP/1.1" 200 65 "https://games.mountyhall.com/" "Mozilla/5.0 (Windows NT 10.0; Win64; x64) AppleWebKit/537.36 (KHTML, like Gecko) Chrome/87.0.4280.141 Safari/537.36"
61e3:f08:a7f:95e8:1cba:8117:79f:1a6f - - [22/Jan/2021:08:16:48 +0000] "GET /gogo/json?action=7c1uz2f9flrxff&TrollId=avy242&ChrallVersion=9tku HTTP/1.1" 200 65 "https://games.mountyhall.com/" "Mozilla/5.0 (Windows NT 10.0; Win64; x64) AppleWebKit/537.36 (KHTML, like Gecko) Chrome/87.0.4280.141 Safari/537.36"
12.146.12.185 - - [22/Jan/2021:08:16:57 +0000] "GET /json/messages/last?n=a&room=v7bt HTTP/1.1" 304 0 "https://miaou.dystroy.org/2075" "Mozilla/5.0 (Windows NT 10.0; Win64; x64) AppleWebKit/537.36 (KHTML, like Gecko) Chrome/87.0.4280.141 Safari/537.36"
12.146.12.185 - - [22/Jan/2021:08:16:58 +0000] "GET /json/messages/last?n=a&room=skbd HTTP/1.1" 200 999 "https://miaou.dystroy.org/2075" "Mozilla/5.0 (Windows NT 10.0; Win64; x64) AppleWebKit/537.36 (KHTML, like Gecko) Chrome/87.0.4280.141 Safari/537.36"
12.146.12.185 - - [22/Jan/2021:08:16:58 +0000] "GET /3728 HTTP/1.1" 200 5470 "https://miaou.dystroy.org/2075" "Mozilla/5.0 (Windows NT 10.0; Win64; x64) AppleWebKit/537.36 (KHTML, like Gecko) Chrome/87.0.4280.141 Safari/537.36"
12.146.12.185 - - [22/Jan/2021:08:16:58 +0000] "GET /socket.io/?EIO=y&transport=c0qucvma5&sid=lm94crzvdr0hrnl45528 HTTP/1.1" 101 2551 "-" "Mozilla/5.0 (Windows NT 10.0; Win64; x64) AppleWebKit/537.36 (KHTML, like Gecko) Chrome/87.0.4280.141 Safari/537.36"
12.146.12.185 - - [22/Jan/2021:08:16:58 +0000] "GET /socket.io/socket.io.js HTTP/1.1" 304 0 "https://miaou.dystroy.org/3728" "Mozilla/5.0 (Windows NT 10.0; Win64; x64) AppleWebKit/537.36 (KHTML, like Gecko) Chrome/87.0.4280.141 Safari/537.36"
12.146.12.185 - - [22/Jan/2021:08:16:59 +0000] "GET /socket.io/?EIO=y&transport=xkmoyoi&t=xx6z80b HTTP/1.1" 200 99 "https://miaou.dystroy.org/3728" "Mozilla/5.0 (Windows NT 10.0; Win64; x64) AppleWebKit/537.36 (KHTML, like Gecko) Chrome/87.0.4280.141 Safari/537.36"
12.146.12.185 - - [22/Jan/2021:08:16:59 +0000] "GET /socket.io/?EIO=y&transport=xkmoyoi&t=jd15f8d&sid=wiuepih5v5t3p1777xya HTTP/1.1" 200 18 "https://miaou.dystroy.org/3728" "Mozilla/5.0 (Windows NT 10.0; Win64; x64) AppleWebKit/537.36 (KHTML, like Gecko) Chrome/87.0.4280.141 Safari/537.36"
12.146.12.185 - - [22/Jan/2021:08:16:59 +0000] "POST /socket.io/?EIO=y&transport=xkmoyoi&t=i8abbcl&sid=wiuepih5v5t3p1777xya HTTP/1.1" 200 2 "https://miaou.dystroy.org/3728" "Mozilla/5.0 (Windows NT 10.0; Win64; x64) AppleWebKit/537.36 (KHTML, like Gecko) Chrome/87.0.4280.141 Safari/537.36"
12.146.12.185 - - [22/Jan/2021:08:16:59 +0000] "GET /socket.io/?EIO=y&transport=xkmoyoi&t=sspub4q&sid=wiuepih5v5t3p1777xya HTTP/1.1" 200 34 "https://miaou.dystroy.org/3728" "Mozilla/5.0 (Windows NT 10.0; Win64; x64) AppleWebKit/537.36 (KHTML, like Gecko) Chrome/87.0.4280.141 Safari/537.36"
40.205.208.119 - - [22/Jan/2021:08:17:07 +0000] "POST /sciz-webhook HTTP/1.1" 200 0 "-" "python-requests/2.21.0"
61e3:f08:a7f:95e8:1cba:8117:79f:1a6f - - [22/Jan/2021:08:17:07 +0000] "GET /gogo/json?action=7c1uz2f9flrxff&TrollId=avy242&ChrallVersion=9tku HTTP/1.1" 200 65 "https://games.mountyhall.com/" "Mozilla/5.0 (Windows NT 10.0; Win64; x64) AppleWebKit/537.36 (KHTML, like Gecko) Chrome/87.0.4280.141 Safari/537.36"
40.205.208.119 - - [22/Jan/2021:08:17:08 +0000] "POST /sciz-webhook HTTP/1.1" 200 0 "-" "python-requests/2.21.0"
22.205.194.252 - - [22/Jan/2021:08:17:15 +0000] "GET /gogo/json?action=7c1uz2f9flrxff&TrollId=6otph&ChrallVersion=9tku HTTP/1.1" 200 65 "https://games.mountyhall.com/" "Mozilla/5.0 (Windows NT 10.0; Win64; x64) AppleWebKit/537.36 (KHTML, like Gecko) Chrome/87.0.4280.141 Safari/537.36"
40.205.208.119 - - [22/Jan/2021:08:17:33 +0000] "POST /sciz-webhook HTTP/1.1" 200 0 "-" "python-requests/2.21.0"
40.205.208.119 - - [22/Jan/2021:08:17:39 +0000] "POST /sciz-webhook HTTP/1.1" 200 0 "-" "python-requests/2.21.0"
40.205.208.119 - - [22/Jan/2021:08:17:39 +0000] "POST /sciz-webhook HTTP/1.1" 200 0 "-" "python-requests/2.21.0"
40.205.208.119 - - [22/Jan/2021:08:17:39 +0000] "POST /sciz-webhook HTTP/1.1" 200 0 "-" "python-requests/2.21.0"
77.223.140.69 - - [22/Jan/2021:08:17:43 +0000] "GET /socket.io/?EIO=y&transport=c0qucvma5&sid=ou0jv3h40y3bx8ikygeo HTTP/1.1" 101 8931 "-" "Mozilla/5.0 (Linux; Android 10; Redmi Note 7) AppleWebKit/537.36 (KHTML, like Gecko) Chrome/87.0.4280.101 Mobile Safari/537.36"
718a:47b:fb6:384a:cdc3:abef:afd9:5d62 - - [22/Jan/2021:08:17:44 +0000] "GET /json/rooms?pattern= HTTP/1.1" 200 8720 "https://miaou.dystroy.org/3728" "Mozilla/5.0 (Windows NT 10.0; Win64; x64; rv:84.0) Gecko/20100101 Firefox/84.0"
26.58.110.84 - - [22/Jan/2021:08:18:01 +0000] "GET /JSON.prune/JSON.prune.js?_=9fl0s6fchjnrd HTTP/1.1" 200 5188 "https://schema02.esabora.solutions/" "Mozilla/5.0 (Windows NT 10.0; Win64; x64) AppleWebKit/537.36 (KHTML, like Gecko) Chrome/87.0.4280.141 Safari/537.36"
5808:2c72:604:d0e1:b572:0a8f:f637:b343 - - [22/Jan/2021:08:18:03 +0000] "GET / HTTP/1.1" 302 106 "-" "Mozilla/5.0 (X11; Linux x86_64) AppleWebKit/537.36 (KHTML, like Gecko) Chrome/87.0.4280.66 Safari/537.36"
5808:2c72:604:d0e1:b572:0a8f:f637:b343 - - [22/Jan/2021:08:18:03 +0000] "GET /login HTTP/1.1" 304 0 "-" "Mozilla/5.0 (X11; Linux x86_64) AppleWebKit/537.36 (KHTML, like Gecko) Chrome/87.0.4280.66 Safari/537.36"
5808:2c72:604:d0e1:b572:0a8f:f637:b343 - - [22/Jan/2021:08:18:03 +0000] "GET /auth/google HTTP/1.1" 302 0 "https://miaou.dystroy.org/login" "Mozilla/5.0 (X11; Linux x86_64) AppleWebKit/537.36 (KHTML, like Gecko) Chrome/87.0.4280.66 Safari/537.36"
5808:2c72:604:d0e1:b572:0a8f:f637:b343 - - [22/Jan/2021:08:18:04 +0000] "GET /auth/google/callback?state=li1e&code=c47ie9n5y1y07ke3va1c29qf7n1tjrokxju4aa7bu6i428g59xb8hnp2zlukr36l19fmgf80xjs&scope=gyotjvtjxxxdrusfcc9l12tzbypfle4jgq62h94bvs91e6iat3q6cahd4kjexbahihbneh2vezrd91d6x3mn55vedhyw2s92whzyqk6fvp37bsrh54rr3r7i3gtxfle2szvaklg1&authuser=3&prompt=npme HTTP/1.1" 302 96 "https://miaou.dystroy.org/login" "Mozilla/5.0 (X11; Linux x86_64) AppleWebKit/537.36 (KHTML, like Gecko) Chrome/87.0.4280.66 Safari/537.36"
5808:2c72:604:d0e1:b572:0a8f:f637:b343 - - [22/Jan/2021:08:18:04 +0000] "GET / HTTP/1.1" 302 106 "https://miaou.dystroy.org/login" "Mozilla/5.0 (X11; Linux x86_64) AppleWebKit/537.36 (KHTML, like Gecko) Chrome/87.0.4280.66 Safari/537.36"
5808:2c72:604:d0e1:b572:0a8f:f637:b343 - - [22/Jan/2021:08:18:04 +0000] "GET /rooms HTTP/1.1" 200 3741 "https://miaou.dystroy.org/login" "Mozilla/5.0 (X11; Linux x86_64) AppleWebKit/537.36 (KHTML, like Gecko) Chrome/87.0.4280.66 Safari/537.36"
5808:2c72:604:d0e1:b572:0a8f:f637:b343 - - [22/Jan/2021:08:18:04 +0000] "GET /json/rooms?pattern= HTTP/1.1" 200 14203 "https://miaou.dystroy.org/rooms" "Mozilla/5.0 (X11; Linux x86_64) AppleWebKit/537.36 (KHTML, like Gecko) Chrome/87.0.4280.66 Safari/537.36"
5808:2c72:604:d0e1:b572:0a8f:f637:b343 - - [22/Jan/2021:08:18:04 +0000] "GET /file-host/454d24ef72b26016d0c7dc90.png HTTP/1.1" 304 0 "https://miaou.dystroy.org/rooms" "Mozilla/5.0 (X11; Linux x86_64) AppleWebKit/537.36 (KHTML, like Gecko) Chrome/87.0.4280.66 Safari/537.36"
5808:2c72:604:d0e1:b572:0a8f:f637:b343 - - [22/Jan/2021:08:18:04 +0000] "GET /file-host/0f5f81bdabb340aa60d98723.png HTTP/1.1" 304 0 "https://miaou.dystroy.org/rooms" "Mozilla/5.0 (X11; Linux x86_64) AppleWebKit/537.36 (KHTML, like Gecko) Chrome/87.0.4280.66 Safari/537.36"
90.221.236.54 - - [22/Jan/2021:08:18:04 +0000] "GET /broot/img/20200620-content-memm.png HTTP/1.1" 304 0 "https://miaou.dystroy.org/rooms" "Mozilla/5.0 (X11; Linux x86_64) AppleWebKit/537.36 (KHTML, like Gecko) Chrome/87.0.4280.66 Safari/537.36"
5808:2c72:604:d0e1:b572:0a8f:f637:b343 - - [22/Jan/2021:08:18:04 +0000] "GET /file-host/f7d2fe99d4c6e3972754a679.png HTTP/1.1" 200 898094 "https://miaou.dystroy.org/rooms" "Mozilla/5.0 (X11; Linux x86_64) AppleWebKit/537.36 (KHTML, like Gecko) Chrome/87.0.4280.66 Safari/537.36"
5808:2c72:604:d0e1:b572:0a8f:f637:b343 - - [22/Jan/2021:08:18:06 +0000] "GET /sw.js?v=jq HTTP/1.1" 304 0 "https://miaou.dystroy.org/sw.js?v=33" "Mozilla/5.0 (X11; Linux x86_64) AppleWebKit/537.36 (KHTML, like Gecko) Chrome/87.0.4280.66 Safari/537.36"
5808:2c72:604:d0e1:b572:0a8f:f637:b343 - - [22/Jan/2021:08:18:07 +0000] "GET /json/tag?name=95feg80fe1 HTTP/1.1" 304 0 "https://miaou.dystroy.org/rooms" "Mozilla/5.0 (X11; Linux x86_64) AppleWebKit/537.36 (KHTML, like Gecko) Chrome/87.0.4280.66 Safari/537.36"
5808:2c72:604:d0e1:b572:0a8f:f637:b343 - - [22/Jan/2021:08:18:08 +0000] "GET /json/tag?name=uvj9 HTTP/1.1" 304 0 "https://miaou.dystroy.org/rooms" "Mozilla/5.0 (X11; Linux x86_64) AppleWebKit/537.36 (KHTML, like Gecko) Chrome/87.0.4280.66 Safari/537.36"
129.16.20.195 - - [22/Jan/2021:08:18:12 +0000] "GET /broot/documentation/configuration/ HTTP/1.1" 200 7847 "https://www.google.com/" "Mozilla/5.0 (iPhone; CPU iPhone OS 14_3 like Mac OS X) AppleWebKit/605.1.15 (KHTML, like Gecko) CriOS/87.0.4280.77 Mobile/15E148 Safari/604.1"
129.16.20.195 - - [22/Jan/2021:08:18:12 +0000] "GET /broot/css/extra.css HTTP/1.1" 200 1669 "https://dystroy.org/broot/documentation/configuration/" "Mozilla/5.0 (iPhone; CPU iPhone OS 14_3 like Mac OS X) AppleWebKit/605.1.15 (KHTML, like Gecko) CriOS/87.0.4280.77 Mobile/15E148 Safari/604.1"
129.16.20.195 - - [22/Jan/2021:08:18:12 +0000] "GET /broot/search/main.js HTTP/1.1" 200 2766 "https://dystroy.org/broot/documentation/configuration/" "Mozilla/5.0 (iPhone; CPU iPhone OS 14_3 like Mac OS X) AppleWebKit/605.1.15 (KHTML, like Gecko) CriOS/87.0.4280.77 Mobile/15E148 Safari/604.1"
129.16.20.195 - - [22/Jan/2021:08:18:13 +0000] "GET /broot/css/bootstrap-custom.min.css HTTP/1.1" 200 127102 "https://dystroy.org/broot/documentation/configuration/" "Mozilla/5.0 (iPhone; CPU iPhone OS 14_3 like Mac OS X) AppleWebKit/605.1.15 (KHTML, like Gecko) CriOS/87.0.4280.77 Mobile/15E148 Safari/604.1"
129.16.20.195 - - [22/Jan/2021:08:18:13 +0000] "GET /broot/img/20190306-mv.png HTTP/1.1" 200 31134 "https://dystroy.org/broot/documentation/configuration/" "Mozilla/5.0 (iPhone; CPU iPhone OS 14_3 like Mac OS X) AppleWebKit/605.1.15 (KHTML, like Gecko) CriOS/87.0.4280.77 Mobile/15E148 Safari/604.1"
129.16.20.195 - - [22/Jan/2021:08:18:13 +0000] "GET /broot/img/20191112-custom-colors-tree.png HTTP/1.1" 200 29655 "https://dystroy.org/broot/documentation/configuration/" "Mozilla/5.0 (iPhone; CPU iPhone OS 14_3 like Mac OS X) AppleWebKit/605.1.15 (KHTML, like Gecko) CriOS/87.0.4280.77 Mobile/15E148 Safari/604.1"
129.16.20.195 - - [22/Jan/2021:08:18:13 +0000] "GET /broot/js/jquery-1.10.2.min.js HTTP/1.1" 200 137549 "https://dystroy.org/broot/documentation/configuration/" "Mozilla/5.0 (iPhone; CPU iPhone OS 14_3 like Mac OS X) AppleWebKit/605.1.15 (KHTML, like Gecko) CriOS/87.0.4280.77 Mobile/15E148 Safari/604.1"
129.16.20.195 - - [22/Jan/2021:08:18:13 +0000] "GET /broot/css/font-awesome.min.css HTTP/1.1" 200 31000 "https://dystroy.org/broot/documentation/configuration/" "Mozilla/5.0 (iPhone; CPU iPhone OS 14_3 like Mac OS X) AppleWebKit/605.1.15 (KHTML, like Gecko) CriOS/87.0.4280.77 Mobile/15E148 Safari/604.1"
129.16.20.195 - - [22/Jan/2021:08:18:13 +0000] "GET /broot/js/bootstrap-3.0.3.min.js HTTP/1.1" 200 50966 "https://dystroy.org/broot/documentation/configuration/" "Mozilla/5.0 (iPhone; CPU iPhone OS 14_3 like Mac OS X) AppleWebKit/605.1.15 (KHTML, like Gecko) CriOS/87.0.4280.77 Mobile/15E148 Safari/604.1"
129.16.20.195 - - [22/Jan/2021:08:18:13 +0000] "GET /broot/css/base.css HTTP/1.1" 200 6822 "https://dystroy.org/broot/documentation/configuration/" "Mozilla/5.0 (iPhone; CPU iPhone OS 14_3 like Mac OS X) AppleWebKit/605.1.15 (KHTML, like Gecko) CriOS/87.0.4280.77 Mobile/15E148 Safari/604.1"
129.16.20.195 - - [22/Jan/2021:08:18:13 +0000] "GET /broot/js/base.js HTTP/1.1" 200 5111 "https://dystroy.org/broot/documentation/configuration/" "Mozilla/5.0 (iPhone; CPU iPhone OS 14_3 like Mac OS X) AppleWebKit/605.1.15 (KHTML, like Gecko) CriOS/87.0.4280.77 Mobile/15E148 Safari/604.1"
129.16.20.195 - - [22/Jan/2021:08:18:13 +0000] "GET /broot/img/20190306-md.png HTTP/1.1" 200 31207 "https://dystroy.org/broot/documentation/configuration/" "Mozilla/5.0 (iPhone; CPU iPhone OS 14_3 like Mac OS X) AppleWebKit/605.1.15 (KHTML, like Gecko) CriOS/87.0.4280.77 Mobile/15E148 Safari/604.1"
129.16.20.195 - - [22/Jan/2021:08:18:13 +0000] "GET /broot/img/20190306-blop.png HTTP/1.1" 200 47546 "https://dystroy.org/broot/documentation/configuration/" "Mozilla/5.0 (iPhone; CPU iPhone OS 14_3 like Mac OS X) AppleWebKit/605.1.15 (KHTML, like Gecko) CriOS/87.0.4280.77 Mobile/15E148 Safari/604.1"
129.16.20.195 - - [22/Jan/2021:08:18:13 +0000] "GET /broot/img/vache-blanche.svg HTTP/1.1" 200 6067 "https://dystroy.org/broot/documentation/configuration/" "Mozilla/5.0 (iPhone; CPU iPhone OS 14_3 like Mac OS X) AppleWebKit/605.1.15 (KHTML, like Gecko) CriOS/87.0.4280.77 Mobile/15E148 Safari/604.1"
129.16.20.195 - - [22/Jan/2021:08:18:13 +0000] "GET /broot/search/worker.js HTTP/1.1" 200 3585 "https://dystroy.org/broot/documentation/configuration/" "Mozilla/5.0 (iPhone; CPU iPhone OS 14_3 like Mac OS X) AppleWebKit/605.1.15 (KHTML, like Gecko) CriOS/87.0.4280.77 Mobile/15E148 Safari/604.1"
129.16.20.195 - - [22/Jan/2021:08:18:14 +0000] "GET /broot/search/search_index.json HTTP/1.1" 200 141229 "https://dystroy.org/broot/search/worker.js" "Mozilla/5.0 (iPhone; CPU iPhone OS 14_3 like Mac OS X) AppleWebKit/605.1.15 (KHTML, like Gecko) CriOS/87.0.4280.77 Mobile/15E148 Safari/604.1"
129.16.20.195 - - [22/Jan/2021:08:18:14 +0000] "GET /broot/img/favicon.ico HTTP/1.1" 200 1150 "-" "Mozilla/5.0 (iPhone; CPU iPhone OS 14_3 like Mac OS X) AppleWebKit/605.1.15 (KHTML, like Gecko) CriOS/87.0.4280.77 Mobile/15E148 Safari/604.1"
129.16.20.195 - - [22/Jan/2021:08:18:14 +0000] "GET /broot/search/lunr.js HTTP/1.1" 200 100219 "https://dystroy.org/broot/search/worker.js" "Mozilla/5.0 (iPhone; CPU iPhone OS 14_3 like Mac OS X) AppleWebKit/605.1.15 (KHTML, like Gecko) CriOS/87.0.4280.77 Mobile/15E148 Safari/604.1"
5808:2c72:604:d0e1:b572:0a8f:f637:b343 - - [22/Jan/2021:08:18:16 +0000] "GET /7?TESTS_ HTTP/1.1" 200 8548 "https://miaou.dystroy.org/rooms" "Mozilla/5.0 (X11; Linux x86_64) AppleWebKit/537.36 (KHTML, like Gecko) Chrome/87.0.4280.66 Safari/537.36"
5808:2c72:604:d0e1:b572:0a8f:f637:b343 - - [22/Jan/2021:08:18:16 +0000] "GET /socket.io/socket.io.js HTTP/1.1" 304 0 "https://miaou.dystroy.org/7?TESTS_" "Mozilla/5.0 (X11; Linux x86_64) AppleWebKit/537.36 (KHTML, like Gecko) Chrome/87.0.4280.66 Safari/537.36"
5808:2c72:604:d0e1:b572:0a8f:f637:b343 - - [22/Jan/2021:08:18:17 +0000] "GET /socket.io/?EIO=y&transport=xkmoyoi&t=dodiway HTTP/1.1" 200 99 "https://miaou.dystroy.org/7?TESTS_" "Mozilla/5.0 (X11; Linux x86_64) AppleWebKit/537.36 (KHTML, like Gecko) Chrome/87.0.4280.66 Safari/537.36"
5808:2c72:604:d0e1:b572:0a8f:f637:b343 - - [22/Jan/2021:08:18:17 +0000] "GET /file-host/571080f62ff16bc76606b894.png HTTP/1.1" 304 0 "https://miaou.dystroy.org/7?TESTS_" "Mozilla/5.0 (X11; Linux x86_64) AppleWebKit/537.36 (KHTML, like Gecko) Chrome/87.0.4280.66 Safari/537.36"
5808:2c72:604:d0e1:b572:0a8f:f637:b343 - - [22/Jan/2021:08:18:17 +0000] "GET /file-host/30153ebc26a1126502a8fc85.png HTTP/1.1" 304 0 "https://miaou.dystroy.org/7?TESTS_" "Mozilla/5.0 (X11; Linux x86_64) AppleWebKit/537.36 (KHTML, like Gecko) Chrome/87.0.4280.66 Safari/537.36"
5808:2c72:604:d0e1:b572:0a8f:f637:b343 - - [22/Jan/2021:08:18:17 +0000] "GET /file-host/5bf4b98b8e5a55db30a734fe.png HTTP/1.1" 304 0 "https://miaou.dystroy.org/7?TESTS_" "Mozilla/5.0 (X11; Linux x86_64) AppleWebKit/537.36 (KHTML, like Gecko) Chrome/87.0.4280.66 Safari/537.36"
5808:2c72:604:d0e1:b572:0a8f:f637:b343 - - [22/Jan/2021:08:18:17 +0000] "GET /file-host/bb595970ea8efe274bd270d0.png HTTP/1.1" 304 0 "https://miaou.dystroy.org/7?TESTS_" "Mozilla/5.0 (X11; Linux x86_64) AppleWebKit/537.36 (KHTML, like Gecko) Chrome/87.0.4280.66 Safari/537.36"
5808:2c72:604:d0e1:b572:0a8f:f637:b343 - - [22/Jan/2021:08:18:17 +0000] "GET /file-host/5378ede8bb861e199834acd9.png HTTP/1.1" 304 0 "https://miaou.dystroy.org/7?TESTS_" "Mozilla/5.0 (X11; Linux x86_64) AppleWebKit/537.36 (KHTML, like Gecko) Chrome/87.0.4280.66 Safari/537.36"
5808:2c72:604:d0e1:b572:0a8f:f637:b343 - - [22/Jan/2021:08:18:17 +0000] "GET /file-host/6dd84b795eb0ae8ca1bd6e6d.png HTTP/1.1" 304 0 "https://miaou.dystroy.org/7?TESTS_" "Mozilla/5.0 (X11; Linux x86_64) AppleWebKit/537.36 (KHTML, like Gecko) Chrome/87.0.4280.66 Safari/537.36"
5808:2c72:604:d0e1:b572:0a8f:f637:b343 - - [22/Jan/2021:08:18:17 +0000] "GET /file-host/4d2d90a95669b248c72671a5.png HTTP/1.1" 304 0 "https://miaou.dystroy.org/7?TESTS_" "Mozilla/5.0 (X11; Linux x86_64) AppleWebKit/537.36 (KHTML, like Gecko) Chrome/87.0.4280.66 Safari/537.36"
5808:2c72:604:d0e1:b572:0a8f:f637:b343 - - [22/Jan/2021:08:18:17 +0000] "GET /file-host/e4bf5a0a2af5bb1fa2af724e.png HTTP/1.1" 304 0 "https://miaou.dystroy.org/7?TESTS_" "Mozilla/5.0 (X11; Linux x86_64) AppleWebKit/537.36 (KHTML, like Gecko) Chrome/87.0.4280.66 Safari/537.36"
5808:2c72:604:d0e1:b572:0a8f:f637:b343 - - [22/Jan/2021:08:18:17 +0000] "GET /file-host/50a547605662f9b91222f8e5.png HTTP/1.1" 304 0 "https://miaou.dystroy.org/7?TESTS_" "Mozilla/5.0 (X11; Linux x86_64) AppleWebKit/537.36 (KHTML, like Gecko) Chrome/87.0.4280.66 Safari/537.36"
5808:2c72:604:d0e1:b572:0a8f:f637:b343 - - [22/Jan/2021:08:18:17 +0000] "GET /socket.io/?EIO=y&transport=xkmoyoi&t=rljgki1&sid=dv4ofs13oh48u61f0hrn HTTP/1.1" 200 18 "https://miaou.dystroy.org/7?TESTS_" "Mozilla/5.0 (X11; Linux x86_64) AppleWebKit/537.36 (KHTML, like Gecko) Chrome/87.0.4280.66 Safari/537.36"
5808:2c72:604:d0e1:b572:0a8f:f637:b343 - - [22/Jan/2021:08:18:17 +0000] "GET /file-host/f337531083e6be43f30d7b4e.png HTTP/1.1" 304 0 "https://miaou.dystroy.org/7?TESTS_" "Mozilla/5.0 (X11; Linux x86_64) AppleWebKit/537.36 (KHTML, like Gecko) Chrome/87.0.4280.66 Safari/537.36"
5808:2c72:604:d0e1:b572:0a8f:f637:b343 - - [22/Jan/2021:08:18:17 +0000] "GET /file-host/eafb0529e520706c09286af2.png HTTP/1.1" 304 0 "https://miaou.dystroy.org/7?TESTS_" "Mozilla/5.0 (X11; Linux x86_64) AppleWebKit/537.36 (KHTML, like Gecko) Chrome/87.0.4280.66 Safari/537.36"
5808:2c72:604:d0e1:b572:0a8f:f637:b343 - - [22/Jan/2021:08:18:17 +0000] "GET /file-host/9808c7f77f91da1f7a9c64a6.png HTTP/1.1" 200 564031 "https://miaou.dystroy.org/7?TESTS_" "Mozilla/5.0 (X11; Linux x86_64) AppleWebKit/537.36 (KHTML, like Gecko) Chrome/87.0.4280.66 Safari/537.36"
5808:2c72:604:d0e1:b572:0a8f:f637:b343 - - [22/Jan/2021:08:18:17 +0000] "GET /file-host/b591570c12633a46006f866c.png HTTP/1.1" 200 598642 "https://miaou.dystroy.org/7?TESTS_" "Mozilla/5.0 (X11; Linux x86_64) AppleWebKit/537.36 (KHTML, like Gecko) Chrome/87.0.4280.66 Safari/537.36"
5808:2c72:604:d0e1:b572:0a8f:f637:b343 - - [22/Jan/2021:08:18:17 +0000] "GET /socket.io/?EIO=y&transport=xkmoyoi&t=tlbi1ig&sid=dv4ofs13oh48u61f0hrn HTTP/1.1" 200 3 "https://miaou.dystroy.org/7?TESTS_" "Mozilla/5.0 (X11; Linux x86_64) AppleWebKit/537.36 (KHTML, like Gecko) Chrome/87.0.4280.66 Safari/537.36"
5808:2c72:604:d0e1:b572:0a8f:f637:b343 - - [22/Jan/2021:08:18:18 +0000] "GET /file-host/087f83e22466dc634f6ebb98.png HTTP/1.1" 304 0 "https://miaou.dystroy.org/7?TESTS_" "Mozilla/5.0 (X11; Linux x86_64) AppleWebKit/537.36 (KHTML, like Gecko) Chrome/87.0.4280.66 Safari/537.36"
5808:2c72:604:d0e1:b572:0a8f:f637:b343 - - [22/Jan/2021:08:18:18 +0000] "GET /file-host/d429d6dd01b834efbf07716c.png HTTP/1.1" 304 0 "https://miaou.dystroy.org/7?TESTS_" "Mozilla/5.0 (X11; Linux x86_64) AppleWebKit/537.36 (KHTML, like Gecko) Chrome/87.0.4280.66 Safari/537.36"
5808:2c72:604:d0e1:b572:0a8f:f637:b343 - - [22/Jan/2021:08:18:18 +0000] "GET /file-host/34cb9c30292afeaecb71e7db.png HTTP/1.1" 304 0 "https://miaou.dystroy.org/7?TESTS_" "Mozilla/5.0 (X11; Linux x86_64) AppleWebKit/537.36 (KHTML, like Gecko) Chrome/87.0.4280.66 Safari/537.36"
5808:2c72:604:d0e1:b572:0a8f:f637:b343 - - [22/Jan/2021:08:18:18 +0000] "GET /file-host/0cbdb5421e4476863164a6e4.png HTTP/1.1" 304 0 "https://miaou.dystroy.org/7?TESTS_" "Mozilla/5.0 (X11; Linux x86_64) AppleWebKit/537.36 (KHTML, like Gecko) Chrome/87.0.4280.66 Safari/537.36"
5808:2c72:604:d0e1:b572:0a8f:f637:b343 - - [22/Jan/2021:08:18:18 +0000] "GET /file-host/1371a4c9fb4ba5d1fe39ed5e.png HTTP/1.1" 304 0 "https://miaou.dystroy.org/7?TESTS_" "Mozilla/5.0 (X11; Linux x86_64) AppleWebKit/537.36 (KHTML, like Gecko) Chrome/87.0.4280.66 Safari/537.36"
5808:2c72:604:d0e1:b572:0a8f:f637:b343 - - [22/Jan/2021:08:18:18 +0000] "GET /file-host/2eafe669d6e1e01ae34d8d90.png HTTP/1.1" 304 0 "https://miaou.dystroy.org/7?TESTS_" "Mozilla/5.0 (X11; Linux x86_64) AppleWebKit/537.36 (KHTML, like Gecko) Chrome/87.0.4280.66 Safari/537.36"
5808:2c72:604:d0e1:b572:0a8f:f637:b343 - - [22/Jan/2021:08:18:18 +0000] "GET /file-host/34fc9b2bf8ebbe448720fb70.png HTTP/1.1" 304 0 "https://miaou.dystroy.org/7?TESTS_" "Mozilla/5.0 (X11; Linux x86_64) AppleWebKit/537.36 (KHTML, like Gecko) Chrome/87.0.4280.66 Safari/537.36"
5808:2c72:604:d0e1:b572:0a8f:f637:b343 - - [22/Jan/2021:08:18:18 +0000] "GET /file-host/73d32c2ccf062abe65cfbfd9.png HTTP/1.1" 304 0 "https://miaou.dystroy.org/7?TESTS_" "Mozilla/5.0 (X11; Linux x86_64) AppleWebKit/537.36 (KHTML, like Gecko) Chrome/87.0.4280.66 Safari/537.36"
5808:2c72:604:d0e1:b572:0a8f:f637:b343 - - [22/Jan/2021:08:18:18 +0000] "GET /file-host/f8ebbd05a9617fc7f6d5ff72.png HTTP/1.1" 200 336554 "https://miaou.dystroy.org/7?TESTS_" "Mozilla/5.0 (X11; Linux x86_64) AppleWebKit/537.36 (KHTML, like Gecko) Chrome/87.0.4280.66 Safari/537.36"
5808:2c72:604:d0e1:b572:0a8f:f637:b343 - - [22/Jan/2021:08:18:18 +0000] "GET /file-host/f63bb5e4b6fb6210ec021ac9.png HTTP/1.1" 200 377243 "https://miaou.dystroy.org/7?TESTS_" "Mozilla/5.0 (X11; Linux x86_64) AppleWebKit/537.36 (KHTML, like Gecko) Chrome/87.0.4280.66 Safari/537.36"
5808:2c72:604:d0e1:b572:0a8f:f637:b343 - - [22/Jan/2021:08:18:18 +0000] "GET /file-host/8b6f1f70b1315607daec7f4f.jpg HTTP/1.1" 200 702313 "https://miaou.dystroy.org/7?TESTS_" "Mozilla/5.0 (X11; Linux x86_64) AppleWebKit/537.36 (KHTML, like Gecko) Chrome/87.0.4280.66 Safari/537.36"
5808:2c72:604:d0e1:b572:0a8f:f637:b343 - - [22/Jan/2021:08:18:18 +0000] "POST /upload HTTP/1.1" 200 74 "https://miaou.dystroy.org/7?TESTS_" "Mozilla/5.0 (X11; Linux x86_64) AppleWebKit/537.36 (KHTML, like Gecko) Chrome/87.0.4280.66 Safari/537.36"
5808:2c72:604:d0e1:b572:0a8f:f637:b343 - - [22/Jan/2021:08:18:18 +0000] "GET /file-host/c3e0150e98c3f6b4e0c9b967.png HTTP/1.1" 200 3994 "https://miaou.dystroy.org/7?TESTS_" "Mozilla/5.0 (X11; Linux x86_64) AppleWebKit/537.36 (KHTML, like Gecko) Chrome/87.0.4280.66 Safari/537.36"
5808:2c72:604:d0e1:b572:0a8f:f637:b343 - - [22/Jan/2021:08:18:19 +0000] "GET /localbot/script.js?time=dr8r6qxkxk1wq&room=f HTTP/1.1" 200 2798 "https://miaou.dystroy.org/7?TESTS_" "Mozilla/5.0 (X11; Linux x86_64) AppleWebKit/537.36 (KHTML, like Gecko) Chrome/87.0.4280.66 Safari/537.36"
5808:2c72:604:d0e1:b572:0a8f:f637:b343 - - [22/Jan/2021:08:18:20 +0000] "GET /sw.js?v=jq HTTP/1.1" 304 0 "https://miaou.dystroy.org/sw.js?v=33" "Mozilla/5.0 (X11; Linux x86_64) AppleWebKit/537.36 (KHTML, like Gecko) Chrome/87.0.4280.66 Safari/537.36"
718a:47b:fb6:384a:cdc3:abef:afd9:5d62 - - [22/Jan/2021:08:18:27 +0000] "GET /json/messages/last?n=a&room=ans HTTP/1.1" 304 0 "https://miaou.dystroy.org/3728" "Mozilla/5.0 (Windows NT 10.0; Win64; x64; rv:84.0) Gecko/20100101 Firefox/84.0"
66.117.89.209 - - [22/Jan/2021:08:18:28 +0000] "GET /socket.io/?EIO=y&transport=c0qucvma5&sid=x7amsiavu3i2tnt9lnyr HTTP/1.1" 101 3986 "-" "Mozilla/5.0 (Linux; Android 10; ONEPLUS A6013) AppleWebKit/537.36 (KHTML, like Gecko) Chrome/87.0.4280.141 Mobile Safari/537.36"
129.16.20.195 - - [22/Jan/2021:08:18:29 +0000] "GET /broot/fonts/fontawesome-webfont.woff2?v=j53ec HTTP/1.1" 200 77160 "https://dystroy.org/broot/documentation/configuration/" "Mozilla/5.0 (iPhone; CPU iPhone OS 14_3 like Mac OS X) AppleWebKit/605.1.15 (KHTML, like Gecko) CriOS/87.0.4280.77 Mobile/15E148 Safari/604.1"
66.117.89.209 - - [22/Jan/2021:08:18:30 +0000] "GET /socket.io/?EIO=y&transport=xkmoyoi&t=3tuqhpg HTTP/1.1" 200 99 "https://miaou.dystroy.org/1616" "Mozilla/5.0 (Linux; Android 10; ONEPLUS A6013) AppleWebKit/537.36 (KHTML, like Gecko) Chrome/87.0.4280.141 Mobile Safari/537.36"
66.117.89.209 - - [22/Jan/2021:08:18:30 +0000] "GET /socket.io/?EIO=y&transport=xkmoyoi&t=rmyy7jh&sid=9b49kr25pn1588gspfkm HTTP/1.1" 200 18 "https://miaou.dystroy.org/1616" "Mozilla/5.0 (Linux; Android 10; ONEPLUS A6013) AppleWebKit/537.36 (KHTML, like Gecko) Chrome/87.0.4280.141 Mobile Safari/537.36"
66.117.89.209 - - [22/Jan/2021:08:18:30 +0000] "POST /socket.io/?EIO=y&transport=xkmoyoi&t=pu3xnd4&sid=9b49kr25pn1588gspfkm HTTP/1.1" 200 2 "https://miaou.dystroy.org/1616" "Mozilla/5.0 (Linux; Android 10; ONEPLUS A6013) AppleWebKit/537.36 (KHTML, like Gecko) Chrome/87.0.4280.141 Mobile Safari/537.36"
66.117.89.209 - - [22/Jan/2021:08:18:31 +0000] "GET /socket.io/?EIO=y&transport=xkmoyoi&t=b7ejsna&sid=9b49kr25pn1588gspfkm HTTP/1.1" 200 6374 "https://miaou.dystroy.org/1616" "Mozilla/5.0 (Linux; Android 10; ONEPLUS A6013) AppleWebKit/537.36 (KHTML, like Gecko) Chrome/87.0.4280.141 Mobile Safari/537.36"
129.16.20.195 - - [22/Jan/2021:08:18:33 +0000] "GET /broot/documentation/usage/ HTTP/1.1" 200 9465 "https://dystroy.org/broot/documentation/configuration/" "Mozilla/5.0 (iPhone; CPU iPhone OS 14_3 like Mac OS X) AppleWebKit/605.1.15 (KHTML, like Gecko) CriOS/87.0.4280.77 Mobile/15E148 Safari/604.1"
129.16.20.195 - - [22/Jan/2021:08:18:33 +0000] "GET /broot/img/20190305-search-hel.png HTTP/1.1" 200 15230 "https://dystroy.org/broot/documentation/usage/" "Mozilla/5.0 (iPhone; CPU iPhone OS 14_3 like Mac OS X) AppleWebKit/605.1.15 (KHTML, like Gecko) CriOS/87.0.4280.77 Mobile/15E148 Safari/604.1"
129.16.20.195 - - [22/Jan/2021:08:18:33 +0000] "GET /broot/img/20191030-dev-sizes.png HTTP/1.1" 200 26053 "https://dystroy.org/broot/documentation/usage/" "Mozilla/5.0 (iPhone; CPU iPhone OS 14_3 like Mac OS X) AppleWebKit/605.1.15 (KHTML, like Gecko) CriOS/87.0.4280.77 Mobile/15E148 Safari/604.1"
129.16.20.195 - - [22/Jan/2021:08:18:33 +0000] "GET /broot/img/20190101-flags.png HTTP/1.1" 200 20870 "https://dystroy.org/broot/documentation/usage/" "Mozilla/5.0 (iPhone; CPU iPhone OS 14_3 like Mac OS X) AppleWebKit/605.1.15 (KHTML, like Gecko) CriOS/87.0.4280.77 Mobile/15E148 Safari/604.1"
129.16.20.195 - - [22/Jan/2021:08:18:33 +0000] "GET /broot/img/20190305-rm.png HTTP/1.1" 200 28841 "https://dystroy.org/broot/documentation/usage/" "Mozilla/5.0 (iPhone; CPU iPhone OS 14_3 like Mac OS X) AppleWebKit/605.1.15 (KHTML, like Gecko) CriOS/87.0.4280.77 Mobile/15E148 Safari/604.1"
129.16.20.195 - - [22/Jan/2021:08:18:33 +0000] "GET /broot/img/20191112-md-missing-subpath.png HTTP/1.1" 200 26710 "https://dystroy.org/broot/documentation/usage/" "Mozilla/5.0 (iPhone; CPU iPhone OS 14_3 like Mac OS X) AppleWebKit/605.1.15 (KHTML, like Gecko) CriOS/87.0.4280.77 Mobile/15E148 Safari/604.1"
129.16.20.195 - - [22/Jan/2021:08:18:34 +0000] "GET /broot/img/20191112-md-list.png HTTP/1.1" 200 30874 "https://dystroy.org/broot/documentation/usage/" "Mozilla/5.0 (iPhone; CPU iPhone OS 14_3 like Mac OS X) AppleWebKit/605.1.15 (KHTML, like Gecko) CriOS/87.0.4280.77 Mobile/15E148 Safari/604.1"
129.16.20.195 - - [22/Jan/2021:08:18:34 +0000] "GET /broot/img/20190321-cmd-pt-styled.png HTTP/1.1" 200 12595 "https://dystroy.org/broot/documentation/usage/" "Mozilla/5.0 (iPhone; CPU iPhone OS 14_3 like Mac OS X) AppleWebKit/605.1.15 (KHTML, like Gecko) CriOS/87.0.4280.77 Mobile/15E148 Safari/604.1"
129.16.20.195 - - [22/Jan/2021:08:18:34 +0000] "GET /broot/img/20190321-cmd-pt-unstyled.png HTTP/1.1" 200 20277 "https://dystroy.org/broot/documentation/usage/" "Mozilla/5.0 (iPhone; CPU iPhone OS 14_3 like Mac OS X) AppleWebKit/605.1.15 (KHTML, like Gecko) CriOS/87.0.4280.77 Mobile/15E148 Safari/604.1"
77.246.169.230 - - [22/Jan/2021:08:18:47 +0000] "GET /socket.io/?EIO=y&transport=c0qucvma5&sid=zk172msk8ta4lyuvsqp0 HTTP/1.1" 101 2609 "-" "Mozilla/5.0 (Windows NT 10.0; Win64; x64; rv:84.0) Gecko/20100101 Firefox/84.0"
77.246.169.230 - - [22/Jan/2021:08:18:49 +0000] "GET /socket.io/?EIO=y&transport=xkmoyoi&t=3y4xvp0 HTTP/1.1" 200 99 "https://miaou.dystroy.org/4200" "Mozilla/5.0 (Windows NT 10.0; Win64; x64; rv:84.0) Gecko/20100101 Firefox/84.0"
77.246.169.230 - - [22/Jan/2021:08:18:49 +0000] "GET /socket.io/?EIO=y&transport=xkmoyoi&t=as5qz5f&sid=uaep40nnlmjlmyhobq1q HTTP/1.1" 200 18 "https://miaou.dystroy.org/4200" "Mozilla/5.0 (Windows NT 10.0; Win64; x64; rv:84.0) Gecko/20100101 Firefox/84.0"
77.246.169.230 - - [22/Jan/2021:08:18:49 +0000] "POST /socket.io/?EIO=y&transport=xkmoyoi&t=3xjon3j&sid=uaep40nnlmjlmyhobq1q HTTP/1.1" 200 2 "https://miaou.dystroy.org/4200" "Mozilla/5.0 (Windows NT 10.0; Win64; x64; rv:84.0) Gecko/20100101 Firefox/84.0"
164.148.62.108 - - [22/Jan/2021:08:18:49 +0000] "GET /broot/img/20190305-rm.png HTTP/1.1" 200 28841 "https://dystroy.org/broot/documentation/usage/" "Mozilla/5.0 (iPhone; CPU iPhone OS 14_3 like Mac OS X) AppleWebKit/605.1.15 (KHTML, like Gecko) CriOS/87.0.4280.77 Mobile/15E148 Safari/604.1"
77.246.169.230 - - [22/Jan/2021:08:18:49 +0000] "GET /socket.io/?EIO=y&transport=xkmoyoi&t=m8dglbq&sid=uaep40nnlmjlmyhobq1q HTTP/1.1" 200 3043 "https://miaou.dystroy.org/4200" "Mozilla/5.0 (Windows NT 10.0; Win64; x64; rv:84.0) Gecko/20100101 Firefox/84.0"
40.205.208.119 - - [22/Jan/2021:08:19:05 +0000] "POST /sciz-webhook HTTP/1.1" 200 0 "-" "python-requests/2.21.0"
28.46.53.144 - - [22/Jan/2021:08:19:07 +0000] "GET /json/messages/last?n=a&room=6j7g HTTP/1.1" 304 0 "https://miaou.dystroy.org/3836" "Mozilla/5.0 (Windows NT 6.1; rv:84.0) Gecko/20100101 Firefox/84.0"
28.46.53.144 - - [22/Jan/2021:08:19:07 +0000] "GET /json/messages/last?n=a&room=mt1g HTTP/1.1" 304 0 "https://miaou.dystroy.org/3836" "Mozilla/5.0 (Windows NT 6.1; rv:84.0) Gecko/20100101 Firefox/84.0"
28.46.53.144 - - [22/Jan/2021:08:19:07 +0000] "GET /json/messages/last?n=a&room=u2yf HTTP/1.1" 304 0 "https://miaou.dystroy.org/3836" "Mozilla/5.0 (Windows NT 6.1; rv:84.0) Gecko/20100101 Firefox/84.0"
40.205.208.119 - - [22/Jan/2021:08:19:15 +0000] "POST /sciz-webhook HTTP/1.1" 200 0 "-" "python-requests/2.21.0"
