66.26.133.26 - - [22/Jan/2021:04:20:33 +0000] "GET /broot/img/20191112-md-list.png HTTP/1.1" 200 30874 "-" "Mozilla/5.0 (compatible; bingbot/2.0; +http://www.bing.com/bingbot.htm)"
91.110.189.249 - - [22/Jan/2021:04:21:41 +0000] "HEAD / HTTP/1.1" 301 0 "http://www.dystroy.org" "Mozilla/5.0+(compatible; UptimeRobot/2.0; http://www.uptimerobot.com/)"
91.110.189.249 - - [22/Jan/2021:04:21:41 +0000] "HEAD / HTTP/1.1" 200 0 "http://www.dystroy.org" "Mozilla/5.0+(compatible; UptimeRobot/2.0; http://www.uptimerobot.com/)"
131.68.165.104 - - [22/Jan/2021:04:22:10 +0000] "HEAD /broot/download/x86_64-linux/broot HTTP/1.1" 200 0 "-" "Mozilla/4.0 (compatible; MSIE 6.0; Windows NT 5.1)"
164.94.166.244 - - [22/Jan/2021:04:22:36 +0000] "GET /blog/atom.xml HTTP/1.1" 200 105432 "-" "Mozilla/5.0 (X11; Linux x86_64; rv:84.0) Gecko/20100101 Firefox/84.0"
40.205.208.119 - - [22/Jan/2021:04:23:18 +0000] "POST /sciz-webhook HTTP/1.1" 200 0 "-" "python-requests/2.21.0"
40.205.208.119 - - [22/Jan/2021:04:24:07 +0000] "POST /sciz-webhook HTTP/1.1" 200 0 "-" "python-requests/2.21.0"
40.205.208.119 - - [22/Jan/2021:04:24:07 +0000] "POST /sciz-webhook HTTP/1.1" 200 0 "-" "python-requests/2.21.0"
40.205.208.119 - - [22/Jan/2021:04:24:09 +0000] "POST /sciz-webhook HTTP/1.1" 200 0 "-" "python-requests/2.21.0"
40.205.208.119 - - [22/Jan/2021:04:24:09 +0000] "POST /sciz-webhook HTTP/1.1" 200 0 "-" "python-requests/2.21.0"
40.205.208.119 - - [22/Jan/2021:04:24:09 +0000] "POST /sciz-webhook HTTP/1.1" 200 0 "-" "python-requests/2.21.0"
40.205.208.119 - - [22/Jan/2021:04:24:09 +0000] "POST /sciz-webhook HTTP/1.1" 200 0 "-" "python-requests/2.21.0"
202.27.25.170 - - [22/Jan/2021:04:24:29 +0000] "GET /socket.io/?EIO=y&transport=c0qucvma5&sid=xcbbk7w1lrhy633e8sa9 HTTP/1.1" 101 194 "-" "Mozilla/5.0 (X11; Linux x86_64) AppleWebKit/537.36 (KHTML, like Gecko) Chrome/73.0.3683.103 Safari/537.36"
202.27.25.170 - - [22/Jan/2021:04:24:30 +0000] "GET /socket.io/?EIO=y&transport=xkmoyoi&t=43iut5x HTTP/1.1" 200 99 "https://miaou.dystroy.org/3" "Mozilla/5.0 (X11; Linux x86_64) AppleWebKit/537.36 (KHTML, like Gecko) Chrome/73.0.3683.103 Safari/537.36"
202.27.25.170 - - [22/Jan/2021:04:24:31 +0000] "GET /socket.io/?EIO=y&transport=xkmoyoi&t=uvr6lze&sid=gxo6zvrn4o83airc9us5 HTTP/1.1" 200 18 "https://miaou.dystroy.org/3" "Mozilla/5.0 (X11; Linux x86_64) AppleWebKit/537.36 (KHTML, like Gecko) Chrome/73.0.3683.103 Safari/537.36"
202.27.25.170 - - [22/Jan/2021:04:24:31 +0000] "POST /socket.io/?EIO=y&transport=xkmoyoi&t=jhg9cw9&sid=gxo6zvrn4o83airc9us5 HTTP/1.1" 200 2 "https://miaou.dystroy.org/3" "Mozilla/5.0 (X11; Linux x86_64) AppleWebKit/537.36 (KHTML, like Gecko) Chrome/73.0.3683.103 Safari/537.36"
202.27.25.170 - - [22/Jan/2021:04:24:31 +0000] "GET /socket.io/?EIO=y&transport=xkmoyoi&t=ecirk4bzg&sid=gxo6zvrn4o83airc9us5 HTTP/1.1" 200 4554 "https://miaou.dystroy.org/3" "Mozilla/5.0 (X11; Linux x86_64) AppleWebKit/537.36 (KHTML, like Gecko) Chrome/73.0.3683.103 Safari/537.36"
164.94.166.244 - - [22/Jan/2021:04:25:32 +0000] "GET /blog/atom.xml HTTP/1.1" 200 105432 "-" "Mozilla/5.0 (X11; Linux x86_64; rv:84.0) Gecko/20100101 Firefox/84.0"
40.205.208.119 - - [22/Jan/2021:04:26:04 +0000] "POST /sciz-webhook HTTP/1.1" 200 0 "-" "python-requests/2.21.0"
40.205.208.119 - - [22/Jan/2021:04:26:04 +0000] "POST /sciz-webhook HTTP/1.1" 200 0 "-" "python-requests/2.21.0"
91.110.189.249 - - [22/Jan/2021:04:26:41 +0000] "HEAD / HTTP/1.1" 301 0 "http://www.dystroy.org" "Mozilla/5.0+(compatible; UptimeRobot/2.0; http://www.uptimerobot.com/)"
91.110.189.249 - - [22/Jan/2021:04:26:41 +0000] "HEAD / HTTP/1.1" 200 0 "http://www.dystroy.org" "Mozilla/5.0+(compatible; UptimeRobot/2.0; http://www.uptimerobot.com/)"
164.94.166.244 - - [22/Jan/2021:04:28:28 +0000] "GET /blog/atom.xml HTTP/1.1" 200 105432 "-" "Mozilla/5.0 (X11; Linux x86_64; rv:84.0) Gecko/20100101 Firefox/84.0"
58.103.75.216 - - [22/Jan/2021:04:30:17 +0000] "GET /JSON.prune/JSON.prune.js?_=mq870lf4ou40f HTTP/1.1" 200 5188 "https://esabora-schema-preprod.azurewebsites.net/" "Mozilla/5.0 (Windows NT 10.0; Win64; x64) AppleWebKit/537.36 (KHTML, like Gecko) Chrome/75.0.3770.142 Safari/537.36"
83.238.73.197 - - [22/Jan/2021:04:31:14 +0000] "GET /broot/img/favicon.ico HTTP/1.1" 200 1150 "-" "Mozilla/5.0 (Windows NT 10.0; Win64; x64) AppleWebKit/537.36 (KHTML, like Gecko) Chrome/87.0.4280.142 Safari/537.36"
164.94.166.244 - - [22/Jan/2021:04:31:17 +0000] "GET /blog/atom.xml HTTP/1.1" 304 0 "-" "Mozilla/5.0 (X11; Linux x86_64; rv:84.0) Gecko/20100101 Firefox/84.0"
40.205.208.119 - - [22/Jan/2021:04:31:18 +0000] "POST /sciz-webhook HTTP/1.1" 200 0 "-" "python-requests/2.21.0"
40.205.208.119 - - [22/Jan/2021:04:31:18 +0000] "POST /sciz-webhook HTTP/1.1" 200 0 "-" "python-requests/2.21.0"
40.205.208.119 - - [22/Jan/2021:04:31:19 +0000] "POST /sciz-webhook HTTP/1.1" 200 0 "-" "python-requests/2.21.0"
91.110.189.249 - - [22/Jan/2021:04:31:41 +0000] "HEAD / HTTP/1.1" 301 0 "http://www.dystroy.org" "Mozilla/5.0+(compatible; UptimeRobot/2.0; http://www.uptimerobot.com/)"
91.110.189.249 - - [22/Jan/2021:04:31:41 +0000] "HEAD / HTTP/1.1" 200 0 "http://www.dystroy.org" "Mozilla/5.0+(compatible; UptimeRobot/2.0; http://www.uptimerobot.com/)"
81.66.83.245 - - [22/Jan/2021:04:33:05 +0000] "GET /blog/atom.xml HTTP/1.1" 304 0 "-" "NetNewsWire (RSS Reader; https://ranchero.com/netnewswire/)"
115.222.231.121 - fmvQGWHg [22/Jan/2021:04:33:22 +0000] "GET /manager/html/ HTTP/1.1" 404 169 "-" "Mozilla/5.0 (Macintosh; Intel Mac OS X 10.16; rv:83.0) Gecko/20100101 Firefox/83.0"
178.53.81.39 - - [22/Jan/2021:04:33:32 +0000] "GET /broot/conf_file/ HTTP/1.1" 200 4813 "https://dystroy.org/broot/tricks/" "Mozilla/5.0 (X11; Linux x86_64) AppleWebKit/537.36 (KHTML, like Gecko) Chrome/88.0.4324.96 Safari/537.36"
40.205.208.119 - - [22/Jan/2021:04:33:47 +0000] "POST /sciz-webhook HTTP/1.1" 200 0 "-" "python-requests/2.21.0"
164.94.166.244 - - [22/Jan/2021:04:34:01 +0000] "GET /blog/atom.xml HTTP/1.1" 304 0 "-" "Mozilla/5.0 (X11; Linux x86_64; rv:84.0) Gecko/20100101 Firefox/84.0"
134.64.71.155 - - [22/Jan/2021:04:34:02 +0000] "GET /robots.txt HTTP/1.1" 301 185 "-" "Mozilla/5.0 (compatible; bingbot/2.0; +http://www.bing.com/bingbot.htm)"
134.64.71.155 - - [22/Jan/2021:04:34:02 +0000] "GET /robots.txt HTTP/1.1" 404 149 "-" "Mozilla/5.0 (compatible; bingbot/2.0; +http://www.bing.com/bingbot.htm)"
134.64.71.155 - - [22/Jan/2021:04:34:03 +0000] "GET /robots.txt HTTP/1.1" 301 185 "-" "Mozilla/5.0 (compatible; bingbot/2.0; +http://www.bing.com/bingbot.htm)"
134.64.71.155 - - [22/Jan/2021:04:34:03 +0000] "GET /robots.txt HTTP/1.1" 404 149 "-" "Mozilla/5.0 (compatible; bingbot/2.0; +http://www.bing.com/bingbot.htm)"
11.33.119.218 - - [22/Jan/2021:04:34:42 +0000] "GET / HTTP/1.1" 200 1297 "-" "Mozilla/5.0 (X11; Ubuntu; Linux x86_64; rv:76.0) Gecko/20100101 Firefox/76.0"
89.142.15.4 - - [22/Jan/2021:04:35:51 +0000] "GET /broot/download/ HTTP/1.1" 200 430 "-" "Mozilla/5.0 (Windows NT 10.0; Win64; x64) AppleWebKit/537.36 (KHTML, like Gecko) Chrome/87.0.4280.141 Safari/537.36"
89.142.15.4 - - [22/Jan/2021:04:35:51 +0000] "GET /favicon.ico HTTP/1.1" 404 2047 "https://dystroy.org/broot/download/" "Mozilla/5.0 (Windows NT 10.0; Win64; x64) AppleWebKit/537.36 (KHTML, like Gecko) Chrome/87.0.4280.141 Safari/537.36"
89.142.15.4 - - [22/Jan/2021:04:35:59 +0000] "GET /broot/ HTTP/1.1" 200 5830 "-" "Mozilla/5.0 (Windows NT 10.0; Win64; x64) AppleWebKit/537.36 (KHTML, like Gecko) Chrome/87.0.4280.141 Safari/537.36"
89.142.15.4 - - [22/Jan/2021:04:35:59 +0000] "GET /broot/css/font-awesome.min.css HTTP/1.1" 200 31000 "https://dystroy.org/broot/" "Mozilla/5.0 (Windows NT 10.0; Win64; x64) AppleWebKit/537.36 (KHTML, like Gecko) Chrome/87.0.4280.141 Safari/537.36"
89.142.15.4 - - [22/Jan/2021:04:35:59 +0000] "GET /broot/css/base.css HTTP/1.1" 200 6822 "https://dystroy.org/broot/" "Mozilla/5.0 (Windows NT 10.0; Win64; x64) AppleWebKit/537.36 (KHTML, like Gecko) Chrome/87.0.4280.141 Safari/537.36"
89.142.15.4 - - [22/Jan/2021:04:36:00 +0000] "GET /broot/css/extra.css HTTP/1.1" 200 1669 "https://dystroy.org/broot/" "Mozilla/5.0 (Windows NT 10.0; Win64; x64) AppleWebKit/537.36 (KHTML, like Gecko) Chrome/87.0.4280.141 Safari/537.36"
89.142.15.4 - - [22/Jan/2021:04:36:00 +0000] "GET /broot/css/bootstrap-custom.min.css HTTP/1.1" 200 127102 "https://dystroy.org/broot/" "Mozilla/5.0 (Windows NT 10.0; Win64; x64) AppleWebKit/537.36 (KHTML, like Gecko) Chrome/87.0.4280.141 Safari/537.36"
89.142.15.4 - - [22/Jan/2021:04:36:00 +0000] "GET /broot/js/bootstrap-3.0.3.min.js HTTP/1.1" 200 50966 "https://dystroy.org/broot/" "Mozilla/5.0 (Windows NT 10.0; Win64; x64) AppleWebKit/537.36 (KHTML, like Gecko) Chrome/87.0.4280.141 Safari/537.36"
89.142.15.4 - - [22/Jan/2021:04:36:00 +0000] "GET /broot/img/vache.svg HTTP/1.1" 200 9092 "https://dystroy.org/broot/" "Mozilla/5.0 (Windows NT 10.0; Win64; x64) AppleWebKit/537.36 (KHTML, like Gecko) Chrome/87.0.4280.141 Safari/537.36"
89.142.15.4 - - [22/Jan/2021:04:36:00 +0000] "GET /broot/img/20200629-overview.png HTTP/1.1" 200 45088 "https://dystroy.org/broot/" "Mozilla/5.0 (Windows NT 10.0; Win64; x64) AppleWebKit/537.36 (KHTML, like Gecko) Chrome/87.0.4280.141 Safari/537.36"
89.142.15.4 - - [22/Jan/2021:04:36:00 +0000] "GET /broot/js/jquery-1.10.2.min.js HTTP/1.1" 200 137549 "https://dystroy.org/broot/" "Mozilla/5.0 (Windows NT 10.0; Win64; x64) AppleWebKit/537.36 (KHTML, like Gecko) Chrome/87.0.4280.141 Safari/537.36"
89.142.15.4 - - [22/Jan/2021:04:36:00 +0000] "GET /broot/fonts/fontawesome-webfont.woff2?v=j53ec HTTP/1.1" 200 77160 "https://dystroy.org/broot/css/font-awesome.min.css" "Mozilla/5.0 (Windows NT 10.0; Win64; x64) AppleWebKit/537.36 (KHTML, like Gecko) Chrome/87.0.4280.141 Safari/537.36"
89.142.15.4 - - [22/Jan/2021:04:36:00 +0000] "GET /broot/img/vache-blanche.svg HTTP/1.1" 200 6067 "https://dystroy.org/broot/css/extra.css" "Mozilla/5.0 (Windows NT 10.0; Win64; x64) AppleWebKit/537.36 (KHTML, like Gecko) Chrome/87.0.4280.141 Safari/537.36"
89.142.15.4 - - [22/Jan/2021:04:36:00 +0000] "GET /broot/img/20191112-cd.png HTTP/1.1" 200 33456 "https://dystroy.org/broot/" "Mozilla/5.0 (Windows NT 10.0; Win64; x64) AppleWebKit/537.36 (KHTML, like Gecko) Chrome/87.0.4280.141 Safari/537.36"
89.142.15.4 - - [22/Jan/2021:04:36:00 +0000] "GET /broot/img/20191112-mycnf.png HTTP/1.1" 200 33101 "https://dystroy.org/broot/" "Mozilla/5.0 (Windows NT 10.0; Win64; x64) AppleWebKit/537.36 (KHTML, like Gecko) Chrome/87.0.4280.141 Safari/537.36"
89.142.15.4 - - [22/Jan/2021:04:36:00 +0000] "GET /broot/img/20200620-content-memm.png HTTP/1.1" 200 35627 "https://dystroy.org/broot/" "Mozilla/5.0 (Windows NT 10.0; Win64; x64) AppleWebKit/537.36 (KHTML, like Gecko) Chrome/87.0.4280.141 Safari/537.36"
89.142.15.4 - - [22/Jan/2021:04:36:00 +0000] "GET /broot/img/20201020-chmod.png HTTP/1.1" 200 55503 "https://dystroy.org/broot/" "Mozilla/5.0 (Windows NT 10.0; Win64; x64) AppleWebKit/537.36 (KHTML, like Gecko) Chrome/87.0.4280.141 Safari/537.36"
89.142.15.4 - - [22/Jan/2021:04:36:00 +0000] "GET /broot/img/20191112-mv.png HTTP/1.1" 200 33828 "https://dystroy.org/broot/" "Mozilla/5.0 (Windows NT 10.0; Win64; x64) AppleWebKit/537.36 (KHTML, like Gecko) Chrome/87.0.4280.141 Safari/537.36"
89.142.15.4 - - [22/Jan/2021:04:36:01 +0000] "GET /broot/img/20200525-cpp.png HTTP/1.1" 200 77825 "https://dystroy.org/broot/" "Mozilla/5.0 (Windows NT 10.0; Win64; x64) AppleWebKit/537.36 (KHTML, like Gecko) Chrome/87.0.4280.141 Safari/537.36"
89.142.15.4 - - [22/Jan/2021:04:36:01 +0000] "GET /broot/img/20200716-preview.png HTTP/1.1" 200 68456 "https://dystroy.org/broot/" "Mozilla/5.0 (Windows NT 10.0; Win64; x64) AppleWebKit/537.36 (KHTML, like Gecko) Chrome/87.0.4280.141 Safari/537.36"
89.142.15.4 - - [22/Jan/2021:04:36:01 +0000] "GET /broot/img/2020081609-preview-image.png HTTP/1.1" 200 77114 "https://dystroy.org/broot/" "Mozilla/5.0 (Windows NT 10.0; Win64; x64) AppleWebKit/537.36 (KHTML, like Gecko) Chrome/87.0.4280.141 Safari/537.36"
89.142.15.4 - - [22/Jan/2021:04:36:01 +0000] "GET /broot/img/20200525-colored-panels.png HTTP/1.1" 200 96626 "https://dystroy.org/broot/" "Mozilla/5.0 (Windows NT 10.0; Win64; x64) AppleWebKit/537.36 (KHTML, like Gecko) Chrome/87.0.4280.141 Safari/537.36"
89.142.15.4 - - [22/Jan/2021:04:36:01 +0000] "GET /broot/img/20191112-edit.png HTTP/1.1" 200 34479 "https://dystroy.org/broot/" "Mozilla/5.0 (Windows NT 10.0; Win64; x64) AppleWebKit/537.36 (KHTML, like Gecko) Chrome/87.0.4280.141 Safari/537.36"
89.142.15.4 - - [22/Jan/2021:04:36:01 +0000] "GET /broot/img/20201130-sdp.png HTTP/1.1" 200 151532 "https://dystroy.org/broot/" "Mozilla/5.0 (Windows NT 10.0; Win64; x64) AppleWebKit/537.36 (KHTML, like Gecko) Chrome/87.0.4280.141 Safari/537.36"
89.142.15.4 - - [22/Jan/2021:04:36:01 +0000] "GET /broot/img/20201020-whale-spotting.png HTTP/1.1" 200 54819 "https://dystroy.org/broot/" "Mozilla/5.0 (Windows NT 10.0; Win64; x64) AppleWebKit/537.36 (KHTML, like Gecko) Chrome/87.0.4280.141 Safari/537.36"
89.142.15.4 - - [22/Jan/2021:04:36:01 +0000] "GET /broot/img/20201127-kitty-preview.png HTTP/1.1" 200 374410 "https://dystroy.org/broot/" "Mozilla/5.0 (Windows NT 10.0; Win64; x64) AppleWebKit/537.36 (KHTML, like Gecko) Chrome/87.0.4280.141 Safari/537.36"
89.142.15.4 - - [22/Jan/2021:04:36:01 +0000] "GET /broot/img/20200203-git.png HTTP/1.1" 200 37222 "https://dystroy.org/broot/" "Mozilla/5.0 (Windows NT 10.0; Win64; x64) AppleWebKit/537.36 (KHTML, like Gecko) Chrome/87.0.4280.141 Safari/537.36"
89.142.15.4 - - [22/Jan/2021:04:36:01 +0000] "GET /broot/img/20201020-fs.png HTTP/1.1" 200 67108 "https://dystroy.org/broot/" "Mozilla/5.0 (Windows NT 10.0; Win64; x64) AppleWebKit/537.36 (KHTML, like Gecko) Chrome/87.0.4280.141 Safari/537.36"
89.142.15.4 - - [22/Jan/2021:04:36:01 +0000] "GET /broot/js/base.js HTTP/1.1" 200 5111 "https://dystroy.org/broot/" "Mozilla/5.0 (Windows NT 10.0; Win64; x64) AppleWebKit/537.36 (KHTML, like Gecko) Chrome/87.0.4280.141 Safari/537.36"
89.142.15.4 - - [22/Jan/2021:04:36:01 +0000] "GET /broot/search/main.js HTTP/1.1" 200 2766 "https://dystroy.org/broot/" "Mozilla/5.0 (Windows NT 10.0; Win64; x64) AppleWebKit/537.36 (KHTML, like Gecko) Chrome/87.0.4280.141 Safari/537.36"
89.142.15.4 - - [22/Jan/2021:04:36:01 +0000] "GET /broot/search/worker.js HTTP/1.1" 200 3585 "https://dystroy.org/broot/" "Mozilla/5.0 (Windows NT 10.0; Win64; x64) AppleWebKit/537.36 (KHTML, like Gecko) Chrome/87.0.4280.141 Safari/537.36"
89.142.15.4 - - [22/Jan/2021:04:36:01 +0000] "GET /broot/img/favicon.ico HTTP/1.1" 200 1150 "https://dystroy.org/broot/" "Mozilla/5.0 (Windows NT 10.0; Win64; x64) AppleWebKit/537.36 (KHTML, like Gecko) Chrome/87.0.4280.141 Safari/537.36"
89.142.15.4 - - [22/Jan/2021:04:36:02 +0000] "GET /broot/search/search_index.json HTTP/1.1" 200 141229 "https://dystroy.org/broot/search/worker.js" "Mozilla/5.0 (Windows NT 10.0; Win64; x64) AppleWebKit/537.36 (KHTML, like Gecko) Chrome/87.0.4280.141 Safari/537.36"
89.142.15.4 - - [22/Jan/2021:04:36:02 +0000] "GET /broot/search/lunr.js HTTP/1.1" 200 100219 "https://dystroy.org/broot/search/worker.js" "Mozilla/5.0 (Windows NT 10.0; Win64; x64) AppleWebKit/537.36 (KHTML, like Gecko) Chrome/87.0.4280.141 Safari/537.36"
91.110.189.249 - - [22/Jan/2021:04:36:41 +0000] "HEAD / HTTP/1.1" 301 0 "http://www.dystroy.org" "Mozilla/5.0+(compatible; UptimeRobot/2.0; http://www.uptimerobot.com/)"
91.110.189.249 - - [22/Jan/2021:04:36:41 +0000] "HEAD / HTTP/1.1" 200 0 "http://www.dystroy.org" "Mozilla/5.0+(compatible; UptimeRobot/2.0; http://www.uptimerobot.com/)"
180.94.19.117 - - [22/Jan/2021:04:36:44 +0000] "GET /JSON.prune/JSON.prune.js?_=ok68isx5lrdbg HTTP/1.1" 200 5188 "https://schema20.esabora.solutions/" "Mozilla/5.0 (Macintosh; Intel Mac OS X 10_13_6) AppleWebKit/537.36 (KHTML, like Gecko) Chrome/87.0.4280.141 Safari/537.36"
40.205.208.119 - - [22/Jan/2021:04:36:54 +0000] "POST /sciz-webhook HTTP/1.1" 200 0 "-" "python-requests/2.21.0"
40.205.208.119 - - [22/Jan/2021:04:37:03 +0000] "POST /sciz-webhook HTTP/1.1" 200 0 "-" "python-requests/2.21.0"
40.205.208.119 - - [22/Jan/2021:04:37:06 +0000] "POST /sciz-webhook HTTP/1.1" 200 0 "-" "python-requests/2.21.0"
40.205.208.119 - - [22/Jan/2021:04:37:06 +0000] "POST /sciz-webhook HTTP/1.1" 200 0 "-" "python-requests/2.21.0"
40.205.208.119 - - [22/Jan/2021:04:37:08 +0000] "POST /sciz-webhook HTTP/1.1" 200 0 "-" "python-requests/2.21.0"
40.205.208.119 - - [22/Jan/2021:04:37:11 +0000] "POST /sciz-webhook HTTP/1.1" 200 0 "-" "python-requests/2.21.0"
40.205.208.119 - - [22/Jan/2021:04:37:12 +0000] "POST /sciz-webhook HTTP/1.1" 200 0 "-" "python-requests/2.21.0"
40.205.208.119 - - [22/Jan/2021:04:37:13 +0000] "POST /sciz-webhook HTTP/1.1" 200 0 "-" "python-requests/2.21.0"
40.205.208.119 - - [22/Jan/2021:04:37:13 +0000] "POST /sciz-webhook HTTP/1.1" 200 0 "-" "python-requests/2.21.0"
40.205.208.119 - - [22/Jan/2021:04:37:13 +0000] "POST /sciz-webhook HTTP/1.1" 200 0 "-" "python-requests/2.21.0"
40.205.208.119 - - [22/Jan/2021:04:37:13 +0000] "POST /sciz-webhook HTTP/1.1" 200 0 "-" "python-requests/2.21.0"
40.205.208.119 - - [22/Jan/2021:04:37:15 +0000] "POST /sciz-webhook HTTP/1.1" 200 0 "-" "python-requests/2.21.0"
40.205.208.119 - - [22/Jan/2021:04:37:19 +0000] "POST /sciz-webhook HTTP/1.1" 200 0 "-" "python-requests/2.21.0"
40.205.208.119 - - [22/Jan/2021:04:37:20 +0000] "POST /sciz-webhook HTTP/1.1" 200 0 "-" "python-requests/2.21.0"
40.205.208.119 - - [22/Jan/2021:04:37:20 +0000] "POST /sciz-webhook HTTP/1.1" 200 0 "-" "python-requests/2.21.0"
40.205.208.119 - - [22/Jan/2021:04:37:22 +0000] "POST /sciz-webhook HTTP/1.1" 200 0 "-" "python-requests/2.21.0"
40.205.208.119 - - [22/Jan/2021:04:37:22 +0000] "POST /sciz-webhook HTTP/1.1" 200 0 "-" "python-requests/2.21.0"
164.94.166.244 - - [22/Jan/2021:04:37:22 +0000] "GET /blog/atom.xml HTTP/1.1" 200 105432 "-" "Mozilla/5.0 (X11; Linux x86_64; rv:84.0) Gecko/20100101 Firefox/84.0"
40.205.208.119 - - [22/Jan/2021:04:37:24 +0000] "POST /sciz-webhook HTTP/1.1" 200 0 "-" "python-requests/2.21.0"
40.205.208.119 - - [22/Jan/2021:04:37:56 +0000] "POST /sciz-webhook HTTP/1.1" 200 0 "-" "python-requests/2.21.0"
40.205.208.119 - - [22/Jan/2021:04:38:11 +0000] "POST /sciz-webhook HTTP/1.1" 200 0 "-" "python-requests/2.21.0"
40.205.208.119 - - [22/Jan/2021:04:38:17 +0000] "POST /sciz-webhook HTTP/1.1" 200 0 "-" "python-requests/2.21.0"
40.205.208.119 - - [22/Jan/2021:04:38:18 +0000] "POST /sciz-webhook HTTP/1.1" 200 0 "-" "python-requests/2.21.0"
40.205.208.119 - - [22/Jan/2021:04:38:24 +0000] "POST /sciz-webhook HTTP/1.1" 200 0 "-" "python-requests/2.21.0"
89.142.15.4 - - [22/Jan/2021:04:38:31 +0000] "GET /broot/install-br/ HTTP/1.1" 200 3538 "https://dystroy.org/broot/" "Mozilla/5.0 (Windows NT 10.0; Win64; x64) AppleWebKit/537.36 (KHTML, like Gecko) Chrome/87.0.4280.141 Safari/537.36"
179.187.136.21 - - [22/Jan/2021:04:38:54 +0000] "GET / HTTP/1.1" 200 302 "-" "Mozilla/5.0 zgrab/0.x"
89.142.15.4 - - [22/Jan/2021:04:38:56 +0000] "GET /broot/install/ HTTP/1.1" 200 3865 "https://dystroy.org/broot/" "Mozilla/5.0 (Windows NT 10.0; Win64; x64) AppleWebKit/537.36 (KHTML, like Gecko) Chrome/87.0.4280.141 Safari/537.36"
40.205.208.119 - - [22/Jan/2021:04:39:07 +0000] "POST /sciz-webhook HTTP/1.1" 200 0 "-" "python-requests/2.21.0"
40.205.208.119 - - [22/Jan/2021:04:39:07 +0000] "POST /sciz-webhook HTTP/1.1" 200 0 "-" "python-requests/2.21.0"
202.27.25.170 - - [22/Jan/2021:04:39:08 +0000] "GET /socket.io/?EIO=y&transport=c0qucvma5&sid=7b9ek5pskrxxjl5ra6cq HTTP/1.1" 101 1403 "-" "Mozilla/5.0 (X11; Linux x86_64) AppleWebKit/537.36 (KHTML, like Gecko) Chrome/73.0.3683.103 Safari/537.36"
40.205.208.119 - - [22/Jan/2021:04:39:09 +0000] "POST /sciz-webhook HTTP/1.1" 200 0 "-" "python-requests/2.21.0"
40.205.208.119 - - [22/Jan/2021:04:39:09 +0000] "POST /sciz-webhook HTTP/1.1" 200 0 "-" "python-requests/2.21.0"
40.205.208.119 - - [22/Jan/2021:04:39:10 +0000] "POST /sciz-webhook HTTP/1.1" 200 0 "-" "python-requests/2.21.0"
40.205.208.119 - - [22/Jan/2021:04:39:10 +0000] "POST /sciz-webhook HTTP/1.1" 200 0 "-" "python-requests/2.21.0"
202.27.25.170 - - [22/Jan/2021:04:39:11 +0000] "GET /socket.io/?EIO=y&transport=xkmoyoi&t=0bezrxh HTTP/1.1" 200 99 "https://miaou.dystroy.org/3" "Mozilla/5.0 (X11; Linux x86_64) AppleWebKit/537.36 (KHTML, like Gecko) Chrome/73.0.3683.103 Safari/537.36"
202.27.25.170 - - [22/Jan/2021:04:39:11 +0000] "GET /socket.io/?EIO=y&transport=xkmoyoi&t=dhtg86e HTTP/1.1" 200 99 "https://miaou.dystroy.org/3" "Mozilla/5.0 (X11; Linux x86_64) AppleWebKit/537.36 (KHTML, like Gecko) Chrome/73.0.3683.103 Safari/537.36"
202.27.25.170 - - [22/Jan/2021:04:39:11 +0000] "GET /socket.io/?EIO=y&transport=xkmoyoi&t=h33czj5&sid=g2gz33usdk75xlvok41x HTTP/1.1" 200 18 "https://miaou.dystroy.org/3" "Mozilla/5.0 (X11; Linux x86_64) AppleWebKit/537.36 (KHTML, like Gecko) Chrome/73.0.3683.103 Safari/537.36"
202.27.25.170 - - [22/Jan/2021:04:39:12 +0000] "GET /socket.io/?EIO=y&transport=xkmoyoi&t=baznlsl&sid=nvf9sf9dmz7c05bvu2ge HTTP/1.1" 200 18 "https://miaou.dystroy.org/3" "Mozilla/5.0 (X11; Linux x86_64) AppleWebKit/537.36 (KHTML, like Gecko) Chrome/73.0.3683.103 Safari/537.36"
202.27.25.170 - - [22/Jan/2021:04:39:12 +0000] "POST /socket.io/?EIO=y&transport=xkmoyoi&t=zioprdh&sid=g2gz33usdk75xlvok41x HTTP/1.1" 200 2 "https://miaou.dystroy.org/3" "Mozilla/5.0 (X11; Linux x86_64) AppleWebKit/537.36 (KHTML, like Gecko) Chrome/73.0.3683.103 Safari/537.36"
202.27.25.170 - - [22/Jan/2021:04:39:12 +0000] "GET /socket.io/?EIO=y&transport=xkmoyoi&t=mhsfhul&sid=g2gz33usdk75xlvok41x HTTP/1.1" 200 57 "https://miaou.dystroy.org/3" "Mozilla/5.0 (X11; Linux x86_64) AppleWebKit/537.36 (KHTML, like Gecko) Chrome/73.0.3683.103 Safari/537.36"
202.27.25.170 - - [22/Jan/2021:04:39:12 +0000] "POST /socket.io/?EIO=y&transport=xkmoyoi&t=op069o6&sid=nvf9sf9dmz7c05bvu2ge HTTP/1.1" 200 2 "https://miaou.dystroy.org/3" "Mozilla/5.0 (X11; Linux x86_64) AppleWebKit/537.36 (KHTML, like Gecko) Chrome/73.0.3683.103 Safari/537.36"
202.27.25.170 - - [22/Jan/2021:04:39:12 +0000] "GET /socket.io/?EIO=y&transport=xkmoyoi&t=6y9o8hwoj&sid=nvf9sf9dmz7c05bvu2ge HTTP/1.1" 200 4554 "https://miaou.dystroy.org/3" "Mozilla/5.0 (X11; Linux x86_64) AppleWebKit/537.36 (KHTML, like Gecko) Chrome/73.0.3683.103 Safari/537.36"
202.27.25.170 - - [22/Jan/2021:04:39:12 +0000] "GET /socket.io/?EIO=y&transport=xkmoyoi&t=9xsqqkk&sid=g2gz33usdk75xlvok41x HTTP/1.1" 200 4515 "https://miaou.dystroy.org/3" "Mozilla/5.0 (X11; Linux x86_64) AppleWebKit/537.36 (KHTML, like Gecko) Chrome/73.0.3683.103 Safari/537.36"
40.205.208.119 - - [22/Jan/2021:04:39:13 +0000] "POST /sciz-webhook HTTP/1.1" 200 0 "-" "python-requests/2.21.0"
40.205.208.119 - - [22/Jan/2021:04:39:14 +0000] "POST /sciz-webhook HTTP/1.1" 200 0 "-" "python-requests/2.21.0"
202.27.25.170 - - [22/Jan/2021:04:39:14 +0000] "POST /socket.io/?EIO=y&transport=xkmoyoi&t=7hxuo82&sid=nvf9sf9dmz7c05bvu2ge HTTP/1.1" 200 2 "https://miaou.dystroy.org/3" "Mozilla/5.0 (X11; Linux x86_64) AppleWebKit/537.36 (KHTML, like Gecko) Chrome/73.0.3683.103 Safari/537.36"
202.27.25.170 - - [22/Jan/2021:04:39:14 +0000] "GET /socket.io/?EIO=y&transport=xkmoyoi&t=w17tlby&sid=nvf9sf9dmz7c05bvu2ge HTTP/1.1" 200 848 "https://miaou.dystroy.org/3" "Mozilla/5.0 (X11; Linux x86_64) AppleWebKit/537.36 (KHTML, like Gecko) Chrome/73.0.3683.103 Safari/537.36"
202.27.25.170 - - [22/Jan/2021:04:39:15 +0000] "GET /socket.io/?EIO=y&transport=xkmoyoi&t=x48a6pu&sid=nvf9sf9dmz7c05bvu2ge HTTP/1.1" 200 20 "https://miaou.dystroy.org/3" "Mozilla/5.0 (X11; Linux x86_64) AppleWebKit/537.36 (KHTML, like Gecko) Chrome/73.0.3683.103 Safari/537.36"
40.205.208.119 - - [22/Jan/2021:04:39:15 +0000] "POST /sciz-webhook HTTP/1.1" 200 0 "-" "python-requests/2.21.0"
202.27.25.170 - - [22/Jan/2021:04:39:18 +0000] "GET /socket.io/?EIO=y&transport=c0qucvma5&sid=gxo6zvrn4o83airc9us5 HTTP/1.1" 101 1030 "-" "Mozilla/5.0 (X11; Linux x86_64) AppleWebKit/537.36 (KHTML, like Gecko) Chrome/73.0.3683.103 Safari/537.36"
84.171.136.49 - - [22/Jan/2021:04:39:46 +0000] "GET /robots.txt HTTP/1.0" 404 4379 "-" "Mozilla/5.0 (compatible; Linux x86_64; Mail.RU_Bot/2.0; +http://go.mail.ru/help/robots)"
80.170.241.53 - - [22/Jan/2021:04:39:47 +0000] "GET /albumin-example/ HTTP/1.1" 200 1259 "-" "Mozilla/5.0 (compatible; Linux x86_64; Mail.RU_Bot/2.0; +http://go.mail.ru/help/robots)"
202.27.25.170 - - [22/Jan/2021:04:40:33 +0000] "GET /socket.io/?EIO=y&transport=c0qucvma5&sid=g2gz33usdk75xlvok41x HTTP/1.1" 101 1034 "-" "Mozilla/5.0 (X11; Linux x86_64) AppleWebKit/537.36 (KHTML, like Gecko) Chrome/73.0.3683.103 Safari/537.36"
202.27.25.170 - - [22/Jan/2021:04:40:33 +0000] "GET /socket.io/?EIO=y&transport=c0qucvma5&sid=nvf9sf9dmz7c05bvu2ge HTTP/1.1" 101 166 "-" "Mozilla/5.0 (X11; Linux x86_64) AppleWebKit/537.36 (KHTML, like Gecko) Chrome/73.0.3683.103 Safari/537.36"
202.27.25.170 - - [22/Jan/2021:04:40:41 +0000] "GET /socket.io/?EIO=y&transport=xkmoyoi&t=k1i38rh HTTP/1.1" 200 99 "https://miaou.dystroy.org/3" "Mozilla/5.0 (X11; Linux x86_64) AppleWebKit/537.36 (KHTML, like Gecko) Chrome/73.0.3683.103 Safari/537.36"
164.94.166.244 - - [22/Jan/2021:04:40:41 +0000] "GET /blog/atom.xml HTTP/1.1" 200 105432 "-" "Mozilla/5.0 (X11; Linux x86_64; rv:84.0) Gecko/20100101 Firefox/84.0"
202.27.25.170 - - [22/Jan/2021:04:40:41 +0000] "GET /socket.io/?EIO=y&transport=xkmoyoi&t=wpy6b4o&sid=qr9qn5we9ekeob4wueth HTTP/1.1" 200 18 "https://miaou.dystroy.org/3" "Mozilla/5.0 (X11; Linux x86_64) AppleWebKit/537.36 (KHTML, like Gecko) Chrome/73.0.3683.103 Safari/537.36"
202.27.25.170 - - [22/Jan/2021:04:40:41 +0000] "GET /socket.io/?EIO=y&transport=xkmoyoi&t=c38t5eg HTTP/1.1" 200 99 "https://miaou.dystroy.org/3" "Mozilla/5.0 (X11; Linux x86_64) AppleWebKit/537.36 (KHTML, like Gecko) Chrome/73.0.3683.103 Safari/537.36"
202.27.25.170 - - [22/Jan/2021:04:40:42 +0000] "GET /socket.io/?EIO=y&transport=xkmoyoi&t=vtw4cr9&sid=bnxgmlhr6xl4dbljnx02 HTTP/1.1" 200 18 "https://miaou.dystroy.org/3" "Mozilla/5.0 (X11; Linux x86_64) AppleWebKit/537.36 (KHTML, like Gecko) Chrome/73.0.3683.103 Safari/537.36"
202.27.25.170 - - [22/Jan/2021:04:40:42 +0000] "POST /socket.io/?EIO=y&transport=xkmoyoi&t=jwd40nq&sid=bnxgmlhr6xl4dbljnx02 HTTP/1.1" 200 2 "https://miaou.dystroy.org/3" "Mozilla/5.0 (X11; Linux x86_64) AppleWebKit/537.36 (KHTML, like Gecko) Chrome/73.0.3683.103 Safari/537.36"
202.27.25.170 - - [22/Jan/2021:04:40:43 +0000] "GET /socket.io/?EIO=y&transport=xkmoyoi&t=rcn4a77ok&sid=bnxgmlhr6xl4dbljnx02 HTTP/1.1" 200 4551 "https://miaou.dystroy.org/3" "Mozilla/5.0 (X11; Linux x86_64) AppleWebKit/537.36 (KHTML, like Gecko) Chrome/73.0.3683.103 Safari/537.36"
202.27.25.170 - - [22/Jan/2021:04:40:43 +0000] "POST /socket.io/?EIO=y&transport=xkmoyoi&t=oxrvpuf&sid=bnxgmlhr6xl4dbljnx02 HTTP/1.1" 200 2 "https://miaou.dystroy.org/3" "Mozilla/5.0 (X11; Linux x86_64) AppleWebKit/537.36 (KHTML, like Gecko) Chrome/73.0.3683.103 Safari/537.36"
202.27.25.170 - - [22/Jan/2021:04:40:43 +0000] "GET /socket.io/?EIO=y&transport=xkmoyoi&t=i16oth4&sid=bnxgmlhr6xl4dbljnx02 HTTP/1.1" 200 826 "https://miaou.dystroy.org/3" "Mozilla/5.0 (X11; Linux x86_64) AppleWebKit/537.36 (KHTML, like Gecko) Chrome/73.0.3683.103 Safari/537.36"
202.27.25.170 - - [22/Jan/2021:04:40:44 +0000] "GET /socket.io/?EIO=y&transport=xkmoyoi&t=5teuq8g&sid=bnxgmlhr6xl4dbljnx02 HTTP/1.1" 200 42 "https://miaou.dystroy.org/3" "Mozilla/5.0 (X11; Linux x86_64) AppleWebKit/537.36 (KHTML, like Gecko) Chrome/73.0.3683.103 Safari/537.36"
202.27.25.170 - - [22/Jan/2021:04:40:45 +0000] "GET /socket.io/?EIO=y&transport=xkmoyoi&t=e90a6vg&sid=bnxgmlhr6xl4dbljnx02 HTTP/1.1" 200 3 "https://miaou.dystroy.org/3" "Mozilla/5.0 (X11; Linux x86_64) AppleWebKit/537.36 (KHTML, like Gecko) Chrome/73.0.3683.103 Safari/537.36"
91.110.189.249 - - [22/Jan/2021:04:41:41 +0000] "HEAD / HTTP/1.1" 301 0 "http://www.dystroy.org" "Mozilla/5.0+(compatible; UptimeRobot/2.0; http://www.uptimerobot.com/)"
91.110.189.249 - - [22/Jan/2021:04:41:41 +0000] "HEAD / HTTP/1.1" 200 0 "http://www.dystroy.org" "Mozilla/5.0+(compatible; UptimeRobot/2.0; http://www.uptimerobot.com/)"
94.3.90.124 - - [22/Jan/2021:04:41:54 +0000] "GET / HTTP/1.1" 200 2026 "-" "Sogou web spider/4.0(+http://www.sogou.com/docs/help/webmasters.htm#07)"
33.128.68.169 - - [22/Jan/2021:04:42:30 +0000] "GET / HTTP/1.1" 200 1297 "-" "Mozilla/5.0 (compatible; Baiduspider/2.0; +http://www.baidu.com/search/spider.html)"
39.197.132.5 - - [22/Jan/2021:04:43:01 +0000] "GET /blog/atom.xml HTTP/1.1" 304 0 "https://dystroy.org/" "Mozilla/5.0 (compatible; inoreader.com; 2 subscribers)"
164.94.166.244 - - [22/Jan/2021:04:43:31 +0000] "GET /blog/atom.xml HTTP/1.1" 200 105432 "-" "Mozilla/5.0 (X11; Linux x86_64; rv:84.0) Gecko/20100101 Firefox/84.0"
77.223.140.69 - - [22/Jan/2021:04:44:00 +0000] "GET /1556 HTTP/1.1" 302 126 "-" "Mozilla/5.0 (Linux; Android 10; Redmi Note 7) AppleWebKit/537.36 (KHTML, like Gecko) Chrome/87.0.4280.101 Mobile Safari/537.36"
77.223.140.69 - - [22/Jan/2021:04:44:01 +0000] "GET /login?room=iayh HTTP/1.1" 304 0 "-" "Mozilla/5.0 (Linux; Android 10; Redmi Note 7) AppleWebKit/537.36 (KHTML, like Gecko) Chrome/87.0.4280.101 Mobile Safari/537.36"
77.223.140.69 - - [22/Jan/2021:04:44:04 +0000] "GET /auth/google HTTP/1.1" 302 0 "https://miaou.dystroy.org/login?room=1556" "Mozilla/5.0 (Linux; Android 10; Redmi Note 7) AppleWebKit/537.36 (KHTML, like Gecko) Chrome/87.0.4280.101 Mobile Safari/537.36"
77.223.140.69 - - [22/Jan/2021:04:44:05 +0000] "GET /auth/google/callback?state=li1e&code=zrfb78s9y94aioe6lclc1h9wnuxk6nbgo17ycpzz7iwdcw12a16etfstsgk5gwus8zr7b9jxdiy&scope=gyotjvtjxxxdrusfcc9l12tzbypfle4jgq62h94bvs91e6iat3q6cahd4kjexbahihbneh2vezrd91d6x3mn55vedhyw2s92whzyqk6fvp37bsrh54rr3r7i3gtxfle2szvaklg1&authuser=3&prompt=npme HTTP/1.1" 302 96 "https://miaou.dystroy.org/login?room=1556" "Mozilla/5.0 (Linux; Android 10; Redmi Note 7) AppleWebKit/537.36 (KHTML, like Gecko) Chrome/87.0.4280.101 Mobile Safari/537.36"
77.223.140.69 - - [22/Jan/2021:04:44:05 +0000] "GET / HTTP/1.1" 302 106 "https://miaou.dystroy.org/login?room=1556" "Mozilla/5.0 (Linux; Android 10; Redmi Note 7) AppleWebKit/537.36 (KHTML, like Gecko) Chrome/87.0.4280.101 Mobile Safari/537.36"
77.223.140.69 - - [22/Jan/2021:04:44:05 +0000] "GET /socket.io/?EIO=y&transport=xkmoyoi&t=kjhjtia HTTP/1.1" 200 99 "https://miaou.dystroy.org/3823" "Mozilla/5.0 (Linux; Android 10; Redmi Note 7) AppleWebKit/537.36 (KHTML, like Gecko) Chrome/87.0.4280.101 Mobile Safari/537.36"
77.223.140.69 - - [22/Jan/2021:04:44:05 +0000] "GET /rooms HTTP/1.1" 200 3138 "https://miaou.dystroy.org/login?room=1556" "Mozilla/5.0 (Linux; Android 10; Redmi Note 7) AppleWebKit/537.36 (KHTML, like Gecko) Chrome/87.0.4280.101 Mobile Safari/537.36"
77.223.140.69 - - [22/Jan/2021:04:44:06 +0000] "GET /1556 HTTP/1.1" 200 5375 "https://miaou.dystroy.org/rooms" "Mozilla/5.0 (Linux; Android 10; Redmi Note 7) AppleWebKit/537.36 (KHTML, like Gecko) Chrome/87.0.4280.101 Mobile Safari/537.36"
77.223.140.69 - - [22/Jan/2021:04:44:06 +0000] "GET /json/rooms?pattern= HTTP/1.1" 200 9176 "https://miaou.dystroy.org/rooms" "Mozilla/5.0 (Linux; Android 10; Redmi Note 7) AppleWebKit/537.36 (KHTML, like Gecko) Chrome/87.0.4280.101 Mobile Safari/537.36"
77.223.140.69 - - [22/Jan/2021:04:44:06 +0000] "GET /socket.io/?EIO=y&transport=xkmoyoi&t=pm5a9fw&sid=2dlh6w6w69iw632wk3si HTTP/1.1" 200 58 "https://miaou.dystroy.org/3823" "Mozilla/5.0 (Linux; Android 10; Redmi Note 7) AppleWebKit/537.36 (KHTML, like Gecko) Chrome/87.0.4280.101 Mobile Safari/537.36"
77.223.140.69 - - [22/Jan/2021:04:44:06 +0000] "GET /socket.io/socket.io.js HTTP/1.1" 304 0 "https://miaou.dystroy.org/1556" "Mozilla/5.0 (Linux; Android 10; Redmi Note 7) AppleWebKit/537.36 (KHTML, like Gecko) Chrome/87.0.4280.101 Mobile Safari/537.36"
77.223.140.69 - - [22/Jan/2021:04:44:06 +0000] "GET /socket.io/?EIO=y&transport=c0qucvma5&sid=2dlh6w6w69iw632wk3si HTTP/1.1" 499 0 "-" "Mozilla/5.0 (Linux; Android 10; Redmi Note 7) AppleWebKit/537.36 (KHTML, like Gecko) Chrome/87.0.4280.101 Mobile Safari/537.36"
77.223.140.69 - - [22/Jan/2021:04:44:06 +0000] "POST /socket.io/?EIO=y&transport=xkmoyoi&t=pe6v00f&sid=2dlh6w6w69iw632wk3si HTTP/1.1" 200 2 "https://miaou.dystroy.org/3823" "Mozilla/5.0 (Linux; Android 10; Redmi Note 7) AppleWebKit/537.36 (KHTML, like Gecko) Chrome/87.0.4280.101 Mobile Safari/537.36"
77.223.140.69 - - [22/Jan/2021:04:44:06 +0000] "GET /socket.io/?EIO=y&transport=xkmoyoi&t=wdwo0xm HTTP/1.1" 200 99 "https://miaou.dystroy.org/1556" "Mozilla/5.0 (Linux; Android 10; Redmi Note 7) AppleWebKit/537.36 (KHTML, like Gecko) Chrome/87.0.4280.101 Mobile Safari/537.36"
77.223.140.69 - - [22/Jan/2021:04:44:06 +0000] "GET /socket.io/?EIO=y&transport=xkmoyoi&t=ry9ctb5&sid=tdhcg3czluwho57np5zd HTTP/1.1" 200 18 "https://miaou.dystroy.org/1556" "Mozilla/5.0 (Linux; Android 10; Redmi Note 7) AppleWebKit/537.36 (KHTML, like Gecko) Chrome/87.0.4280.101 Mobile Safari/537.36"
77.223.140.69 - - [22/Jan/2021:04:44:07 +0000] "POST /socket.io/?EIO=y&transport=xkmoyoi&t=wblkolp&sid=tdhcg3czluwho57np5zd HTTP/1.1" 200 2 "https://miaou.dystroy.org/1556" "Mozilla/5.0 (Linux; Android 10; Redmi Note 7) AppleWebKit/537.36 (KHTML, like Gecko) Chrome/87.0.4280.101 Mobile Safari/537.36"
77.223.140.69 - - [22/Jan/2021:04:44:07 +0000] "GET /socket.io/?EIO=y&transport=xkmoyoi&t=3kiee0o&sid=tdhcg3czluwho57np5zd HTTP/1.1" 200 34 "https://miaou.dystroy.org/1556" "Mozilla/5.0 (Linux; Android 10; Redmi Note 7) AppleWebKit/537.36 (KHTML, like Gecko) Chrome/87.0.4280.101 Mobile Safari/537.36"
77.223.140.69 - - [22/Jan/2021:04:44:07 +0000] "GET /socket.io/?EIO=y&transport=xkmoyoi&t=6z0620p&sid=tdhcg3czluwho57np5zd HTTP/1.1" 200 5719 "https://miaou.dystroy.org/1556" "Mozilla/5.0 (Linux; Android 10; Redmi Note 7) AppleWebKit/537.36 (KHTML, like Gecko) Chrome/87.0.4280.101 Mobile Safari/537.36"
40.205.208.119 - - [22/Jan/2021:04:44:08 +0000] "POST /sciz-webhook HTTP/1.1" 200 0 "-" "python-requests/2.21.0"
40.205.208.119 - - [22/Jan/2021:04:44:09 +0000] "POST /sciz-webhook HTTP/1.1" 200 0 "-" "python-requests/2.21.0"
77.223.140.69 - - [22/Jan/2021:04:44:09 +0000] "GET /sw.js?v=jq HTTP/1.1" 304 0 "https://miaou.dystroy.org/sw.js?v=33" "Mozilla/5.0 (Linux; Android 10; Redmi Note 7) AppleWebKit/537.36 (KHTML, like Gecko) Chrome/87.0.4280.101 Mobile Safari/537.36"
44.49.22.21 - - [22/Jan/2021:04:44:22 +0000] "GET / HTTP/1.1" 200 2610 "-" "-"
40.205.208.119 - - [22/Jan/2021:04:45:16 +0000] "POST /sciz-webhook HTTP/1.1" 200 0 "-" "python-requests/2.21.0"
77.223.140.69 - - [22/Jan/2021:04:45:18 +0000] "GET /1556 HTTP/1.1" 304 0 "https://miaou.dystroy.org/rooms" "Mozilla/5.0 (Linux; Android 10; Redmi Note 7) AppleWebKit/537.36 (KHTML, like Gecko) Chrome/87.0.4280.101 Mobile Safari/537.36"
77.223.140.69 - - [22/Jan/2021:04:45:18 +0000] "GET /socket.io/?EIO=y&transport=c0qucvma5&sid=tdhcg3czluwho57np5zd HTTP/1.1" 101 3982 "-" "Mozilla/5.0 (Linux; Android 10; Redmi Note 7) AppleWebKit/537.36 (KHTML, like Gecko) Chrome/87.0.4280.101 Mobile Safari/537.36"
77.223.140.69 - - [22/Jan/2021:04:45:18 +0000] "GET /socket.io/socket.io.js HTTP/1.1" 304 0 "https://miaou.dystroy.org/1556" "Mozilla/5.0 (Linux; Android 10; Redmi Note 7) AppleWebKit/537.36 (KHTML, like Gecko) Chrome/87.0.4280.101 Mobile Safari/537.36"
77.223.140.69 - - [22/Jan/2021:04:45:19 +0000] "GET /socket.io/?EIO=y&transport=xkmoyoi&t=0ifaft6 HTTP/1.1" 200 99 "https://miaou.dystroy.org/1556" "Mozilla/5.0 (Linux; Android 10; Redmi Note 7) AppleWebKit/537.36 (KHTML, like Gecko) Chrome/87.0.4280.101 Mobile Safari/537.36"
77.223.140.69 - - [22/Jan/2021:04:45:19 +0000] "GET /socket.io/?EIO=y&transport=xkmoyoi&t=4lannko&sid=lgxiurlmkrbsi0b0gf0c HTTP/1.1" 200 18 "https://miaou.dystroy.org/1556" "Mozilla/5.0 (Linux; Android 10; Redmi Note 7) AppleWebKit/537.36 (KHTML, like Gecko) Chrome/87.0.4280.101 Mobile Safari/537.36"
77.223.140.69 - - [22/Jan/2021:04:45:19 +0000] "POST /socket.io/?EIO=y&transport=xkmoyoi&t=jnqyc3m&sid=lgxiurlmkrbsi0b0gf0c HTTP/1.1" 200 2 "https://miaou.dystroy.org/1556" "Mozilla/5.0 (Linux; Android 10; Redmi Note 7) AppleWebKit/537.36 (KHTML, like Gecko) Chrome/87.0.4280.101 Mobile Safari/537.36"
77.223.140.69 - - [22/Jan/2021:04:45:19 +0000] "GET /socket.io/?EIO=y&transport=xkmoyoi&t=9z8d4v3&sid=lgxiurlmkrbsi0b0gf0c HTTP/1.1" 200 34 "https://miaou.dystroy.org/1556" "Mozilla/5.0 (Linux; Android 10; Redmi Note 7) AppleWebKit/537.36 (KHTML, like Gecko) Chrome/87.0.4280.101 Mobile Safari/537.36"
77.223.140.69 - - [22/Jan/2021:04:45:19 +0000] "GET /socket.io/?EIO=y&transport=xkmoyoi&t=fzjnymm&sid=lgxiurlmkrbsi0b0gf0c HTTP/1.1" 200 5719 "https://miaou.dystroy.org/1556" "Mozilla/5.0 (Linux; Android 10; Redmi Note 7) AppleWebKit/537.36 (KHTML, like Gecko) Chrome/87.0.4280.101 Mobile Safari/537.36"
77.223.140.69 - - [22/Jan/2021:04:45:22 +0000] "GET /sw.js?v=jq HTTP/1.1" 304 0 "https://miaou.dystroy.org/sw.js?v=33" "Mozilla/5.0 (Linux; Android 10; Redmi Note 7) AppleWebKit/537.36 (KHTML, like Gecko) Chrome/87.0.4280.101 Mobile Safari/537.36"
2.67.108.166 - - [22/Jan/2021:04:45:26 +0000] "GET / HTTP/1.0" 200 393 "-" "-"
58.103.75.216 - - [22/Jan/2021:04:45:29 +0000] "GET /JSON.prune/JSON.prune.js?_=ljbdbu83appsg HTTP/1.1" 200 5188 "https://esabora-schema-preprod.azurewebsites.net/" "Mozilla/5.0 (Windows NT 10.0; Win64; x64) AppleWebKit/537.36 (KHTML, like Gecko) Chrome/75.0.3770.142 Safari/537.36"
40.205.208.119 - - [22/Jan/2021:04:46:04 +0000] "POST /sciz-webhook HTTP/1.1" 200 0 "-" "python-requests/2.21.0"
40.205.208.119 - - [22/Jan/2021:04:46:12 +0000] "POST /sciz-webhook HTTP/1.1" 200 0 "-" "python-requests/2.21.0"
91.110.189.249 - - [22/Jan/2021:04:46:41 +0000] "HEAD / HTTP/1.1" 301 0 "http://www.dystroy.org" "Mozilla/5.0+(compatible; UptimeRobot/2.0; http://www.uptimerobot.com/)"
91.110.189.249 - - [22/Jan/2021:04:46:41 +0000] "HEAD / HTTP/1.1" 200 0 "http://www.dystroy.org" "Mozilla/5.0+(compatible; UptimeRobot/2.0; http://www.uptimerobot.com/)"
40.205.208.119 - - [22/Jan/2021:04:47:13 +0000] "POST /sciz-webhook HTTP/1.1" 200 0 "-" "python-requests/2.21.0"
53.110.48.71 - - [22/Jan/2021:04:47:52 +0000] "GET /blog/atom.xml HTTP/1.1" 304 0 "-" "Feedbin feed-id:1894033 - 1 subscribers"
40.205.208.119 - - [22/Jan/2021:04:48:19 +0000] "POST /sciz-webhook HTTP/1.1" 200 0 "-" "python-requests/2.21.0"
92.19.229.158 - - [22/Jan/2021:04:48:59 +0000] "GET /broot/img/favicon.ico HTTP/1.1" 200 1150 "-" "WidgetKitExtension/3279 CFNetwork/1209 Darwin/20.2.0"
131.68.165.104 - - [22/Jan/2021:04:49:55 +0000] "HEAD /broot/download/x86_64-pc-windows-gnu/broot.exe HTTP/1.1" 200 0 "-" "Mozilla/4.0 (compatible; MSIE 6.0; Windows NT 5.1)"
77.223.140.69 - - [22/Jan/2021:04:50:35 +0000] "GET /socket.io/?EIO=y&transport=c0qucvma5&sid=lgxiurlmkrbsi0b0gf0c HTTP/1.1" 101 3967 "-" "Mozilla/5.0 (Linux; Android 10; Redmi Note 7) AppleWebKit/537.36 (KHTML, like Gecko) Chrome/87.0.4280.101 Mobile Safari/537.36"
91.110.189.249 - - [22/Jan/2021:04:51:41 +0000] "HEAD / HTTP/1.1" 301 0 "http://www.dystroy.org" "Mozilla/5.0+(compatible; UptimeRobot/2.0; http://www.uptimerobot.com/)"
91.110.189.249 - - [22/Jan/2021:04:51:41 +0000] "HEAD / HTTP/1.1" 200 0 "http://www.dystroy.org" "Mozilla/5.0+(compatible; UptimeRobot/2.0; http://www.uptimerobot.com/)"
72.53.106.184 - - [22/Jan/2021:04:53:25 +0000] "GET /login?room=y HTTP/1.1" 200 714 "-" "Mozilla/5.0 (compatible; AhrefsBot/7.0; +http://ahrefs.com/robot/)"
11.238.29.244 - - [22/Jan/2021:04:54:27 +0000] "GET /gogo/json?action=bgc6r5eeshp5nu&asker=g1l6hu&trollId=pabh7 HTTP/1.1" 200 84 "https://games.mountyhall.com/" "Mozilla/5.0 (Windows NT 10.0; Win64; x64) AppleWebKit/537.36 (KHTML, like Gecko) Chrome/87.0.4280.141 Safari/537.36"
11.238.29.244 - - [22/Jan/2021:04:54:27 +0000] "GET /gogo/json?action=bgc6r5eeshp5nu&asker=g1l6hu&trollId=pabh7 HTTP/1.1" 200 84 "https://games.mountyhall.com/" "Mozilla/5.0 (Windows NT 10.0; Win64; x64) AppleWebKit/537.36 (KHTML, like Gecko) Chrome/87.0.4280.141 Safari/537.36"
81.66.83.245 - - [22/Jan/2021:04:54:51 +0000] "GET /blog/atom.xml HTTP/1.1" 304 0 "-" "NetNewsWire (RSS Reader; https://ranchero.com/netnewswire/)"
11.238.29.244 - - [22/Jan/2021:04:55:14 +0000] "GET /gogo/json?action=mf331j19fcfriv57h&asker=g1l6hu&name=x4qjymt53ox0hii3776wew07smb2disp5d2c9m7rke&monsterId=m01vaj6 HTTP/1.1" 200 2771 "https://games.mountyhall.com/" "Mozilla/5.0 (Windows NT 10.0; Win64; x64) AppleWebKit/537.36 (KHTML, like Gecko) Chrome/87.0.4280.141 Safari/537.36"
11.238.29.244 - - [22/Jan/2021:04:55:14 +0000] "GET /gogo/json?action=mf331j19fcfriv57h&asker=g1l6hu&name=xeh1qj5705749cwcgwgkzawy6rm1rzpbd00a01abg&monsterId=af8ryjt HTTP/1.1" 200 2759 "https://games.mountyhall.com/" "Mozilla/5.0 (Windows NT 10.0; Win64; x64) AppleWebKit/537.36 (KHTML, like Gecko) Chrome/87.0.4280.141 Safari/537.36"
11.238.29.244 - - [22/Jan/2021:04:55:32 +0000] "GET /gogo/json?action=mf331j19fcfriv57h&name=1qza2cqc6le680wwugz5mk&monsterId=0ttt53zmf HTTP/1.1" 200 2700 "https://games.mountyhall.com/" "Mozilla/5.0 (Windows NT 10.0; Win64; x64) AppleWebKit/537.36 (KHTML, like Gecko) Chrome/87.0.4280.141 Safari/537.36"
11.238.29.244 - - [22/Jan/2021:04:55:33 +0000] "GET /gogo/json?action=mf331j19fcfriv57h&name=zlhsh491of45kop08hi35lvdzlmpeaujz0xq&monsterId=0ttt53zmf HTTP/1.1" 200 2289 "https://games.mountyhall.com/" "Mozilla/5.0 (Windows NT 10.0; Win64; x64) AppleWebKit/537.36 (KHTML, like Gecko) Chrome/87.0.4280.141 Safari/537.36"
11.238.29.244 - - [22/Jan/2021:04:56:10 +0000] "GET /gogo/json?action=7c1uz2f9flrxff&TrollId=g1l6hu&ChrallVersion=9tku HTTP/1.1" 200 65 "https://games.mountyhall.com/" "Mozilla/5.0 (Windows NT 10.0; Win64; x64) AppleWebKit/537.36 (KHTML, like Gecko) Chrome/87.0.4280.141 Safari/537.36"
11.238.29.244 - - [22/Jan/2021:04:56:27 +0000] "GET /gogo/json?action=7c1uz2f9flrxff&TrollId=g1l6hu&ChrallVersion=9tku HTTP/1.1" 200 65 "https://games.mountyhall.com/" "Mozilla/5.0 (Windows NT 10.0; Win64; x64) AppleWebKit/537.36 (KHTML, like Gecko) Chrome/87.0.4280.141 Safari/537.36"
91.110.189.249 - - [22/Jan/2021:04:56:41 +0000] "HEAD / HTTP/1.1" 301 0 "http://www.dystroy.org" "Mozilla/5.0+(compatible; UptimeRobot/2.0; http://www.uptimerobot.com/)"
91.110.189.249 - - [22/Jan/2021:04:56:41 +0000] "HEAD / HTTP/1.1" 200 0 "http://www.dystroy.org" "Mozilla/5.0+(compatible; UptimeRobot/2.0; http://www.uptimerobot.com/)"
11.238.29.244 - - [22/Jan/2021:04:56:47 +0000] "GET /gogo/json?action=7c1uz2f9flrxff&TrollId=g1l6hu&ChrallVersion=9tku HTTP/1.1" 200 65 "https://games.mountyhall.com/" "Mozilla/5.0 (Windows NT 10.0; Win64; x64) AppleWebKit/537.36 (KHTML, like Gecko) Chrome/87.0.4280.141 Safari/537.36"
11.238.29.244 - - [22/Jan/2021:04:56:58 +0000] "GET /gogo/json?action=bgc6r5eeshp5nu&asker=g1l6hu&trollId=pabh7 HTTP/1.1" 200 84 "https://games.mountyhall.com/" "Mozilla/5.0 (Windows NT 10.0; Win64; x64) AppleWebKit/537.36 (KHTML, like Gecko) Chrome/87.0.4280.141 Safari/537.36"
11.238.29.244 - - [22/Jan/2021:04:56:58 +0000] "GET /gogo/json?action=mf331j19fcfriv57h&asker=g1l6hu&name=x4qjymt53ox0hii3776wew07smb2disp5d2c9m7rke&monsterId=qww9t22 HTTP/1.1" 200 2771 "https://games.mountyhall.com/" "Mozilla/5.0 (Windows NT 10.0; Win64; x64) AppleWebKit/537.36 (KHTML, like Gecko) Chrome/87.0.4280.141 Safari/537.36"
40.205.208.119 - - [22/Jan/2021:04:57:07 +0000] "POST /sciz-webhook HTTP/1.1" 200 0 "-" "python-requests/2.21.0"
40.205.208.119 - - [22/Jan/2021:04:57:07 +0000] "POST /sciz-webhook HTTP/1.1" 200 0 "-" "python-requests/2.21.0"
213.72.240.96 - - [22/Jan/2021:04:57:18 +0000] "GET / HTTP/1.1" 301 185 "-" "Apache-HttpClient/4.5.3 (Java/1.8.0_222)"
78.172.24.238 - - [22/Jan/2021:04:57:18 +0000] "GET /robots.txt HTTP/1.1" 301 185 "-" "Apache-HttpClient/4.5.3 (Java/1.8.0_222)"
213.72.240.96 - - [22/Jan/2021:04:57:18 +0000] "GET / HTTP/1.1" 200 2026 "-" "Apache-HttpClient/4.5.3 (Java/1.8.0_222)"
78.172.24.238 - - [22/Jan/2021:04:57:18 +0000] "GET /robots.txt HTTP/1.1" 404 2047 "-" "Apache-HttpClient/4.5.3 (Java/1.8.0_222)"
11.238.29.244 - - [22/Jan/2021:04:57:38 +0000] "GET /gogo/json?action=7c1uz2f9flrxff&TrollId=g1l6hu&ChrallVersion=9tku HTTP/1.1" 200 65 "https://games.mountyhall.com/" "Mozilla/5.0 (Windows NT 10.0; Win64; x64) AppleWebKit/537.36 (KHTML, like Gecko) Chrome/87.0.4280.141 Safari/537.36"
11.238.29.244 - - [22/Jan/2021:04:57:51 +0000] "GET /gogo/json?action=7c1uz2f9flrxff&TrollId=g1l6hu&ChrallVersion=9tku HTTP/1.1" 200 65 "https://games.mountyhall.com/" "Mozilla/5.0 (Windows NT 10.0; Win64; x64) AppleWebKit/537.36 (KHTML, like Gecko) Chrome/87.0.4280.141 Safari/537.36"
40.205.208.119 - - [22/Jan/2021:04:58:13 +0000] "POST /sciz-webhook HTTP/1.1" 200 0 "-" "python-requests/2.21.0"
40.205.208.119 - - [22/Jan/2021:04:58:13 +0000] "POST /sciz-webhook HTTP/1.1" 200 0 "-" "python-requests/2.21.0"
40.205.208.119 - - [22/Jan/2021:04:58:17 +0000] "POST /sciz-webhook HTTP/1.1" 200 0 "-" "python-requests/2.21.0"
40.205.208.119 - - [22/Jan/2021:04:58:17 +0000] "POST /sciz-webhook HTTP/1.1" 200 0 "-" "python-requests/2.21.0"
40.205.208.119 - - [22/Jan/2021:04:58:19 +0000] "POST /sciz-webhook HTTP/1.1" 200 0 "-" "python-requests/2.21.0"
124.246.227.23 - - [22/Jan/2021:04:58:38 +0000] "GET / HTTP/1.1" 200 1297 "-" "Mozilla/5.0 zgrab/0.x"
59.134.252.19 - - [22/Jan/2021:04:59:01 +0000] "GET /file-host/62a741961809665033c27f89.png HTTP/1.1" 200 840491 "https://www.kigard.fr/" "Mozilla/5.0 (Linux; Android 8.1.0; SM-T580) AppleWebKit/537.36 (KHTML, like Gecko) Chrome/87.0.4280.141 Safari/537.36"
40.205.208.119 - - [22/Jan/2021:04:59:13 +0000] "POST /sciz-webhook HTTP/1.1" 200 0 "-" "python-requests/2.21.0"
40.205.208.119 - - [22/Jan/2021:04:59:15 +0000] "POST /sciz-webhook HTTP/1.1" 200 0 "-" "python-requests/2.21.0"
40.205.208.119 - - [22/Jan/2021:04:59:15 +0000] "POST /sciz-webhook HTTP/1.1" 200 0 "-" "python-requests/2.21.0"
40.205.208.119 - - [22/Jan/2021:04:59:15 +0000] "POST /sciz-webhook HTTP/1.1" 200 0 "-" "python-requests/2.21.0"
40.205.208.119 - - [22/Jan/2021:04:59:18 +0000] "POST /sciz-webhook HTTP/1.1" 200 0 "-" "python-requests/2.21.0"
40.205.208.119 - - [22/Jan/2021:04:59:22 +0000] "POST /sciz-webhook HTTP/1.1" 200 0 "-" "python-requests/2.21.0"
40.205.208.119 - - [22/Jan/2021:04:59:23 +0000] "POST /sciz-webhook HTTP/1.1" 200 0 "-" "python-requests/2.21.0"
92.19.229.158 - - [22/Jan/2021:04:59:26 +0000] "GET /broot/img/favicon.ico HTTP/1.1" 200 1150 "-" "WidgetKitExtension/3279 CFNetwork/1209 Darwin/20.2.0"
214.58.215.126 - - [22/Jan/2021:04:59:48 +0000] "GET /gogo/json?action=bgc6r5eeshp5nu&trollId=0e738e HTTP/1.1" 200 85 "https://games.mountyhall.com/" "Mozilla/5.0 (Windows NT 10.0; Win64; x64) AppleWebKit/537.36 (KHTML, like Gecko) Chrome/87.0.4280.141 Safari/537.36"
214.58.215.126 - - [22/Jan/2021:04:59:48 +0000] "GET /gogo/json?action=mf331j19fcfriv57h&asker=0e738e&name=wubmzr280k3bg44gfsn840g6in3cs83bzf1jpxr&monsterId=xaid691 HTTP/1.1" 200 1507 "https://games.mountyhall.com/" "Mozilla/5.0 (Windows NT 10.0; Win64; x64) AppleWebKit/537.36 (KHTML, like Gecko) Chrome/87.0.4280.141 Safari/537.36"
40.205.208.119 - - [22/Jan/2021:05:01:08 +0000] "POST /sciz-webhook HTTP/1.1" 200 0 "-" "python-requests/2.21.0"
40.205.208.119 - - [22/Jan/2021:05:01:22 +0000] "POST /sciz-webhook HTTP/1.1" 200 0 "-" "python-requests/2.21.0"
40.205.208.119 - - [22/Jan/2021:05:01:23 +0000] "POST /sciz-webhook HTTP/1.1" 200 0 "-" "python-requests/2.21.0"
40.205.208.119 - - [22/Jan/2021:05:01:23 +0000] "POST /sciz-webhook HTTP/1.1" 200 0 "-" "python-requests/2.21.0"
77.223.32.125 - - [22/Jan/2021:05:01:24 +0000] "GET /broot/img/2020081609-preview-binary.png HTTP/1.1" 200 123123 "-" "Googlebot-Image/1.0"
58.103.75.216 - - [22/Jan/2021:05:01:29 +0000] "GET /JSON.prune/JSON.prune.js?_=0yivszimjaf8h HTTP/1.1" 200 5188 "https://esabora-schema-preprod.azurewebsites.net/" "Mozilla/5.0 (Windows NT 10.0; Win64; x64) AppleWebKit/537.36 (KHTML, like Gecko) Chrome/75.0.3770.142 Safari/537.36"
91.110.189.249 - - [22/Jan/2021:05:01:41 +0000] "HEAD / HTTP/1.1" 301 0 "http://www.dystroy.org" "Mozilla/5.0+(compatible; UptimeRobot/2.0; http://www.uptimerobot.com/)"
91.110.189.249 - - [22/Jan/2021:05:01:41 +0000] "HEAD / HTTP/1.1" 200 0 "http://www.dystroy.org" "Mozilla/5.0+(compatible; UptimeRobot/2.0; http://www.uptimerobot.com/)"
40.205.208.119 - - [22/Jan/2021:05:02:46 +0000] "POST /sciz-webhook HTTP/1.1" 200 0 "-" "python-requests/2.21.0"
40.205.208.119 - - [22/Jan/2021:05:02:46 +0000] "POST /sciz-webhook HTTP/1.1" 200 0 "-" "python-requests/2.21.0"
40.205.208.119 - - [22/Jan/2021:05:02:46 +0000] "POST /sciz-webhook HTTP/1.1" 200 0 "-" "python-requests/2.21.0"
40.205.208.119 - - [22/Jan/2021:05:02:57 +0000] "POST /sciz-webhook HTTP/1.1" 200 0 "-" "python-requests/2.21.0"
40.205.208.119 - - [22/Jan/2021:05:02:57 +0000] "POST /sciz-webhook HTTP/1.1" 200 0 "-" "python-requests/2.21.0"
40.205.208.119 - - [22/Jan/2021:05:02:57 +0000] "POST /sciz-webhook HTTP/1.1" 200 0 "-" "python-requests/2.21.0"
40.205.208.119 - - [22/Jan/2021:05:03:09 +0000] "POST /sciz-webhook HTTP/1.1" 200 0 "-" "python-requests/2.21.0"
40.205.208.119 - - [22/Jan/2021:05:03:16 +0000] "POST /sciz-webhook HTTP/1.1" 200 0 "-" "python-requests/2.21.0"
40.205.208.119 - - [22/Jan/2021:05:03:16 +0000] "POST /sciz-webhook HTTP/1.1" 200 0 "-" "python-requests/2.21.0"
40.205.208.119 - - [22/Jan/2021:05:03:16 +0000] "POST /sciz-webhook HTTP/1.1" 200 0 "-" "python-requests/2.21.0"
179.56.65.44 - - [22/Jan/2021:05:03:19 +0000] "GET /JSON.prune/JSON.prune.js HTTP/1.1" 200 5188 "https://bolaodoneneu.com.br/c_jogo/bilhete_online/1379071" "Mozilla/5.0 (Linux; U; Android 10; pt-br; Redmi Note 7 Build/QKQ1.190910.002) AppleWebKit/537.36 (KHTML, like Gecko) Version/4.0 Chrome/71.0.3578.141 Mobile Safari/537.36 XiaoMi/MiuiBrowser/12.8.1-gn"
40.205.208.119 - - [22/Jan/2021:05:03:20 +0000] "POST /sciz-webhook HTTP/1.1" 200 0 "-" "python-requests/2.21.0"
40.205.208.119 - - [22/Jan/2021:05:03:20 +0000] "POST /sciz-webhook HTTP/1.1" 200 0 "-" "python-requests/2.21.0"
40.205.208.119 - - [22/Jan/2021:05:03:31 +0000] "POST /sciz-webhook HTTP/1.1" 200 0 "-" "python-requests/2.21.0"
