12.12.104.222 - - [22/Jan/2021:06:46:07 +0000] "GET /broot/img/20191112-cd.png HTTP/1.1" 200 33456 "https://dystroy.org/broot/" "Mozilla/5.0 (X11; Linux x86_64; rv:84.0) Gecko/20100101 Firefox/84.0"
12.12.104.222 - - [22/Jan/2021:06:46:07 +0000] "GET /broot/img/20200629-overview.png HTTP/1.1" 200 45088 "https://dystroy.org/broot/" "Mozilla/5.0 (X11; Linux x86_64; rv:84.0) Gecko/20100101 Firefox/84.0"
12.12.104.222 - - [22/Jan/2021:06:46:07 +0000] "GET /broot/img/20191112-mv.png HTTP/1.1" 200 33828 "https://dystroy.org/broot/" "Mozilla/5.0 (X11; Linux x86_64; rv:84.0) Gecko/20100101 Firefox/84.0"
12.12.104.222 - - [22/Jan/2021:06:46:07 +0000] "GET /broot/img/20201020-chmod.png HTTP/1.1" 200 55503 "https://dystroy.org/broot/" "Mozilla/5.0 (X11; Linux x86_64; rv:84.0) Gecko/20100101 Firefox/84.0"
12.12.104.222 - - [22/Jan/2021:06:46:07 +0000] "GET /broot/img/20200525-colored-panels.png HTTP/1.1" 200 96626 "https://dystroy.org/broot/" "Mozilla/5.0 (X11; Linux x86_64; rv:84.0) Gecko/20100101 Firefox/84.0"
12.12.104.222 - - [22/Jan/2021:06:46:07 +0000] "GET /broot/img/20200525-cpp.png HTTP/1.1" 200 77825 "https://dystroy.org/broot/" "Mozilla/5.0 (X11; Linux x86_64; rv:84.0) Gecko/20100101 Firefox/84.0"
12.12.104.222 - - [22/Jan/2021:06:46:07 +0000] "GET /broot/img/20200716-preview.png HTTP/1.1" 200 68456 "https://dystroy.org/broot/" "Mozilla/5.0 (X11; Linux x86_64; rv:84.0) Gecko/20100101 Firefox/84.0"
12.12.104.222 - - [22/Jan/2021:06:46:07 +0000] "GET /broot/img/2020081609-preview-image.png HTTP/1.1" 200 77114 "https://dystroy.org/broot/" "Mozilla/5.0 (X11; Linux x86_64; rv:84.0) Gecko/20100101 Firefox/84.0"
12.12.104.222 - - [22/Jan/2021:06:46:07 +0000] "GET /broot/img/20191112-edit.png HTTP/1.1" 200 34479 "https://dystroy.org/broot/" "Mozilla/5.0 (X11; Linux x86_64; rv:84.0) Gecko/20100101 Firefox/84.0"
12.12.104.222 - - [22/Jan/2021:06:46:07 +0000] "GET /broot/img/20201130-sdp.png HTTP/1.1" 200 151532 "https://dystroy.org/broot/" "Mozilla/5.0 (X11; Linux x86_64; rv:84.0) Gecko/20100101 Firefox/84.0"
12.12.104.222 - - [22/Jan/2021:06:46:07 +0000] "GET /broot/img/20201127-kitty-preview.png HTTP/1.1" 200 374410 "https://dystroy.org/broot/" "Mozilla/5.0 (X11; Linux x86_64; rv:84.0) Gecko/20100101 Firefox/84.0"
12.12.104.222 - - [22/Jan/2021:06:46:07 +0000] "GET /broot/img/20201020-whale-spotting.png HTTP/1.1" 200 54819 "https://dystroy.org/broot/" "Mozilla/5.0 (X11; Linux x86_64; rv:84.0) Gecko/20100101 Firefox/84.0"
12.12.104.222 - - [22/Jan/2021:06:46:07 +0000] "GET /broot/img/20200203-git.png HTTP/1.1" 200 37222 "https://dystroy.org/broot/" "Mozilla/5.0 (X11; Linux x86_64; rv:84.0) Gecko/20100101 Firefox/84.0"
12.12.104.222 - - [22/Jan/2021:06:46:07 +0000] "GET /broot/img/20201020-fs.png HTTP/1.1" 200 67108 "https://dystroy.org/broot/" "Mozilla/5.0 (X11; Linux x86_64; rv:84.0) Gecko/20100101 Firefox/84.0"
198.172.153.152 - - [22/Jan/2021:06:46:09 +0000] "GET /json/messages/last?n=a&room=vq4r HTTP/1.1" 304 0 "https://miaou.dystroy.org/1556" "Mozilla/5.0 (Macintosh; Intel Mac OS X 10.14; rv:84.0) Gecko/20100101 Firefox/84.0"
12.12.104.222 - - [22/Jan/2021:06:46:17 +0000] "GET /broot/input/ HTTP/1.1" 200 5166 "-" "Mozilla/5.0 (X11; Linux x86_64; rv:84.0) Gecko/20100101 Firefox/84.0"
12.12.104.222 - - [22/Jan/2021:06:46:17 +0000] "GET /broot/img/favicon.ico HTTP/1.1" 200 1150 "https://dystroy.org/broot/input/" "Mozilla/5.0 (X11; Linux x86_64; rv:84.0) Gecko/20100101 Firefox/84.0"
12.12.104.222 - - [22/Jan/2021:06:46:17 +0000] "GET /broot/search/search_index.json HTTP/1.1" 200 141229 "https://dystroy.org/broot/search/worker.js" "Mozilla/5.0 (X11; Linux x86_64; rv:84.0) Gecko/20100101 Firefox/84.0"
12.12.104.222 - - [22/Jan/2021:06:46:17 +0000] "GET /broot/search/lunr.js HTTP/1.1" 200 100219 "https://dystroy.org/broot/search/worker.js" "Mozilla/5.0 (X11; Linux x86_64; rv:84.0) Gecko/20100101 Firefox/84.0"
12.12.104.222 - - [22/Jan/2021:06:46:30 +0000] "GET /broot/skins/ HTTP/1.1" 200 6194 "https://duckduckgo.com/" "Mozilla/5.0 (X11; Linux x86_64; rv:84.0) Gecko/20100101 Firefox/84.0"
12.12.104.222 - - [22/Jan/2021:06:46:30 +0000] "GET /broot/img/20200525-custom-colors-panels.png HTTP/1.1" 200 96734 "https://dystroy.org/broot/skins/" "Mozilla/5.0 (X11; Linux x86_64; rv:84.0) Gecko/20100101 Firefox/84.0"
12.12.104.222 - - [22/Jan/2021:06:46:30 +0000] "GET /broot/img/skins/solarized_dark/search.png HTTP/1.1" 200 59094 "https://dystroy.org/broot/skins/" "Mozilla/5.0 (X11; Linux x86_64; rv:84.0) Gecko/20100101 Firefox/84.0"
12.12.104.222 - - [22/Jan/2021:06:46:30 +0000] "GET /broot/img/skins/solarized_dark/default.png HTTP/1.1" 200 99402 "https://dystroy.org/broot/skins/" "Mozilla/5.0 (X11; Linux x86_64; rv:84.0) Gecko/20100101 Firefox/84.0"
12.12.104.222 - - [22/Jan/2021:06:46:30 +0000] "GET /broot/img/skins/solarized_dark/sizes.png HTTP/1.1" 200 64969 "https://dystroy.org/broot/skins/" "Mozilla/5.0 (X11; Linux x86_64; rv:84.0) Gecko/20100101 Firefox/84.0"
12.12.104.222 - - [22/Jan/2021:06:46:30 +0000] "GET /broot/img/20200526-light-skin.png HTTP/1.1" 200 121549 "https://dystroy.org/broot/skins/" "Mozilla/5.0 (X11; Linux x86_64; rv:84.0) Gecko/20100101 Firefox/84.0"
12.12.104.222 - - [22/Jan/2021:06:46:30 +0000] "GET /broot/img/20200529-transparent-broot.png HTTP/1.1" 200 400303 "https://dystroy.org/broot/skins/" "Mozilla/5.0 (X11; Linux x86_64; rv:84.0) Gecko/20100101 Firefox/84.0"
12.12.104.222 - - [22/Jan/2021:06:46:31 +0000] "GET /broot/img/skins/solarized_dark/panels.png HTTP/1.1" 200 61424 "https://dystroy.org/broot/skins/" "Mozilla/5.0 (X11; Linux x86_64; rv:84.0) Gecko/20100101 Firefox/84.0"
12.12.104.222 - - [22/Jan/2021:06:46:31 +0000] "GET /broot/img/skins/solarized_dark/perms.png HTTP/1.1" 200 191456 "https://dystroy.org/broot/skins/" "Mozilla/5.0 (X11; Linux x86_64; rv:84.0) Gecko/20100101 Firefox/84.0"
12.12.104.222 - - [22/Jan/2021:06:46:31 +0000] "GET /broot/img/favicon.ico HTTP/1.1" 200 1150 "https://dystroy.org/broot/skins/" "Mozilla/5.0 (X11; Linux x86_64; rv:84.0) Gecko/20100101 Firefox/84.0"
28.46.53.144 - - [22/Jan/2021:06:46:36 +0000] "GET /publicProfile?user=kli1&room=iayh HTTP/1.1" 304 0 "https://miaou.dystroy.org/1556" "Mozilla/5.0 (Windows NT 6.1; rv:84.0) Gecko/20100101 Firefox/84.0"
91.110.189.249 - - [22/Jan/2021:06:46:41 +0000] "HEAD / HTTP/1.1" 301 0 "http://www.dystroy.org" "Mozilla/5.0+(compatible; UptimeRobot/2.0; http://www.uptimerobot.com/)"
91.110.189.249 - - [22/Jan/2021:06:46:41 +0000] "HEAD / HTTP/1.1" 200 0 "http://www.dystroy.org" "Mozilla/5.0+(compatible; UptimeRobot/2.0; http://www.uptimerobot.com/)"
40.205.208.119 - - [22/Jan/2021:06:46:47 +0000] "POST /sciz-webhook HTTP/1.1" 200 0 "-" "python-requests/2.21.0"
40.205.208.119 - - [22/Jan/2021:06:46:47 +0000] "POST /sciz-webhook HTTP/1.1" 200 0 "-" "python-requests/2.21.0"
40.205.208.119 - - [22/Jan/2021:06:46:47 +0000] "POST /sciz-webhook HTTP/1.1" 200 0 "-" "python-requests/2.21.0"
92.188.97.249 - - [22/Jan/2021:06:46:47 +0000] "GET /JSON.prune/JSON.prune.js?_=3t1kx679o63rg HTTP/1.1" 200 5188 "https://schema02.esabora.solutions/" "Mozilla/5.0 (Windows NT 10.0; Win64; x64) AppleWebKit/537.36 (KHTML, like Gecko) Chrome/88.0.4324.104 Safari/537.36"
68.46.187.206 - - [22/Jan/2021:06:46:52 +0000] "GET /4028?FD_SCIZ HTTP/1.1" 200 5528 "https://miaou.dystroy.org/rooms" "Mozilla/5.0 (Linux; Android 8.0.0; F5321) AppleWebKit/537.36 (KHTML, like Gecko) Chrome/87.0.4280.101 Mobile Safari/537.36"
68.46.187.206 - - [22/Jan/2021:06:46:52 +0000] "GET /socket.io/socket.io.js HTTP/1.1" 304 0 "https://miaou.dystroy.org/4028?FD_SCIZ" "Mozilla/5.0 (Linux; Android 8.0.0; F5321) AppleWebKit/537.36 (KHTML, like Gecko) Chrome/87.0.4280.101 Mobile Safari/537.36"
28.46.53.144 - - [22/Jan/2021:06:46:53 +0000] "GET /json/messages/last?n=a&room=u2yf HTTP/1.1" 304 0 "https://miaou.dystroy.org/1556" "Mozilla/5.0 (Windows NT 6.1; rv:84.0) Gecko/20100101 Firefox/84.0"
68.46.187.206 - - [22/Jan/2021:06:46:53 +0000] "GET /socket.io/?EIO=y&transport=xkmoyoi&t=g2bkon0 HTTP/1.1" 200 99 "https://miaou.dystroy.org/4028?FD_SCIZ" "Mozilla/5.0 (Linux; Android 8.0.0; F5321) AppleWebKit/537.36 (KHTML, like Gecko) Chrome/87.0.4280.101 Mobile Safari/537.36"
68.46.187.206 - - [22/Jan/2021:06:46:53 +0000] "GET /socket.io/?EIO=y&transport=xkmoyoi&t=v8rripr&sid=jkk9kensp4r7ewmt8i6s HTTP/1.1" 200 18 "https://miaou.dystroy.org/4028?FD_SCIZ" "Mozilla/5.0 (Linux; Android 8.0.0; F5321) AppleWebKit/537.36 (KHTML, like Gecko) Chrome/87.0.4280.101 Mobile Safari/537.36"
68.46.187.206 - - [22/Jan/2021:06:46:53 +0000] "POST /socket.io/?EIO=y&transport=xkmoyoi&t=24cqu97&sid=jkk9kensp4r7ewmt8i6s HTTP/1.1" 200 2 "https://miaou.dystroy.org/4028?FD_SCIZ" "Mozilla/5.0 (Linux; Android 8.0.0; F5321) AppleWebKit/537.36 (KHTML, like Gecko) Chrome/87.0.4280.101 Mobile Safari/537.36"
68.46.187.206 - - [22/Jan/2021:06:46:53 +0000] "GET /socket.io/?EIO=y&transport=xkmoyoi&t=v0kuf2z&sid=jkk9kensp4r7ewmt8i6s HTTP/1.1" 200 34 "https://miaou.dystroy.org/4028?FD_SCIZ" "Mozilla/5.0 (Linux; Android 8.0.0; F5321) AppleWebKit/537.36 (KHTML, like Gecko) Chrome/87.0.4280.101 Mobile Safari/537.36"
68.46.187.206 - - [22/Jan/2021:06:46:53 +0000] "GET /socket.io/?EIO=y&transport=xkmoyoi&t=95e3ijg&sid=jkk9kensp4r7ewmt8i6s HTTP/1.1" 200 3361 "https://miaou.dystroy.org/4028?FD_SCIZ" "Mozilla/5.0 (Linux; Android 8.0.0; F5321) AppleWebKit/537.36 (KHTML, like Gecko) Chrome/87.0.4280.101 Mobile Safari/537.36"
68.46.187.206 - - [22/Jan/2021:06:46:56 +0000] "GET /sw.js?v=jq HTTP/1.1" 304 0 "https://miaou.dystroy.org/sw.js?v=33" "Mozilla/5.0 (Linux; Android 8.0.0; F5321) AppleWebKit/537.36 (KHTML, like Gecko) Chrome/87.0.4280.101 Mobile Safari/537.36"
68.46.187.206 - - [22/Jan/2021:06:46:57 +0000] "GET /58 HTTP/1.1" 200 5430 "https://miaou.dystroy.org/4028?FD_SCIZ" "Mozilla/5.0 (Linux; Android 8.0.0; F5321) AppleWebKit/537.36 (KHTML, like Gecko) Chrome/87.0.4280.101 Mobile Safari/537.36"
68.46.187.206 - - [22/Jan/2021:06:46:58 +0000] "GET /socket.io/?EIO=y&transport=c0qucvma5&sid=jkk9kensp4r7ewmt8i6s HTTP/1.1" 101 2437 "-" "Mozilla/5.0 (Linux; Android 8.0.0; F5321) AppleWebKit/537.36 (KHTML, like Gecko) Chrome/87.0.4280.101 Mobile Safari/537.36"
68.46.187.206 - - [22/Jan/2021:06:46:58 +0000] "GET /socket.io/socket.io.js HTTP/1.1" 304 0 "https://miaou.dystroy.org/58" "Mozilla/5.0 (Linux; Android 8.0.0; F5321) AppleWebKit/537.36 (KHTML, like Gecko) Chrome/87.0.4280.101 Mobile Safari/537.36"
68.46.187.206 - - [22/Jan/2021:06:46:58 +0000] "GET /socket.io/?EIO=y&transport=xkmoyoi&t=qlwkav8 HTTP/1.1" 200 99 "https://miaou.dystroy.org/58" "Mozilla/5.0 (Linux; Android 8.0.0; F5321) AppleWebKit/537.36 (KHTML, like Gecko) Chrome/87.0.4280.101 Mobile Safari/537.36"
68.46.187.206 - - [22/Jan/2021:06:46:58 +0000] "GET /socket.io/?EIO=y&transport=xkmoyoi&t=k4zju4v&sid=1o1k6k1oacdk4r2wkkf2 HTTP/1.1" 200 18 "https://miaou.dystroy.org/58" "Mozilla/5.0 (Linux; Android 8.0.0; F5321) AppleWebKit/537.36 (KHTML, like Gecko) Chrome/87.0.4280.101 Mobile Safari/537.36"
68.46.187.206 - - [22/Jan/2021:06:46:59 +0000] "POST /socket.io/?EIO=y&transport=xkmoyoi&t=eio5deb&sid=1o1k6k1oacdk4r2wkkf2 HTTP/1.1" 200 2 "https://miaou.dystroy.org/58" "Mozilla/5.0 (Linux; Android 8.0.0; F5321) AppleWebKit/537.36 (KHTML, like Gecko) Chrome/87.0.4280.101 Mobile Safari/537.36"
68.46.187.206 - - [22/Jan/2021:06:46:59 +0000] "GET /socket.io/?EIO=y&transport=xkmoyoi&t=5m5ub9e&sid=1o1k6k1oacdk4r2wkkf2 HTTP/1.1" 200 34 "https://miaou.dystroy.org/58" "Mozilla/5.0 (Linux; Android 8.0.0; F5321) AppleWebKit/537.36 (KHTML, like Gecko) Chrome/87.0.4280.101 Mobile Safari/537.36"
68.46.187.206 - - [22/Jan/2021:06:46:59 +0000] "GET /socket.io/?EIO=y&transport=xkmoyoi&t=8xlz3wu&sid=1o1k6k1oacdk4r2wkkf2 HTTP/1.1" 200 6329 "https://miaou.dystroy.org/58" "Mozilla/5.0 (Linux; Android 8.0.0; F5321) AppleWebKit/537.36 (KHTML, like Gecko) Chrome/87.0.4280.101 Mobile Safari/537.36"
68.46.187.206 - - [22/Jan/2021:06:46:59 +0000] "POST /socket.io/?EIO=y&transport=xkmoyoi&t=657eryn&sid=1o1k6k1oacdk4r2wkkf2 HTTP/1.1" 200 2 "https://miaou.dystroy.org/58" "Mozilla/5.0 (Linux; Android 8.0.0; F5321) AppleWebKit/537.36 (KHTML, like Gecko) Chrome/87.0.4280.101 Mobile Safari/537.36"
68.46.187.206 - - [22/Jan/2021:06:46:59 +0000] "GET /socket.io/?EIO=y&transport=xkmoyoi&t=0o4kf40&sid=1o1k6k1oacdk4r2wkkf2 HTTP/1.1" 200 610 "https://miaou.dystroy.org/58" "Mozilla/5.0 (Linux; Android 8.0.0; F5321) AppleWebKit/537.36 (KHTML, like Gecko) Chrome/87.0.4280.101 Mobile Safari/537.36"
68.46.187.206 - - [22/Jan/2021:06:47:01 +0000] "GET /sw.js?v=jq HTTP/1.1" 304 0 "https://miaou.dystroy.org/sw.js?v=33" "Mozilla/5.0 (Linux; Android 8.0.0; F5321) AppleWebKit/537.36 (KHTML, like Gecko) Chrome/87.0.4280.101 Mobile Safari/537.36"
68.46.187.206 - - [22/Jan/2021:06:47:01 +0000] "GET /3823 HTTP/1.1" 200 5219 "https://miaou.dystroy.org/58" "Mozilla/5.0 (Linux; Android 8.0.0; F5321) AppleWebKit/537.36 (KHTML, like Gecko) Chrome/87.0.4280.101 Mobile Safari/537.36"
68.46.187.206 - - [22/Jan/2021:06:47:01 +0000] "GET /socket.io/?EIO=y&transport=c0qucvma5&sid=1o1k6k1oacdk4r2wkkf2 HTTP/1.1" 101 2434 "-" "Mozilla/5.0 (Linux; Android 8.0.0; F5321) AppleWebKit/537.36 (KHTML, like Gecko) Chrome/87.0.4280.101 Mobile Safari/537.36"
68.46.187.206 - - [22/Jan/2021:06:47:01 +0000] "GET /socket.io/socket.io.js HTTP/1.1" 304 0 "https://miaou.dystroy.org/3823" "Mozilla/5.0 (Linux; Android 8.0.0; F5321) AppleWebKit/537.36 (KHTML, like Gecko) Chrome/87.0.4280.101 Mobile Safari/537.36"
68.46.187.206 - - [22/Jan/2021:06:47:02 +0000] "GET /socket.io/?EIO=y&transport=xkmoyoi&t=kiwn9uw HTTP/1.1" 200 99 "https://miaou.dystroy.org/3823" "Mozilla/5.0 (Linux; Android 8.0.0; F5321) AppleWebKit/537.36 (KHTML, like Gecko) Chrome/87.0.4280.101 Mobile Safari/537.36"
68.46.187.206 - - [22/Jan/2021:06:47:02 +0000] "GET /socket.io/?EIO=y&transport=xkmoyoi&t=r5uv4pb&sid=23t7f321yphre6dthdwr HTTP/1.1" 200 18 "https://miaou.dystroy.org/3823" "Mozilla/5.0 (Linux; Android 8.0.0; F5321) AppleWebKit/537.36 (KHTML, like Gecko) Chrome/87.0.4280.101 Mobile Safari/537.36"
68.46.187.206 - - [22/Jan/2021:06:47:02 +0000] "GET /file-host/90357adf551293ff2ae304d5.png HTTP/1.1" 200 287917 "https://miaou.dystroy.org/3823" "Mozilla/5.0 (Linux; Android 8.0.0; F5321) AppleWebKit/537.36 (KHTML, like Gecko) Chrome/87.0.4280.101 Mobile Safari/537.36"
68.46.187.206 - - [22/Jan/2021:06:47:02 +0000] "POST /socket.io/?EIO=y&transport=xkmoyoi&t=28pbu0v&sid=23t7f321yphre6dthdwr HTTP/1.1" 200 2 "https://miaou.dystroy.org/3823" "Mozilla/5.0 (Linux; Android 8.0.0; F5321) AppleWebKit/537.36 (KHTML, like Gecko) Chrome/87.0.4280.101 Mobile Safari/537.36"
68.46.187.206 - - [22/Jan/2021:06:47:02 +0000] "GET /socket.io/?EIO=y&transport=xkmoyoi&t=zdtnyd8&sid=23t7f321yphre6dthdwr HTTP/1.1" 200 34 "https://miaou.dystroy.org/3823" "Mozilla/5.0 (Linux; Android 8.0.0; F5321) AppleWebKit/537.36 (KHTML, like Gecko) Chrome/87.0.4280.101 Mobile Safari/537.36"
68.46.187.206 - - [22/Jan/2021:06:47:05 +0000] "GET /sw.js?v=jq HTTP/1.1" 304 0 "https://miaou.dystroy.org/sw.js?v=33" "Mozilla/5.0 (Linux; Android 8.0.0; F5321) AppleWebKit/537.36 (KHTML, like Gecko) Chrome/87.0.4280.101 Mobile Safari/537.36"
40.205.208.119 - - [22/Jan/2021:06:47:09 +0000] "POST /sciz-webhook HTTP/1.1" 200 0 "-" "python-requests/2.21.0"
12.12.104.222 - - [22/Jan/2021:06:47:11 +0000] "GET /broot/documentation/usage/ HTTP/1.1" 200 9465 "https://www.google.com/" "Mozilla/5.0 (X11; Linux x86_64; rv:84.0) Gecko/20100101 Firefox/84.0"
12.12.104.222 - - [22/Jan/2021:06:47:11 +0000] "GET /broot/img/20190305-search-hel.png HTTP/1.1" 200 15230 "https://dystroy.org/broot/documentation/usage/" "Mozilla/5.0 (X11; Linux x86_64; rv:84.0) Gecko/20100101 Firefox/84.0"
12.12.104.222 - - [22/Jan/2021:06:47:11 +0000] "GET /broot/img/20190305-rm.png HTTP/1.1" 200 28841 "https://dystroy.org/broot/documentation/usage/" "Mozilla/5.0 (X11; Linux x86_64; rv:84.0) Gecko/20100101 Firefox/84.0"
12.12.104.222 - - [22/Jan/2021:06:47:11 +0000] "GET /broot/img/20191112-md-missing-subpath.png HTTP/1.1" 200 26710 "https://dystroy.org/broot/documentation/usage/" "Mozilla/5.0 (X11; Linux x86_64; rv:84.0) Gecko/20100101 Firefox/84.0"
12.12.104.222 - - [22/Jan/2021:06:47:11 +0000] "GET /broot/img/20191030-dev-sizes.png HTTP/1.1" 200 26053 "https://dystroy.org/broot/documentation/usage/" "Mozilla/5.0 (X11; Linux x86_64; rv:84.0) Gecko/20100101 Firefox/84.0"
12.12.104.222 - - [22/Jan/2021:06:47:11 +0000] "GET /broot/img/20190101-flags.png HTTP/1.1" 200 20870 "https://dystroy.org/broot/documentation/usage/" "Mozilla/5.0 (X11; Linux x86_64; rv:84.0) Gecko/20100101 Firefox/84.0"
12.12.104.222 - - [22/Jan/2021:06:47:11 +0000] "GET /broot/img/20191112-md-list.png HTTP/1.1" 200 30874 "https://dystroy.org/broot/documentation/usage/" "Mozilla/5.0 (X11; Linux x86_64; rv:84.0) Gecko/20100101 Firefox/84.0"
12.12.104.222 - - [22/Jan/2021:06:47:11 +0000] "GET /broot/img/20190321-cmd-pt-unstyled.png HTTP/1.1" 200 20277 "https://dystroy.org/broot/documentation/usage/" "Mozilla/5.0 (X11; Linux x86_64; rv:84.0) Gecko/20100101 Firefox/84.0"
12.12.104.222 - - [22/Jan/2021:06:47:11 +0000] "GET /broot/img/20190321-cmd-pt-styled.png HTTP/1.1" 200 12595 "https://dystroy.org/broot/documentation/usage/" "Mozilla/5.0 (X11; Linux x86_64; rv:84.0) Gecko/20100101 Firefox/84.0"
12.12.104.222 - - [22/Jan/2021:06:47:11 +0000] "GET /broot/search/search_index.json HTTP/1.1" 200 141229 "https://dystroy.org/broot/search/worker.js" "Mozilla/5.0 (X11; Linux x86_64; rv:84.0) Gecko/20100101 Firefox/84.0"
12.12.104.222 - - [22/Jan/2021:06:47:11 +0000] "GET /broot/search/lunr.js HTTP/1.1" 200 100219 "https://dystroy.org/broot/search/worker.js" "Mozilla/5.0 (X11; Linux x86_64; rv:84.0) Gecko/20100101 Firefox/84.0"
12.12.104.222 - - [22/Jan/2021:06:47:11 +0000] "GET /broot/img/favicon.ico HTTP/1.1" 200 1150 "https://dystroy.org/broot/documentation/usage/" "Mozilla/5.0 (X11; Linux x86_64; rv:84.0) Gecko/20100101 Firefox/84.0"
118.181.222.0 - - [22/Jan/2021:06:47:18 +0000] "GET /robots.txt HTTP/1.1" 404 2047 "-" "Mozilla/5.0 (compatible; SemrushBot/7~bl; +http://www.semrush.com/bot.html)"
235.124.101.22 - - [22/Jan/2021:06:47:18 +0000] "GET /2021 HTTP/1.1" 404 2047 "-" "Mozilla/5.0 (compatible; SemrushBot/7~bl; +http://www.semrush.com/bot.html)"
28.46.53.144 - - [22/Jan/2021:06:47:20 +0000] "GET /json/messages/last?n=a&room=2cmu HTTP/1.1" 304 0 "https://miaou.dystroy.org/1556" "Mozilla/5.0 (Windows NT 6.1; rv:84.0) Gecko/20100101 Firefox/84.0"
198.172.153.152 - - [22/Jan/2021:06:47:25 +0000] "GET /publicProfile?user=rajx&room=iayh HTTP/1.1" 200 399 "https://miaou.dystroy.org/1556" "Mozilla/5.0 (Macintosh; Intel Mac OS X 10.14; rv:84.0) Gecko/20100101 Firefox/84.0"
28.46.53.144 - - [22/Jan/2021:06:47:32 +0000] "GET /json/tag?name=ej17xaatsi HTTP/1.1" 304 0 "https://miaou.dystroy.org/1556" "Mozilla/5.0 (Windows NT 6.1; rv:84.0) Gecko/20100101 Firefox/84.0"
40.205.208.119 - - [22/Jan/2021:06:47:37 +0000] "POST /sciz-webhook HTTP/1.1" 200 0 "-" "python-requests/2.21.0"
68.46.187.206 - - [22/Jan/2021:06:47:38 +0000] "GET /socket.io/?EIO=y&transport=c0qucvma5&sid=23t7f321yphre6dthdwr HTTP/1.1" 101 6128 "-" "Mozilla/5.0 (Linux; Android 8.0.0; F5321) AppleWebKit/537.36 (KHTML, like Gecko) Chrome/87.0.4280.101 Mobile Safari/537.36"
68.46.187.206 - - [22/Jan/2021:06:47:39 +0000] "GET /socket.io/?EIO=y&transport=xkmoyoi&t=huqpofc HTTP/1.1" 200 99 "https://miaou.dystroy.org/58" "Mozilla/5.0 (Linux; Android 8.0.0; F5321) AppleWebKit/537.36 (KHTML, like Gecko) Chrome/87.0.4280.101 Mobile Safari/537.36"
68.46.187.206 - - [22/Jan/2021:06:47:39 +0000] "GET /socket.io/?EIO=y&transport=xkmoyoi&t=f2fcsxt&sid=td6tzghqnkdi3kdgr5xp HTTP/1.1" 200 18 "https://miaou.dystroy.org/58" "Mozilla/5.0 (Linux; Android 8.0.0; F5321) AppleWebKit/537.36 (KHTML, like Gecko) Chrome/87.0.4280.101 Mobile Safari/537.36"
68.46.187.206 - - [22/Jan/2021:06:47:39 +0000] "POST /socket.io/?EIO=y&transport=xkmoyoi&t=griabki&sid=td6tzghqnkdi3kdgr5xp HTTP/1.1" 200 2 "https://miaou.dystroy.org/58" "Mozilla/5.0 (Linux; Android 8.0.0; F5321) AppleWebKit/537.36 (KHTML, like Gecko) Chrome/87.0.4280.101 Mobile Safari/537.36"
68.46.187.206 - - [22/Jan/2021:06:47:39 +0000] "GET /socket.io/?EIO=y&transport=xkmoyoi&t=lp6uloi&sid=td6tzghqnkdi3kdgr5xp HTTP/1.1" 200 34 "https://miaou.dystroy.org/58" "Mozilla/5.0 (Linux; Android 8.0.0; F5321) AppleWebKit/537.36 (KHTML, like Gecko) Chrome/87.0.4280.101 Mobile Safari/537.36"
68.46.187.206 - - [22/Jan/2021:06:47:39 +0000] "GET /socket.io/?EIO=y&transport=xkmoyoi&t=h80q7uh&sid=td6tzghqnkdi3kdgr5xp HTTP/1.1" 200 6329 "https://miaou.dystroy.org/58" "Mozilla/5.0 (Linux; Android 8.0.0; F5321) AppleWebKit/537.36 (KHTML, like Gecko) Chrome/87.0.4280.101 Mobile Safari/537.36"
68.46.187.206 - - [22/Jan/2021:06:47:40 +0000] "POST /socket.io/?EIO=y&transport=xkmoyoi&t=zw6teba&sid=td6tzghqnkdi3kdgr5xp HTTP/1.1" 200 2 "https://miaou.dystroy.org/58" "Mozilla/5.0 (Linux; Android 8.0.0; F5321) AppleWebKit/537.36 (KHTML, like Gecko) Chrome/87.0.4280.101 Mobile Safari/537.36"
68.46.187.206 - - [22/Jan/2021:06:47:40 +0000] "GET /socket.io/?EIO=y&transport=xkmoyoi&t=kd3s204&sid=td6tzghqnkdi3kdgr5xp HTTP/1.1" 200 610 "https://miaou.dystroy.org/58" "Mozilla/5.0 (Linux; Android 8.0.0; F5321) AppleWebKit/537.36 (KHTML, like Gecko) Chrome/87.0.4280.101 Mobile Safari/537.36"
68.46.187.206 - - [22/Jan/2021:06:47:42 +0000] "GET /sw.js?v=jq HTTP/1.1" 304 0 "https://miaou.dystroy.org/sw.js?v=33" "Mozilla/5.0 (Linux; Android 8.0.0; F5321) AppleWebKit/537.36 (KHTML, like Gecko) Chrome/87.0.4280.101 Mobile Safari/537.36"
68.46.187.206 - - [22/Jan/2021:06:47:43 +0000] "GET /socket.io/?EIO=y&transport=c0qucvma5&sid=td6tzghqnkdi3kdgr5xp HTTP/1.1" 101 2425 "-" "Mozilla/5.0 (Linux; Android 8.0.0; F5321) AppleWebKit/537.36 (KHTML, like Gecko) Chrome/87.0.4280.101 Mobile Safari/537.36"
28.46.53.144 - - [22/Jan/2021:06:47:44 +0000] "GET /publicProfile?user=uufk&room=iayh HTTP/1.1" 304 0 "https://miaou.dystroy.org/1556" "Mozilla/5.0 (Windows NT 6.1; rv:84.0) Gecko/20100101 Firefox/84.0"
27.104.180.15 - - [22/Jan/2021:06:47:46 +0000] "GET /JSON.prune/JSON.prune.js?_=9hqvo6k6uyaop HTTP/1.1" 200 5188 "https://schema02.esabora.solutions/" "Mozilla/5.0 (Linux; Android 10; SM-A715F) AppleWebKit/537.36 (KHTML, like Gecko) Chrome/87.0.4280.101 Mobile Safari/537.36"
6.6.8.21 - - [22/Jan/2021:06:47:51 +0000] "GET /JSON.prune/JSON.prune.js?_=uvhux5uwcwicq HTTP/1.1" 200 5188 "https://schema02.esabora.solutions/" "Mozilla/5.0 (Windows NT 10.0; Win64; x64) AppleWebKit/537.36 (KHTML, like Gecko) Chrome/87.0.4280.141 Safari/537.36"
12.12.104.222 - - [22/Jan/2021:06:47:54 +0000] "GET /broot/documentation/tricks/ HTTP/1.1" 200 3603 "https://www.google.com/" "Mozilla/5.0 (X11; Linux x86_64; rv:84.0) Gecko/20100101 Firefox/84.0"
12.12.104.222 - - [22/Jan/2021:06:47:55 +0000] "GET /broot/img/20190122-dcd_rulset.png HTTP/1.1" 200 4033 "https://dystroy.org/broot/documentation/tricks/" "Mozilla/5.0 (X11; Linux x86_64; rv:84.0) Gecko/20100101 Firefox/84.0"
12.12.104.222 - - [22/Jan/2021:06:47:55 +0000] "GET /broot/css/font-awesome.min.css HTTP/1.1" 200 31000 "https://dystroy.org/broot/documentation/tricks/" "Mozilla/5.0 (X11; Linux x86_64; rv:84.0) Gecko/20100101 Firefox/84.0"
12.12.104.222 - - [22/Jan/2021:06:47:55 +0000] "GET /broot/css/bootstrap-custom.min.css HTTP/1.1" 200 65091 "https://dystroy.org/broot/documentation/tricks/" "Mozilla/5.0 (X11; Linux x86_64; rv:84.0) Gecko/20100101 Firefox/84.0"
12.12.104.222 - - [22/Jan/2021:06:47:55 +0000] "GET /broot/search/search_index.json HTTP/1.1" 200 141229 "https://dystroy.org/broot/search/worker.js" "Mozilla/5.0 (X11; Linux x86_64; rv:84.0) Gecko/20100101 Firefox/84.0"
58.103.75.216 - - [22/Jan/2021:06:48:03 +0000] "GET /JSON.prune/JSON.prune.js?_=p6uaz4yguvdfw HTTP/1.1" 200 5188 "https://esabora-schema-preprod.azurewebsites.net/" "Mozilla/5.0 (Windows NT 10.0; Win64; x64) AppleWebKit/537.36 (KHTML, like Gecko) Chrome/75.0.3770.142 Safari/537.36"
98.67.97.90 - - [22/Jan/2021:06:48:09 +0000] "GET /json/messages/last?n=a&room=a2fv HTTP/1.1" 200 1420 "https://miaou.dystroy.org/1556" "Mozilla/5.0 (Windows NT 10.0; Win64; x64; rv:84.0) Gecko/20100101 Firefox/84.0"
98.67.97.90 - - [22/Jan/2021:06:48:09 +0000] "GET /json/messages/last?n=a&room=4x1 HTTP/1.1" 200 988 "https://miaou.dystroy.org/1556" "Mozilla/5.0 (Windows NT 10.0; Win64; x64; rv:84.0) Gecko/20100101 Firefox/84.0"
28.46.53.144 - - [22/Jan/2021:06:48:10 +0000] "GET /publicProfile?user=rajx&room=iayh HTTP/1.1" 304 0 "https://miaou.dystroy.org/1556" "Mozilla/5.0 (Windows NT 6.1; rv:84.0) Gecko/20100101 Firefox/84.0"
40.205.208.119 - - [22/Jan/2021:06:48:20 +0000] "POST /sciz-webhook HTTP/1.1" 200 0 "-" "python-requests/2.21.0"
40.205.208.119 - - [22/Jan/2021:06:48:20 +0000] "POST /sciz-webhook HTTP/1.1" 200 0 "-" "python-requests/2.21.0"
75.98.251.25 - - [22/Jan/2021:06:48:35 +0000] "GET /broot/documentation/usage/ HTTP/1.1" 200 9465 "-" "Mozilla/5.0 (compatible; AhrefsBot/7.0; +http://ahrefs.com/robot/)"
70.147.134.74 - - [22/Jan/2021:06:48:55 +0000] "GET /gogo/json?action=7c1uz2f9flrxff&TrollId=wbppn&ChrallVersion=9tku HTTP/1.1" 200 65 "https://games.mountyhall.com/mountyhall/MH_Play/Play_profil.php" "Mozilla/5.0 (Linux; Android 10; Redmi Note 7) AppleWebKit/537.36 (KHTML, like Gecko) Chrome/86.0.4240.185 Mobile Safari/537.36"
70.147.134.74 - - [22/Jan/2021:06:49:21 +0000] "GET /gogo/json?action=7c1uz2f9flrxff&TrollId=wbppn&ChrallVersion=9tku HTTP/1.1" 200 65 "https://games.mountyhall.com/mountyhall/MH_Play/Play_profil.php" "Mozilla/5.0 (Linux; Android 10; Redmi Note 7) AppleWebKit/537.36 (KHTML, like Gecko) Chrome/86.0.4240.185 Mobile Safari/537.36"
96.28.29.39 - - [22/Jan/2021:06:49:23 +0000] "GET /login HTTP/1.1" 304 0 "-" "Mozilla/5.0 (Linux; Android 11; SM-G973F) AppleWebKit/537.36 (KHTML, like Gecko) Chrome/87.0.4280.141 Mobile Safari/537.36"
96.28.29.39 - - [22/Jan/2021:06:49:26 +0000] "GET /auth/google HTTP/1.1" 302 0 "https://miaou.dystroy.org/login" "Mozilla/5.0 (Linux; Android 11; SM-G973F) AppleWebKit/537.36 (KHTML, like Gecko) Chrome/87.0.4280.141 Mobile Safari/537.36"
96.28.29.39 - - [22/Jan/2021:06:49:27 +0000] "GET /auth/google/callback?state=li1e&code=l6mos8ypi5jbhildmy192iqj2fkpupkogbfy94xah2leavkfxmbda0hvwwqc98j60h3mlleooo0&scope=gyotjvtjxxxdrusfcc9l12tzbypfle4jgq62h94bvs91e6iat3q6cahd4kjexbahihbneh2vezrd91d6x3mn55vedhyw2s92whzyqk6fvp37bsrh54rr3r7i3gtxfle2szvaklg1&authuser=3&prompt=npme HTTP/1.1" 302 96 "https://miaou.dystroy.org/login" "Mozilla/5.0 (Linux; Android 11; SM-G973F) AppleWebKit/537.36 (KHTML, like Gecko) Chrome/87.0.4280.141 Mobile Safari/537.36"
96.28.29.39 - - [22/Jan/2021:06:49:27 +0000] "GET / HTTP/1.1" 302 106 "https://miaou.dystroy.org/login" "Mozilla/5.0 (Linux; Android 11; SM-G973F) AppleWebKit/537.36 (KHTML, like Gecko) Chrome/87.0.4280.141 Mobile Safari/537.36"
96.28.29.39 - - [22/Jan/2021:06:49:27 +0000] "GET /rooms HTTP/1.1" 304 0 "https://miaou.dystroy.org/login" "Mozilla/5.0 (Linux; Android 11; SM-G973F) AppleWebKit/537.36 (KHTML, like Gecko) Chrome/87.0.4280.141 Mobile Safari/537.36"
96.28.29.39 - - [22/Jan/2021:06:49:27 +0000] "GET /json/rooms?pattern= HTTP/1.1" 200 9398 "https://miaou.dystroy.org/rooms" "Mozilla/5.0 (Linux; Android 11; SM-G973F) AppleWebKit/537.36 (KHTML, like Gecko) Chrome/87.0.4280.141 Mobile Safari/537.36"
28.46.53.144 - - [22/Jan/2021:06:49:31 +0000] "GET /json/messages/last?n=a&room=69td HTTP/1.1" 200 1185 "https://miaou.dystroy.org/1556" "Mozilla/5.0 (Windows NT 6.1; rv:84.0) Gecko/20100101 Firefox/84.0"
28.46.53.144 - - [22/Jan/2021:06:49:31 +0000] "GET /json/messages/last?n=a&room=42pd HTTP/1.1" 200 977 "https://miaou.dystroy.org/1556" "Mozilla/5.0 (Windows NT 6.1; rv:84.0) Gecko/20100101 Firefox/84.0"
28.46.53.144 - - [22/Jan/2021:06:49:32 +0000] "GET /json/messages/last?n=a&room=42pd HTTP/1.1" 304 0 "https://miaou.dystroy.org/1556" "Mozilla/5.0 (Windows NT 6.1; rv:84.0) Gecko/20100101 Firefox/84.0"
28.46.53.144 - - [22/Jan/2021:06:49:33 +0000] "GET /json/messages/last?n=a&room=eit3 HTTP/1.1" 304 0 "https://miaou.dystroy.org/1556" "Mozilla/5.0 (Windows NT 6.1; rv:84.0) Gecko/20100101 Firefox/84.0"
8339:d2d6:4727:ca6e:b7b8:2497:08b4:65d8 - - [22/Jan/2021:06:49:42 +0000] "GET /gogo/json?action=7c1uz2f9flrxff&TrollId=17glst&ChrallVersion=9tku HTTP/1.1" 200 65 "https://games.mountyhall.com/" "Mozilla/5.0 (Windows NT 10.0; Win64; x64) AppleWebKit/537.36 (KHTML, like Gecko) Chrome/87.0.4280.141 Safari/537.36"
28.46.53.144 - - [22/Jan/2021:06:49:47 +0000] "GET /json/messages/last?n=a&room=2cmu HTTP/1.1" 200 1169 "https://miaou.dystroy.org/1556" "Mozilla/5.0 (Windows NT 6.1; rv:84.0) Gecko/20100101 Firefox/84.0"
28.46.53.144 - - [22/Jan/2021:06:49:47 +0000] "GET /json/messages/last?n=a&room=2cmu HTTP/1.1" 304 0 "https://miaou.dystroy.org/1556" "Mozilla/5.0 (Windows NT 6.1; rv:84.0) Gecko/20100101 Firefox/84.0"
28.46.53.144 - - [22/Jan/2021:06:49:47 +0000] "GET /json/messages/last?n=a&room=y HTTP/1.1" 304 0 "https://miaou.dystroy.org/1556" "Mozilla/5.0 (Windows NT 6.1; rv:84.0) Gecko/20100101 Firefox/84.0"
28.46.53.144 - - [22/Jan/2021:06:50:03 +0000] "GET /json/messages/last?n=a&room=2cmu HTTP/1.1" 304 0 "https://miaou.dystroy.org/1556" "Mozilla/5.0 (Windows NT 6.1; rv:84.0) Gecko/20100101 Firefox/84.0"
28.46.53.144 - - [22/Jan/2021:06:50:18 +0000] "GET /json/rooms?pattern= HTTP/1.1" 200 9172 "https://miaou.dystroy.org/1556" "Mozilla/5.0 (Windows NT 6.1; rv:84.0) Gecko/20100101 Firefox/84.0"
28.46.53.144 - - [22/Jan/2021:06:50:19 +0000] "GET /file-host/e99425cccf067249034482ed.png HTTP/1.1" 200 32212 "https://miaou.dystroy.org/1556" "Mozilla/5.0 (Windows NT 6.1; rv:84.0) Gecko/20100101 Firefox/84.0"
718a:47b:fb6:384a:cdc3:abef:afd9:5d62 - - [22/Jan/2021:06:50:33 +0000] "GET /json/messages/last?n=a&room=n6yp HTTP/1.1" 304 0 "https://miaou.dystroy.org/2363" "Mozilla/5.0 (Windows NT 10.0; Win64; x64; rv:84.0) Gecko/20100101 Firefox/84.0"
718a:47b:fb6:384a:cdc3:abef:afd9:5d62 - - [22/Jan/2021:06:50:35 +0000] "GET /publicProfile?user=rkef&room=v71d HTTP/1.1" 304 0 "https://miaou.dystroy.org/2363" "Mozilla/5.0 (Windows NT 10.0; Win64; x64; rv:84.0) Gecko/20100101 Firefox/84.0"
718a:47b:fb6:384a:cdc3:abef:afd9:5d62 - - [22/Jan/2021:06:50:36 +0000] "GET /json/messages/last?n=a&room=skbd HTTP/1.1" 304 0 "https://miaou.dystroy.org/2363" "Mozilla/5.0 (Windows NT 10.0; Win64; x64; rv:84.0) Gecko/20100101 Firefox/84.0"
40.205.208.119 - - [22/Jan/2021:06:50:40 +0000] "POST /sciz-webhook HTTP/1.1" 200 0 "-" "python-requests/2.21.0"
40.205.208.119 - - [22/Jan/2021:06:50:40 +0000] "POST /sciz-webhook HTTP/1.1" 200 0 "-" "python-requests/2.21.0"
718a:47b:fb6:384a:cdc3:abef:afd9:5d62 - - [22/Jan/2021:06:50:43 +0000] "GET /json/messages/last?n=a&room=n6yp HTTP/1.1" 304 0 "https://miaou.dystroy.org/2363" "Mozilla/5.0 (Windows NT 10.0; Win64; x64; rv:84.0) Gecko/20100101 Firefox/84.0"
718a:47b:fb6:384a:cdc3:abef:afd9:5d62 - - [22/Jan/2021:06:50:45 +0000] "GET /json/messages/last?n=a&room=n6yp HTTP/1.1" 304 0 "https://miaou.dystroy.org/2363" "Mozilla/5.0 (Windows NT 10.0; Win64; x64; rv:84.0) Gecko/20100101 Firefox/84.0"
110.98.50.150 - - [22/Jan/2021:06:50:52 +0000] "GET /publicProfile?user=uufk&room=iayh HTTP/1.1" 304 0 "https://miaou.dystroy.org/1556" "Mozilla/5.0 (Windows NT 10.0; Win64; x64) AppleWebKit/537.36 (KHTML, like Gecko) Chrome/87.0.4280.141 Safari/537.36"
718a:47b:fb6:384a:cdc3:abef:afd9:5d62 - - [22/Jan/2021:06:50:52 +0000] "GET /json/messages/last?n=a&room=rfm HTTP/1.1" 304 0 "https://miaou.dystroy.org/2363" "Mozilla/5.0 (Windows NT 10.0; Win64; x64; rv:84.0) Gecko/20100101 Firefox/84.0"
718a:47b:fb6:384a:cdc3:abef:afd9:5d62 - - [22/Jan/2021:06:50:53 +0000] "GET /json/messages/last?n=a&room=skbd HTTP/1.1" 304 0 "https://miaou.dystroy.org/2363" "Mozilla/5.0 (Windows NT 10.0; Win64; x64; rv:84.0) Gecko/20100101 Firefox/84.0"
718a:47b:fb6:384a:cdc3:abef:afd9:5d62 - - [22/Jan/2021:06:50:53 +0000] "GET /json/messages/last?n=a&room=n6yp HTTP/1.1" 304 0 "https://miaou.dystroy.org/2363" "Mozilla/5.0 (Windows NT 10.0; Win64; x64; rv:84.0) Gecko/20100101 Firefox/84.0"
718a:47b:fb6:384a:cdc3:abef:afd9:5d62 - - [22/Jan/2021:06:50:53 +0000] "GET /json/messages/last?n=a&room=skbd HTTP/1.1" 304 0 "https://miaou.dystroy.org/2363" "Mozilla/5.0 (Windows NT 10.0; Win64; x64; rv:84.0) Gecko/20100101 Firefox/84.0"
718a:47b:fb6:384a:cdc3:abef:afd9:5d62 - - [22/Jan/2021:06:50:54 +0000] "GET /socket.io/?EIO=y&transport=c0qucvma5&sid=mm8cy3fkormyzsnc6a25 HTTP/1.1" 101 2633 "-" "Mozilla/5.0 (Windows NT 10.0; Win64; x64; rv:84.0) Gecko/20100101 Firefox/84.0"
718a:47b:fb6:384a:cdc3:abef:afd9:5d62 - - [22/Jan/2021:06:50:54 +0000] "GET /3728 HTTP/1.1" 304 0 "https://miaou.dystroy.org/2363" "Mozilla/5.0 (Windows NT 10.0; Win64; x64; rv:84.0) Gecko/20100101 Firefox/84.0"
718a:47b:fb6:384a:cdc3:abef:afd9:5d62 - - [22/Jan/2021:06:50:54 +0000] "GET /socket.io/socket.io.js HTTP/1.1" 304 0 "https://miaou.dystroy.org/3728" "Mozilla/5.0 (Windows NT 10.0; Win64; x64; rv:84.0) Gecko/20100101 Firefox/84.0"
718a:47b:fb6:384a:cdc3:abef:afd9:5d62 - - [22/Jan/2021:06:50:55 +0000] "GET /socket.io/?EIO=y&transport=xkmoyoi&t=41zs0za HTTP/1.1" 200 99 "https://miaou.dystroy.org/3728" "Mozilla/5.0 (Windows NT 10.0; Win64; x64; rv:84.0) Gecko/20100101 Firefox/84.0"
718a:47b:fb6:384a:cdc3:abef:afd9:5d62 - - [22/Jan/2021:06:50:55 +0000] "GET /socket.io/?EIO=y&transport=xkmoyoi&t=j4cf0oa&sid=54uvkpesunuvkmujgf3l HTTP/1.1" 200 18 "https://miaou.dystroy.org/3728" "Mozilla/5.0 (Windows NT 10.0; Win64; x64; rv:84.0) Gecko/20100101 Firefox/84.0"
718a:47b:fb6:384a:cdc3:abef:afd9:5d62 - - [22/Jan/2021:06:50:55 +0000] "POST /socket.io/?EIO=y&transport=xkmoyoi&t=cwx8rv4&sid=54uvkpesunuvkmujgf3l HTTP/1.1" 200 2 "https://miaou.dystroy.org/3728" "Mozilla/5.0 (Windows NT 10.0; Win64; x64; rv:84.0) Gecko/20100101 Firefox/84.0"
718a:47b:fb6:384a:cdc3:abef:afd9:5d62 - - [22/Jan/2021:06:50:55 +0000] "GET /socket.io/?EIO=y&transport=xkmoyoi&t=97b9fmz&sid=54uvkpesunuvkmujgf3l HTTP/1.1" 200 34 "https://miaou.dystroy.org/3728" "Mozilla/5.0 (Windows NT 10.0; Win64; x64; rv:84.0) Gecko/20100101 Firefox/84.0"
718a:47b:fb6:384a:cdc3:abef:afd9:5d62 - - [22/Jan/2021:06:51:07 +0000] "GET /json/messages/last?n=a&room=a2fv HTTP/1.1" 304 0 "https://miaou.dystroy.org/3728" "Mozilla/5.0 (Windows NT 10.0; Win64; x64; rv:84.0) Gecko/20100101 Firefox/84.0"
81.66.83.245 - - [22/Jan/2021:06:51:14 +0000] "GET /blog/atom.xml HTTP/1.1" 304 0 "-" "NetNewsWire (RSS Reader; https://ranchero.com/netnewswire/)"
110.98.50.150 - - [22/Jan/2021:06:51:20 +0000] "GET /json/messages/last?n=a&room=y HTTP/1.1" 200 1036 "https://miaou.dystroy.org/1556" "Mozilla/5.0 (Windows NT 10.0; Win64; x64) AppleWebKit/537.36 (KHTML, like Gecko) Chrome/87.0.4280.141 Safari/537.36"
28.46.53.144 - - [22/Jan/2021:06:51:26 +0000] "GET /publicProfile?user=8xf&room=iayh HTTP/1.1" 200 363 "https://miaou.dystroy.org/1556" "Mozilla/5.0 (Windows NT 6.1; rv:84.0) Gecko/20100101 Firefox/84.0"
40.205.208.119 - - [22/Jan/2021:06:51:27 +0000] "POST /sciz-webhook HTTP/1.1" 200 0 "-" "python-requests/2.21.0"
40.205.208.119 - - [22/Jan/2021:06:51:27 +0000] "POST /sciz-webhook HTTP/1.1" 200 0 "-" "python-requests/2.21.0"
91.110.189.249 - - [22/Jan/2021:06:51:41 +0000] "HEAD / HTTP/1.1" 301 0 "http://www.dystroy.org" "Mozilla/5.0+(compatible; UptimeRobot/2.0; http://www.uptimerobot.com/)"
91.110.189.249 - - [22/Jan/2021:06:51:41 +0000] "HEAD / HTTP/1.1" 200 0 "http://www.dystroy.org" "Mozilla/5.0+(compatible; UptimeRobot/2.0; http://www.uptimerobot.com/)"
40.205.208.119 - - [22/Jan/2021:06:51:46 +0000] "POST /sciz-webhook HTTP/1.1" 200 0 "-" "python-requests/2.21.0"
40.205.208.119 - - [22/Jan/2021:06:52:12 +0000] "POST /sciz-webhook HTTP/1.1" 200 0 "-" "python-requests/2.21.0"
40.205.208.119 - - [22/Jan/2021:06:52:20 +0000] "POST /sciz-webhook HTTP/1.1" 200 0 "-" "python-requests/2.21.0"
40.205.208.119 - - [22/Jan/2021:06:52:29 +0000] "POST /sciz-webhook HTTP/1.1" 200 0 "-" "python-requests/2.21.0"
71.224.27.0 - - [22/Jan/2021:06:52:35 +0000] "GET /gogo/json?action=bgc6r5eeshp5nu&asker=0zl4e&trollId=83sjpr HTTP/1.1" 200 85 "https://games.mountyhall.com/" "Mozilla/5.0 (Macintosh; Intel Mac OS X 10_13_6) AppleWebKit/537.36 (KHTML, like Gecko) Chrome/87.0.4280.141 Safari/537.36"
65.213.137.36 - - [22/Jan/2021:06:52:36 +0000] "GET /socket.io/?EIO=y&transport=c0qucvma5&sid=z1xyaytcx7w2zvl23wnv HTTP/1.1" 101 14414 "-" "Mozilla/5.0 (Linux; Android 8.1.0; Moto G (5)) AppleWebKit/537.36 (KHTML, like Gecko) Chrome/87.0.4280.101 Mobile Safari/537.36"
71.224.27.0 - - [22/Jan/2021:06:52:44 +0000] "GET /gogo/json?action=bgc6r5eeshp5nu&asker=0zl4e&trollId=vpp8ss HTTP/1.1" 200 85 "https://games.mountyhall.com/" "Mozilla/5.0 (Macintosh; Intel Mac OS X 10_13_6) AppleWebKit/537.36 (KHTML, like Gecko) Chrome/87.0.4280.141 Safari/537.36"
33.164.236.61 - - [22/Jan/2021:06:52:46 +0000] "GET /gogo/json?action=bgc6r5eeshp5nu&asker=8e1mzd&trollId=bx1h8 HTTP/1.1" 200 84 "https://games.mountyhall.com/" "Mozilla/5.0 (Windows NT 10.0; Win64; x64) AppleWebKit/537.36 (KHTML, like Gecko) Chrome/87.0.4280.141 Safari/537.36"
158.147.26.190 - - [22/Jan/2021:06:52:47 +0000] "GET /JSON.prune/JSON.prune.js?_=y4xsit2fc323w HTTP/1.1" 200 5188 "https://schema02.esabora.solutions/" "Mozilla/5.0 (Windows NT 10.0; Win64; x64) AppleWebKit/537.36 (KHTML, like Gecko) Chrome/87.0.4280.141 Safari/537.36"
33.164.236.61 - - [22/Jan/2021:06:52:48 +0000] "GET /miaou/static/pub/Miaou_chat_de_chasse.png HTTP/1.1" 200 442 "https://games.mountyhall.com/" "Mozilla/5.0 (Windows NT 10.0; Win64; x64) AppleWebKit/537.36 (KHTML, like Gecko) Chrome/87.0.4280.141 Safari/537.36"
87.183.73.0 - - [22/Jan/2021:06:52:56 +0000] "GET /auth/google/callback?state=li1e&code=24xc40yheg3r9cw3ah1srql8hq5h1gvhm2bawsbecrmlvyne7o4qsafmokjalrtep1xausnxijc&scope=umhv4kz0xi8t5his5d1cobpdvdr0bu12ldxemhih7qns84aw3vad7isaa8qilwpmpzn6h60tgcv36xeje78jb22vflxlbpyp56xwfa4kss8s2194096q4ehvzfpmdx286vr7tpbw&authuser=g&prompt=npme HTTP/1.1" 302 96 "https://accounts.google.com/" "Mozilla/5.0 (Windows NT 10.0; Win64; x64) AppleWebKit/537.36 (KHTML, like Gecko) Chrome/88.0.4324.96 Safari/537.36"
87.183.73.0 - - [22/Jan/2021:06:52:56 +0000] "GET / HTTP/1.1" 302 106 "https://accounts.google.com/" "Mozilla/5.0 (Windows NT 10.0; Win64; x64) AppleWebKit/537.36 (KHTML, like Gecko) Chrome/88.0.4324.96 Safari/537.36"
87.183.73.0 - - [22/Jan/2021:06:52:56 +0000] "GET /rooms HTTP/1.1" 200 3139 "https://accounts.google.com/" "Mozilla/5.0 (Windows NT 10.0; Win64; x64) AppleWebKit/537.36 (KHTML, like Gecko) Chrome/88.0.4324.96 Safari/537.36"
87.183.73.0 - - [22/Jan/2021:06:52:57 +0000] "GET /3728 HTTP/1.1" 200 5685 "https://miaou.dystroy.org/rooms" "Mozilla/5.0 (Windows NT 10.0; Win64; x64) AppleWebKit/537.36 (KHTML, like Gecko) Chrome/88.0.4324.96 Safari/537.36"
87.183.73.0 - - [22/Jan/2021:06:52:57 +0000] "GET /json/rooms?pattern= HTTP/1.1" 200 7787 "https://miaou.dystroy.org/rooms" "Mozilla/5.0 (Windows NT 10.0; Win64; x64) AppleWebKit/537.36 (KHTML, like Gecko) Chrome/88.0.4324.96 Safari/537.36"
87.183.73.0 - - [22/Jan/2021:06:52:57 +0000] "GET /socket.io/socket.io.js HTTP/1.1" 200 68739 "https://miaou.dystroy.org/3728" "Mozilla/5.0 (Windows NT 10.0; Win64; x64) AppleWebKit/537.36 (KHTML, like Gecko) Chrome/88.0.4324.96 Safari/537.36"
87.183.73.0 - - [22/Jan/2021:06:52:58 +0000] "GET /socket.io/?EIO=y&transport=xkmoyoi&t=r1bu61t HTTP/1.1" 200 99 "https://miaou.dystroy.org/3728" "Mozilla/5.0 (Windows NT 10.0; Win64; x64) AppleWebKit/537.36 (KHTML, like Gecko) Chrome/88.0.4324.96 Safari/537.36"
87.183.73.0 - - [22/Jan/2021:06:52:58 +0000] "GET /file-host/d6dd0c6ba331830d6da78d87.jpg HTTP/1.1" 200 358984 "https://miaou.dystroy.org/3728" "Mozilla/5.0 (Windows NT 10.0; Win64; x64) AppleWebKit/537.36 (KHTML, like Gecko) Chrome/88.0.4324.96 Safari/537.36"
87.183.73.0 - - [22/Jan/2021:06:52:58 +0000] "GET /socket.io/?EIO=y&transport=xkmoyoi&t=t4p150i&sid=rj34tihfdkuzlrutfgpt HTTP/1.1" 200 18 "https://miaou.dystroy.org/3728" "Mozilla/5.0 (Windows NT 10.0; Win64; x64) AppleWebKit/537.36 (KHTML, like Gecko) Chrome/88.0.4324.96 Safari/537.36"
87.183.73.0 - - [22/Jan/2021:06:52:59 +0000] "GET /socket.io/?EIO=y&transport=xkmoyoi&t=cy0zinc&sid=rj34tihfdkuzlrutfgpt HTTP/1.1" 200 3 "https://miaou.dystroy.org/3728" "Mozilla/5.0 (Windows NT 10.0; Win64; x64) AppleWebKit/537.36 (KHTML, like Gecko) Chrome/88.0.4324.96 Safari/537.36"
71.224.27.0 - - [22/Jan/2021:06:52:59 +0000] "GET /gogo/json?action=mf331j19fcfriv57h&name=07tvc4c6z7xabsaw2wofvjy0ol91xapluwe&monsterId=05v8d4z HTTP/1.1" 200 2775 "https://games.mountyhall.com/" "Mozilla/5.0 (Macintosh; Intel Mac OS X 10_13_6) AppleWebKit/537.36 (KHTML, like Gecko) Chrome/87.0.4280.141 Safari/537.36"
87.183.73.0 - - [22/Jan/2021:06:52:59 +0000] "GET /file-host/a74425db8f3ba3de96d5d18e.png HTTP/1.1" 200 24287 "https://miaou.dystroy.org/3728" "Mozilla/5.0 (Windows NT 10.0; Win64; x64) AppleWebKit/537.36 (KHTML, like Gecko) Chrome/88.0.4324.96 Safari/537.36"
87.183.73.0 - - [22/Jan/2021:06:52:59 +0000] "GET /file-host/505bb68420be6203d6766137.png HTTP/1.1" 200 11554 "https://miaou.dystroy.org/3728" "Mozilla/5.0 (Windows NT 10.0; Win64; x64) AppleWebKit/537.36 (KHTML, like Gecko) Chrome/88.0.4324.96 Safari/537.36"
87.183.73.0 - - [22/Jan/2021:06:52:59 +0000] "GET /file-host/c30a3ff144a2cb259df7f657.png HTTP/1.1" 200 3510 "https://miaou.dystroy.org/3728" "Mozilla/5.0 (Windows NT 10.0; Win64; x64) AppleWebKit/537.36 (KHTML, like Gecko) Chrome/88.0.4324.96 Safari/537.36"
40.205.208.119 - - [22/Jan/2021:06:53:00 +0000] "POST /sciz-webhook HTTP/1.1" 200 0 "-" "python-requests/2.21.0"
71.224.27.0 - - [22/Jan/2021:06:53:02 +0000] "GET /gogo/json?action=mf331j19fcfriv57h&name=07tvc4c6z7xabsaw2wofvjy0ol91xapluwe&monsterId=0ttt53zmf HTTP/1.1" 200 2775 "https://games.mountyhall.com/" "Mozilla/5.0 (Macintosh; Intel Mac OS X 10_13_6) AppleWebKit/537.36 (KHTML, like Gecko) Chrome/87.0.4280.141 Safari/537.36"
71.224.27.0 - - [22/Jan/2021:06:53:02 +0000] "GET /gogo/json?action=mf331j19fcfriv57h&name=07tvc4c6z7xabsaw2wofvjy0ol91xapluwe&monsterId=0ttt53zmf HTTP/1.1" 200 2775 "https://games.mountyhall.com/" "Mozilla/5.0 (Macintosh; Intel Mac OS X 10_13_6) AppleWebKit/537.36 (KHTML, like Gecko) Chrome/87.0.4280.141 Safari/537.36"
71.224.27.0 - - [22/Jan/2021:06:53:02 +0000] "GET /gogo/json?action=mf331j19fcfriv57h&name=07tvc4c6z7xabsaw2wofvjy0ol91xapluwe&monsterId=0ttt53zmf HTTP/1.1" 200 2775 "https://games.mountyhall.com/" "Mozilla/5.0 (Macintosh; Intel Mac OS X 10_13_6) AppleWebKit/537.36 (KHTML, like Gecko) Chrome/87.0.4280.141 Safari/537.36"
71.224.27.0 - - [22/Jan/2021:06:53:02 +0000] "GET /gogo/json?action=mf331j19fcfriv57h&name=07tvc4c6z7xabsaw2wofvjy0ol91xapluwe&monsterId=0ttt53zmf HTTP/1.1" 200 2775 "https://games.mountyhall.com/" "Mozilla/5.0 (Macintosh; Intel Mac OS X 10_13_6) AppleWebKit/537.36 (KHTML, like Gecko) Chrome/87.0.4280.141 Safari/537.36"
33.164.236.61 - - [22/Jan/2021:06:53:05 +0000] "GET /gogo/json?action=bgc6r5eeshp5nu&asker=8e1mzd&trollId=zdb46 HTTP/1.1" 200 84 "https://games.mountyhall.com/" "Mozilla/5.0 (Windows NT 10.0; Win64; x64) AppleWebKit/537.36 (KHTML, like Gecko) Chrome/87.0.4280.141 Safari/537.36"
33.164.236.61 - - [22/Jan/2021:06:53:05 +0000] "GET /gogo/json?action=mf331j19fcfriv57h&asker=8e1mzd&name=71fa3b3jrr2v0u4qtxkwr59nougsxw33ozqrf9qyirs4&monsterId=0nbldil HTTP/1.1" 200 104 "https://games.mountyhall.com/" "Mozilla/5.0 (Windows NT 10.0; Win64; x64) AppleWebKit/537.36 (KHTML, like Gecko) Chrome/87.0.4280.141 Safari/537.36"
71.224.27.0 - - [22/Jan/2021:06:53:06 +0000] "GET /gogo/json?action=bgc6r5eeshp5nu&trollId=rbmfr HTTP/1.1" 200 84 "https://games.mountyhall.com/" "Mozilla/5.0 (Macintosh; Intel Mac OS X 10_13_6) AppleWebKit/537.36 (KHTML, like Gecko) Chrome/87.0.4280.141 Safari/537.36"
33.164.236.61 - - [22/Jan/2021:06:53:07 +0000] "GET /gogo/json?action=bgc6r5eeshp5nu&asker=8e1mzd&trollId=eyuntq HTTP/1.1" 200 85 "https://games.mountyhall.com/" "Mozilla/5.0 (Windows NT 10.0; Win64; x64) AppleWebKit/537.36 (KHTML, like Gecko) Chrome/87.0.4280.141 Safari/537.36"
71.224.27.0 - - [22/Jan/2021:06:53:08 +0000] "GET /gogo/json?action=mf331j19fcfriv57h&name=07tvc4c6z7xabsaw2wofvjy0ol91xapluwe&monsterId=0ttt53zmf HTTP/1.1" 200 2775 "https://games.mountyhall.com/" "Mozilla/5.0 (Macintosh; Intel Mac OS X 10_13_6) AppleWebKit/537.36 (KHTML, like Gecko) Chrome/87.0.4280.141 Safari/537.36"
71.224.27.0 - - [22/Jan/2021:06:53:08 +0000] "GET /gogo/json?action=bgc6r5eeshp5nu&trollId=jb74f HTTP/1.1" 200 84 "https://games.mountyhall.com/" "Mozilla/5.0 (Macintosh; Intel Mac OS X 10_13_6) AppleWebKit/537.36 (KHTML, like Gecko) Chrome/87.0.4280.141 Safari/537.36"
71.224.27.0 - - [22/Jan/2021:06:53:08 +0000] "GET /gogo/json?action=bgc6r5eeshp5nu&trollId=srvl4 HTTP/1.1" 200 84 "https://games.mountyhall.com/" "Mozilla/5.0 (Macintosh; Intel Mac OS X 10_13_6) AppleWebKit/537.36 (KHTML, like Gecko) Chrome/87.0.4280.141 Safari/537.36"
71.224.27.0 - - [22/Jan/2021:06:53:08 +0000] "GET /gogo/json?action=mf331j19fcfriv57h&name=07tvc4c6z7xabsaw2wofvjy0ol91xapluwe&monsterId=05v8d4z HTTP/1.1" 200 2775 "https://games.mountyhall.com/" "Mozilla/5.0 (Macintosh; Intel Mac OS X 10_13_6) AppleWebKit/537.36 (KHTML, like Gecko) Chrome/87.0.4280.141 Safari/537.36"
71.224.27.0 - - [22/Jan/2021:06:53:09 +0000] "GET /gogo/json?action=mf331j19fcfriv57h&name=07tvc4c6z7xabsaw2wofvjy0ol91xapluwe&monsterId=05v8d4z HTTP/1.1" 200 2775 "https://games.mountyhall.com/" "Mozilla/5.0 (Macintosh; Intel Mac OS X 10_13_6) AppleWebKit/537.36 (KHTML, like Gecko) Chrome/87.0.4280.141 Safari/537.36"
71.224.27.0 - - [22/Jan/2021:06:53:09 +0000] "GET /gogo/json?action=mf331j19fcfriv57h&name=07tvc4c6z7xabsaw2wofvjy0ol91xapluwe&monsterId=05v8d4z HTTP/1.1" 200 2775 "https://games.mountyhall.com/" "Mozilla/5.0 (Macintosh; Intel Mac OS X 10_13_6) AppleWebKit/537.36 (KHTML, like Gecko) Chrome/87.0.4280.141 Safari/537.36"
71.224.27.0 - - [22/Jan/2021:06:53:09 +0000] "GET /gogo/json?action=mf331j19fcfriv57h&name=07tvc4c6z7xabsaw2wofvjy0ol91xapluwe&monsterId=05v8d4z HTTP/1.1" 200 2775 "https://games.mountyhall.com/" "Mozilla/5.0 (Macintosh; Intel Mac OS X 10_13_6) AppleWebKit/537.36 (KHTML, like Gecko) Chrome/87.0.4280.141 Safari/537.36"
71.224.27.0 - - [22/Jan/2021:06:53:13 +0000] "GET /gogo/json?action=mf331j19fcfriv57h&name=07tvc4c6z7xabsaw2wofvjy0ol91xapluwe&monsterId=05v8d4z HTTP/1.1" 200 2775 "https://games.mountyhall.com/" "Mozilla/5.0 (Macintosh; Intel Mac OS X 10_13_6) AppleWebKit/537.36 (KHTML, like Gecko) Chrome/87.0.4280.141 Safari/537.36"
71.224.27.0 - - [22/Jan/2021:06:53:13 +0000] "GET /gogo/json?action=mf331j19fcfriv57h&name=07tvc4c6z7xabsaw2wofvjy0ol91xapluwe&monsterId=05v8d4z HTTP/1.1" 200 2775 "https://games.mountyhall.com/" "Mozilla/5.0 (Macintosh; Intel Mac OS X 10_13_6) AppleWebKit/537.36 (KHTML, like Gecko) Chrome/87.0.4280.141 Safari/537.36"
71.224.27.0 - - [22/Jan/2021:06:53:14 +0000] "GET /gogo/json?action=mf331j19fcfriv57h&name=07tvc4c6z7xabsaw2wofvjy0ol91xapluwe&monsterId=05v8d4z HTTP/1.1" 200 2775 "https://games.mountyhall.com/" "Mozilla/5.0 (Macintosh; Intel Mac OS X 10_13_6) AppleWebKit/537.36 (KHTML, like Gecko) Chrome/87.0.4280.141 Safari/537.36"
71.224.27.0 - - [22/Jan/2021:06:53:14 +0000] "GET /gogo/json?action=bgc6r5eeshp5nu&trollId=jb74f HTTP/1.1" 200 84 "https://games.mountyhall.com/" "Mozilla/5.0 (Macintosh; Intel Mac OS X 10_13_6) AppleWebKit/537.36 (KHTML, like Gecko) Chrome/87.0.4280.141 Safari/537.36"
71.224.27.0 - - [22/Jan/2021:06:53:14 +0000] "GET /gogo/json?action=bgc6r5eeshp5nu&trollId=rbmfr HTTP/1.1" 200 84 "https://games.mountyhall.com/" "Mozilla/5.0 (Macintosh; Intel Mac OS X 10_13_6) AppleWebKit/537.36 (KHTML, like Gecko) Chrome/87.0.4280.141 Safari/537.36"
71.224.27.0 - - [22/Jan/2021:06:53:14 +0000] "GET /gogo/json?action=mf331j19fcfriv57h&name=07tvc4c6z7xabsaw2wofvjy0ol91xapluwe&monsterId=0ttt53zmf HTTP/1.1" 200 2775 "https://games.mountyhall.com/" "Mozilla/5.0 (Macintosh; Intel Mac OS X 10_13_6) AppleWebKit/537.36 (KHTML, like Gecko) Chrome/87.0.4280.141 Safari/537.36"
71.224.27.0 - - [22/Jan/2021:06:53:14 +0000] "GET /gogo/json?action=mf331j19fcfriv57h&name=07tvc4c6z7xabsaw2wofvjy0ol91xapluwe&monsterId=05v8d4z HTTP/1.1" 200 2775 "https://games.mountyhall.com/" "Mozilla/5.0 (Macintosh; Intel Mac OS X 10_13_6) AppleWebKit/537.36 (KHTML, like Gecko) Chrome/87.0.4280.141 Safari/537.36"
71.224.27.0 - - [22/Jan/2021:06:53:14 +0000] "GET /gogo/json?action=mf331j19fcfriv57h&name=07tvc4c6z7xabsaw2wofvjy0ol91xapluwe&monsterId=05v8d4z HTTP/1.1" 200 2775 "https://games.mountyhall.com/" "Mozilla/5.0 (Macintosh; Intel Mac OS X 10_13_6) AppleWebKit/537.36 (KHTML, like Gecko) Chrome/87.0.4280.141 Safari/537.36"
71.224.27.0 - - [22/Jan/2021:06:53:18 +0000] "GET /gogo/json?action=bgc6r5eeshp5nu&trollId=rbmfr HTTP/1.1" 200 84 "https://games.mountyhall.com/" "Mozilla/5.0 (Macintosh; Intel Mac OS X 10_13_6) AppleWebKit/537.36 (KHTML, like Gecko) Chrome/87.0.4280.141 Safari/537.36"
71.224.27.0 - - [22/Jan/2021:06:53:24 +0000] "GET /gogo/json?action=bgc6r5eeshp5nu&trollId=srvl4 HTTP/1.1" 200 84 "https://games.mountyhall.com/" "Mozilla/5.0 (Macintosh; Intel Mac OS X 10_13_6) AppleWebKit/537.36 (KHTML, like Gecko) Chrome/87.0.4280.141 Safari/537.36"
71.224.27.0 - - [22/Jan/2021:06:53:25 +0000] "GET /gogo/json?action=bgc6r5eeshp5nu&trollId=jb74f HTTP/1.1" 200 84 "https://games.mountyhall.com/" "Mozilla/5.0 (Macintosh; Intel Mac OS X 10_13_6) AppleWebKit/537.36 (KHTML, like Gecko) Chrome/87.0.4280.141 Safari/537.36"
71.224.27.0 - - [22/Jan/2021:06:53:32 +0000] "GET /gogo/json?action=bgc6r5eeshp5nu&trollId=srvl4 HTTP/1.1" 200 84 "https://games.mountyhall.com/" "Mozilla/5.0 (Macintosh; Intel Mac OS X 10_13_6) AppleWebKit/537.36 (KHTML, like Gecko) Chrome/87.0.4280.141 Safari/537.36"
71.224.27.0 - - [22/Jan/2021:06:53:32 +0000] "GET /gogo/json?action=bgc6r5eeshp5nu&trollId=jb74f HTTP/1.1" 200 84 "https://games.mountyhall.com/" "Mozilla/5.0 (Macintosh; Intel Mac OS X 10_13_6) AppleWebKit/537.36 (KHTML, like Gecko) Chrome/87.0.4280.141 Safari/537.36"
