28.5.40.80 - - [22/Jan/2021:08:20:35 +0000] "GET /gogo/json?action=mf331j19fcfriv57h&asker=ajmjwi&name=qs13l1x4ub8mmv1m5bkq9d0zl8bkj1u2jhomy19muqsxq2yw02gjeu0r&monsterId=yc4sazx HTTP/1.1" 200 1418 "https://games.mountyhall.com/" "Mozilla/5.0 (Windows NT 10.0; Win64; x64) AppleWebKit/537.36 (KHTML, like Gecko) Chrome/87.0.4280.141 Safari/537.36"
28.5.40.80 - - [22/Jan/2021:08:20:35 +0000] "GET /gogo/json?action=mf331j19fcfriv57h&asker=ajmjwi&name=2up95lbnlxxz8cnrwrjun0&monsterId=g6xa5b4 HTTP/1.1" 200 2444 "https://games.mountyhall.com/" "Mozilla/5.0 (Windows NT 10.0; Win64; x64) AppleWebKit/537.36 (KHTML, like Gecko) Chrome/87.0.4280.141 Safari/537.36"
28.5.40.80 - - [22/Jan/2021:08:20:35 +0000] "GET /gogo/json?action=mf331j19fcfriv57h&asker=ajmjwi&name=fk0lehp5h7m8ncblf9vop233ejwbuh&monsterId=whr2zny HTTP/1.1" 200 2751 "https://games.mountyhall.com/" "Mozilla/5.0 (Windows NT 10.0; Win64; x64) AppleWebKit/537.36 (KHTML, like Gecko) Chrome/87.0.4280.141 Safari/537.36"
a886:4740:c926:c28a:d5e5:a64a:25b8:ab86 - - [22/Jan/2021:08:20:35 +0000] "GET /json/messages/last?n=a&room=9tpe HTTP/1.1" 200 971 "https://miaou.dystroy.org/1757" "Mozilla/5.0 (Windows NT 10.0; Win64; x64; rv:84.0) Gecko/20100101 Firefox/84.0"
28.5.40.80 - - [22/Jan/2021:08:20:36 +0000] "GET /gogo/json?action=mf331j19fcfriv57h&asker=ajmjwi&name=71fa3b3jrr2v0u4qtxkwr59nougsxw33ozqrf9qyirs4&monsterId=vp6vmkn HTTP/1.1" 200 104 "https://games.mountyhall.com/" "Mozilla/5.0 (Windows NT 10.0; Win64; x64) AppleWebKit/537.36 (KHTML, like Gecko) Chrome/87.0.4280.141 Safari/537.36"
a886:4740:c926:c28a:d5e5:a64a:25b8:ab86 - - [22/Jan/2021:08:20:38 +0000] "GET /json/messages/last?n=a&room=kkpl HTTP/1.1" 200 919 "https://miaou.dystroy.org/1757" "Mozilla/5.0 (Windows NT 10.0; Win64; x64; rv:84.0) Gecko/20100101 Firefox/84.0"
a886:4740:c926:c28a:d5e5:a64a:25b8:ab86 - - [22/Jan/2021:08:20:38 +0000] "GET /json/messages/last?n=a&room=jo HTTP/1.1" 200 1143 "https://miaou.dystroy.org/1757" "Mozilla/5.0 (Windows NT 10.0; Win64; x64; rv:84.0) Gecko/20100101 Firefox/84.0"
a886:4740:c926:c28a:d5e5:a64a:25b8:ab86 - - [22/Jan/2021:08:20:39 +0000] "GET /json/messages/last?n=a&room=jo HTTP/1.1" 304 0 "https://miaou.dystroy.org/1757" "Mozilla/5.0 (Windows NT 10.0; Win64; x64; rv:84.0) Gecko/20100101 Firefox/84.0"
28.5.40.80 - - [22/Jan/2021:08:20:42 +0000] "GET /gogo/json?action=mf331j19fcfriv57h&asker=ajmjwi&name=paj0hiiiplhzcu2x5id6oktpvcxlhyq77at3r&monsterId=e928r0u HTTP/1.1" 200 2365 "https://games.mountyhall.com/" "Mozilla/5.0 (Windows NT 10.0; Win64; x64) AppleWebKit/537.36 (KHTML, like Gecko) Chrome/87.0.4280.141 Safari/537.36"
28.5.40.80 - - [22/Jan/2021:08:20:47 +0000] "GET /gogo/json?action=mf331j19fcfriv57h&asker=ajmjwi&name=qs13l1x4ub8mmv1m5bkq9d0zl8bkj1u2jhomy19muqsxq2yw02gjeu0r&monsterId=yc4sazx HTTP/1.1" 200 1418 "https://games.mountyhall.com/" "Mozilla/5.0 (Windows NT 10.0; Win64; x64) AppleWebKit/537.36 (KHTML, like Gecko) Chrome/87.0.4280.141 Safari/537.36"
28.5.40.80 - - [22/Jan/2021:08:20:47 +0000] "GET /gogo/json?action=mf331j19fcfriv57h&asker=ajmjwi&name=pkg8fand2sjh0exm5qi9xbir2jr7dtqm1sx67vite&monsterId=580j40g HTTP/1.1" 200 2368 "https://games.mountyhall.com/" "Mozilla/5.0 (Windows NT 10.0; Win64; x64) AppleWebKit/537.36 (KHTML, like Gecko) Chrome/87.0.4280.141 Safari/537.36"
28.5.40.80 - - [22/Jan/2021:08:20:47 +0000] "GET /gogo/json?action=mf331j19fcfriv57h&asker=ajmjwi&name=ukwpeeibhhp2e5mpu1zwcboq604aap1hb0t1me4vhiw4&monsterId=t7en1aj HTTP/1.1" 200 2761 "https://games.mountyhall.com/" "Mozilla/5.0 (Windows NT 10.0; Win64; x64) AppleWebKit/537.36 (KHTML, like Gecko) Chrome/87.0.4280.141 Safari/537.36"
28.5.40.80 - - [22/Jan/2021:08:20:47 +0000] "GET /gogo/json?action=mf331j19fcfriv57h&asker=ajmjwi&name=dh94f6mnnto3j3g8enc5r0se7e5p&monsterId=79q1epq HTTP/1.1" 200 2746 "https://games.mountyhall.com/" "Mozilla/5.0 (Windows NT 10.0; Win64; x64) AppleWebKit/537.36 (KHTML, like Gecko) Chrome/87.0.4280.141 Safari/537.36"
28.5.40.80 - - [22/Jan/2021:08:20:47 +0000] "GET /gogo/json?action=mf331j19fcfriv57h&asker=ajmjwi&name=xtzr7kh3w9n3p2yscvqyjo19dtj&monsterId=r25rvdm HTTP/1.1" 200 2732 "https://games.mountyhall.com/" "Mozilla/5.0 (Windows NT 10.0; Win64; x64) AppleWebKit/537.36 (KHTML, like Gecko) Chrome/87.0.4280.141 Safari/537.36"
28.5.40.80 - - [22/Jan/2021:08:20:48 +0000] "GET /gogo/json?action=mf331j19fcfriv57h&asker=ajmjwi&name=9rowwqx7zp2j58fx7iq6muy5w0a4w5s1&monsterId=z4uq32p HTTP/1.1" 200 2735 "https://games.mountyhall.com/" "Mozilla/5.0 (Windows NT 10.0; Win64; x64) AppleWebKit/537.36 (KHTML, like Gecko) Chrome/87.0.4280.141 Safari/537.36"
28.5.40.80 - - [22/Jan/2021:08:20:48 +0000] "GET /gogo/json?action=mf331j19fcfriv57h&asker=ajmjwi&name=xtzr7kh3w9n3p2yscvqyjo19dtj&monsterId=r25rvdm HTTP/1.1" 200 2732 "https://games.mountyhall.com/" "Mozilla/5.0 (Windows NT 10.0; Win64; x64) AppleWebKit/537.36 (KHTML, like Gecko) Chrome/87.0.4280.141 Safari/537.36"
64.184.110.150 - - [22/Jan/2021:08:20:49 +0000] "GET /JSON.prune/JSON.prune.js?_=26jjhsxovkgkh HTTP/1.1" 200 5188 "https://schema02.esabora.solutions/" "Mozilla/5.0 (Windows NT 6.3; Win64; x64) AppleWebKit/537.36 (KHTML, like Gecko) Chrome/87.0.4280.141 Safari/537.36"
18.121.127.6 - - [22/Jan/2021:08:20:53 +0000] "GET /socket.io/?EIO=y&transport=xkmoyoi&t=8jhopik&sid=nfpwkfuagz9gbtn3crhp HTTP/1.1" 200 18 "https://miaou.dystroy.org/1616" "Mozilla/5.0 (Windows NT 10.0; Win64; x64) AppleWebKit/537.36 (KHTML, like Gecko) Chrome/87.0.4280.141 Safari/537.36"
66.117.89.209 - - [22/Jan/2021:08:20:59 +0000] "GET /socket.io/?EIO=y&transport=c0qucvma5&sid=q68ug2gdeh2mjn96fw0o HTTP/1.1" 101 4459 "-" "Mozilla/5.0 (Linux; Android 10; ONEPLUS A6013) AppleWebKit/537.36 (KHTML, like Gecko) Chrome/87.0.4280.141 Mobile Safari/537.36"
66.117.89.209 - - [22/Jan/2021:08:21:01 +0000] "GET /socket.io/?EIO=y&transport=xkmoyoi&t=jo32nau HTTP/1.1" 200 99 "https://miaou.dystroy.org/1616" "Mozilla/5.0 (Linux; Android 10; ONEPLUS A6013) AppleWebKit/537.36 (KHTML, like Gecko) Chrome/87.0.4280.141 Mobile Safari/537.36"
66.117.89.209 - - [22/Jan/2021:08:21:01 +0000] "GET /socket.io/?EIO=y&transport=xkmoyoi&t=07qwdra&sid=4pjd2gsy7fycr4n35b37 HTTP/1.1" 200 18 "https://miaou.dystroy.org/1616" "Mozilla/5.0 (Linux; Android 10; ONEPLUS A6013) AppleWebKit/537.36 (KHTML, like Gecko) Chrome/87.0.4280.141 Mobile Safari/537.36"
66.117.89.209 - - [22/Jan/2021:08:21:01 +0000] "POST /socket.io/?EIO=y&transport=xkmoyoi&t=gn183du&sid=4pjd2gsy7fycr4n35b37 HTTP/1.1" 200 2 "https://miaou.dystroy.org/1616" "Mozilla/5.0 (Linux; Android 10; ONEPLUS A6013) AppleWebKit/537.36 (KHTML, like Gecko) Chrome/87.0.4280.141 Mobile Safari/537.36"
66.117.89.209 - - [22/Jan/2021:08:21:01 +0000] "GET /socket.io/?EIO=y&transport=xkmoyoi&t=hrt4t53&sid=4pjd2gsy7fycr4n35b37 HTTP/1.1" 200 207 "https://miaou.dystroy.org/1616" "Mozilla/5.0 (Linux; Android 10; ONEPLUS A6013) AppleWebKit/537.36 (KHTML, like Gecko) Chrome/87.0.4280.141 Mobile Safari/537.36"
66.117.89.209 - - [22/Jan/2021:08:21:01 +0000] "GET /socket.io/?EIO=y&transport=xkmoyoi&t=r294jd6&sid=4pjd2gsy7fycr4n35b37 HTTP/1.1" 200 6262 "https://miaou.dystroy.org/1616" "Mozilla/5.0 (Linux; Android 10; ONEPLUS A6013) AppleWebKit/537.36 (KHTML, like Gecko) Chrome/87.0.4280.141 Mobile Safari/537.36"
40.205.208.119 - - [22/Jan/2021:08:21:12 +0000] "POST /sciz-webhook HTTP/1.1" 200 0 "-" "python-requests/2.21.0"
22.205.194.252 - - [22/Jan/2021:08:21:22 +0000] "GET /gogo/json?action=mf331j19fcfriv57h&name=dzo847nc9pblco7di85bwjn82uv7wn3&monsterId=0ttt53zmf HTTP/1.1" 200 2029 "https://games.mountyhall.com/" "Mozilla/5.0 (Windows NT 10.0; Win64; x64) AppleWebKit/537.36 (KHTML, like Gecko) Chrome/87.0.4280.141 Safari/537.36"
909a:553:783:97d5:ad81:4cba:add1:e0cf - - [22/Jan/2021:08:21:28 +0000] "GET /gogo/json?action=7c1uz2f9flrxff&TrollId=bgul4b&ChrallVersion=9tku HTTP/1.1" 200 65 "https://games.mountyhall.com/" "Mozilla/5.0 (Windows NT 10.0; Win64; x64) AppleWebKit/537.36 (KHTML, like Gecko) Chrome/88.0.4324.96 Safari/537.36"
57.0.209.250 - - [22/Jan/2021:08:21:29 +0000] "GET /json/messages/last?n=a&room=cer HTTP/1.1" 304 0 "https://miaou.dystroy.org/3453" "Mozilla/5.0 (Windows NT 6.3; Win64; x64; rv:84.0) Gecko/20100101 Firefox/84.0"
57.0.209.250 - - [22/Jan/2021:08:21:31 +0000] "GET /json/messages/last?n=a&room=a2fv HTTP/1.1" 200 1420 "https://miaou.dystroy.org/3453" "Mozilla/5.0 (Windows NT 6.3; Win64; x64; rv:84.0) Gecko/20100101 Firefox/84.0"
57.0.209.250 - - [22/Jan/2021:08:21:33 +0000] "GET /json/messages/last?n=a&room=jo HTTP/1.1" 200 1143 "https://miaou.dystroy.org/3453" "Mozilla/5.0 (Windows NT 6.3; Win64; x64; rv:84.0) Gecko/20100101 Firefox/84.0"
66.117.89.209 - - [22/Jan/2021:08:21:36 +0000] "GET /socket.io/?EIO=y&transport=c0qucvma5&sid=4pjd2gsy7fycr4n35b37 HTTP/1.1" 101 4367 "-" "Mozilla/5.0 (Linux; Android 10; ONEPLUS A6013) AppleWebKit/537.36 (KHTML, like Gecko) Chrome/87.0.4280.141 Mobile Safari/537.36"
99.16.220.115 - - [22/Jan/2021:08:21:40 +0000] "GET /gogo/json?action=mf331j19fcfriv57h&asker=248ffa&name=pp5yhmaqta1q0fzdmd5yulso86e10qxeitjfwuu&monsterId=s19z0m0 HTTP/1.1" 200 99 "https://games.mountyhall.com/" "Mozilla/5.0 (Macintosh; Intel Mac OS X 11_1_0) AppleWebKit/537.36 (KHTML, like Gecko) Chrome/87.0.4280.141 Safari/537.36"
91.110.189.249 - - [22/Jan/2021:08:21:41 +0000] "HEAD / HTTP/1.1" 301 0 "http://www.dystroy.org" "Mozilla/5.0+(compatible; UptimeRobot/2.0; http://www.uptimerobot.com/)"
91.110.189.249 - - [22/Jan/2021:08:21:41 +0000] "HEAD / HTTP/1.1" 200 0 "http://www.dystroy.org" "Mozilla/5.0+(compatible; UptimeRobot/2.0; http://www.uptimerobot.com/)"
5808:2c72:604:d0e1:b572:0a8f:f637:b343 - - [22/Jan/2021:08:22:06 +0000] "POST /upload HTTP/1.1" 200 74 "https://miaou.dystroy.org/7?TESTS_" "Mozilla/5.0 (X11; Linux x86_64) AppleWebKit/537.36 (KHTML, like Gecko) Chrome/87.0.4280.66 Safari/537.36"
5808:2c72:604:d0e1:b572:0a8f:f637:b343 - - [22/Jan/2021:08:22:07 +0000] "GET /file-host/1dc7a7ce358e562fc12d1053.png HTTP/1.1" 200 47189 "https://miaou.dystroy.org/7?TESTS_" "Mozilla/5.0 (X11; Linux x86_64) AppleWebKit/537.36 (KHTML, like Gecko) Chrome/87.0.4280.66 Safari/537.36"
40.205.208.119 - - [22/Jan/2021:08:22:19 +0000] "POST /sciz-webhook HTTP/1.1" 200 0 "-" "python-requests/2.21.0"
28.46.53.144 - - [22/Jan/2021:08:22:24 +0000] "GET /json/messages/last?n=a&room=6j7g HTTP/1.1" 304 0 "https://miaou.dystroy.org/3836" "Mozilla/5.0 (Windows NT 6.1; rv:84.0) Gecko/20100101 Firefox/84.0"
28.46.53.144 - - [22/Jan/2021:08:22:29 +0000] "GET /json/messages/last?n=u&room=42pd HTTP/1.1" 200 1687 "https://miaou.dystroy.org/12" "Mozilla/5.0 (Windows NT 6.1; rv:84.0) Gecko/20100101 Firefox/84.0"
66.117.89.209 - - [22/Jan/2021:08:22:39 +0000] "GET /socket.io/?EIO=y&transport=xkmoyoi&t=o6l03wk HTTP/1.1" 200 99 "https://miaou.dystroy.org/1616" "Mozilla/5.0 (Linux; Android 10; ONEPLUS A6013) AppleWebKit/537.36 (KHTML, like Gecko) Chrome/87.0.4280.141 Mobile Safari/537.36"
66.117.89.209 - - [22/Jan/2021:08:22:39 +0000] "GET /socket.io/?EIO=y&transport=xkmoyoi&t=8ee4aqf HTTP/1.1" 200 99 "https://miaou.dystroy.org/1616" "Mozilla/5.0 (Linux; Android 10; ONEPLUS A6013) AppleWebKit/537.36 (KHTML, like Gecko) Chrome/87.0.4280.141 Mobile Safari/537.36"
66.117.89.209 - - [22/Jan/2021:08:22:39 +0000] "GET /socket.io/?EIO=y&transport=xkmoyoi&t=w5n2x7r&sid=kt88ltmc8jcdmpzns5sh HTTP/1.1" 200 18 "https://miaou.dystroy.org/1616" "Mozilla/5.0 (Linux; Android 10; ONEPLUS A6013) AppleWebKit/537.36 (KHTML, like Gecko) Chrome/87.0.4280.141 Mobile Safari/537.36"
66.117.89.209 - - [22/Jan/2021:08:22:40 +0000] "POST /socket.io/?EIO=y&transport=xkmoyoi&t=v49ocms&sid=kt88ltmc8jcdmpzns5sh HTTP/1.1" 200 2 "https://miaou.dystroy.org/1616" "Mozilla/5.0 (Linux; Android 10; ONEPLUS A6013) AppleWebKit/537.36 (KHTML, like Gecko) Chrome/87.0.4280.141 Mobile Safari/537.36"
66.117.89.209 - - [22/Jan/2021:08:22:40 +0000] "GET /socket.io/?EIO=y&transport=xkmoyoi&t=35y8fuo&sid=kt88ltmc8jcdmpzns5sh HTTP/1.1" 200 6376 "https://miaou.dystroy.org/1616" "Mozilla/5.0 (Linux; Android 10; ONEPLUS A6013) AppleWebKit/537.36 (KHTML, like Gecko) Chrome/87.0.4280.141 Mobile Safari/537.36"
40.205.208.119 - - [22/Jan/2021:08:22:44 +0000] "POST /sciz-webhook HTTP/1.1" 200 0 "-" "python-requests/2.21.0"
12.146.12.185 - - [22/Jan/2021:08:22:44 +0000] "GET /publicProfile?user=7re&room=skbd HTTP/1.1" 304 0 "https://miaou.dystroy.org/3728" "Mozilla/5.0 (Windows NT 10.0; Win64; x64) AppleWebKit/537.36 (KHTML, like Gecko) Chrome/87.0.4280.141 Safari/537.36"
28.5.40.80 - - [22/Jan/2021:08:22:48 +0000] "GET /gogo/json?action=7c1uz2f9flrxff&TrollId=yon90&ChrallVersion=9tku HTTP/1.1" 200 65 "https://games.mountyhall.com/" "Mozilla/5.0 (Windows NT 10.0; Win64; x64) AppleWebKit/537.36 (KHTML, like Gecko) Chrome/87.0.4280.141 Safari/537.36"
15.201.177.89 - - [22/Jan/2021:08:23:01 +0000] "GET /broot/ HTTP/1.1" 200 5830 "-" "Mozilla/5.0 (Macintosh; Intel Mac OS X 10_13_6) AppleWebKit/537.36 (KHTML, like Gecko) Chrome/67.0.3396.99 Safari/537.36"
98.65.217.182 - - [22/Jan/2021:08:23:05 +0000] "GET /stripad/icon-v1.png HTTP/1.1" 301 185 "http://fiddle.jshell.net/" "Mozilla/5.0 (Windows NT 10.0; Win64; x64) AppleWebKit/537.36 (KHTML, like Gecko) Chrome/87.0.4280.141 Safari/537.36"
98.65.217.182 - - [22/Jan/2021:08:23:06 +0000] "GET /stripad/icon-v1.png HTTP/1.1" 200 4674 "http://fiddle.jshell.net/" "Mozilla/5.0 (Windows NT 10.0; Win64; x64) AppleWebKit/537.36 (KHTML, like Gecko) Chrome/87.0.4280.141 Safari/537.36"
66.117.89.209 - - [22/Jan/2021:08:23:13 +0000] "GET /socket.io/?EIO=y&transport=c0qucvma5&sid=kt88ltmc8jcdmpzns5sh HTTP/1.1" 101 4345 "-" "Mozilla/5.0 (Linux; Android 10; ONEPLUS A6013) AppleWebKit/537.36 (KHTML, like Gecko) Chrome/87.0.4280.141 Mobile Safari/537.36"
40.205.208.119 - - [22/Jan/2021:08:23:13 +0000] "POST /sciz-webhook HTTP/1.1" 200 0 "-" "python-requests/2.21.0"
40.205.208.119 - - [22/Jan/2021:08:23:25 +0000] "POST /sciz-webhook HTTP/1.1" 200 0 "-" "python-requests/2.21.0"
17d7:3da:d5a7:7d05:f6c4:e133:7bb6:9393 - - [22/Jan/2021:08:23:32 +0000] "GET /gogo/json?action=mf331j19fcfriv57h&asker=hh8tnk&name=81433uforvpfjtukldej4fkryv675z0w&monsterId=xthfcqb HTTP/1.1" 200 2463 "https://games.mountyhall.com/" "Mozilla/5.0 (Windows NT 10.0; Win64; x64) AppleWebKit/537.36 (KHTML, like Gecko) Chrome/87.0.4280.141 Safari/537.36"
17d7:3da:d5a7:7d05:f6c4:e133:7bb6:9393 - - [22/Jan/2021:08:23:35 +0000] "GET /gogo/json?action=mf331j19fcfriv57h&asker=hh8tnk&name=81433uforvpfjtukldej4fkryv675z0w&monsterId=xthfcqb HTTP/1.1" 200 2463 "https://games.mountyhall.com/" "Mozilla/5.0 (Windows NT 10.0; Win64; x64) AppleWebKit/537.36 (KHTML, like Gecko) Chrome/87.0.4280.141 Safari/537.36"
40.190.208.45 - - [22/Jan/2021:08:23:35 +0000] "GET /2528 HTTP/1.1" 304 0 "-" "Mozilla/5.0 (Windows NT 10.0; Win64; x64; rv:84.0) Gecko/20100101 Firefox/84.0"
40.190.208.45 - - [22/Jan/2021:08:23:35 +0000] "GET /socket.io/socket.io.js HTTP/1.1" 304 0 "https://miaou.dystroy.org/2528" "Mozilla/5.0 (Windows NT 10.0; Win64; x64; rv:84.0) Gecko/20100101 Firefox/84.0"
f088:073f:2bf7:f3a3:9163:4750:43fd:4e29 - - [22/Jan/2021:08:23:35 +0000] "GET /gogo/json?action=mf331j19fcfriv57h&asker=3ssruh&name=81433uforvpfjtukldej4fkryv675z0w&monsterId=xthfcqb HTTP/1.1" 200 2463 "https://games.mountyhall.com/" "Mozilla/5.0 (Windows NT 10.0; Win64; x64) AppleWebKit/537.36 (KHTML, like Gecko) Chrome/87.0.4280.141 Safari/537.36 Edg/87.0.664.75"
40.190.208.45 - - [22/Jan/2021:08:23:36 +0000] "GET /socket.io/?EIO=y&transport=xkmoyoi&t=1f5u6z2 HTTP/1.1" 200 99 "https://miaou.dystroy.org/2528" "Mozilla/5.0 (Windows NT 10.0; Win64; x64; rv:84.0) Gecko/20100101 Firefox/84.0"
f088:073f:2bf7:f3a3:9163:4750:43fd:4e29 - - [22/Jan/2021:08:23:36 +0000] "GET /gogo/json?action=mf331j19fcfriv57h&asker=3ssruh&name=81433uforvpfjtukldej4fkryv675z0w&monsterId=xthfcqb HTTP/1.1" 200 2463 "https://games.mountyhall.com/" "Mozilla/5.0 (Windows NT 10.0; Win64; x64) AppleWebKit/537.36 (KHTML, like Gecko) Chrome/87.0.4280.141 Safari/537.36 Edg/87.0.664.75"
40.190.208.45 - - [22/Jan/2021:08:23:36 +0000] "GET /socket.io/?EIO=y&transport=xkmoyoi&t=bcpb6yb&sid=ljs3iofo2dk9fdtdxjvu HTTP/1.1" 200 18 "https://miaou.dystroy.org/2528" "Mozilla/5.0 (Windows NT 10.0; Win64; x64; rv:84.0) Gecko/20100101 Firefox/84.0"
40.190.208.45 - - [22/Jan/2021:08:23:36 +0000] "POST /socket.io/?EIO=y&transport=xkmoyoi&t=5qpuejx&sid=ljs3iofo2dk9fdtdxjvu HTTP/1.1" 200 2 "https://miaou.dystroy.org/2528" "Mozilla/5.0 (Windows NT 10.0; Win64; x64; rv:84.0) Gecko/20100101 Firefox/84.0"
40.190.208.45 - - [22/Jan/2021:08:23:36 +0000] "GET /socket.io/?EIO=y&transport=xkmoyoi&t=jxj3i77&sid=ljs3iofo2dk9fdtdxjvu HTTP/1.1" 200 34 "https://miaou.dystroy.org/2528" "Mozilla/5.0 (Windows NT 10.0; Win64; x64; rv:84.0) Gecko/20100101 Firefox/84.0"
40.190.208.45 - - [22/Jan/2021:08:23:37 +0000] "GET /json/external-link-preview?url=mg6rb3f4flx9ae1dznuthufn1cmz0tpp24c92q2y57px924b9qdo04dank3gvzsn HTTP/1.1" 304 0 "https://miaou.dystroy.org/2528" "Mozilla/5.0 (Windows NT 10.0; Win64; x64; rv:84.0) Gecko/20100101 Firefox/84.0"
40.190.208.45 - - [22/Jan/2021:08:23:37 +0000] "GET /json/external-link-preview?url=lt5y6g7pw65fx00vr3cmadorvkconidk7fi18ftd7k1p42z9k2veh5ctm77guch9bxhhcv474v7kb3hzdn7au0 HTTP/1.1" 200 626 "https://miaou.dystroy.org/2528" "Mozilla/5.0 (Windows NT 10.0; Win64; x64; rv:84.0) Gecko/20100101 Firefox/84.0"
f088:073f:2bf7:f3a3:9163:4750:43fd:4e29 - - [22/Jan/2021:08:23:40 +0000] "GET /gogo/json?action=mf331j19fcfriv57h&name=81433uforvpfjtukldej4fkryv675z0w&monsterId=0ttt53zmf HTTP/1.1" 200 2463 "https://games.mountyhall.com/" "Mozilla/5.0 (Windows NT 10.0; Win64; x64) AppleWebKit/537.36 (KHTML, like Gecko) Chrome/87.0.4280.141 Safari/537.36 Edg/87.0.664.75"
40.190.208.45 - - [22/Jan/2021:08:23:40 +0000] "GET /json/messages/last?n=a&room=jo HTTP/1.1" 200 1143 "https://miaou.dystroy.org/2528" "Mozilla/5.0 (Windows NT 10.0; Win64; x64; rv:84.0) Gecko/20100101 Firefox/84.0"
28.5.40.80 - - [22/Jan/2021:08:23:41 +0000] "GET /gogo/json?action=7c1uz2f9flrxff&TrollId=yon90&ChrallVersion=9tku HTTP/1.1" 200 65 "https://games.mountyhall.com/" "Mozilla/5.0 (Windows NT 10.0; Win64; x64) AppleWebKit/537.36 (KHTML, like Gecko) Chrome/87.0.4280.141 Safari/537.36"
2d06:0029:e34:172e:9aa4:3527:a89c:b59 - - [22/Jan/2021:08:23:43 +0000] "GET /gogo/json?action=mf331j19fcfriv57h&asker=9qdgp&name=qoexbwkwpe7zcdjaprloper8p3pkqthjs53mod3ywhvu1407cv4kfwtupve95hum&monsterId=5c2vmo0 HTTP/1.1" 200 118 "https://games.mountyhall.com/" "Mozilla/5.0 (Windows NT 10.0; Win64; x64) AppleWebKit/537.36 (KHTML, like Gecko) Chrome/87.0.4280.141 Safari/537.36"
2d06:0029:e34:172e:9aa4:3527:a89c:b59 - - [22/Jan/2021:08:23:43 +0000] "GET /gogo/json?action=mf331j19fcfriv57h&asker=9qdgp&name=0ocmg1rkfzbh7eowxyjq3w4tfwb075d6z1ujfarl0a85x8zxd67mbkfc&monsterId=1vuda9k HTTP/1.1" 200 114 "https://games.mountyhall.com/" "Mozilla/5.0 (Windows NT 10.0; Win64; x64) AppleWebKit/537.36 (KHTML, like Gecko) Chrome/87.0.4280.141 Safari/537.36"
2d06:0029:e34:172e:9aa4:3527:a89c:b59 - - [22/Jan/2021:08:23:43 +0000] "GET /gogo/json?action=mf331j19fcfriv57h&asker=9qdgp&name=x4n9h8c9twp9a1bnnsgmwz6vy3aj7y2o6nxg3vj26y2xhsjtn9x2wwdp&monsterId=t0cminr HTTP/1.1" 200 114 "https://games.mountyhall.com/" "Mozilla/5.0 (Windows NT 10.0; Win64; x64) AppleWebKit/537.36 (KHTML, like Gecko) Chrome/87.0.4280.141 Safari/537.36"
2d06:0029:e34:172e:9aa4:3527:a89c:b59 - - [22/Jan/2021:08:23:43 +0000] "GET /gogo/json?action=mf331j19fcfriv57h&asker=9qdgp&name=14pge414kbey9v7oxv2u8wb383a40m4heaylwsm1o4a6iyr2lzxl4rbi&monsterId=vctusv3 HTTP/1.1" 200 114 "https://games.mountyhall.com/" "Mozilla/5.0 (Windows NT 10.0; Win64; x64) AppleWebKit/537.36 (KHTML, like Gecko) Chrome/87.0.4280.141 Safari/537.36"
2d06:0029:e34:172e:9aa4:3527:a89c:b59 - - [22/Jan/2021:08:23:43 +0000] "GET /gogo/json?action=mf331j19fcfriv57h&asker=9qdgp&name=2zmts1dkz5e9gkpy2uwpkgbbq2rt4altnvurz3uxinlvrl8nrwq0o&monsterId=9rog1qx HTTP/1.1" 200 113 "https://games.mountyhall.com/" "Mozilla/5.0 (Windows NT 10.0; Win64; x64) AppleWebKit/537.36 (KHTML, like Gecko) Chrome/87.0.4280.141 Safari/537.36"
2d06:0029:e34:172e:9aa4:3527:a89c:b59 - - [22/Jan/2021:08:23:43 +0000] "GET /gogo/json?action=mf331j19fcfriv57h&asker=9qdgp&name=n4dsmb4820wwraqdnur3n0kzttpf8wv9m&monsterId=yhgrf8a HTTP/1.1" 200 2455 "https://games.mountyhall.com/" "Mozilla/5.0 (Windows NT 10.0; Win64; x64) AppleWebKit/537.36 (KHTML, like Gecko) Chrome/87.0.4280.141 Safari/537.36"
40.205.208.119 - - [22/Jan/2021:08:23:44 +0000] "POST /sciz-webhook HTTP/1.1" 200 0 "-" "python-requests/2.21.0"
2d06:0029:e34:172e:9aa4:3527:a89c:b59 - - [22/Jan/2021:08:23:44 +0000] "GET /gogo/json?action=mf331j19fcfriv57h&asker=9qdgp&name=2zmts1dkz5e9gkpy2uwpkgbbq2rt4altnvurz3uxinlvrl8nrwq0o&monsterId=9rog1qx HTTP/1.1" 200 113 "https://games.mountyhall.com/" "Mozilla/5.0 (Windows NT 10.0; Win64; x64) AppleWebKit/537.36 (KHTML, like Gecko) Chrome/87.0.4280.141 Safari/537.36"
2d06:0029:e34:172e:9aa4:3527:a89c:b59 - - [22/Jan/2021:08:23:44 +0000] "GET /gogo/json?action=mf331j19fcfriv57h&asker=9qdgp&name=2yhi59w4vxmngxnmfqnip3g94jvshfpm991v0ax3c5z7w5jdc89hjdbsvsxamy&monsterId=myme4af HTTP/1.1" 200 118 "https://games.mountyhall.com/" "Mozilla/5.0 (Windows NT 10.0; Win64; x64) AppleWebKit/537.36 (KHTML, like Gecko) Chrome/87.0.4280.141 Safari/537.36"
2d06:0029:e34:172e:9aa4:3527:a89c:b59 - - [22/Jan/2021:08:23:44 +0000] "GET /gogo/json?action=mf331j19fcfriv57h&asker=9qdgp&name=2yhi59w4vxmngxnmfqnip3g94jvshfpm991v0ax3c5z7w5jdc89hjdbsvsxamy&monsterId=myme4af HTTP/1.1" 200 118 "https://games.mountyhall.com/" "Mozilla/5.0 (Windows NT 10.0; Win64; x64) AppleWebKit/537.36 (KHTML, like Gecko) Chrome/87.0.4280.141 Safari/537.36"
2d06:0029:e34:172e:9aa4:3527:a89c:b59 - - [22/Jan/2021:08:23:45 +0000] "GET /gogo/json?action=mf331j19fcfriv57h&asker=9qdgp&name=14pge414kbey9v7oxv2u8wb383a40m4heaylwsm1o4a6iyr2lzxl4rbi&monsterId=vctusv3 HTTP/1.1" 200 114 "https://games.mountyhall.com/" "Mozilla/5.0 (Windows NT 10.0; Win64; x64) AppleWebKit/537.36 (KHTML, like Gecko) Chrome/87.0.4280.141 Safari/537.36"
2d06:0029:e34:172e:9aa4:3527:a89c:b59 - - [22/Jan/2021:08:23:45 +0000] "GET /gogo/json?action=mf331j19fcfriv57h&asker=9qdgp&name=2zmts1dkz5e9gkpy2uwpkgbbq2rt4altnvurz3uxinlvrl8nrwq0o&monsterId=9rog1qx HTTP/1.1" 200 113 "https://games.mountyhall.com/" "Mozilla/5.0 (Windows NT 10.0; Win64; x64) AppleWebKit/537.36 (KHTML, like Gecko) Chrome/87.0.4280.141 Safari/537.36"
2d06:0029:e34:172e:9aa4:3527:a89c:b59 - - [22/Jan/2021:08:23:45 +0000] "GET /gogo/json?action=mf331j19fcfriv57h&asker=9qdgp&name=14pge414kbey9v7oxv2u8wb383a40m4heaylwsm1o4a6iyr2lzxl4rbi&monsterId=vctusv3 HTTP/1.1" 200 114 "https://games.mountyhall.com/" "Mozilla/5.0 (Windows NT 10.0; Win64; x64) AppleWebKit/537.36 (KHTML, like Gecko) Chrome/87.0.4280.141 Safari/537.36"
2d06:0029:e34:172e:9aa4:3527:a89c:b59 - - [22/Jan/2021:08:23:45 +0000] "GET /gogo/json?action=mf331j19fcfriv57h&asker=9qdgp&name=2yhi59w4vxmngxnmfqnip3g94jvshfpm991v0ax3c5z7w5jdc89hjdbsvsxamy&monsterId=myme4af HTTP/1.1" 200 118 "https://games.mountyhall.com/" "Mozilla/5.0 (Windows NT 10.0; Win64; x64) AppleWebKit/537.36 (KHTML, like Gecko) Chrome/87.0.4280.141 Safari/537.36"
40.190.208.45 - - [22/Jan/2021:08:23:46 +0000] "GET /json/messages/last?n=sd&room=y0v9 HTTP/1.1" 200 6053 "https://miaou.dystroy.org/2528" "Mozilla/5.0 (Windows NT 10.0; Win64; x64; rv:84.0) Gecko/20100101 Firefox/84.0"
f088:073f:2bf7:f3a3:9163:4750:43fd:4e29 - - [22/Jan/2021:08:23:46 +0000] "GET /gogo/json?action=mf331j19fcfriv57h&asker=3ssruh&name=hj7psru83u00dwn7ea9fmul4r4vsdqz8ysr7yh&monsterId=g4uupik HTTP/1.1" 200 2476 "https://games.mountyhall.com/" "Mozilla/5.0 (Windows NT 10.0; Win64; x64) AppleWebKit/537.36 (KHTML, like Gecko) Chrome/87.0.4280.141 Safari/537.36 Edg/87.0.664.75"
28.5.40.80 - - [22/Jan/2021:08:23:46 +0000] "GET /gogo/json?action=7c1uz2f9flrxff&TrollId=yon90&ChrallVersion=9tku HTTP/1.1" 200 65 "https://games.mountyhall.com/" "Mozilla/5.0 (Windows NT 10.0; Win64; x64) AppleWebKit/537.36 (KHTML, like Gecko) Chrome/87.0.4280.141 Safari/537.36"
40.190.208.45 - - [22/Jan/2021:08:23:47 +0000] "GET /json/messages/last?n=a&room=rx1u HTTP/1.1" 304 0 "https://miaou.dystroy.org/2528" "Mozilla/5.0 (Windows NT 10.0; Win64; x64; rv:84.0) Gecko/20100101 Firefox/84.0"
40.190.208.45 - - [22/Jan/2021:08:23:48 +0000] "GET /json/messages/last?n=sd&room=6m88 HTTP/1.1" 200 5668 "https://miaou.dystroy.org/2528" "Mozilla/5.0 (Windows NT 10.0; Win64; x64; rv:84.0) Gecko/20100101 Firefox/84.0"
40.190.208.45 - - [22/Jan/2021:08:23:48 +0000] "GET /json/messages/last?n=sd&room=6m88 HTTP/1.1" 304 0 "https://miaou.dystroy.org/2528" "Mozilla/5.0 (Windows NT 10.0; Win64; x64; rv:84.0) Gecko/20100101 Firefox/84.0"
40.190.208.45 - - [22/Jan/2021:08:23:49 +0000] "GET /json/messages/last?n=a&room=10ua HTTP/1.1" 200 1124 "https://miaou.dystroy.org/2528" "Mozilla/5.0 (Windows NT 10.0; Win64; x64; rv:84.0) Gecko/20100101 Firefox/84.0"
55.63.186.91 - - [22/Jan/2021:08:23:52 +0000] "GET /JSON.prune/JSON.prune.js?_=ik4vyqdmlbneu HTTP/1.1" 200 5188 "https://schema02.esabora.solutions/" "Mozilla/5.0 (Windows NT 10.0; Win64; x64) AppleWebKit/537.36 (KHTML, like Gecko) Chrome/87.0.4280.141 Safari/537.36"
40.190.208.45 - - [22/Jan/2021:08:23:52 +0000] "GET /json/messages/last?n=a&room=jlh6 HTTP/1.1" 200 1100 "https://miaou.dystroy.org/2528" "Mozilla/5.0 (Windows NT 10.0; Win64; x64; rv:84.0) Gecko/20100101 Firefox/84.0"
40.190.208.45 - - [22/Jan/2021:08:23:52 +0000] "GET /json/messages/last?n=a&room=a2fv HTTP/1.1" 200 1420 "https://miaou.dystroy.org/2528" "Mozilla/5.0 (Windows NT 10.0; Win64; x64; rv:84.0) Gecko/20100101 Firefox/84.0"
f088:073f:2bf7:f3a3:9163:4750:43fd:4e29 - - [22/Jan/2021:08:23:53 +0000] "GET /gogo/json?action=7c1uz2f9flrxff&TrollId=3ssruh&ChrallVersion=9tku HTTP/1.1" 200 65 "https://games.mountyhall.com/" "Mozilla/5.0 (Windows NT 10.0; Win64; x64) AppleWebKit/537.36 (KHTML, like Gecko) Chrome/87.0.4280.141 Safari/537.36 Edg/87.0.664.75"
40.190.208.45 - - [22/Jan/2021:08:23:53 +0000] "GET /json/messages/last?n=a&room=jlh6 HTTP/1.1" 304 0 "https://miaou.dystroy.org/2528" "Mozilla/5.0 (Windows NT 10.0; Win64; x64; rv:84.0) Gecko/20100101 Firefox/84.0"
40.190.208.45 - - [22/Jan/2021:08:23:53 +0000] "GET /json/messages/last?n=a&room=10ua HTTP/1.1" 304 0 "https://miaou.dystroy.org/2528" "Mozilla/5.0 (Windows NT 10.0; Win64; x64; rv:84.0) Gecko/20100101 Firefox/84.0"
40.205.208.119 - - [22/Jan/2021:08:23:53 +0000] "POST /sciz-webhook HTTP/1.1" 200 0 "-" "python-requests/2.21.0"
2d06:0029:e34:172e:9aa4:3527:a89c:b59 - - [22/Jan/2021:08:23:54 +0000] "GET /gogo/json?action=mf331j19fcfriv57h&asker=9qdgp&name=14pge414kbey9v7oxv2u8wb383a40m4heaylwsm1o4a6iyr2lzxl4rbi&monsterId=vctusv3 HTTP/1.1" 200 114 "https://games.mountyhall.com/" "Mozilla/5.0 (Windows NT 10.0; Win64; x64) AppleWebKit/537.36 (KHTML, like Gecko) Chrome/87.0.4280.141 Safari/537.36"
2d06:0029:e34:172e:9aa4:3527:a89c:b59 - - [22/Jan/2021:08:23:54 +0000] "GET /gogo/json?action=mf331j19fcfriv57h&asker=9qdgp&name=0ocmg1rkfzbh7eowxyjq3w4tfwb075d6z1ujfarl0a85x8zxd67mbkfc&monsterId=1vuda9k HTTP/1.1" 200 114 "https://games.mountyhall.com/" "Mozilla/5.0 (Windows NT 10.0; Win64; x64) AppleWebKit/537.36 (KHTML, like Gecko) Chrome/87.0.4280.141 Safari/537.36"
2d06:0029:e34:172e:9aa4:3527:a89c:b59 - - [22/Jan/2021:08:23:54 +0000] "GET /gogo/json?action=mf331j19fcfriv57h&asker=9qdgp&name=qoexbwkwpe7zcdjaprloper8p3pkqthjs53mod3ywhvu1407cv4kfwtupve95hum&monsterId=5c2vmo0 HTTP/1.1" 200 118 "https://games.mountyhall.com/" "Mozilla/5.0 (Windows NT 10.0; Win64; x64) AppleWebKit/537.36 (KHTML, like Gecko) Chrome/87.0.4280.141 Safari/537.36"
40.190.208.45 - - [22/Jan/2021:08:23:54 +0000] "GET /json/messages/last?n=a&room=10ua HTTP/1.1" 304 0 "https://miaou.dystroy.org/2528" "Mozilla/5.0 (Windows NT 10.0; Win64; x64; rv:84.0) Gecko/20100101 Firefox/84.0"
2d06:0029:e34:172e:9aa4:3527:a89c:b59 - - [22/Jan/2021:08:23:57 +0000] "GET /gogo/json?action=mf331j19fcfriv57h&asker=9qdgp&name=ti3y24hq2a0yds835apwr82pd2cuxlyxao3o9599f6sj3ww6tiuyhr4q&monsterId=r2j145o HTTP/1.1" 200 114 "https://games.mountyhall.com/" "Mozilla/5.0 (Windows NT 10.0; Win64; x64) AppleWebKit/537.36 (KHTML, like Gecko) Chrome/87.0.4280.141 Safari/537.36"
2d06:0029:e34:172e:9aa4:3527:a89c:b59 - - [22/Jan/2021:08:23:57 +0000] "GET /gogo/json?action=mf331j19fcfriv57h&asker=9qdgp&name=0ocmg1rkfzbh7eowxyjq3w4tfwb075d6z1ujfarl0a85x8zxd67mbkfc&monsterId=1vuda9k HTTP/1.1" 200 114 "https://games.mountyhall.com/" "Mozilla/5.0 (Windows NT 10.0; Win64; x64) AppleWebKit/537.36 (KHTML, like Gecko) Chrome/87.0.4280.141 Safari/537.36"
2d06:0029:e34:172e:9aa4:3527:a89c:b59 - - [22/Jan/2021:08:23:57 +0000] "GET /gogo/json?action=mf331j19fcfriv57h&asker=9qdgp&name=x4n9h8c9twp9a1bnnsgmwz6vy3aj7y2o6nxg3vj26y2xhsjtn9x2wwdp&monsterId=t0cminr HTTP/1.1" 200 114 "https://games.mountyhall.com/" "Mozilla/5.0 (Windows NT 10.0; Win64; x64) AppleWebKit/537.36 (KHTML, like Gecko) Chrome/87.0.4280.141 Safari/537.36"
2d06:0029:e34:172e:9aa4:3527:a89c:b59 - - [22/Jan/2021:08:23:57 +0000] "GET /gogo/json?action=mf331j19fcfriv57h&asker=9qdgp&name=2yhi59w4vxmngxnmfqnip3g94jvshfpm991v0ax3c5z7w5jdc89hjdbsvsxamy&monsterId=myme4af HTTP/1.1" 200 118 "https://games.mountyhall.com/" "Mozilla/5.0 (Windows NT 10.0; Win64; x64) AppleWebKit/537.36 (KHTML, like Gecko) Chrome/87.0.4280.141 Safari/537.36"
2d06:0029:e34:172e:9aa4:3527:a89c:b59 - - [22/Jan/2021:08:23:57 +0000] "GET /gogo/json?action=mf331j19fcfriv57h&asker=9qdgp&name=14pge414kbey9v7oxv2u8wb383a40m4heaylwsm1o4a6iyr2lzxl4rbi&monsterId=vctusv3 HTTP/1.1" 200 114 "https://games.mountyhall.com/" "Mozilla/5.0 (Windows NT 10.0; Win64; x64) AppleWebKit/537.36 (KHTML, like Gecko) Chrome/87.0.4280.141 Safari/537.36"
2d06:0029:e34:172e:9aa4:3527:a89c:b59 - - [22/Jan/2021:08:23:58 +0000] "GET /gogo/json?action=mf331j19fcfriv57h&asker=9qdgp&name=5rpvxsa9pxgycj1wbfnzszov5dkt73dp7zrmd11ceaokliztvloavxnre1gdf64om6j&monsterId=cwj5bq0 HTTP/1.1" 200 119 "https://games.mountyhall.com/" "Mozilla/5.0 (Windows NT 10.0; Win64; x64) AppleWebKit/537.36 (KHTML, like Gecko) Chrome/87.0.4280.141 Safari/537.36"
2d06:0029:e34:172e:9aa4:3527:a89c:b59 - - [22/Jan/2021:08:24:00 +0000] "GET /gogo/json?action=mf331j19fcfriv57h&asker=9qdgp&name=2zmts1dkz5e9gkpy2uwpkgbbq2rt4altnvurz3uxinlvrl8nrwq0o&monsterId=9rog1qx HTTP/1.1" 200 113 "https://games.mountyhall.com/" "Mozilla/5.0 (Windows NT 10.0; Win64; x64) AppleWebKit/537.36 (KHTML, like Gecko) Chrome/87.0.4280.141 Safari/537.36"
2d06:0029:e34:172e:9aa4:3527:a89c:b59 - - [22/Jan/2021:08:24:00 +0000] "GET /gogo/json?action=mf331j19fcfriv57h&asker=9qdgp&name=14pge414kbey9v7oxv2u8wb383a40m4heaylwsm1o4a6iyr2lzxl4rbi&monsterId=vctusv3 HTTP/1.1" 200 114 "https://games.mountyhall.com/" "Mozilla/5.0 (Windows NT 10.0; Win64; x64) AppleWebKit/537.36 (KHTML, like Gecko) Chrome/87.0.4280.141 Safari/537.36"
2d06:0029:e34:172e:9aa4:3527:a89c:b59 - - [22/Jan/2021:08:24:00 +0000] "GET /gogo/json?action=mf331j19fcfriv57h&asker=9qdgp&name=2zmts1dkz5e9gkpy2uwpkgbbq2rt4altnvurz3uxinlvrl8nrwq0o&monsterId=9rog1qx HTTP/1.1" 200 113 "https://games.mountyhall.com/" "Mozilla/5.0 (Windows NT 10.0; Win64; x64) AppleWebKit/537.36 (KHTML, like Gecko) Chrome/87.0.4280.141 Safari/537.36"
2d06:0029:e34:172e:9aa4:3527:a89c:b59 - - [22/Jan/2021:08:24:00 +0000] "GET /gogo/json?action=mf331j19fcfriv57h&asker=9qdgp&name=n4dsmb4820wwraqdnur3n0kzttpf8wv9m&monsterId=yhgrf8a HTTP/1.1" 200 2455 "https://games.mountyhall.com/" "Mozilla/5.0 (Windows NT 10.0; Win64; x64) AppleWebKit/537.36 (KHTML, like Gecko) Chrome/87.0.4280.141 Safari/537.36"
2d06:0029:e34:172e:9aa4:3527:a89c:b59 - - [22/Jan/2021:08:24:01 +0000] "GET /gogo/json?action=bgc6r5eeshp5nu&asker=9qdgp&trollId=fb3ij HTTP/1.1" 200 84 "https://games.mountyhall.com/" "Mozilla/5.0 (Windows NT 10.0; Win64; x64) AppleWebKit/537.36 (KHTML, like Gecko) Chrome/87.0.4280.141 Safari/537.36"
2d06:0029:e34:172e:9aa4:3527:a89c:b59 - - [22/Jan/2021:08:24:01 +0000] "GET /gogo/json?action=bgc6r5eeshp5nu&trollId=9qdgp HTTP/1.1" 200 84 "https://games.mountyhall.com/" "Mozilla/5.0 (Windows NT 10.0; Win64; x64) AppleWebKit/537.36 (KHTML, like Gecko) Chrome/87.0.4280.141 Safari/537.36"
2d06:0029:e34:172e:9aa4:3527:a89c:b59 - - [22/Jan/2021:08:24:01 +0000] "GET /gogo/json?action=bgc6r5eeshp5nu&asker=9qdgp&trollId=fb3ij HTTP/1.1" 200 84 "https://games.mountyhall.com/" "Mozilla/5.0 (Windows NT 10.0; Win64; x64) AppleWebKit/537.36 (KHTML, like Gecko) Chrome/87.0.4280.141 Safari/537.36"
40.205.208.119 - - [22/Jan/2021:08:24:01 +0000] "POST /sciz-webhook HTTP/1.1" 200 0 "-" "python-requests/2.21.0"
f088:073f:2bf7:f3a3:9163:4750:43fd:4e29 - - [22/Jan/2021:08:24:06 +0000] "GET /gogo/json?action=7c1uz2f9flrxff&TrollId=3ssruh&ChrallVersion=9tku HTTP/1.1" 200 65 "https://games.mountyhall.com/" "Mozilla/5.0 (Windows NT 10.0; Win64; x64) AppleWebKit/537.36 (KHTML, like Gecko) Chrome/87.0.4280.141 Safari/537.36 Edg/87.0.664.75"
61e3:f08:a7f:95e8:1cba:8117:79f:1a6f - - [22/Jan/2021:08:24:09 +0000] "GET /gogo/json?action=mf331j19fcfriv57h&asker=avy242&name=z8f49uxjb2vbzwwiji8omj1gmd44ms9ra7qi5psqjxj9k66zsao37&monsterId=8sknhr7 HTTP/1.1" 200 2667 "https://games.mountyhall.com/" "Mozilla/5.0 (Windows NT 10.0; Win64; x64) AppleWebKit/537.36 (KHTML, like Gecko) Chrome/87.0.4280.141 Safari/537.36"
2d06:0029:e34:172e:9aa4:3527:a89c:b59 - - [22/Jan/2021:08:24:12 +0000] "GET /gogo/json?action=bgc6r5eeshp5nu&trollId=ykedv HTTP/1.1" 200 84 "https://games.mountyhall.com/" "Mozilla/5.0 (Windows NT 10.0; Win64; x64) AppleWebKit/537.36 (KHTML, like Gecko) Chrome/87.0.4280.141 Safari/537.36"
17d7:3da:d5a7:7d05:f6c4:e133:7bb6:9393 - - [22/Jan/2021:08:24:12 +0000] "GET /gogo/json?action=7c1uz2f9flrxff&TrollId=hh8tnk&ChrallVersion=9tku HTTP/1.1" 200 65 "https://games.mountyhall.com/" "Mozilla/5.0 (Windows NT 10.0; Win64; x64) AppleWebKit/537.36 (KHTML, like Gecko) Chrome/87.0.4280.141 Safari/537.36"
2d06:0029:e34:172e:9aa4:3527:a89c:b59 - - [22/Jan/2021:08:24:12 +0000] "GET /gogo/json?action=bgc6r5eeshp5nu&trollId=0ttt53zmf HTTP/1.1" 200 88 "https://games.mountyhall.com/" "Mozilla/5.0 (Windows NT 10.0; Win64; x64) AppleWebKit/537.36 (KHTML, like Gecko) Chrome/87.0.4280.141 Safari/537.36"
2d06:0029:e34:172e:9aa4:3527:a89c:b59 - - [22/Jan/2021:08:24:14 +0000] "GET /gogo/json?action=mf331j19fcfriv57h&name=3h8dd0iyyxz866kzjpqop5scudqm0sbpqu3qvc6cqzk&monsterId=0ttt53zmf HTTP/1.1" 200 2347 "https://games.mountyhall.com/" "Mozilla/5.0 (Windows NT 10.0; Win64; x64) AppleWebKit/537.36 (KHTML, like Gecko) Chrome/87.0.4280.141 Safari/537.36"
61e3:f08:a7f:95e8:1cba:8117:79f:1a6f - - [22/Jan/2021:08:24:15 +0000] "GET /gogo/json?action=mf331j19fcfriv57h&asker=avy242&name=iyri666yp6dkukbah0zguc2cxzbs0g49wc0u2nh0xiyjd10wg3bdbapdrjwif95j6&monsterId=f5ozzbf HTTP/1.1" 200 123 "https://games.mountyhall.com/" "Mozilla/5.0 (Windows NT 10.0; Win64; x64) AppleWebKit/537.36 (KHTML, like Gecko) Chrome/87.0.4280.141 Safari/537.36"
164.148.62.108 - - [22/Jan/2021:08:24:18 +0000] "GET /broot/install/ HTTP/1.1" 200 3865 "https://dystroy.org/broot/documentation/configuration/" "Mozilla/5.0 (iPhone; CPU iPhone OS 14_3 like Mac OS X) AppleWebKit/605.1.15 (KHTML, like Gecko) CriOS/87.0.4280.77 Mobile/15E148 Safari/604.1"
2d06:0029:e34:172e:9aa4:3527:a89c:b59 - - [22/Jan/2021:08:24:21 +0000] "GET /gogo/json?action=bgc6r5eeshp5nu&trollId=ykedv HTTP/1.1" 200 84 "https://games.mountyhall.com/" "Mozilla/5.0 (Windows NT 10.0; Win64; x64) AppleWebKit/537.36 (KHTML, like Gecko) Chrome/87.0.4280.141 Safari/537.36"
2d06:0029:e34:172e:9aa4:3527:a89c:b59 - - [22/Jan/2021:08:24:22 +0000] "GET /gogo/json?action=mf331j19fcfriv57h&name=2zmts1dkz5e9gkpy2uwpkgbbq2rt4altnvurz3uxinlvrl8nrwq0o&monsterId=0ttt53zmf HTTP/1.1" 200 113 "https://games.mountyhall.com/" "Mozilla/5.0 (Windows NT 10.0; Win64; x64) AppleWebKit/537.36 (KHTML, like Gecko) Chrome/87.0.4280.141 Safari/537.36"
2d06:0029:e34:172e:9aa4:3527:a89c:b59 - - [22/Jan/2021:08:24:23 +0000] "GET /gogo/json?action=mf331j19fcfriv57h&name=2zmts1dkz5e9gkpy2uwpkgbbq2rt4altnvurz3uxinlvrl8nrwq0o&monsterId=0ttt53zmf HTTP/1.1" 200 113 "https://games.mountyhall.com/" "Mozilla/5.0 (Windows NT 10.0; Win64; x64) AppleWebKit/537.36 (KHTML, like Gecko) Chrome/87.0.4280.141 Safari/537.36"
8534:58a:9dc:591:c5fb:1600:7faa:67ef - - [22/Jan/2021:08:24:34 +0000] "GET /gogo/json?action=mf331j19fcfriv57h&name=f8w9prnjeofv0jss5jh9fcu1ghulkfrutnao5s8fvv5&monsterId=0ttt53zmf HTTP/1.1" 200 103 "https://games.mountyhall.com/" "Mozilla/5.0 (Windows NT 10.0; Win64; x64) AppleWebKit/537.36 (KHTML, like Gecko) Chrome/87.0.4280.141 Safari/537.36"
40.205.208.119 - - [22/Jan/2021:08:24:35 +0000] "POST /sciz-webhook HTTP/1.1" 200 0 "-" "python-requests/2.21.0"
40.205.208.119 - - [22/Jan/2021:08:24:35 +0000] "POST /sciz-webhook HTTP/1.1" 200 0 "-" "python-requests/2.21.0"
2d06:0029:e34:172e:9aa4:3527:a89c:b59 - - [22/Jan/2021:08:24:42 +0000] "GET /gogo/json?action=bgc6r5eeshp5nu&trollId=0ttt53zmf HTTP/1.1" 200 88 "https://games.mountyhall.com/" "Mozilla/5.0 (Windows NT 10.0; Win64; x64) AppleWebKit/537.36 (KHTML, like Gecko) Chrome/87.0.4280.141 Safari/537.36"
2d06:0029:e34:172e:9aa4:3527:a89c:b59 - - [22/Jan/2021:08:24:42 +0000] "GET /gogo/json?action=bgc6r5eeshp5nu&trollId=0ttt53zmf HTTP/1.1" 200 88 "https://games.mountyhall.com/" "Mozilla/5.0 (Windows NT 10.0; Win64; x64) AppleWebKit/537.36 (KHTML, like Gecko) Chrome/87.0.4280.141 Safari/537.36"
f088:073f:2bf7:f3a3:9163:4750:43fd:4e29 - - [22/Jan/2021:08:24:47 +0000] "GET /gogo/json?action=mf331j19fcfriv57h&asker=3ssruh&name=71fa3b3jrr2v0u4qtxkwr59nougsxw33ozqrf9qyirs4&monsterId=nv5xmv6 HTTP/1.1" 200 104 "https://games.mountyhall.com/" "Mozilla/5.0 (Windows NT 10.0; Win64; x64) AppleWebKit/537.36 (KHTML, like Gecko) Chrome/87.0.4280.141 Safari/537.36 Edg/87.0.664.75"
66.117.89.209 - - [22/Jan/2021:08:24:47 +0000] "GET /socket.io/?EIO=y&transport=xkmoyoi&t=1fiydyi HTTP/1.1" 200 99 "https://miaou.dystroy.org/1616" "Mozilla/5.0 (Linux; Android 10; ONEPLUS A6013) AppleWebKit/537.36 (KHTML, like Gecko) Chrome/87.0.4280.141 Mobile Safari/537.36"
f088:073f:2bf7:f3a3:9163:4750:43fd:4e29 - - [22/Jan/2021:08:24:47 +0000] "GET /gogo/json?action=mf331j19fcfriv57h&asker=3ssruh&name=meotohzftqeb4yda83gxbya4&monsterId=no1f06w HTTP/1.1" 200 2744 "https://games.mountyhall.com/" "Mozilla/5.0 (Windows NT 10.0; Win64; x64) AppleWebKit/537.36 (KHTML, like Gecko) Chrome/87.0.4280.141 Safari/537.36 Edg/87.0.664.75"
66.117.89.209 - - [22/Jan/2021:08:24:47 +0000] "GET /socket.io/?EIO=y&transport=xkmoyoi&t=yauctxk&sid=nx2jel2z9ap1oc9lzxg0 HTTP/1.1" 200 18 "https://miaou.dystroy.org/1616" "Mozilla/5.0 (Linux; Android 10; ONEPLUS A6013) AppleWebKit/537.36 (KHTML, like Gecko) Chrome/87.0.4280.141 Mobile Safari/537.36"
66.117.89.209 - - [22/Jan/2021:08:24:47 +0000] "POST /socket.io/?EIO=y&transport=xkmoyoi&t=iocawnp&sid=nx2jel2z9ap1oc9lzxg0 HTTP/1.1" 200 2 "https://miaou.dystroy.org/1616" "Mozilla/5.0 (Linux; Android 10; ONEPLUS A6013) AppleWebKit/537.36 (KHTML, like Gecko) Chrome/87.0.4280.141 Mobile Safari/537.36"
2d06:0029:e34:172e:9aa4:3527:a89c:b59 - - [22/Jan/2021:08:24:47 +0000] "GET /gogo/json?action=bgc6r5eeshp5nu&trollId=0ttt53zmf HTTP/1.1" 200 88 "https://games.mountyhall.com/" "Mozilla/5.0 (Windows NT 10.0; Win64; x64) AppleWebKit/537.36 (KHTML, like Gecko) Chrome/87.0.4280.141 Safari/537.36"
66.117.89.209 - - [22/Jan/2021:08:24:47 +0000] "GET /socket.io/?EIO=y&transport=xkmoyoi&t=oetyu9w&sid=nx2jel2z9ap1oc9lzxg0 HTTP/1.1" 200 6377 "https://miaou.dystroy.org/1616" "Mozilla/5.0 (Linux; Android 10; ONEPLUS A6013) AppleWebKit/537.36 (KHTML, like Gecko) Chrome/87.0.4280.141 Mobile Safari/537.36"
2d06:0029:e34:172e:9aa4:3527:a89c:b59 - - [22/Jan/2021:08:24:48 +0000] "GET /gogo/json?action=bgc6r5eeshp5nu&trollId=0ttt53zmf HTTP/1.1" 200 88 "https://games.mountyhall.com/" "Mozilla/5.0 (Windows NT 10.0; Win64; x64) AppleWebKit/537.36 (KHTML, like Gecko) Chrome/87.0.4280.141 Safari/537.36"
66.117.89.209 - - [22/Jan/2021:08:24:48 +0000] "POST /socket.io/?EIO=y&transport=xkmoyoi&t=n4517cu&sid=nx2jel2z9ap1oc9lzxg0 HTTP/1.1" 200 2 "https://miaou.dystroy.org/1616" "Mozilla/5.0 (Linux; Android 10; ONEPLUS A6013) AppleWebKit/537.36 (KHTML, like Gecko) Chrome/87.0.4280.141 Mobile Safari/537.36"
66.117.89.209 - - [22/Jan/2021:08:24:48 +0000] "GET /socket.io/?EIO=y&transport=xkmoyoi&t=wejy8tz&sid=nx2jel2z9ap1oc9lzxg0 HTTP/1.1" 200 433 "https://miaou.dystroy.org/1616" "Mozilla/5.0 (Linux; Android 10; ONEPLUS A6013) AppleWebKit/537.36 (KHTML, like Gecko) Chrome/87.0.4280.141 Mobile Safari/537.36"
66.117.89.209 - - [22/Jan/2021:08:24:48 +0000] "POST /socket.io/?EIO=y&transport=xkmoyoi&t=odv652a&sid=nx2jel2z9ap1oc9lzxg0 HTTP/1.1" 200 2 "https://miaou.dystroy.org/1616" "Mozilla/5.0 (Linux; Android 10; ONEPLUS A6013) AppleWebKit/537.36 (KHTML, like Gecko) Chrome/87.0.4280.141 Mobile Safari/537.36"
66.117.89.209 - - [22/Jan/2021:08:24:48 +0000] "GET /socket.io/?EIO=y&transport=xkmoyoi&t=4jth1jp&sid=nx2jel2z9ap1oc9lzxg0 HTTP/1.1" 200 3979 "https://miaou.dystroy.org/1616" "Mozilla/5.0 (Linux; Android 10; ONEPLUS A6013) AppleWebKit/537.36 (KHTML, like Gecko) Chrome/87.0.4280.141 Mobile Safari/537.36"
f088:073f:2bf7:f3a3:9163:4750:43fd:4e29 - - [22/Jan/2021:08:24:48 +0000] "GET /gogo/json?action=mf331j19fcfriv57h&asker=3ssruh&name=71fa3b3jrr2v0u4qtxkwr59nougsxw33ozqrf9qyirs4&monsterId=nv5xmv6 HTTP/1.1" 200 104 "https://games.mountyhall.com/" "Mozilla/5.0 (Windows NT 10.0; Win64; x64) AppleWebKit/537.36 (KHTML, like Gecko) Chrome/87.0.4280.141 Safari/537.36 Edg/87.0.664.75"
2d06:0029:e34:172e:9aa4:3527:a89c:b59 - - [22/Jan/2021:08:24:49 +0000] "GET /gogo/json?action=bgc6r5eeshp5nu&trollId=ykedv HTTP/1.1" 200 84 "https://games.mountyhall.com/" "Mozilla/5.0 (Windows NT 10.0; Win64; x64) AppleWebKit/537.36 (KHTML, like Gecko) Chrome/87.0.4280.141 Safari/537.36"
2d06:0029:e34:172e:9aa4:3527:a89c:b59 - - [22/Jan/2021:08:24:49 +0000] "GET /gogo/json?action=mf331j19fcfriv57h&name=qko1veewm947wvauie87srus5kprlke6wl&monsterId=o94tkwp HTTP/1.1" 200 2373 "https://games.mountyhall.com/" "Mozilla/5.0 (Windows NT 10.0; Win64; x64) AppleWebKit/537.36 (KHTML, like Gecko) Chrome/87.0.4280.141 Safari/537.36"
8534:58a:9dc:591:c5fb:1600:7faa:67ef - - [22/Jan/2021:08:24:52 +0000] "GET /gogo/json?action=mf331j19fcfriv57h&name=f8w9prnjeofv0jss5jh9fcu1ghulkfrutnao5s8fvv5&monsterId=0ttt53zmf HTTP/1.1" 200 103 "https://games.mountyhall.com/" "Mozilla/5.0 (Windows NT 10.0; Win64; x64) AppleWebKit/537.36 (KHTML, like Gecko) Chrome/87.0.4280.141 Safari/537.36"
f088:073f:2bf7:f3a3:9163:4750:43fd:4e29 - - [22/Jan/2021:08:24:56 +0000] "GET /gogo/json?action=mf331j19fcfriv57h&asker=3ssruh&name=meotohzftqeb4yda83gxbya4&monsterId=no1f06w HTTP/1.1" 200 2744 "https://games.mountyhall.com/" "Mozilla/5.0 (Windows NT 10.0; Win64; x64) AppleWebKit/537.36 (KHTML, like Gecko) Chrome/87.0.4280.141 Safari/537.36 Edg/87.0.664.75"
f088:073f:2bf7:f3a3:9163:4750:43fd:4e29 - - [22/Jan/2021:08:24:56 +0000] "GET /gogo/json?action=mf331j19fcfriv57h&asker=3ssruh&name=teoi0cg3lwy9ptjje6dy2ehrqgh9hwl&monsterId=dvl9oie HTTP/1.1" 200 2735 "https://games.mountyhall.com/" "Mozilla/5.0 (Windows NT 10.0; Win64; x64) AppleWebKit/537.36 (KHTML, like Gecko) Chrome/87.0.4280.141 Safari/537.36 Edg/87.0.664.75"
40.205.208.119 - - [22/Jan/2021:08:24:58 +0000] "POST /sciz-webhook HTTP/1.1" 200 0 "-" "python-requests/2.21.0"
40.205.208.119 - - [22/Jan/2021:08:24:58 +0000] "POST /sciz-webhook HTTP/1.1" 200 0 "-" "python-requests/2.21.0"
2d06:0029:e34:172e:9aa4:3527:a89c:b59 - - [22/Jan/2021:08:24:59 +0000] "GET /gogo/json?action=bgc6r5eeshp5nu&trollId=0ttt53zmf HTTP/1.1" 200 88 "https://games.mountyhall.com/" "Mozilla/5.0 (Windows NT 10.0; Win64; x64) AppleWebKit/537.36 (KHTML, like Gecko) Chrome/87.0.4280.141 Safari/537.36"
2d06:0029:e34:172e:9aa4:3527:a89c:b59 - - [22/Jan/2021:08:24:59 +0000] "GET /gogo/json?action=bgc6r5eeshp5nu&trollId=0ttt53zmf HTTP/1.1" 200 88 "https://games.mountyhall.com/" "Mozilla/5.0 (Windows NT 10.0; Win64; x64) AppleWebKit/537.36 (KHTML, like Gecko) Chrome/87.0.4280.141 Safari/537.36"
2d06:0029:e34:172e:9aa4:3527:a89c:b59 - - [22/Jan/2021:08:24:59 +0000] "GET /gogo/json?action=mf331j19fcfriv57h&name=n4dsmb4820wwraqdnur3n0kzttpf8wv9m&monsterId=0ttt53zmf HTTP/1.1" 200 2455 "https://games.mountyhall.com/" "Mozilla/5.0 (Windows NT 10.0; Win64; x64) AppleWebKit/537.36 (KHTML, like Gecko) Chrome/87.0.4280.141 Safari/537.36"
40.205.208.119 - - [22/Jan/2021:08:25:00 +0000] "POST /sciz-webhook HTTP/1.1" 200 0 "-" "python-requests/2.21.0"
8534:58a:9dc:591:c5fb:1600:7faa:67ef - - [22/Jan/2021:08:25:03 +0000] "GET /gogo/json?action=mf331j19fcfriv57h&asker=dzjim&name=f8w9prnjeofv0jss5jh9fcu1ghulkfrutnao5s8fvv5&monsterId=7slmk1x HTTP/1.1" 200 103 "https://games.mountyhall.com/" "Mozilla/5.0 (Windows NT 10.0; Win64; x64) AppleWebKit/537.36 (KHTML, like Gecko) Chrome/87.0.4280.141 Safari/537.36"
8534:58a:9dc:591:c5fb:1600:7faa:67ef - - [22/Jan/2021:08:25:03 +0000] "GET /gogo/json?action=mf331j19fcfriv57h&asker=dzjim&name=hr0lnbnh5r9kwrvixmtduknqchev2uwi6601clyf2aw18h5tes&monsterId=z4o0ir8 HTTP/1.1" 200 1532 "https://games.mountyhall.com/" "Mozilla/5.0 (Windows NT 10.0; Win64; x64) AppleWebKit/537.36 (KHTML, like Gecko) Chrome/87.0.4280.141 Safari/537.36"
2d06:0029:e34:172e:9aa4:3527:a89c:b59 - - [22/Jan/2021:08:25:03 +0000] "GET /gogo/json?action=mf331j19fcfriv57h&name=n4dsmb4820wwraqdnur3n0kzttpf8wv9m&monsterId=0ttt53zmf HTTP/1.1" 200 2455 "https://games.mountyhall.com/" "Mozilla/5.0 (Windows NT 10.0; Win64; x64) AppleWebKit/537.36 (KHTML, like Gecko) Chrome/87.0.4280.141 Safari/537.36"
8534:58a:9dc:591:c5fb:1600:7faa:67ef - - [22/Jan/2021:08:25:04 +0000] "GET /gogo/json?action=mf331j19fcfriv57h&asker=dzjim&name=f8w9prnjeofv0jss5jh9fcu1ghulkfrutnao5s8fvv5&monsterId=7slmk1x HTTP/1.1" 200 103 "https://games.mountyhall.com/" "Mozilla/5.0 (Windows NT 10.0; Win64; x64) AppleWebKit/537.36 (KHTML, like Gecko) Chrome/87.0.4280.141 Safari/537.36"
8534:58a:9dc:591:c5fb:1600:7faa:67ef - - [22/Jan/2021:08:25:04 +0000] "GET /gogo/json?action=mf331j19fcfriv57h&asker=dzjim&name=fz24mb0by8qmm9i5n34k534omh29ohe3tlq&monsterId=p0wm429 HTTP/1.1" 200 2358 "https://games.mountyhall.com/" "Mozilla/5.0 (Windows NT 10.0; Win64; x64) AppleWebKit/537.36 (KHTML, like Gecko) Chrome/87.0.4280.141 Safari/537.36"
8534:58a:9dc:591:c5fb:1600:7faa:67ef - - [22/Jan/2021:08:25:04 +0000] "GET /gogo/json?action=mf331j19fcfriv57h&asker=dzjim&name=kbqgqcyk2ftx0zfqkxn13dsfy20yavdac2utjyl5fs1j&monsterId=n73bx6z HTTP/1.1" 200 2753 "https://games.mountyhall.com/" "Mozilla/5.0 (Windows NT 10.0; Win64; x64) AppleWebKit/537.36 (KHTML, like Gecko) Chrome/87.0.4280.141 Safari/537.36"
8534:58a:9dc:591:c5fb:1600:7faa:67ef - - [22/Jan/2021:08:25:04 +0000] "GET /gogo/json?action=mf331j19fcfriv57h&asker=dzjim&name=to48muu8ff40rm4survl1kcanzrass25g5q&monsterId=xvsip1d HTTP/1.1" 200 2743 "https://games.mountyhall.com/" "Mozilla/5.0 (Windows NT 10.0; Win64; x64) AppleWebKit/537.36 (KHTML, like Gecko) Chrome/87.0.4280.141 Safari/537.36"
8534:58a:9dc:591:c5fb:1600:7faa:67ef - - [22/Jan/2021:08:25:04 +0000] "GET /gogo/json?action=mf331j19fcfriv57h&asker=dzjim&name=z78slhnei8gjliaz8iao3izb8y3ak6&monsterId=i2z6n94 HTTP/1.1" 200 1328 "https://games.mountyhall.com/" "Mozilla/5.0 (Windows NT 10.0; Win64; x64) AppleWebKit/537.36 (KHTML, like Gecko) Chrome/87.0.4280.141 Safari/537.36"
8534:58a:9dc:591:c5fb:1600:7faa:67ef - - [22/Jan/2021:08:25:04 +0000] "GET /gogo/json?action=mf331j19fcfriv57h&asker=dzjim&name=z78slhnei8gjliaz8iao3izb8y3ak6&monsterId=i2z6n94 HTTP/1.1" 200 1328 "https://games.mountyhall.com/" "Mozilla/5.0 (Windows NT 10.0; Win64; x64) AppleWebKit/537.36 (KHTML, like Gecko) Chrome/87.0.4280.141 Safari/537.36"
8534:58a:9dc:591:c5fb:1600:7faa:67ef - - [22/Jan/2021:08:25:04 +0000] "GET /gogo/json?action=mf331j19fcfriv57h&asker=dzjim&name=kbqgqcyk2ftx0zfqkxn13dsfy20yavdac2utjyl5fs1j&monsterId=n73bx6z HTTP/1.1" 200 2753 "https://games.mountyhall.com/" "Mozilla/5.0 (Windows NT 10.0; Win64; x64) AppleWebKit/537.36 (KHTML, like Gecko) Chrome/87.0.4280.141 Safari/537.36"
8534:58a:9dc:591:c5fb:1600:7faa:67ef - - [22/Jan/2021:08:25:05 +0000] "GET /gogo/json?action=mf331j19fcfriv57h&asker=dzjim&name=71fa3b3jrr2v0u4qtxkwr59nougsxw33ozqrf9qyirs4&monsterId=1o6qgls HTTP/1.1" 200 104 "https://games.mountyhall.com/" "Mozilla/5.0 (Windows NT 10.0; Win64; x64) AppleWebKit/537.36 (KHTML, like Gecko) Chrome/87.0.4280.141 Safari/537.36"
8534:58a:9dc:591:c5fb:1600:7faa:67ef - - [22/Jan/2021:08:25:05 +0000] "GET /gogo/json?action=mf331j19fcfriv57h&asker=dzjim&name=bfu6o9z2pgz4pj7wgwecv58je0xvs&monsterId=qr561ek HTTP/1.1" 200 2448 "https://games.mountyhall.com/" "Mozilla/5.0 (Windows NT 10.0; Win64; x64) AppleWebKit/537.36 (KHTML, like Gecko) Chrome/87.0.4280.141 Safari/537.36"
8534:58a:9dc:591:c5fb:1600:7faa:67ef - - [22/Jan/2021:08:25:05 +0000] "GET /gogo/json?action=mf331j19fcfriv57h&asker=dzjim&name=fz24mb0by8qmm9i5n34k534omh29ohe3tlq&monsterId=p0wm429 HTTP/1.1" 200 2358 "https://games.mountyhall.com/" "Mozilla/5.0 (Windows NT 10.0; Win64; x64) AppleWebKit/537.36 (KHTML, like Gecko) Chrome/87.0.4280.141 Safari/537.36"
8534:58a:9dc:591:c5fb:1600:7faa:67ef - - [22/Jan/2021:08:25:05 +0000] "GET /gogo/json?action=mf331j19fcfriv57h&asker=dzjim&name=iaoaxlupp8nln2fmt7tdveajdfl2vgloctqeqjhwc228fae7ctag&monsterId=jwf3hk9 HTTP/1.1" 200 1447 "https://games.mountyhall.com/" "Mozilla/5.0 (Windows NT 10.0; Win64; x64) AppleWebKit/537.36 (KHTML, like Gecko) Chrome/87.0.4280.141 Safari/537.36"
8534:58a:9dc:591:c5fb:1600:7faa:67ef - - [22/Jan/2021:08:25:05 +0000] "GET /gogo/json?action=mf331j19fcfriv57h&asker=dzjim&name=hfttrppdo5ncriz41z7519ou11u7963ng7zneh3cge9zo5&monsterId=5wko3a3 HTTP/1.1" 200 2540 "https://games.mountyhall.com/" "Mozilla/5.0 (Windows NT 10.0; Win64; x64) AppleWebKit/537.36 (KHTML, like Gecko) Chrome/87.0.4280.141 Safari/537.36"
8534:58a:9dc:591:c5fb:1600:7faa:67ef - - [22/Jan/2021:08:25:05 +0000] "GET /gogo/json?action=mf331j19fcfriv57h&asker=dzjim&name=aelzp1nre6pgzdlg18zpohc54av&monsterId=7tatibh HTTP/1.1" 200 2765 "https://games.mountyhall.com/" "Mozilla/5.0 (Windows NT 10.0; Win64; x64) AppleWebKit/537.36 (KHTML, like Gecko) Chrome/87.0.4280.141 Safari/537.36"
