71.224.27.0 - - [22/Jan/2021:06:53:32 +0000] "GET /gogo/json?action=mf331j19fcfriv57h&name=07tvc4c6z7xabsaw2wofvjy0ol91xapluwe&monsterId=0ttt53zmf HTTP/1.1" 200 2775 "https://games.mountyhall.com/" "Mozilla/5.0 (Macintosh; Intel Mac OS X 10_13_6) AppleWebKit/537.36 (KHTML, like Gecko) Chrome/87.0.4280.141 Safari/537.36"
71.224.27.0 - - [22/Jan/2021:06:53:32 +0000] "GET /gogo/json?action=bgc6r5eeshp5nu&trollId=rbmfr HTTP/1.1" 200 84 "https://games.mountyhall.com/" "Mozilla/5.0 (Macintosh; Intel Mac OS X 10_13_6) AppleWebKit/537.36 (KHTML, like Gecko) Chrome/87.0.4280.141 Safari/537.36"
33.143.183.234 - - [22/Jan/2021:06:53:35 +0000] "GET /JSON.prune/JSON.prune.js?_=f3rzgo9zspybi HTTP/1.1" 200 5188 "https://schema02.esabora.solutions/" "Mozilla/5.0 (Windows NT 10.0; Win64; x64) AppleWebKit/537.36 (KHTML, like Gecko) Chrome/87.0.4280.141 Safari/537.36"
28.46.53.144 - - [22/Jan/2021:06:53:46 +0000] "GET /publicProfile?user=8xf&room=iayh HTTP/1.1" 200 363 "https://miaou.dystroy.org/1556" "Mozilla/5.0 (Windows NT 6.1; rv:84.0) Gecko/20100101 Firefox/84.0"
718a:47b:fb6:384a:cdc3:abef:afd9:5d62 - - [22/Jan/2021:06:53:53 +0000] "GET /json/messages/last?n=a&room=eil0 HTTP/1.1" 304 0 "https://miaou.dystroy.org/3728" "Mozilla/5.0 (Windows NT 10.0; Win64; x64; rv:84.0) Gecko/20100101 Firefox/84.0"
169.30.222.190 - - [22/Jan/2021:06:53:58 +0000] "GET /login HTTP/1.1" 200 714 "https://github.com/awesome-selfhosted/awesome-selfhosted" "Mozilla/5.0 (Windows NT 10.0; Win64; x64) AppleWebKit/537.36 (KHTML, like Gecko) Chrome/87.0.4280.141 Safari/537.36"
26.26.144.63 - - [22/Jan/2021:06:54:08 +0000] "GET /keybase.txt HTTP/1.1" 301 185 "-" "keybase-proofs/2.3.24"
26.26.144.63 - - [22/Jan/2021:06:54:08 +0000] "GET /keybase.txt HTTP/1.1" 200 3278 "-" "keybase-proofs/2.3.24"
40.205.208.119 - - [22/Jan/2021:06:54:10 +0000] "POST /sciz-webhook HTTP/1.1" 200 0 "-" "python-requests/2.21.0"
40.205.208.119 - - [22/Jan/2021:06:54:12 +0000] "POST /sciz-webhook HTTP/1.1" 200 0 "-" "python-requests/2.21.0"
169.30.222.190 - - [22/Jan/2021:06:54:13 +0000] "GET /auth/google HTTP/1.1" 302 0 "https://miaou.dystroy.org/login" "Mozilla/5.0 (Windows NT 10.0; Win64; x64) AppleWebKit/537.36 (KHTML, like Gecko) Chrome/87.0.4280.141 Safari/537.36"
169.30.222.190 - - [22/Jan/2021:06:54:16 +0000] "GET /auth/google/callback?state=li1e&code=mg0p7k3a4mzjre482axrzn86l9czopp9yy1aalv9iquw4t3czxme36mmj3302odel9kh6iz2dce&scope=aubfz6yo9g9ep58gm03bd55rv5ebfd4alizq4n4fg42fd96ftdof5ssyfiviqwo51ukfd25jppqx39644h60hj5ym9leynwmukr7445kx4seqv118y3kd573w6vfeqwl5rgmx94p&authuser=3&prompt=7wq9tbo HTTP/1.1" 302 96 "https://accounts.google.com/" "Mozilla/5.0 (Windows NT 10.0; Win64; x64) AppleWebKit/537.36 (KHTML, like Gecko) Chrome/87.0.4280.141 Safari/537.36"
169.30.222.190 - - [22/Jan/2021:06:54:16 +0000] "GET / HTTP/1.1" 302 112 "https://accounts.google.com/" "Mozilla/5.0 (Windows NT 10.0; Win64; x64) AppleWebKit/537.36 (KHTML, like Gecko) Chrome/87.0.4280.141 Safari/537.36"
169.30.222.190 - - [22/Jan/2021:06:54:16 +0000] "GET /username HTTP/1.1" 200 764 "https://accounts.google.com/" "Mozilla/5.0 (Windows NT 10.0; Win64; x64) AppleWebKit/537.36 (KHTML, like Gecko) Chrome/87.0.4280.141 Safari/537.36"
15.201.177.89 - - [22/Jan/2021:06:54:22 +0000] "GET /broot/ HTTP/1.1" 200 5830 "-" "Mozilla/5.0 (Macintosh; Intel Mac OS X 10_13_6) AppleWebKit/537.36 (KHTML, like Gecko) Chrome/67.0.3396.99 Safari/537.36"
68.239.180.62 - - [22/Jan/2021:06:54:24 +0000] "GET /file-host/2103ed9238167ac853723e50.jpg HTTP/1.1" 304 0 "http://fract.org/classement.php?quoi=cbt" "Mozilla/5.0 (Windows NT 10.0; Win64; x64; rv:84.0) Gecko/20100101 Firefox/84.0"
169.30.222.190 - - [22/Jan/2021:06:54:31 +0000] "POST /username HTTP/1.1" 200 761 "https://miaou.dystroy.org/username" "Mozilla/5.0 (Windows NT 10.0; Win64; x64) AppleWebKit/537.36 (KHTML, like Gecko) Chrome/87.0.4280.141 Safari/537.36"
169.30.222.190 - - [22/Jan/2021:06:54:37 +0000] "POST /username HTTP/1.1" 200 761 "https://miaou.dystroy.org/username" "Mozilla/5.0 (Windows NT 10.0; Win64; x64) AppleWebKit/537.36 (KHTML, like Gecko) Chrome/87.0.4280.141 Safari/537.36"
169.30.222.190 - - [22/Jan/2021:06:54:40 +0000] "GET /rooms HTTP/1.1" 200 2810 "https://miaou.dystroy.org/username" "Mozilla/5.0 (Windows NT 10.0; Win64; x64) AppleWebKit/537.36 (KHTML, like Gecko) Chrome/87.0.4280.141 Safari/537.36"
169.30.222.190 - - [22/Jan/2021:06:54:41 +0000] "GET /json/rooms?pattern= HTTP/1.1" 200 7676 "https://miaou.dystroy.org/rooms" "Mozilla/5.0 (Windows NT 10.0; Win64; x64) AppleWebKit/537.36 (KHTML, like Gecko) Chrome/87.0.4280.141 Safari/537.36"
169.30.222.190 - - [22/Jan/2021:06:54:45 +0000] "GET /json/tag?name=o3l51 HTTP/1.1" 200 102 "https://miaou.dystroy.org/rooms" "Mozilla/5.0 (Windows NT 10.0; Win64; x64) AppleWebKit/537.36 (KHTML, like Gecko) Chrome/87.0.4280.141 Safari/537.36"
169.30.222.190 - - [22/Jan/2021:06:54:46 +0000] "GET /688?Welcome_to_Miaou HTTP/1.1" 200 4899 "https://miaou.dystroy.org/rooms" "Mozilla/5.0 (Windows NT 10.0; Win64; x64) AppleWebKit/537.36 (KHTML, like Gecko) Chrome/87.0.4280.141 Safari/537.36"
169.30.222.190 - - [22/Jan/2021:06:54:47 +0000] "GET /socket.io/socket.io.js HTTP/1.1" 200 68739 "https://miaou.dystroy.org/688?Welcome_to_Miaou" "Mozilla/5.0 (Windows NT 10.0; Win64; x64) AppleWebKit/537.36 (KHTML, like Gecko) Chrome/87.0.4280.141 Safari/537.36"
169.30.222.190 - - [22/Jan/2021:06:54:48 +0000] "GET /socket.io/?EIO=y&transport=xkmoyoi&t=mi2hfw5 HTTP/1.1" 200 99 "https://miaou.dystroy.org/688?Welcome_to_Miaou" "Mozilla/5.0 (Windows NT 10.0; Win64; x64) AppleWebKit/537.36 (KHTML, like Gecko) Chrome/87.0.4280.141 Safari/537.36"
169.30.222.190 - - [22/Jan/2021:06:54:48 +0000] "GET /socket.io/?EIO=y&transport=xkmoyoi&t=g59e6z4&sid=d7wtq5vky0qaxpk59pak HTTP/1.1" 200 18 "https://miaou.dystroy.org/688?Welcome_to_Miaou" "Mozilla/5.0 (Windows NT 10.0; Win64; x64) AppleWebKit/537.36 (KHTML, like Gecko) Chrome/87.0.4280.141 Safari/537.36"
169.30.222.190 - - [22/Jan/2021:06:54:48 +0000] "POST /socket.io/?EIO=y&transport=xkmoyoi&t=myacnxn&sid=d7wtq5vky0qaxpk59pak HTTP/1.1" 200 2 "https://miaou.dystroy.org/688?Welcome_to_Miaou" "Mozilla/5.0 (Windows NT 10.0; Win64; x64) AppleWebKit/537.36 (KHTML, like Gecko) Chrome/87.0.4280.141 Safari/537.36"
169.30.222.190 - - [22/Jan/2021:06:54:48 +0000] "GET /socket.io/?EIO=y&transport=xkmoyoi&t=a5mltxt&sid=d7wtq5vky0qaxpk59pak HTTP/1.1" 200 34 "https://miaou.dystroy.org/688?Welcome_to_Miaou" "Mozilla/5.0 (Windows NT 10.0; Win64; x64) AppleWebKit/537.36 (KHTML, like Gecko) Chrome/87.0.4280.141 Safari/537.36"
169.30.222.190 - - [22/Jan/2021:06:54:49 +0000] "GET /socket.io/?EIO=y&transport=xkmoyoi&t=qjc2rxw&sid=d7wtq5vky0qaxpk59pak HTTP/1.1" 200 3883 "https://miaou.dystroy.org/688?Welcome_to_Miaou" "Mozilla/5.0 (Windows NT 10.0; Win64; x64) AppleWebKit/537.36 (KHTML, like Gecko) Chrome/87.0.4280.141 Safari/537.36"
169.30.222.190 - - [22/Jan/2021:06:54:49 +0000] "POST /socket.io/?EIO=y&transport=xkmoyoi&t=6jweuz2&sid=d7wtq5vky0qaxpk59pak HTTP/1.1" 200 2 "https://miaou.dystroy.org/688?Welcome_to_Miaou" "Mozilla/5.0 (Windows NT 10.0; Win64; x64) AppleWebKit/537.36 (KHTML, like Gecko) Chrome/87.0.4280.141 Safari/537.36"
169.30.222.190 - - [22/Jan/2021:06:54:49 +0000] "GET /socket.io/?EIO=y&transport=xkmoyoi&t=rtgw168&sid=d7wtq5vky0qaxpk59pak HTTP/1.1" 200 15 "https://miaou.dystroy.org/688?Welcome_to_Miaou" "Mozilla/5.0 (Windows NT 10.0; Win64; x64) AppleWebKit/537.36 (KHTML, like Gecko) Chrome/87.0.4280.141 Safari/537.36"
169.30.222.190 - - [22/Jan/2021:06:54:49 +0000] "GET /file-host/6c43dc6a8983d67bbe715ac9.jpg HTTP/1.1" 200 207570 "https://miaou.dystroy.org/688?Welcome_to_Miaou" "Mozilla/5.0 (Windows NT 10.0; Win64; x64) AppleWebKit/537.36 (KHTML, like Gecko) Chrome/87.0.4280.141 Safari/537.36"
718a:47b:fb6:384a:cdc3:abef:afd9:5d62 - - [22/Jan/2021:06:54:53 +0000] "GET /json/messages/last?n=a&room=70ka HTTP/1.1" 304 0 "https://miaou.dystroy.org/3728" "Mozilla/5.0 (Windows NT 10.0; Win64; x64; rv:84.0) Gecko/20100101 Firefox/84.0"
718a:47b:fb6:384a:cdc3:abef:afd9:5d62 - - [22/Jan/2021:06:54:59 +0000] "GET /json/messages/last?n=a&room=4dku HTTP/1.1" 304 0 "https://miaou.dystroy.org/3728" "Mozilla/5.0 (Windows NT 10.0; Win64; x64; rv:84.0) Gecko/20100101 Firefox/84.0"
718a:47b:fb6:384a:cdc3:abef:afd9:5d62 - - [22/Jan/2021:06:55:02 +0000] "GET /json/messages/last?n=a&room=iumb HTTP/1.1" 304 0 "https://miaou.dystroy.org/3728" "Mozilla/5.0 (Windows NT 10.0; Win64; x64; rv:84.0) Gecko/20100101 Firefox/84.0"
40.205.208.119 - - [22/Jan/2021:06:55:04 +0000] "POST /sciz-webhook HTTP/1.1" 200 0 "-" "python-requests/2.21.0"
169.30.222.190 - - [22/Jan/2021:06:55:06 +0000] "GET /socket.io/?EIO=y&transport=c0qucvma5&sid=d7wtq5vky0qaxpk59pak HTTP/1.1" 101 205 "-" "Mozilla/5.0 (Windows NT 10.0; Win64; x64) AppleWebKit/537.36 (KHTML, like Gecko) Chrome/87.0.4280.141 Safari/537.36"
110.98.50.150 - - [22/Jan/2021:06:55:15 +0000] "GET /json/messages/last?n=a&room=pg66 HTTP/1.1" 304 0 "https://miaou.dystroy.org/1556" "Mozilla/5.0 (Windows NT 10.0; Win64; x64) AppleWebKit/537.36 (KHTML, like Gecko) Chrome/87.0.4280.141 Safari/537.36"
134.174.147.56 - - [22/Jan/2021:06:55:17 +0000] "GET / HTTP/1.1" 200 2026 "-" "Sogou web spider/4.0(+http://www.sogou.com/docs/help/webmasters.htm#07)"
87.183.73.0 - - [22/Jan/2021:06:55:19 +0000] "GET /json/messages/last?n=a&room=vkhh HTTP/1.1" 304 0 "https://miaou.dystroy.org/3728" "Mozilla/5.0 (Windows NT 10.0; Win64; x64) AppleWebKit/537.36 (KHTML, like Gecko) Chrome/88.0.4324.96 Safari/537.36"
40.205.208.119 - - [22/Jan/2021:06:55:22 +0000] "POST /sciz-webhook HTTP/1.1" 200 0 "-" "python-requests/2.21.0"
40.205.208.119 - - [22/Jan/2021:06:55:22 +0000] "POST /sciz-webhook HTTP/1.1" 200 0 "-" "python-requests/2.21.0"
28.46.53.144 - - [22/Jan/2021:06:55:34 +0000] "GET /publicProfile?user=8xf&room=iayh HTTP/1.1" 304 0 "https://miaou.dystroy.org/1556" "Mozilla/5.0 (Windows NT 6.1; rv:84.0) Gecko/20100101 Firefox/84.0"
68.46.187.206 - - [22/Jan/2021:06:55:35 +0000] "GET / HTTP/1.1" 302 106 "-" "Mozilla/5.0 (Linux; Android 8.0.0; F5321) AppleWebKit/537.36 (KHTML, like Gecko) Chrome/87.0.4280.101 Mobile Safari/537.36"
68.46.187.206 - - [22/Jan/2021:06:55:35 +0000] "GET /rooms HTTP/1.1" 200 4018 "-" "Mozilla/5.0 (Linux; Android 8.0.0; F5321) AppleWebKit/537.36 (KHTML, like Gecko) Chrome/87.0.4280.101 Mobile Safari/537.36"
68.46.187.206 - - [22/Jan/2021:06:55:36 +0000] "GET /json/rooms?pattern= HTTP/1.1" 200 10209 "https://miaou.dystroy.org/rooms" "Mozilla/5.0 (Linux; Android 8.0.0; F5321) AppleWebKit/537.36 (KHTML, like Gecko) Chrome/87.0.4280.101 Mobile Safari/537.36"
68.46.187.206 - - [22/Jan/2021:06:55:38 +0000] "GET /sw.js?v=jq HTTP/1.1" 304 0 "https://miaou.dystroy.org/sw.js?v=33" "Mozilla/5.0 (Linux; Android 8.0.0; F5321) AppleWebKit/537.36 (KHTML, like Gecko) Chrome/87.0.4280.101 Mobile Safari/537.36"
28.46.53.144 - - [22/Jan/2021:06:55:40 +0000] "GET /publicProfile?user=rajx&room=iayh HTTP/1.1" 304 0 "https://miaou.dystroy.org/1556" "Mozilla/5.0 (Windows NT 6.1; rv:84.0) Gecko/20100101 Firefox/84.0"
28.46.53.144 - - [22/Jan/2021:06:55:41 +0000] "GET /json/messages/last?n=a&room=y HTTP/1.1" 304 0 "https://miaou.dystroy.org/1556" "Mozilla/5.0 (Windows NT 6.1; rv:84.0) Gecko/20100101 Firefox/84.0"
33.164.236.61 - - [22/Jan/2021:06:55:41 +0000] "GET /gogo/json?action=bgc6r5eeshp5nu&asker=8e1mzd&trollId=ab4ez HTTP/1.1" 200 84 "https://games.mountyhall.com/" "Mozilla/5.0 (Windows NT 10.0; Win64; x64) AppleWebKit/537.36 (KHTML, like Gecko) Chrome/87.0.4280.141 Safari/537.36"
33.164.236.61 - - [22/Jan/2021:06:55:41 +0000] "GET /gogo/json?action=mf331j19fcfriv57h&asker=8e1mzd&name=71fa3b3jrr2v0u4qtxkwr59nougsxw33ozqrf9qyirs4&monsterId=0nbldil HTTP/1.1" 200 104 "https://games.mountyhall.com/" "Mozilla/5.0 (Windows NT 10.0; Win64; x64) AppleWebKit/537.36 (KHTML, like Gecko) Chrome/87.0.4280.141 Safari/537.36"
33.164.236.61 - - [22/Jan/2021:06:55:49 +0000] "GET /gogo/json?action=mf331j19fcfriv57h&asker=8e1mzd&name=cq321710a49m3sxrj7c49p5fuac3zxe3ksgdr7w0xxrr7dg2c0e&monsterId=5qv3o39 HTTP/1.1" 200 2755 "https://games.mountyhall.com/" "Mozilla/5.0 (Windows NT 10.0; Win64; x64) AppleWebKit/537.36 (KHTML, like Gecko) Chrome/87.0.4280.141 Safari/537.36"
33.164.236.61 - - [22/Jan/2021:06:55:49 +0000] "GET /gogo/json?action=mf331j19fcfriv57h&asker=8e1mzd&name=7n2tywticgvobn897kp5opy0elltl4ts9pcc4uxl&monsterId=i41x6h8 HTTP/1.1" 200 2764 "https://games.mountyhall.com/" "Mozilla/5.0 (Windows NT 10.0; Win64; x64) AppleWebKit/537.36 (KHTML, like Gecko) Chrome/87.0.4280.141 Safari/537.36"
33.164.236.61 - - [22/Jan/2021:06:55:49 +0000] "GET /gogo/json?action=mf331j19fcfriv57h&asker=8e1mzd&name=71fa3b3jrr2v0u4qtxkwr59nougsxw33ozqrf9qyirs4&monsterId=0nbldil HTTP/1.1" 200 104 "https://games.mountyhall.com/" "Mozilla/5.0 (Windows NT 10.0; Win64; x64) AppleWebKit/537.36 (KHTML, like Gecko) Chrome/87.0.4280.141 Safari/537.36"
33.164.236.61 - - [22/Jan/2021:06:55:49 +0000] "GET /gogo/json?action=mf331j19fcfriv57h&asker=8e1mzd&name=71fa3b3jrr2v0u4qtxkwr59nougsxw33ozqrf9qyirs4&monsterId=0nbldil HTTP/1.1" 200 104 "https://games.mountyhall.com/" "Mozilla/5.0 (Windows NT 10.0; Win64; x64) AppleWebKit/537.36 (KHTML, like Gecko) Chrome/87.0.4280.141 Safari/537.36"
33.164.236.61 - - [22/Jan/2021:06:55:50 +0000] "GET /gogo/json?action=bgc6r5eeshp5nu&asker=8e1mzd&trollId=g2yb7 HTTP/1.1" 200 84 "https://games.mountyhall.com/" "Mozilla/5.0 (Windows NT 10.0; Win64; x64) AppleWebKit/537.36 (KHTML, like Gecko) Chrome/87.0.4280.141 Safari/537.36"
33.164.236.61 - - [22/Jan/2021:06:55:50 +0000] "GET /gogo/json?action=bgc6r5eeshp5nu&asker=8e1mzd&trollId=9kv6z HTTP/1.1" 200 84 "https://games.mountyhall.com/" "Mozilla/5.0 (Windows NT 10.0; Win64; x64) AppleWebKit/537.36 (KHTML, like Gecko) Chrome/87.0.4280.141 Safari/537.36"
33.164.236.61 - - [22/Jan/2021:06:55:50 +0000] "GET /gogo/json?action=bgc6r5eeshp5nu&asker=8e1mzd&trollId=r3c6p HTTP/1.1" 200 84 "https://games.mountyhall.com/" "Mozilla/5.0 (Windows NT 10.0; Win64; x64) AppleWebKit/537.36 (KHTML, like Gecko) Chrome/87.0.4280.141 Safari/537.36"
33.164.236.61 - - [22/Jan/2021:06:55:50 +0000] "GET /gogo/json?action=bgc6r5eeshp5nu&asker=8e1mzd&trollId=bx1h8 HTTP/1.1" 200 84 "https://games.mountyhall.com/" "Mozilla/5.0 (Windows NT 10.0; Win64; x64) AppleWebKit/537.36 (KHTML, like Gecko) Chrome/87.0.4280.141 Safari/537.36"
33.164.236.61 - - [22/Jan/2021:06:55:50 +0000] "GET /gogo/json?action=bgc6r5eeshp5nu&trollId=8e1mzd HTTP/1.1" 200 85 "https://games.mountyhall.com/" "Mozilla/5.0 (Windows NT 10.0; Win64; x64) AppleWebKit/537.36 (KHTML, like Gecko) Chrome/87.0.4280.141 Safari/537.36"
33.164.236.61 - - [22/Jan/2021:06:55:51 +0000] "GET /miaou/static/pub/Miaou_chat_de_chasse.png HTTP/1.1" 200 442 "https://games.mountyhall.com/" "Mozilla/5.0 (Windows NT 10.0; Win64; x64) AppleWebKit/537.36 (KHTML, like Gecko) Chrome/87.0.4280.141 Safari/537.36"
33.164.236.61 - - [22/Jan/2021:06:55:53 +0000] "GET /gogo/json?action=mf331j19fcfriv57h&name=1yujz7kx1d0cwm9ojxihmxtjdhqd1zy3hjt57q&monsterId=5kq2utx HTTP/1.1" 200 104 "https://games.mountyhall.com/" "Mozilla/5.0 (Windows NT 10.0; Win64; x64) AppleWebKit/537.36 (KHTML, like Gecko) Chrome/87.0.4280.141 Safari/537.36"
33.164.236.61 - - [22/Jan/2021:06:55:53 +0000] "GET /gogo/json?action=mf331j19fcfriv57h&name=nvh3w6dvwq6q75ilut4t&monsterId=397iib6 HTTP/1.1" 200 2728 "https://games.mountyhall.com/" "Mozilla/5.0 (Windows NT 10.0; Win64; x64) AppleWebKit/537.36 (KHTML, like Gecko) Chrome/87.0.4280.141 Safari/537.36"
33.164.236.61 - - [22/Jan/2021:06:55:59 +0000] "GET /gogo/json?action=mf331j19fcfriv57h&asker=8e1mzd&name=nvh3w6dvwq6q75ilut4t&monsterId=jj1g8iv HTTP/1.1" 200 2728 "https://games.mountyhall.com/" "Mozilla/5.0 (Windows NT 10.0; Win64; x64) AppleWebKit/537.36 (KHTML, like Gecko) Chrome/87.0.4280.141 Safari/537.36"
33.164.236.61 - - [22/Jan/2021:06:55:59 +0000] "GET /gogo/json?action=mf331j19fcfriv57h&asker=8e1mzd&name=nvh3w6dvwq6q75ilut4t&monsterId=jj1g8iv HTTP/1.1" 200 2728 "https://games.mountyhall.com/" "Mozilla/5.0 (Windows NT 10.0; Win64; x64) AppleWebKit/537.36 (KHTML, like Gecko) Chrome/87.0.4280.141 Safari/537.36"
33.164.236.61 - - [22/Jan/2021:06:56:02 +0000] "GET /gogo/json?action=mf331j19fcfriv57h&asker=8e1mzd&name=nvh3w6dvwq6q75ilut4t&monsterId=jj1g8iv HTTP/1.1" 200 2728 "https://games.mountyhall.com/" "Mozilla/5.0 (Windows NT 10.0; Win64; x64) AppleWebKit/537.36 (KHTML, like Gecko) Chrome/87.0.4280.141 Safari/537.36"
33.164.236.61 - - [22/Jan/2021:06:56:02 +0000] "GET /gogo/json?action=mf331j19fcfriv57h&asker=8e1mzd&name=71fa3b3jrr2v0u4qtxkwr59nougsxw33ozqrf9qyirs4&monsterId=0nbldil HTTP/1.1" 200 104 "https://games.mountyhall.com/" "Mozilla/5.0 (Windows NT 10.0; Win64; x64) AppleWebKit/537.36 (KHTML, like Gecko) Chrome/87.0.4280.141 Safari/537.36"
33.164.236.61 - - [22/Jan/2021:06:56:02 +0000] "GET /gogo/json?action=bgc6r5eeshp5nu&trollId=8e1mzd HTTP/1.1" 200 85 "https://games.mountyhall.com/" "Mozilla/5.0 (Windows NT 10.0; Win64; x64) AppleWebKit/537.36 (KHTML, like Gecko) Chrome/87.0.4280.141 Safari/537.36"
33.164.236.61 - - [22/Jan/2021:06:56:02 +0000] "GET /gogo/json?action=bgc6r5eeshp5nu&asker=8e1mzd&trollId=g2yb7 HTTP/1.1" 200 84 "https://games.mountyhall.com/" "Mozilla/5.0 (Windows NT 10.0; Win64; x64) AppleWebKit/537.36 (KHTML, like Gecko) Chrome/87.0.4280.141 Safari/537.36"
33.164.236.61 - - [22/Jan/2021:06:56:02 +0000] "GET /gogo/json?action=bgc6r5eeshp5nu&asker=8e1mzd&trollId=r3c6p HTTP/1.1" 200 84 "https://games.mountyhall.com/" "Mozilla/5.0 (Windows NT 10.0; Win64; x64) AppleWebKit/537.36 (KHTML, like Gecko) Chrome/87.0.4280.141 Safari/537.36"
33.164.236.61 - - [22/Jan/2021:06:56:02 +0000] "GET /gogo/json?action=mf331j19fcfriv57h&asker=8e1mzd&name=hct8i1bhck7uqszjchgnfzc30u42s3&monsterId=tzidn9t HTTP/1.1" 200 2756 "https://games.mountyhall.com/" "Mozilla/5.0 (Windows NT 10.0; Win64; x64) AppleWebKit/537.36 (KHTML, like Gecko) Chrome/87.0.4280.141 Safari/537.36"
33.164.236.61 - - [22/Jan/2021:06:56:02 +0000] "GET /gogo/json?action=mf331j19fcfriv57h&asker=8e1mzd&name=nhbgwl6h2vtsi1zmr1799zv6chv7sfxb03nut8tg9lmhmga&monsterId=i3gwwqx HTTP/1.1" 200 2745 "https://games.mountyhall.com/" "Mozilla/5.0 (Windows NT 10.0; Win64; x64) AppleWebKit/537.36 (KHTML, like Gecko) Chrome/87.0.4280.141 Safari/537.36"
33.164.236.61 - - [22/Jan/2021:06:56:02 +0000] "GET /gogo/json?action=mf331j19fcfriv57h&asker=8e1mzd&name=hxe4n8bf9gdo9htzulv2iwpewbt&monsterId=dnhsts8 HTTP/1.1" 200 93 "https://games.mountyhall.com/" "Mozilla/5.0 (Windows NT 10.0; Win64; x64) AppleWebKit/537.36 (KHTML, like Gecko) Chrome/87.0.4280.141 Safari/537.36"
33.164.236.61 - - [22/Jan/2021:06:56:03 +0000] "GET /gogo/json?action=mf331j19fcfriv57h&asker=8e1mzd&name=7zhki5fyf74z0cu3bq86eg&monsterId=xiudkln HTTP/1.1" 200 2740 "https://games.mountyhall.com/" "Mozilla/5.0 (Windows NT 10.0; Win64; x64) AppleWebKit/537.36 (KHTML, like Gecko) Chrome/87.0.4280.141 Safari/537.36"
33.164.236.61 - - [22/Jan/2021:06:56:04 +0000] "GET /gogo/json?action=mf331j19fcfriv57h&asker=8e1mzd&name=gc25rxjy7ay4zyyimov6lh8bo0bhe74vosgeejhfyv52wrrt1jkr3lx&monsterId=ntbgyv1 HTTP/1.1" 200 2774 "https://games.mountyhall.com/" "Mozilla/5.0 (Windows NT 10.0; Win64; x64) AppleWebKit/537.36 (KHTML, like Gecko) Chrome/87.0.4280.141 Safari/537.36"
33.164.236.61 - - [22/Jan/2021:06:56:05 +0000] "GET /gogo/json?action=mf331j19fcfriv57h&asker=8e1mzd&name=nvh3w6dvwq6q75ilut4t&monsterId=397iib6 HTTP/1.1" 200 2728 "https://games.mountyhall.com/" "Mozilla/5.0 (Windows NT 10.0; Win64; x64) AppleWebKit/537.36 (KHTML, like Gecko) Chrome/87.0.4280.141 Safari/537.36"
33.164.236.61 - - [22/Jan/2021:06:56:11 +0000] "GET /gogo/json?action=mf331j19fcfriv57h&asker=8e1mzd&name=wp9zw5xj7gna1oa6pvxqwsuzu&monsterId=86inu1r HTTP/1.1" 200 2731 "https://games.mountyhall.com/" "Mozilla/5.0 (Windows NT 10.0; Win64; x64) AppleWebKit/537.36 (KHTML, like Gecko) Chrome/87.0.4280.141 Safari/537.36"
138.25.139.50 - - [22/Jan/2021:06:56:15 +0000] "GET /broot/img/favicon.ico HTTP/1.1" 200 1150 "-" "WidgetKitExtension/3279 CFNetwork/1209 Darwin/20.2.0"
33.164.236.61 - - [22/Jan/2021:06:56:17 +0000] "GET /gogo/json?action=mf331j19fcfriv57h&asker=8e1mzd&name=txz14a1xkfamzcyk9qoaux5grglrjcehydymn7emkc4gva0df75&monsterId=bvu718r HTTP/1.1" 200 109 "https://games.mountyhall.com/" "Mozilla/5.0 (Windows NT 10.0; Win64; x64) AppleWebKit/537.36 (KHTML, like Gecko) Chrome/87.0.4280.141 Safari/537.36"
b36f:8ac7:d48:7bd1:13b6:1048:5ff3:0b9c - - [22/Jan/2021:06:56:22 +0000] "GET /1616 HTTP/1.1" 304 0 "https://miaou.dystroy.org/4017" "Mozilla/5.0 (X11; Linux x86_64; rv:78.0) Gecko/20100101 Firefox/78.0"
b36f:8ac7:d48:7bd1:13b6:1048:5ff3:0b9c - - [22/Jan/2021:06:56:22 +0000] "GET /socket.io/socket.io.js HTTP/1.1" 304 0 "https://miaou.dystroy.org/1616" "Mozilla/5.0 (X11; Linux x86_64; rv:78.0) Gecko/20100101 Firefox/78.0"
b36f:8ac7:d48:7bd1:13b6:1048:5ff3:0b9c - - [22/Jan/2021:06:56:22 +0000] "GET /socket.io/?EIO=y&transport=xkmoyoi&t=1xy8hlx HTTP/1.1" 200 99 "https://miaou.dystroy.org/1616" "Mozilla/5.0 (X11; Linux x86_64; rv:78.0) Gecko/20100101 Firefox/78.0"
b36f:8ac7:d48:7bd1:13b6:1048:5ff3:0b9c - - [22/Jan/2021:06:56:23 +0000] "GET /socket.io/?EIO=y&transport=xkmoyoi&t=2kaf1kc&sid=eqgdru9lr64gn5zc4m8k HTTP/1.1" 200 18 "https://miaou.dystroy.org/1616" "Mozilla/5.0 (X11; Linux x86_64; rv:78.0) Gecko/20100101 Firefox/78.0"
33.164.236.61 - - [22/Jan/2021:06:56:23 +0000] "GET /gogo/json?action=mf331j19fcfriv57h&asker=8e1mzd&name=nvh3w6dvwq6q75ilut4t&monsterId=397iib6 HTTP/1.1" 200 2728 "https://games.mountyhall.com/" "Mozilla/5.0 (Windows NT 10.0; Win64; x64) AppleWebKit/537.36 (KHTML, like Gecko) Chrome/87.0.4280.141 Safari/537.36"
33.164.236.61 - - [22/Jan/2021:06:56:23 +0000] "GET /gogo/json?action=mf331j19fcfriv57h&asker=8e1mzd&name=cjeklu9czt18f0we7kwmcqrdn98prlygo1p&monsterId=ghe3doq HTTP/1.1" 200 99 "https://games.mountyhall.com/" "Mozilla/5.0 (Windows NT 10.0; Win64; x64) AppleWebKit/537.36 (KHTML, like Gecko) Chrome/87.0.4280.141 Safari/537.36"
b36f:8ac7:d48:7bd1:13b6:1048:5ff3:0b9c - - [22/Jan/2021:06:56:23 +0000] "POST /socket.io/?EIO=y&transport=xkmoyoi&t=1h6i1ab&sid=eqgdru9lr64gn5zc4m8k HTTP/1.1" 200 2 "https://miaou.dystroy.org/1616" "Mozilla/5.0 (X11; Linux x86_64; rv:78.0) Gecko/20100101 Firefox/78.0"
b36f:8ac7:d48:7bd1:13b6:1048:5ff3:0b9c - - [22/Jan/2021:06:56:23 +0000] "GET /socket.io/?EIO=y&transport=xkmoyoi&t=2vupkch&sid=eqgdru9lr64gn5zc4m8k HTTP/1.1" 200 34 "https://miaou.dystroy.org/1616" "Mozilla/5.0 (X11; Linux x86_64; rv:78.0) Gecko/20100101 Firefox/78.0"
b36f:8ac7:d48:7bd1:13b6:1048:5ff3:0b9c - - [22/Jan/2021:06:56:23 +0000] "GET /socket.io/?EIO=y&transport=xkmoyoi&t=ttiscdt&sid=eqgdru9lr64gn5zc4m8k HTTP/1.1" 200 6366 "https://miaou.dystroy.org/1616" "Mozilla/5.0 (X11; Linux x86_64; rv:78.0) Gecko/20100101 Firefox/78.0"
33.164.236.61 - - [22/Jan/2021:06:56:31 +0000] "GET /gogo/json?action=mf331j19fcfriv57h&asker=8e1mzd&name=bf7sej7tldzqnqp310ja1k9agm0qrgwlayq3vi2t0re2rc8&monsterId=qdwsadu HTTP/1.1" 200 107 "https://games.mountyhall.com/" "Mozilla/5.0 (Windows NT 10.0; Win64; x64) AppleWebKit/537.36 (KHTML, like Gecko) Chrome/87.0.4280.141 Safari/537.36"
33.164.236.61 - - [22/Jan/2021:06:56:31 +0000] "GET /gogo/json?action=mf331j19fcfriv57h&asker=8e1mzd&name=l2png8a2kdzjbb10szk6489a856cxk5&monsterId=eo7m9h6 HTTP/1.1" 200 2732 "https://games.mountyhall.com/" "Mozilla/5.0 (Windows NT 10.0; Win64; x64) AppleWebKit/537.36 (KHTML, like Gecko) Chrome/87.0.4280.141 Safari/537.36"
33.164.236.61 - - [22/Jan/2021:06:56:31 +0000] "GET /gogo/json?action=mf331j19fcfriv57h&asker=8e1mzd&name=qpzxb41ny22v2fr9de52jhrf97e&monsterId=57tv0vn HTTP/1.1" 200 2750 "https://games.mountyhall.com/" "Mozilla/5.0 (Windows NT 10.0; Win64; x64) AppleWebKit/537.36 (KHTML, like Gecko) Chrome/87.0.4280.141 Safari/537.36"
33.164.236.61 - - [22/Jan/2021:06:56:31 +0000] "GET /gogo/json?action=mf331j19fcfriv57h&asker=8e1mzd&name=xvn6m7djkdi0e0x9vhwewfz9h&monsterId=fn0nwtw HTTP/1.1" 200 2747 "https://games.mountyhall.com/" "Mozilla/5.0 (Windows NT 10.0; Win64; x64) AppleWebKit/537.36 (KHTML, like Gecko) Chrome/87.0.4280.141 Safari/537.36"
33.164.236.61 - - [22/Jan/2021:06:56:31 +0000] "GET /gogo/json?action=mf331j19fcfriv57h&asker=8e1mzd&name=zduyf95t1p0n8erj6wtntl6ut8d0nfwg&monsterId=3cshupd HTTP/1.1" 200 2746 "https://games.mountyhall.com/" "Mozilla/5.0 (Windows NT 10.0; Win64; x64) AppleWebKit/537.36 (KHTML, like Gecko) Chrome/87.0.4280.141 Safari/537.36"
33.164.236.61 - - [22/Jan/2021:06:56:31 +0000] "GET /gogo/json?action=mf331j19fcfriv57h&asker=8e1mzd&name=je83efglu2w8meg5jtz96ohuu17faewi&monsterId=xxh49qr HTTP/1.1" 200 100 "https://games.mountyhall.com/" "Mozilla/5.0 (Windows NT 10.0; Win64; x64) AppleWebKit/537.36 (KHTML, like Gecko) Chrome/87.0.4280.141 Safari/537.36"
33.164.236.61 - - [22/Jan/2021:06:56:31 +0000] "GET /gogo/json?action=mf331j19fcfriv57h&asker=8e1mzd&name=hq69po1jz21ewx5irsfmq14z1hhxikxwkmv5gr3imaoywzws5yop&monsterId=bhrqnf4 HTTP/1.1" 200 2561 "https://games.mountyhall.com/" "Mozilla/5.0 (Windows NT 10.0; Win64; x64) AppleWebKit/537.36 (KHTML, like Gecko) Chrome/87.0.4280.141 Safari/537.36"
33.164.236.61 - - [22/Jan/2021:06:56:31 +0000] "GET /gogo/json?action=mf331j19fcfriv57h&asker=8e1mzd&name=jwxbo4m3u8iav6itgyvqil2&monsterId=m5lca1f HTTP/1.1" 200 2653 "https://games.mountyhall.com/" "Mozilla/5.0 (Windows NT 10.0; Win64; x64) AppleWebKit/537.36 (KHTML, like Gecko) Chrome/87.0.4280.141 Safari/537.36"
33.164.236.61 - - [22/Jan/2021:06:56:31 +0000] "GET /gogo/json?action=mf331j19fcfriv57h&asker=8e1mzd&name=fdagn5xfi39p9qkctzlpztix6uk0y018ez&monsterId=7v275pg HTTP/1.1" 200 2727 "https://games.mountyhall.com/" "Mozilla/5.0 (Windows NT 10.0; Win64; x64) AppleWebKit/537.36 (KHTML, like Gecko) Chrome/87.0.4280.141 Safari/537.36"
33.164.236.61 - - [22/Jan/2021:06:56:31 +0000] "GET /gogo/json?action=mf331j19fcfriv57h&asker=8e1mzd&name=eq3b9jmi29637bmchthj3z4vlppyrqr2l06&monsterId=lymgtik HTTP/1.1" 200 2651 "https://games.mountyhall.com/" "Mozilla/5.0 (Windows NT 10.0; Win64; x64) AppleWebKit/537.36 (KHTML, like Gecko) Chrome/87.0.4280.141 Safari/537.36"
33.164.236.61 - - [22/Jan/2021:06:56:31 +0000] "GET /gogo/json?action=mf331j19fcfriv57h&asker=8e1mzd&name=m8hm78uqf57txrsjrtmvlt70cca4pbfh5c137bzynhlzvqb4y4xah&monsterId=sbqs6bm HTTP/1.1" 200 113 "https://games.mountyhall.com/" "Mozilla/5.0 (Windows NT 10.0; Win64; x64) AppleWebKit/537.36 (KHTML, like Gecko) Chrome/87.0.4280.141 Safari/537.36"
33.164.236.61 - - [22/Jan/2021:06:56:31 +0000] "GET /gogo/json?action=bgc6r5eeshp5nu&asker=8e1mzd&trollId=1vmzn HTTP/1.1" 200 84 "https://games.mountyhall.com/" "Mozilla/5.0 (Windows NT 10.0; Win64; x64) AppleWebKit/537.36 (KHTML, like Gecko) Chrome/87.0.4280.141 Safari/537.36"
33.164.236.61 - - [22/Jan/2021:06:56:32 +0000] "GET /gogo/json?action=bgc6r5eeshp5nu&asker=8e1mzd&trollId=1vmzn HTTP/1.1" 200 84 "https://games.mountyhall.com/" "Mozilla/5.0 (Windows NT 10.0; Win64; x64) AppleWebKit/537.36 (KHTML, like Gecko) Chrome/87.0.4280.141 Safari/537.36"
33.164.236.61 - - [22/Jan/2021:06:56:32 +0000] "GET /gogo/json?action=mf331j19fcfriv57h&asker=8e1mzd&name=m8hm78uqf57txrsjrtmvlt70cca4pbfh5c137bzynhlzvqb4y4xah&monsterId=sbqs6bm HTTP/1.1" 200 113 "https://games.mountyhall.com/" "Mozilla/5.0 (Windows NT 10.0; Win64; x64) AppleWebKit/537.36 (KHTML, like Gecko) Chrome/87.0.4280.141 Safari/537.36"
33.164.236.61 - - [22/Jan/2021:06:56:33 +0000] "GET /gogo/json?action=mf331j19fcfriv57h&asker=8e1mzd&name=eq3b9jmi29637bmchthj3z4vlppyrqr2l06&monsterId=lymgtik HTTP/1.1" 200 2651 "https://games.mountyhall.com/" "Mozilla/5.0 (Windows NT 10.0; Win64; x64) AppleWebKit/537.36 (KHTML, like Gecko) Chrome/87.0.4280.141 Safari/537.36"
33.164.236.61 - - [22/Jan/2021:06:56:33 +0000] "GET /gogo/json?action=mf331j19fcfriv57h&asker=8e1mzd&name=fdagn5xfi39p9qkctzlpztix6uk0y018ez&monsterId=7v275pg HTTP/1.1" 200 2727 "https://games.mountyhall.com/" "Mozilla/5.0 (Windows NT 10.0; Win64; x64) AppleWebKit/537.36 (KHTML, like Gecko) Chrome/87.0.4280.141 Safari/537.36"
33.164.236.61 - - [22/Jan/2021:06:56:33 +0000] "GET /gogo/json?action=mf331j19fcfriv57h&asker=8e1mzd&name=yf426drcddremh4jiim0kc&monsterId=bis691b HTTP/1.1" 200 2442 "https://games.mountyhall.com/" "Mozilla/5.0 (Windows NT 10.0; Win64; x64) AppleWebKit/537.36 (KHTML, like Gecko) Chrome/87.0.4280.141 Safari/537.36"
33.164.236.61 - - [22/Jan/2021:06:56:33 +0000] "GET /gogo/json?action=mf331j19fcfriv57h&asker=8e1mzd&name=fdagn5xfi39p9qkctzlpztix6uk0y018ez&monsterId=7v275pg HTTP/1.1" 200 2727 "https://games.mountyhall.com/" "Mozilla/5.0 (Windows NT 10.0; Win64; x64) AppleWebKit/537.36 (KHTML, like Gecko) Chrome/87.0.4280.141 Safari/537.36"
33.164.236.61 - - [22/Jan/2021:06:56:33 +0000] "GET /gogo/json?action=mf331j19fcfriv57h&asker=8e1mzd&name=eq3b9jmi29637bmchthj3z4vlppyrqr2l06&monsterId=lymgtik HTTP/1.1" 200 2651 "https://games.mountyhall.com/" "Mozilla/5.0 (Windows NT 10.0; Win64; x64) AppleWebKit/537.36 (KHTML, like Gecko) Chrome/87.0.4280.141 Safari/537.36"
33.164.236.61 - - [22/Jan/2021:06:56:33 +0000] "GET /gogo/json?action=mf331j19fcfriv57h&asker=8e1mzd&name=m8hm78uqf57txrsjrtmvlt70cca4pbfh5c137bzynhlzvqb4y4xah&monsterId=sbqs6bm HTTP/1.1" 200 113 "https://games.mountyhall.com/" "Mozilla/5.0 (Windows NT 10.0; Win64; x64) AppleWebKit/537.36 (KHTML, like Gecko) Chrome/87.0.4280.141 Safari/537.36"
33.164.236.61 - - [22/Jan/2021:06:56:34 +0000] "GET /gogo/json?action=mf331j19fcfriv57h&asker=8e1mzd&name=eq3b9jmi29637bmchthj3z4vlppyrqr2l06&monsterId=lymgtik HTTP/1.1" 200 2651 "https://games.mountyhall.com/" "Mozilla/5.0 (Windows NT 10.0; Win64; x64) AppleWebKit/537.36 (KHTML, like Gecko) Chrome/87.0.4280.141 Safari/537.36"
33.164.236.61 - - [22/Jan/2021:06:56:38 +0000] "GET /gogo/json?action=mf331j19fcfriv57h&asker=8e1mzd&name=m8hm78uqf57txrsjrtmvlt70cca4pbfh5c137bzynhlzvqb4y4xah&monsterId=sbqs6bm HTTP/1.1" 200 113 "https://games.mountyhall.com/" "Mozilla/5.0 (Windows NT 10.0; Win64; x64) AppleWebKit/537.36 (KHTML, like Gecko) Chrome/87.0.4280.141 Safari/537.36"
33.164.236.61 - - [22/Jan/2021:06:56:38 +0000] "GET /gogo/json?action=bgc6r5eeshp5nu&asker=8e1mzd&trollId=1vmzn HTTP/1.1" 200 84 "https://games.mountyhall.com/" "Mozilla/5.0 (Windows NT 10.0; Win64; x64) AppleWebKit/537.36 (KHTML, like Gecko) Chrome/87.0.4280.141 Safari/537.36"
33.164.236.61 - - [22/Jan/2021:06:56:40 +0000] "GET /gogo/json?action=mf331j19fcfriv57h&asker=8e1mzd&name=m8hm78uqf57txrsjrtmvlt70cca4pbfh5c137bzynhlzvqb4y4xah&monsterId=sbqs6bm HTTP/1.1" 200 113 "https://games.mountyhall.com/" "Mozilla/5.0 (Windows NT 10.0; Win64; x64) AppleWebKit/537.36 (KHTML, like Gecko) Chrome/87.0.4280.141 Safari/537.36"
33.164.236.61 - - [22/Jan/2021:06:56:40 +0000] "GET /gogo/json?action=mf331j19fcfriv57h&asker=8e1mzd&name=eq3b9jmi29637bmchthj3z4vlppyrqr2l06&monsterId=lymgtik HTTP/1.1" 200 2651 "https://games.mountyhall.com/" "Mozilla/5.0 (Windows NT 10.0; Win64; x64) AppleWebKit/537.36 (KHTML, like Gecko) Chrome/87.0.4280.141 Safari/537.36"
33.164.236.61 - - [22/Jan/2021:06:56:40 +0000] "GET /gogo/json?action=mf331j19fcfriv57h&asker=8e1mzd&name=u6kf5mylm9ikh0v1a93sxsqvkek5fgtssimct&monsterId=2wozhzr HTTP/1.1" 200 2578 "https://games.mountyhall.com/" "Mozilla/5.0 (Windows NT 10.0; Win64; x64) AppleWebKit/537.36 (KHTML, like Gecko) Chrome/87.0.4280.141 Safari/537.36"
91.110.189.249 - - [22/Jan/2021:06:56:41 +0000] "HEAD / HTTP/1.1" 301 0 "http://www.dystroy.org" "Mozilla/5.0+(compatible; UptimeRobot/2.0; http://www.uptimerobot.com/)"
91.110.189.249 - - [22/Jan/2021:06:56:41 +0000] "HEAD / HTTP/1.1" 200 0 "http://www.dystroy.org" "Mozilla/5.0+(compatible; UptimeRobot/2.0; http://www.uptimerobot.com/)"
33.164.236.61 - - [22/Jan/2021:06:56:44 +0000] "GET /gogo/json?action=mf331j19fcfriv57h&asker=8e1mzd&name=2pw8vsmmg7i70n0b64z9ef9y1fsadcd7qd3jtiviwa8kzr&monsterId=bak90ek HTTP/1.1" 200 2036 "https://games.mountyhall.com/" "Mozilla/5.0 (Windows NT 10.0; Win64; x64) AppleWebKit/537.36 (KHTML, like Gecko) Chrome/87.0.4280.141 Safari/537.36"
33.164.236.61 - - [22/Jan/2021:06:56:45 +0000] "GET /gogo/json?action=mf331j19fcfriv57h&asker=8e1mzd&name=5ykzn4wk1cod6zlhdc9o21s6fxx5btys26tvsck8lykzi&monsterId=2wwseaa HTTP/1.1" 200 2172 "https://games.mountyhall.com/" "Mozilla/5.0 (Windows NT 10.0; Win64; x64) AppleWebKit/537.36 (KHTML, like Gecko) Chrome/87.0.4280.141 Safari/537.36"
33.164.236.61 - - [22/Jan/2021:06:56:45 +0000] "GET /gogo/json?action=mf331j19fcfriv57h&asker=8e1mzd&name=7y4hpz3q4o2m2dxd43clcjeu&monsterId=ufzibws HTTP/1.1" 200 2757 "https://games.mountyhall.com/" "Mozilla/5.0 (Windows NT 10.0; Win64; x64) AppleWebKit/537.36 (KHTML, like Gecko) Chrome/87.0.4280.141 Safari/537.36"
17.122.58.112 - - [22/Jan/2021:06:56:59 +0000] "GET /gogo/json?action=7c1uz2f9flrxff&TrollId=ycswg1&ChrallVersion=9tku HTTP/1.1" 200 65 "https://games.mountyhall.com/" "Mozilla/5.0 (Windows NT 10.0; Win64; x64) AppleWebKit/537.36 (KHTML, like Gecko) Chrome/87.0.4280.141 Safari/537.36"
40.205.208.119 - - [22/Jan/2021:06:57:07 +0000] "POST /sciz-webhook HTTP/1.1" 200 0 "-" "python-requests/2.21.0"
40.205.208.119 - - [22/Jan/2021:06:57:07 +0000] "POST /sciz-webhook HTTP/1.1" 200 0 "-" "python-requests/2.21.0"
40.205.208.119 - - [22/Jan/2021:06:57:08 +0000] "POST /sciz-webhook HTTP/1.1" 200 0 "-" "python-requests/2.21.0"
40.205.208.119 - - [22/Jan/2021:06:57:09 +0000] "POST /sciz-webhook HTTP/1.1" 200 0 "-" "python-requests/2.21.0"
40.205.208.119 - - [22/Jan/2021:06:57:10 +0000] "POST /sciz-webhook HTTP/1.1" 200 0 "-" "python-requests/2.21.0"
40.205.208.119 - - [22/Jan/2021:06:57:11 +0000] "POST /sciz-webhook HTTP/1.1" 200 0 "-" "python-requests/2.21.0"
40.205.208.119 - - [22/Jan/2021:06:57:12 +0000] "POST /sciz-webhook HTTP/1.1" 200 0 "-" "python-requests/2.21.0"
17.122.58.112 - - [22/Jan/2021:06:57:13 +0000] "GET /gogo/json?action=mf331j19fcfriv57h&asker=ycswg1&name=3rjind9bi2z11wtsyidw3t67ugphpvycp75cc&monsterId=mtmcdo0 HTTP/1.1" 200 2781 "https://games.mountyhall.com/" "Mozilla/5.0 (Windows NT 10.0; Win64; x64) AppleWebKit/537.36 (KHTML, like Gecko) Chrome/87.0.4280.141 Safari/537.36"
17.122.58.112 - - [22/Jan/2021:06:57:13 +0000] "GET /gogo/json?action=mf331j19fcfriv57h&asker=ycswg1&name=4hww9rbzpz1tim4vcba6crbpbg0i7o8vje&monsterId=5xwywdv HTTP/1.1" 200 2775 "https://games.mountyhall.com/" "Mozilla/5.0 (Windows NT 10.0; Win64; x64) AppleWebKit/537.36 (KHTML, like Gecko) Chrome/87.0.4280.141 Safari/537.36"
17.122.58.112 - - [22/Jan/2021:06:57:13 +0000] "GET /gogo/json?action=mf331j19fcfriv57h&asker=ycswg1&name=3rjind9bi2z11wtsyidw3t67ugphpvycp75cc&monsterId=mtmcdo0 HTTP/1.1" 200 2781 "https://games.mountyhall.com/" "Mozilla/5.0 (Windows NT 10.0; Win64; x64) AppleWebKit/537.36 (KHTML, like Gecko) Chrome/87.0.4280.141 Safari/537.36"
40.205.208.119 - - [22/Jan/2021:06:57:14 +0000] "POST /sciz-webhook HTTP/1.1" 200 0 "-" "python-requests/2.21.0"
40.205.208.119 - - [22/Jan/2021:06:57:14 +0000] "POST /sciz-webhook HTTP/1.1" 200 0 "-" "python-requests/2.21.0"
40.205.208.119 - - [22/Jan/2021:06:57:14 +0000] "POST /sciz-webhook HTTP/1.1" 200 0 "-" "python-requests/2.21.0"
40.205.208.119 - - [22/Jan/2021:06:57:14 +0000] "POST /sciz-webhook HTTP/1.1" 200 0 "-" "python-requests/2.21.0"
17.122.58.112 - - [22/Jan/2021:06:57:14 +0000] "GET /gogo/json?action=mf331j19fcfriv57h&asker=ycswg1&name=3rjind9bi2z11wtsyidw3t67ugphpvycp75cc&monsterId=x4ps8uk HTTP/1.1" 200 2781 "https://games.mountyhall.com/" "Mozilla/5.0 (Windows NT 10.0; Win64; x64) AppleWebKit/537.36 (KHTML, like Gecko) Chrome/87.0.4280.141 Safari/537.36"
40.205.208.119 - - [22/Jan/2021:06:57:15 +0000] "POST /sciz-webhook HTTP/1.1" 200 0 "-" "python-requests/2.21.0"
40.205.208.119 - - [22/Jan/2021:06:57:15 +0000] "POST /sciz-webhook HTTP/1.1" 200 0 "-" "python-requests/2.21.0"
252.15.158.4 - - [22/Jan/2021:06:57:19 +0000] "GET / HTTP/1.1" 200 302 "-" "Mozilla/5.0 zgrab/0.x"
17.122.58.112 - - [22/Jan/2021:06:57:20 +0000] "GET /gogo/json?action=mf331j19fcfriv57h&asker=ycswg1&name=fk0lehp5h7m8ncblf9vop233ejwbuh&monsterId=fvro37d HTTP/1.1" 200 2751 "https://games.mountyhall.com/" "Mozilla/5.0 (Windows NT 10.0; Win64; x64) AppleWebKit/537.36 (KHTML, like Gecko) Chrome/87.0.4280.141 Safari/537.36"
17.122.58.112 - - [22/Jan/2021:06:57:20 +0000] "GET /gogo/json?action=mf331j19fcfriv57h&asker=ycswg1&name=x4qjymt53ox0hii3776wew07smb2disp5d2c9m7rke&monsterId=13xektx HTTP/1.1" 200 2771 "https://games.mountyhall.com/" "Mozilla/5.0 (Windows NT 10.0; Win64; x64) AppleWebKit/537.36 (KHTML, like Gecko) Chrome/87.0.4280.141 Safari/537.36"
17.122.58.112 - - [22/Jan/2021:06:57:45 +0000] "GET /gogo/json?action=mf331j19fcfriv57h&asker=ycswg1&name=0kq9949z9qzecmr35r1h66vi2aum7swpfeprw7qie&monsterId=f7rayta HTTP/1.1" 200 1405 "https://games.mountyhall.com/" "Mozilla/5.0 (Windows NT 10.0; Win64; x64) AppleWebKit/537.36 (KHTML, like Gecko) Chrome/87.0.4280.141 Safari/537.36"
17.122.58.112 - - [22/Jan/2021:06:57:46 +0000] "GET /gogo/json?action=bgc6r5eeshp5nu&asker=ycswg1&trollId=9t6dn2 HTTP/1.1" 200 85 "https://games.mountyhall.com/" "Mozilla/5.0 (Windows NT 10.0; Win64; x64) AppleWebKit/537.36 (KHTML, like Gecko) Chrome/87.0.4280.141 Safari/537.36"
17.122.58.112 - - [22/Jan/2021:06:57:46 +0000] "GET /gogo/json?action=bgc6r5eeshp5nu&asker=ycswg1&trollId=8bhtzz HTTP/1.1" 200 85 "https://games.mountyhall.com/" "Mozilla/5.0 (Windows NT 10.0; Win64; x64) AppleWebKit/537.36 (KHTML, like Gecko) Chrome/87.0.4280.141 Safari/537.36"
87.183.73.0 - - [22/Jan/2021:06:57:46 +0000] "GET /socket.io/?EIO=y&transport=c0qucvma5&sid=rj34tihfdkuzlrutfgpt HTTP/1.1" 101 10424 "-" "Mozilla/5.0 (Windows NT 10.0; Win64; x64) AppleWebKit/537.36 (KHTML, like Gecko) Chrome/88.0.4324.96 Safari/537.36"
87.183.73.0 - - [22/Jan/2021:06:57:51 +0000] "GET /socket.io/?EIO=y&transport=xkmoyoi&t=465p20u HTTP/1.1" 200 99 "https://miaou.dystroy.org/3728" "Mozilla/5.0 (Windows NT 10.0; Win64; x64) AppleWebKit/537.36 (KHTML, like Gecko) Chrome/88.0.4324.96 Safari/537.36"
28.46.53.144 - - [22/Jan/2021:06:57:51 +0000] "GET /json/messages/last?n=a&room=2cmu HTTP/1.1" 200 1169 "https://miaou.dystroy.org/1556" "Mozilla/5.0 (Windows NT 6.1; rv:84.0) Gecko/20100101 Firefox/84.0"
87.183.73.0 - - [22/Jan/2021:06:57:51 +0000] "GET /socket.io/?EIO=y&transport=xkmoyoi&t=lmh7qu2&sid=zh6g847jgp4u07hysff4 HTTP/1.1" 200 18 "https://miaou.dystroy.org/3728" "Mozilla/5.0 (Windows NT 10.0; Win64; x64) AppleWebKit/537.36 (KHTML, like Gecko) Chrome/88.0.4324.96 Safari/537.36"
28.46.53.144 - - [22/Jan/2021:06:57:51 +0000] "GET /json/messages/last?n=a&room=y HTTP/1.1" 200 1036 "https://miaou.dystroy.org/1556" "Mozilla/5.0 (Windows NT 6.1; rv:84.0) Gecko/20100101 Firefox/84.0"
87.183.73.0 - - [22/Jan/2021:06:57:51 +0000] "POST /socket.io/?EIO=y&transport=xkmoyoi&t=cwf50tm&sid=zh6g847jgp4u07hysff4 HTTP/1.1" 200 2 "https://miaou.dystroy.org/3728" "Mozilla/5.0 (Windows NT 10.0; Win64; x64) AppleWebKit/537.36 (KHTML, like Gecko) Chrome/88.0.4324.96 Safari/537.36"
87.183.73.0 - - [22/Jan/2021:06:57:51 +0000] "GET /socket.io/?EIO=y&transport=xkmoyoi&t=xoabn7209&sid=zh6g847jgp4u07hysff4 HTTP/1.1" 200 4843 "https://miaou.dystroy.org/3728" "Mozilla/5.0 (Windows NT 10.0; Win64; x64) AppleWebKit/537.36 (KHTML, like Gecko) Chrome/88.0.4324.96 Safari/537.36"
98.67.97.90 - - [22/Jan/2021:06:57:56 +0000] "GET /json/messages/last?n=a&room=kkpl HTTP/1.1" 200 919 "https://miaou.dystroy.org/1556" "Mozilla/5.0 (Windows NT 10.0; Win64; x64; rv:84.0) Gecko/20100101 Firefox/84.0"
98.67.97.90 - - [22/Jan/2021:06:57:56 +0000] "GET /json/messages/last?n=a&room=4x1 HTTP/1.1" 200 988 "https://miaou.dystroy.org/1556" "Mozilla/5.0 (Windows NT 10.0; Win64; x64; rv:84.0) Gecko/20100101 Firefox/84.0"
28.46.53.144 - - [22/Jan/2021:06:58:06 +0000] "GET /publicProfile?user=8xf&room=iayh HTTP/1.1" 304 0 "https://miaou.dystroy.org/1556" "Mozilla/5.0 (Windows NT 6.1; rv:84.0) Gecko/20100101 Firefox/84.0"
28.46.53.144 - - [22/Jan/2021:06:58:13 +0000] "GET /publicProfile?user=rajx&room=iayh HTTP/1.1" 304 0 "https://miaou.dystroy.org/1556" "Mozilla/5.0 (Windows NT 6.1; rv:84.0) Gecko/20100101 Firefox/84.0"
40.205.208.119 - - [22/Jan/2021:06:58:14 +0000] "POST /sciz-webhook HTTP/1.1" 200 0 "-" "python-requests/2.21.0"
40.205.208.119 - - [22/Jan/2021:06:58:15 +0000] "POST /sciz-webhook HTTP/1.1" 200 0 "-" "python-requests/2.21.0"
17.122.58.112 - - [22/Jan/2021:06:58:25 +0000] "GET /gogo/json?action=bgc6r5eeshp5nu&asker=ycswg1&trollId=nx99k9 HTTP/1.1" 200 85 "https://games.mountyhall.com/" "Mozilla/5.0 (Windows NT 10.0; Win64; x64) AppleWebKit/537.36 (KHTML, like Gecko) Chrome/87.0.4280.141 Safari/537.36"
17.122.58.112 - - [22/Jan/2021:06:58:26 +0000] "GET /gogo/json?action=bgc6r5eeshp5nu&asker=ycswg1&trollId=bpfs1l HTTP/1.1" 200 85 "https://games.mountyhall.com/" "Mozilla/5.0 (Windows NT 10.0; Win64; x64) AppleWebKit/537.36 (KHTML, like Gecko) Chrome/87.0.4280.141 Safari/537.36"
17.122.58.112 - - [22/Jan/2021:06:58:27 +0000] "GET /gogo/json?action=mf331j19fcfriv57h&asker=ycswg1&name=fk0lehp5h7m8ncblf9vop233ejwbuh&monsterId=fvro37d HTTP/1.1" 200 2751 "https://games.mountyhall.com/" "Mozilla/5.0 (Windows NT 10.0; Win64; x64) AppleWebKit/537.36 (KHTML, like Gecko) Chrome/87.0.4280.141 Safari/537.36"
33.16.29.216 - - [22/Jan/2021:06:58:29 +0000] "GET /rooms HTTP/1.1" 200 3251 "-" "Mozilla/5.0 (X11; Linux x86_64; rv:78.0) Gecko/20100101 Firefox/78.0"
33.16.29.216 - - [22/Jan/2021:06:58:31 +0000] "GET /json/rooms?pattern= HTTP/1.1" 200 10330 "https://miaou.dystroy.org/rooms" "Mozilla/5.0 (X11; Linux x86_64; rv:78.0) Gecko/20100101 Firefox/78.0"
33.16.29.216 - - [22/Jan/2021:06:58:32 +0000] "GET /json/tag?name=uvj9 HTTP/1.1" 200 51 "https://miaou.dystroy.org/rooms" "Mozilla/5.0 (X11; Linux x86_64; rv:78.0) Gecko/20100101 Firefox/78.0"
33.16.29.216 - - [22/Jan/2021:06:58:33 +0000] "GET /2603?SCIZ HTTP/1.1" 200 5227 "https://miaou.dystroy.org/rooms" "Mozilla/5.0 (X11; Linux x86_64; rv:78.0) Gecko/20100101 Firefox/78.0"
33.16.29.216 - - [22/Jan/2021:06:58:33 +0000] "GET /socket.io/socket.io.js HTTP/1.1" 200 68739 "https://miaou.dystroy.org/2603?SCIZ" "Mozilla/5.0 (X11; Linux x86_64; rv:78.0) Gecko/20100101 Firefox/78.0"
33.16.29.216 - - [22/Jan/2021:06:58:34 +0000] "GET /socket.io/?EIO=y&transport=xkmoyoi&t=j6lhc09 HTTP/1.1" 200 99 "https://miaou.dystroy.org/2603?SCIZ" "Mozilla/5.0 (X11; Linux x86_64; rv:78.0) Gecko/20100101 Firefox/78.0"
33.16.29.216 - - [22/Jan/2021:06:58:35 +0000] "GET /socket.io/?EIO=y&transport=xkmoyoi&t=m71wkg3&sid=j0q8q8uurfuj0wlr04cz HTTP/1.1" 200 18 "https://miaou.dystroy.org/2603?SCIZ" "Mozilla/5.0 (X11; Linux x86_64; rv:78.0) Gecko/20100101 Firefox/78.0"
33.16.29.216 - - [22/Jan/2021:06:58:35 +0000] "POST /socket.io/?EIO=y&transport=xkmoyoi&t=sdfmv91&sid=j0q8q8uurfuj0wlr04cz HTTP/1.1" 200 2 "https://miaou.dystroy.org/2603?SCIZ" "Mozilla/5.0 (X11; Linux x86_64; rv:78.0) Gecko/20100101 Firefox/78.0"
33.16.29.216 - - [22/Jan/2021:06:58:35 +0000] "GET /socket.io/?EIO=y&transport=xkmoyoi&t=h018afc&sid=j0q8q8uurfuj0wlr04cz HTTP/1.1" 200 34 "https://miaou.dystroy.org/2603?SCIZ" "Mozilla/5.0 (X11; Linux x86_64; rv:78.0) Gecko/20100101 Firefox/78.0"
110.98.50.150 - - [22/Jan/2021:06:58:38 +0000] "GET /json/external-link-preview?url=u62kbahgne9vo1bm1q7i1wfzv7t7b6zrrf HTTP/1.1" 200 117 "https://miaou.dystroy.org/1556" "Mozilla/5.0 (Windows NT 10.0; Win64; x64) AppleWebKit/537.36 (KHTML, like Gecko) Chrome/87.0.4280.141 Safari/537.36"
65.213.137.36 - - [22/Jan/2021:06:58:39 +0000] "GET /socket.io/?EIO=y&transport=xkmoyoi&t=ci4plen HTTP/1.1" 200 99 "https://miaou.dystroy.org/1556" "Mozilla/5.0 (Linux; Android 8.1.0; Moto G (5)) AppleWebKit/537.36 (KHTML, like Gecko) Chrome/87.0.4280.101 Mobile Safari/537.36"
65.213.137.36 - - [22/Jan/2021:06:58:39 +0000] "GET /socket.io/?EIO=y&transport=xkmoyoi&t=77653do&sid=bc6h7l9iuo5dpm5n7lhh HTTP/1.1" 200 18 "https://miaou.dystroy.org/1556" "Mozilla/5.0 (Linux; Android 8.1.0; Moto G (5)) AppleWebKit/537.36 (KHTML, like Gecko) Chrome/87.0.4280.101 Mobile Safari/537.36"
65.213.137.36 - - [22/Jan/2021:06:58:39 +0000] "POST /socket.io/?EIO=y&transport=xkmoyoi&t=w9lxr7n&sid=bc6h7l9iuo5dpm5n7lhh HTTP/1.1" 200 2 "https://miaou.dystroy.org/1556" "Mozilla/5.0 (Linux; Android 8.1.0; Moto G (5)) AppleWebKit/537.36 (KHTML, like Gecko) Chrome/87.0.4280.101 Mobile Safari/537.36"
65.213.137.36 - - [22/Jan/2021:06:58:39 +0000] "GET /socket.io/?EIO=y&transport=xkmoyoi&t=sq4t9ut&sid=bc6h7l9iuo5dpm5n7lhh HTTP/1.1" 200 5490 "https://miaou.dystroy.org/1556" "Mozilla/5.0 (Linux; Android 8.1.0; Moto G (5)) AppleWebKit/537.36 (KHTML, like Gecko) Chrome/87.0.4280.101 Mobile Safari/537.36"
65.213.137.36 - - [22/Jan/2021:06:58:41 +0000] "POST /socket.io/?EIO=y&transport=xkmoyoi&t=x4tahvv&sid=bc6h7l9iuo5dpm5n7lhh HTTP/1.1" 200 2 "https://miaou.dystroy.org/1556" "Mozilla/5.0 (Linux; Android 8.1.0; Moto G (5)) AppleWebKit/537.36 (KHTML, like Gecko) Chrome/87.0.4280.101 Mobile Safari/537.36"
65.213.137.36 - - [22/Jan/2021:06:58:41 +0000] "GET /socket.io/?EIO=y&transport=xkmoyoi&t=6e7l097&sid=bc6h7l9iuo5dpm5n7lhh HTTP/1.1" 200 623 "https://miaou.dystroy.org/1556" "Mozilla/5.0 (Linux; Android 8.1.0; Moto G (5)) AppleWebKit/537.36 (KHTML, like Gecko) Chrome/87.0.4280.101 Mobile Safari/537.36"
110.98.50.150 - - [22/Jan/2021:06:58:42 +0000] "GET /publicProfile?user=8xf&room=iayh HTTP/1.1" 304 0 "https://miaou.dystroy.org/1556" "Mozilla/5.0 (Windows NT 10.0; Win64; x64) AppleWebKit/537.36 (KHTML, like Gecko) Chrome/87.0.4280.141 Safari/537.36"
33.16.29.216 - - [22/Jan/2021:06:58:47 +0000] "GET /publicProfile?user=rkef&room=10ua HTTP/1.1" 200 405 "https://miaou.dystroy.org/2603?SCIZ" "Mozilla/5.0 (X11; Linux x86_64; rv:78.0) Gecko/20100101 Firefox/78.0"
33.16.29.216 - - [22/Jan/2021:06:58:51 +0000] "GET /publicProfile?user=7re&room=10ua HTTP/1.1" 200 473 "https://miaou.dystroy.org/2603?SCIZ" "Mozilla/5.0 (X11; Linux x86_64; rv:78.0) Gecko/20100101 Firefox/78.0"
7c78:884:3889:ad49:bea8:38de:022f:988e - - [22/Jan/2021:06:58:54 +0000] "GET /socket.io/socket.io.js HTTP/1.1" 304 0 "https://miaou.dystroy.org/4170" "Mozilla/5.0 (Windows NT 10.0; Win64; x64) AppleWebKit/537.36 (KHTML, like Gecko) Chrome/87.0.4280.141 Safari/537.36"
33.16.29.216 - - [22/Jan/2021:06:58:55 +0000] "GET /publicProfile?user=xmqw&room=10ua HTTP/1.1" 200 393 "https://miaou.dystroy.org/2603?SCIZ" "Mozilla/5.0 (X11; Linux x86_64; rv:78.0) Gecko/20100101 Firefox/78.0"
7c78:884:3889:ad49:bea8:38de:022f:988e - - [22/Jan/2021:06:58:58 +0000] "GET /socket.io/?EIO=y&transport=xkmoyoi&t=gwd2088 HTTP/1.1" 200 99 "https://miaou.dystroy.org/4170" "Mozilla/5.0 (Windows NT 10.0; Win64; x64) AppleWebKit/537.36 (KHTML, like Gecko) Chrome/87.0.4280.141 Safari/537.36"
7c78:884:3889:ad49:bea8:38de:022f:988e - - [22/Jan/2021:06:58:58 +0000] "GET /socket.io/?EIO=y&transport=xkmoyoi&t=01xlejc&sid=babmlbidyzf59lnu3oz7 HTTP/1.1" 200 18 "https://miaou.dystroy.org/4170" "Mozilla/5.0 (Windows NT 10.0; Win64; x64) AppleWebKit/537.36 (KHTML, like Gecko) Chrome/87.0.4280.141 Safari/537.36"
7c78:884:3889:ad49:bea8:38de:022f:988e - - [22/Jan/2021:06:58:58 +0000] "POST /socket.io/?EIO=y&transport=xkmoyoi&t=a0q68z0&sid=babmlbidyzf59lnu3oz7 HTTP/1.1" 200 2 "https://miaou.dystroy.org/4170" "Mozilla/5.0 (Windows NT 10.0; Win64; x64) AppleWebKit/537.36 (KHTML, like Gecko) Chrome/87.0.4280.141 Safari/537.36"
7c78:884:3889:ad49:bea8:38de:022f:988e - - [22/Jan/2021:06:58:58 +0000] "GET /socket.io/?EIO=y&transport=xkmoyoi&t=64urxbj&sid=babmlbidyzf59lnu3oz7 HTTP/1.1" 200 34 "https://miaou.dystroy.org/4170" "Mozilla/5.0 (Windows NT 10.0; Win64; x64) AppleWebKit/537.36 (KHTML, like Gecko) Chrome/87.0.4280.141 Safari/537.36"
17.122.58.112 - - [22/Jan/2021:06:59:04 +0000] "GET /gogo/json?action=7c1uz2f9flrxff&TrollId=ycswg1&ChrallVersion=9tku HTTP/1.1" 200 65 "https://games.mountyhall.com/" "Mozilla/5.0 (Windows NT 10.0; Win64; x64) AppleWebKit/537.36 (KHTML, like Gecko) Chrome/87.0.4280.141 Safari/537.36"
28.46.53.144 - - [22/Jan/2021:06:59:16 +0000] "GET /json/messages/last?n=a&room=10ua HTTP/1.1" 200 1124 "https://miaou.dystroy.org/1556" "Mozilla/5.0 (Windows NT 6.1; rv:84.0) Gecko/20100101 Firefox/84.0"
202.27.25.170 - - [22/Jan/2021:06:59:19 +0000] "GET /socket.io/?EIO=y&transport=c0qucvma5&sid=q0dea1oja248paqcjlrt HTTP/1.1" 101 194249 "-" "Mozilla/5.0 (X11; Ubuntu; Linux x86_64; rv:84.0) Gecko/20100101 Firefox/84.0"
40.205.208.119 - - [22/Jan/2021:06:59:28 +0000] "POST /sciz-webhook HTTP/1.1" 200 0 "-" "python-requests/2.21.0"
40.205.208.119 - - [22/Jan/2021:06:59:28 +0000] "POST /sciz-webhook HTTP/1.1" 200 0 "-" "python-requests/2.21.0"
65.213.137.36 - - [22/Jan/2021:06:59:34 +0000] "GET /2444 HTTP/1.1" 304 0 "https://miaou.dystroy.org/1556" "Mozilla/5.0 (Linux; Android 8.1.0; Moto G (5)) AppleWebKit/537.36 (KHTML, like Gecko) Chrome/87.0.4280.101 Mobile Safari/537.36"
65.213.137.36 - - [22/Jan/2021:06:59:36 +0000] "GET /socket.io/?EIO=y&transport=c0qucvma5&sid=bc6h7l9iuo5dpm5n7lhh HTTP/1.1" 101 4095 "-" "Mozilla/5.0 (Linux; Android 8.1.0; Moto G (5)) AppleWebKit/537.36 (KHTML, like Gecko) Chrome/87.0.4280.101 Mobile Safari/537.36"
65.213.137.36 - - [22/Jan/2021:06:59:36 +0000] "GET /socket.io/socket.io.js HTTP/1.1" 304 0 "https://miaou.dystroy.org/2444" "Mozilla/5.0 (Linux; Android 8.1.0; Moto G (5)) AppleWebKit/537.36 (KHTML, like Gecko) Chrome/87.0.4280.101 Mobile Safari/537.36"
65.213.137.36 - - [22/Jan/2021:06:59:37 +0000] "GET /socket.io/?EIO=y&transport=xkmoyoi&t=uhe69ar HTTP/1.1" 200 99 "https://miaou.dystroy.org/2444" "Mozilla/5.0 (Linux; Android 8.1.0; Moto G (5)) AppleWebKit/537.36 (KHTML, like Gecko) Chrome/87.0.4280.101 Mobile Safari/537.36"
65.213.137.36 - - [22/Jan/2021:06:59:38 +0000] "GET /socket.io/?EIO=y&transport=xkmoyoi&t=nch31po&sid=6wxxnutob98qult25dp1 HTTP/1.1" 200 18 "https://miaou.dystroy.org/2444" "Mozilla/5.0 (Linux; Android 8.1.0; Moto G (5)) AppleWebKit/537.36 (KHTML, like Gecko) Chrome/87.0.4280.101 Mobile Safari/537.36"
65.213.137.36 - - [22/Jan/2021:06:59:38 +0000] "POST /socket.io/?EIO=y&transport=xkmoyoi&t=vip52wo&sid=6wxxnutob98qult25dp1 HTTP/1.1" 200 2 "https://miaou.dystroy.org/2444" "Mozilla/5.0 (Linux; Android 8.1.0; Moto G (5)) AppleWebKit/537.36 (KHTML, like Gecko) Chrome/87.0.4280.101 Mobile Safari/537.36"
