52c6:9566:6ae5:4101:3c69:27c3:b57b:8c71 - - [22/Jan/2021:05:35:41 +0000] "GET /rooms HTTP/1.1" 200 3385 "https://ssl.reddit.com/api/v1/authorize?duration=permanent&response_type=code&redirect_uri=https%3A%2F%2Fmiaou.dystroy.org%2Fauth%2Freddit%2Fcallback&scope=identity&state=Ohio&client_id=QBS8RqohaLpvgg" "Mozilla/5.0 (Windows NT 10.0; Win64; x64; rv:84.0) Gecko/20100101 Firefox/84.0"
52c6:9566:6ae5:4101:3c69:27c3:b57b:8c71 - - [22/Jan/2021:05:35:45 +0000] "GET /json/rooms?pattern= HTTP/1.1" 200 10014 "https://miaou.dystroy.org/rooms" "Mozilla/5.0 (Windows NT 10.0; Win64; x64; rv:84.0) Gecko/20100101 Firefox/84.0"
77.223.140.69 - - [22/Jan/2021:05:35:46 +0000] "GET /1260 HTTP/1.1" 200 4408 "https://miaou.dystroy.org/3496" "Mozilla/5.0 (Linux; Android 10; Redmi Note 7) AppleWebKit/537.36 (KHTML, like Gecko) Chrome/87.0.4280.101 Mobile Safari/537.36"
77.223.140.69 - - [22/Jan/2021:05:35:46 +0000] "GET /socket.io/?EIO=y&transport=c0qucvma5&sid=yrvl5o8y87qieurvl9ws HTTP/1.1" 101 583 "-" "Mozilla/5.0 (Linux; Android 10; Redmi Note 7) AppleWebKit/537.36 (KHTML, like Gecko) Chrome/87.0.4280.101 Mobile Safari/537.36"
40.205.208.119 - - [22/Jan/2021:05:35:46 +0000] "POST /sciz-webhook HTTP/1.1" 200 0 "-" "python-requests/2.21.0"
77.223.140.69 - - [22/Jan/2021:05:35:46 +0000] "GET /socket.io/socket.io.js HTTP/1.1" 304 0 "https://miaou.dystroy.org/1260" "Mozilla/5.0 (Linux; Android 10; Redmi Note 7) AppleWebKit/537.36 (KHTML, like Gecko) Chrome/87.0.4280.101 Mobile Safari/537.36"
77.223.140.69 - - [22/Jan/2021:05:35:47 +0000] "GET /socket.io/?EIO=y&transport=xkmoyoi&t=veyfqns HTTP/1.1" 200 99 "https://miaou.dystroy.org/1260" "Mozilla/5.0 (Linux; Android 10; Redmi Note 7) AppleWebKit/537.36 (KHTML, like Gecko) Chrome/87.0.4280.101 Mobile Safari/537.36"
77.223.140.69 - - [22/Jan/2021:05:35:47 +0000] "GET /file-host/53abc6301fa1e5136ed108a0.jpg HTTP/1.1" 200 25071 "https://miaou.dystroy.org/1260" "Mozilla/5.0 (Linux; Android 10; Redmi Note 7) AppleWebKit/537.36 (KHTML, like Gecko) Chrome/87.0.4280.101 Mobile Safari/537.36"
77.223.140.69 - - [22/Jan/2021:05:35:47 +0000] "GET /file-host/a2d0d2411ea6a8e4b7ee11ac.jpg HTTP/1.1" 200 12708 "https://miaou.dystroy.org/1260" "Mozilla/5.0 (Linux; Android 10; Redmi Note 7) AppleWebKit/537.36 (KHTML, like Gecko) Chrome/87.0.4280.101 Mobile Safari/537.36"
77.223.140.69 - - [22/Jan/2021:05:35:47 +0000] "GET /socket.io/?EIO=y&transport=xkmoyoi&t=nwblnl6&sid=my7rubpngkz9f4kw3lq4 HTTP/1.1" 200 18 "https://miaou.dystroy.org/1260" "Mozilla/5.0 (Linux; Android 10; Redmi Note 7) AppleWebKit/537.36 (KHTML, like Gecko) Chrome/87.0.4280.101 Mobile Safari/537.36"
77.223.140.69 - - [22/Jan/2021:05:35:47 +0000] "GET /file-host/1dc92b49fe03589de7ced923.jpg HTTP/1.1" 200 16201 "https://miaou.dystroy.org/1260" "Mozilla/5.0 (Linux; Android 10; Redmi Note 7) AppleWebKit/537.36 (KHTML, like Gecko) Chrome/87.0.4280.101 Mobile Safari/537.36"
77.223.140.69 - - [22/Jan/2021:05:35:47 +0000] "POST /socket.io/?EIO=y&transport=xkmoyoi&t=pximeri&sid=my7rubpngkz9f4kw3lq4 HTTP/1.1" 200 2 "https://miaou.dystroy.org/1260" "Mozilla/5.0 (Linux; Android 10; Redmi Note 7) AppleWebKit/537.36 (KHTML, like Gecko) Chrome/87.0.4280.101 Mobile Safari/537.36"
77.223.140.69 - - [22/Jan/2021:05:35:47 +0000] "GET /socket.io/?EIO=y&transport=xkmoyoi&t=wvc1pac&sid=my7rubpngkz9f4kw3lq4 HTTP/1.1" 200 34 "https://miaou.dystroy.org/1260" "Mozilla/5.0 (Linux; Android 10; Redmi Note 7) AppleWebKit/537.36 (KHTML, like Gecko) Chrome/87.0.4280.101 Mobile Safari/537.36"
77.223.140.69 - - [22/Jan/2021:05:35:49 +0000] "GET /sw.js?v=jq HTTP/1.1" 304 0 "https://miaou.dystroy.org/sw.js?v=33" "Mozilla/5.0 (Linux; Android 10; Redmi Note 7) AppleWebKit/537.36 (KHTML, like Gecko) Chrome/87.0.4280.101 Mobile Safari/537.36"
77.223.140.69 - - [22/Jan/2021:05:35:58 +0000] "GET /favicon.ico HTTP/1.1" 404 148 "https://miaou.dystroy.org/file-host/1dc92b49fe03589de7ced923.jpg" "Mozilla/5.0 (Linux; Android 10; Redmi Note 7) AppleWebKit/537.36 (KHTML, like Gecko) Chrome/87.0.4280.101 Mobile Safari/537.36"
77.223.140.69 - - [22/Jan/2021:05:35:59 +0000] "GET /sw.js?v=jq HTTP/1.1" 304 0 "https://miaou.dystroy.org/sw.js?v=33" "Mozilla/5.0 (Linux; Android 10; Redmi Note 7) AppleWebKit/537.36 (KHTML, like Gecko) Chrome/87.0.4280.101 Mobile Safari/537.36"
77.223.140.69 - - [22/Jan/2021:05:36:10 +0000] "GET /3 HTTP/1.1" 200 4891 "https://miaou.dystroy.org/1260" "Mozilla/5.0 (Linux; Android 10; Redmi Note 7) AppleWebKit/537.36 (KHTML, like Gecko) Chrome/87.0.4280.101 Mobile Safari/537.36"
77.223.140.69 - - [22/Jan/2021:05:36:10 +0000] "GET /socket.io/?EIO=y&transport=c0qucvma5&sid=my7rubpngkz9f4kw3lq4 HTTP/1.1" 101 4771 "-" "Mozilla/5.0 (Linux; Android 10; Redmi Note 7) AppleWebKit/537.36 (KHTML, like Gecko) Chrome/87.0.4280.101 Mobile Safari/537.36"
77.223.140.69 - - [22/Jan/2021:05:36:10 +0000] "GET /socket.io/socket.io.js HTTP/1.1" 304 0 "https://miaou.dystroy.org/3" "Mozilla/5.0 (Linux; Android 10; Redmi Note 7) AppleWebKit/537.36 (KHTML, like Gecko) Chrome/87.0.4280.101 Mobile Safari/537.36"
77.223.140.69 - - [22/Jan/2021:05:36:10 +0000] "GET /socket.io/?EIO=y&transport=xkmoyoi&t=m52k1r6 HTTP/1.1" 200 99 "https://miaou.dystroy.org/3" "Mozilla/5.0 (Linux; Android 10; Redmi Note 7) AppleWebKit/537.36 (KHTML, like Gecko) Chrome/87.0.4280.101 Mobile Safari/537.36"
77.223.140.69 - - [22/Jan/2021:05:36:10 +0000] "GET /socket.io/?EIO=y&transport=xkmoyoi&t=upheuyx&sid=ztw01bgbla2a6nkqv63w HTTP/1.1" 200 18 "https://miaou.dystroy.org/3" "Mozilla/5.0 (Linux; Android 10; Redmi Note 7) AppleWebKit/537.36 (KHTML, like Gecko) Chrome/87.0.4280.101 Mobile Safari/537.36"
77.223.140.69 - - [22/Jan/2021:05:36:10 +0000] "POST /socket.io/?EIO=y&transport=xkmoyoi&t=w0xovjk&sid=ztw01bgbla2a6nkqv63w HTTP/1.1" 200 2 "https://miaou.dystroy.org/3" "Mozilla/5.0 (Linux; Android 10; Redmi Note 7) AppleWebKit/537.36 (KHTML, like Gecko) Chrome/87.0.4280.101 Mobile Safari/537.36"
77.223.140.69 - - [22/Jan/2021:05:36:10 +0000] "GET /socket.io/?EIO=y&transport=xkmoyoi&t=9o38nsz&sid=ztw01bgbla2a6nkqv63w HTTP/1.1" 200 34 "https://miaou.dystroy.org/3" "Mozilla/5.0 (Linux; Android 10; Redmi Note 7) AppleWebKit/537.36 (KHTML, like Gecko) Chrome/87.0.4280.101 Mobile Safari/537.36"
77.223.140.69 - - [22/Jan/2021:05:36:10 +0000] "GET /socket.io/?EIO=y&transport=xkmoyoi&t=gmi29mp&sid=ztw01bgbla2a6nkqv63w HTTP/1.1" 200 4538 "https://miaou.dystroy.org/3" "Mozilla/5.0 (Linux; Android 10; Redmi Note 7) AppleWebKit/537.36 (KHTML, like Gecko) Chrome/87.0.4280.101 Mobile Safari/537.36"
40.205.208.119 - - [22/Jan/2021:05:36:11 +0000] "POST /sciz-webhook HTTP/1.1" 200 0 "-" "python-requests/2.21.0"
40.205.208.119 - - [22/Jan/2021:05:36:11 +0000] "POST /sciz-webhook HTTP/1.1" 200 0 "-" "python-requests/2.21.0"
40.205.208.119 - - [22/Jan/2021:05:36:12 +0000] "POST /sciz-webhook HTTP/1.1" 200 0 "-" "python-requests/2.21.0"
40.205.208.119 - - [22/Jan/2021:05:36:12 +0000] "POST /sciz-webhook HTTP/1.1" 200 0 "-" "python-requests/2.21.0"
77.223.140.69 - - [22/Jan/2021:05:36:13 +0000] "GET /sw.js?v=jq HTTP/1.1" 304 0 "https://miaou.dystroy.org/sw.js?v=33" "Mozilla/5.0 (Linux; Android 10; Redmi Note 7) AppleWebKit/537.36 (KHTML, like Gecko) Chrome/87.0.4280.101 Mobile Safari/537.36"
40.205.208.119 - - [22/Jan/2021:05:36:15 +0000] "POST /sciz-webhook HTTP/1.1" 200 0 "-" "python-requests/2.21.0"
40.205.208.119 - - [22/Jan/2021:05:36:15 +0000] "POST /sciz-webhook HTTP/1.1" 200 0 "-" "python-requests/2.21.0"
40.205.208.119 - - [22/Jan/2021:05:36:31 +0000] "POST /sciz-webhook HTTP/1.1" 200 0 "-" "python-requests/2.21.0"
91.110.189.249 - - [22/Jan/2021:05:36:41 +0000] "HEAD / HTTP/1.1" 301 0 "http://www.dystroy.org" "Mozilla/5.0+(compatible; UptimeRobot/2.0; http://www.uptimerobot.com/)"
91.110.189.249 - - [22/Jan/2021:05:36:41 +0000] "HEAD / HTTP/1.1" 200 0 "http://www.dystroy.org" "Mozilla/5.0+(compatible; UptimeRobot/2.0; http://www.uptimerobot.com/)"
81.66.83.245 - - [22/Jan/2021:05:37:50 +0000] "GET /blog/atom.xml HTTP/1.1" 304 0 "-" "NetNewsWire (RSS Reader; https://ranchero.com/netnewswire/)"
40.205.208.119 - - [22/Jan/2021:05:38:13 +0000] "POST /sciz-webhook HTTP/1.1" 200 0 "-" "python-requests/2.21.0"
40.205.208.119 - - [22/Jan/2021:05:38:13 +0000] "POST /sciz-webhook HTTP/1.1" 200 0 "-" "python-requests/2.21.0"
40.205.208.119 - - [22/Jan/2021:05:38:27 +0000] "POST /sciz-webhook HTTP/1.1" 200 0 "-" "python-requests/2.21.0"
40.205.208.119 - - [22/Jan/2021:05:39:52 +0000] "POST /sciz-webhook HTTP/1.1" 200 0 "-" "python-requests/2.21.0"
40.205.208.119 - - [22/Jan/2021:05:41:21 +0000] "POST /sciz-webhook HTTP/1.1" 200 0 "-" "python-requests/2.21.0"
202.27.25.170 - - [22/Jan/2021:05:41:39 +0000] "GET /json/messages/last?n=a&room=8os1 HTTP/1.1" 200 1486 "https://miaou.dystroy.org/3" "Mozilla/5.0 (X11; Linux x86_64) AppleWebKit/537.36 (KHTML, like Gecko) Chrome/73.0.3683.103 Safari/537.36"
202.27.25.170 - - [22/Jan/2021:05:41:39 +0000] "GET /json/messages/last?n=a&room=fba4 HTTP/1.1" 304 0 "https://miaou.dystroy.org/3" "Mozilla/5.0 (X11; Linux x86_64) AppleWebKit/537.36 (KHTML, like Gecko) Chrome/73.0.3683.103 Safari/537.36"
202.27.25.170 - - [22/Jan/2021:05:41:39 +0000] "GET /json/messages/last?n=a&room=10ua HTTP/1.1" 304 0 "https://miaou.dystroy.org/3" "Mozilla/5.0 (X11; Linux x86_64) AppleWebKit/537.36 (KHTML, like Gecko) Chrome/73.0.3683.103 Safari/537.36"
202.27.25.170 - - [22/Jan/2021:05:41:39 +0000] "GET /json/messages/last?n=a&room=zqyw HTTP/1.1" 304 0 "https://miaou.dystroy.org/3" "Mozilla/5.0 (X11; Linux x86_64) AppleWebKit/537.36 (KHTML, like Gecko) Chrome/73.0.3683.103 Safari/537.36"
202.27.25.170 - - [22/Jan/2021:05:41:39 +0000] "GET /json/messages/last?n=a&room=zqyw HTTP/1.1" 304 0 "https://miaou.dystroy.org/3" "Mozilla/5.0 (X11; Linux x86_64) AppleWebKit/537.36 (KHTML, like Gecko) Chrome/73.0.3683.103 Safari/537.36"
202.27.25.170 - - [22/Jan/2021:05:41:39 +0000] "GET /json/messages/last?n=a&room=10ua HTTP/1.1" 304 0 "https://miaou.dystroy.org/3" "Mozilla/5.0 (X11; Linux x86_64) AppleWebKit/537.36 (KHTML, like Gecko) Chrome/73.0.3683.103 Safari/537.36"
202.27.25.170 - - [22/Jan/2021:05:41:40 +0000] "GET /json/messages/last?n=0&room=i9rd HTTP/1.1" 304 0 "https://miaou.dystroy.org/3" "Mozilla/5.0 (X11; Linux x86_64) AppleWebKit/537.36 (KHTML, like Gecko) Chrome/73.0.3683.103 Safari/537.36"
202.27.25.170 - - [22/Jan/2021:05:41:40 +0000] "GET /json/messages/last?n=a&room=1xxh HTTP/1.1" 304 0 "https://miaou.dystroy.org/3" "Mozilla/5.0 (X11; Linux x86_64) AppleWebKit/537.36 (KHTML, like Gecko) Chrome/73.0.3683.103 Safari/537.36"
202.27.25.170 - - [22/Jan/2021:05:41:40 +0000] "GET /json/messages/last?n=a&room=1xxh HTTP/1.1" 304 0 "https://miaou.dystroy.org/3" "Mozilla/5.0 (X11; Linux x86_64) AppleWebKit/537.36 (KHTML, like Gecko) Chrome/73.0.3683.103 Safari/537.36"
202.27.25.170 - - [22/Jan/2021:05:41:40 +0000] "GET /json/messages/last?n=jo&room=a2fv HTTP/1.1" 200 2776 "https://miaou.dystroy.org/3" "Mozilla/5.0 (X11; Linux x86_64) AppleWebKit/537.36 (KHTML, like Gecko) Chrome/73.0.3683.103 Safari/537.36"
202.27.25.170 - - [22/Jan/2021:05:41:40 +0000] "GET /json/messages/last?n=0&room=i9rd HTTP/1.1" 304 0 "https://miaou.dystroy.org/3" "Mozilla/5.0 (X11; Linux x86_64) AppleWebKit/537.36 (KHTML, like Gecko) Chrome/73.0.3683.103 Safari/537.36"
202.27.25.170 - - [22/Jan/2021:05:41:40 +0000] "GET /json/messages/last?n=0&room=i9rd HTTP/1.1" 304 0 "https://miaou.dystroy.org/3" "Mozilla/5.0 (X11; Linux x86_64) AppleWebKit/537.36 (KHTML, like Gecko) Chrome/73.0.3683.103 Safari/537.36"
91.110.189.249 - - [22/Jan/2021:05:41:41 +0000] "HEAD / HTTP/1.1" 301 0 "http://www.dystroy.org" "Mozilla/5.0+(compatible; UptimeRobot/2.0; http://www.uptimerobot.com/)"
202.27.25.170 - - [22/Jan/2021:05:41:41 +0000] "GET /json/messages/last?n=d1&room=q7pl HTTP/1.1" 200 4395 "https://miaou.dystroy.org/3" "Mozilla/5.0 (X11; Linux x86_64) AppleWebKit/537.36 (KHTML, like Gecko) Chrome/73.0.3683.103 Safari/537.36"
91.110.189.249 - - [22/Jan/2021:05:41:41 +0000] "HEAD / HTTP/1.1" 200 0 "http://www.dystroy.org" "Mozilla/5.0+(compatible; UptimeRobot/2.0; http://www.uptimerobot.com/)"
202.27.25.170 - - [22/Jan/2021:05:41:42 +0000] "GET /2960 HTTP/1.1" 200 5225 "https://miaou.dystroy.org/3" "Mozilla/5.0 (X11; Linux x86_64) AppleWebKit/537.36 (KHTML, like Gecko) Chrome/73.0.3683.103 Safari/537.36"
202.27.25.170 - - [22/Jan/2021:05:41:42 +0000] "GET /socket.io/?EIO=y&transport=c0qucvma5&sid=wb0e761b9blaxmhqokrn HTTP/1.1" 101 1967 "-" "Mozilla/5.0 (X11; Linux x86_64) AppleWebKit/537.36 (KHTML, like Gecko) Chrome/73.0.3683.103 Safari/537.36"
202.27.25.170 - - [22/Jan/2021:05:41:43 +0000] "GET /socket.io/socket.io.js HTTP/1.1" 200 68739 "https://miaou.dystroy.org/2960" "Mozilla/5.0 (X11; Linux x86_64) AppleWebKit/537.36 (KHTML, like Gecko) Chrome/73.0.3683.103 Safari/537.36"
202.27.25.170 - - [22/Jan/2021:05:41:45 +0000] "GET /socket.io/?EIO=y&transport=xkmoyoi&t=3evqayy HTTP/1.1" 200 99 "https://miaou.dystroy.org/2960" "Mozilla/5.0 (X11; Linux x86_64) AppleWebKit/537.36 (KHTML, like Gecko) Chrome/73.0.3683.103 Safari/537.36"
202.27.25.170 - - [22/Jan/2021:05:41:45 +0000] "GET /socket.io/?EIO=y&transport=xkmoyoi&t=edv9o45&sid=k04779vxrpzxh7ctafki HTTP/1.1" 200 18 "https://miaou.dystroy.org/2960" "Mozilla/5.0 (X11; Linux x86_64) AppleWebKit/537.36 (KHTML, like Gecko) Chrome/73.0.3683.103 Safari/537.36"
202.27.25.170 - - [22/Jan/2021:05:41:45 +0000] "POST /socket.io/?EIO=y&transport=xkmoyoi&t=1x05b6f&sid=k04779vxrpzxh7ctafki HTTP/1.1" 200 2 "https://miaou.dystroy.org/2960" "Mozilla/5.0 (X11; Linux x86_64) AppleWebKit/537.36 (KHTML, like Gecko) Chrome/73.0.3683.103 Safari/537.36"
202.27.25.170 - - [22/Jan/2021:05:41:45 +0000] "GET /socket.io/?EIO=y&transport=xkmoyoi&t=5jj5lje&sid=k04779vxrpzxh7ctafki HTTP/1.1" 200 207 "https://miaou.dystroy.org/2960" "Mozilla/5.0 (X11; Linux x86_64) AppleWebKit/537.36 (KHTML, like Gecko) Chrome/73.0.3683.103 Safari/537.36"
202.27.25.170 - - [22/Jan/2021:05:41:45 +0000] "GET /socket.io/?EIO=y&transport=xkmoyoi&t=dqdogxz&sid=k04779vxrpzxh7ctafki HTTP/1.1" 200 3202 "https://miaou.dystroy.org/2960" "Mozilla/5.0 (X11; Linux x86_64) AppleWebKit/537.36 (KHTML, like Gecko) Chrome/73.0.3683.103 Safari/537.36"
202.27.25.170 - - [22/Jan/2021:05:41:47 +0000] "GET /json/messages/last?n=0&room=i9rd HTTP/1.1" 304 0 "https://miaou.dystroy.org/2960" "Mozilla/5.0 (X11; Linux x86_64) AppleWebKit/537.36 (KHTML, like Gecko) Chrome/73.0.3683.103 Safari/537.36"
202.27.25.170 - - [22/Jan/2021:05:41:47 +0000] "GET /json/messages/last?n=a&room=1xxh HTTP/1.1" 304 0 "https://miaou.dystroy.org/2960" "Mozilla/5.0 (X11; Linux x86_64) AppleWebKit/537.36 (KHTML, like Gecko) Chrome/73.0.3683.103 Safari/537.36"
202.27.25.170 - - [22/Jan/2021:05:42:00 +0000] "GET /json/messages/last?n=az&room=cer HTTP/1.1" 304 0 "https://miaou.dystroy.org/2960" "Mozilla/5.0 (X11; Linux x86_64) AppleWebKit/537.36 (KHTML, like Gecko) Chrome/73.0.3683.103 Safari/537.36"
202.27.25.170 - - [22/Jan/2021:05:42:00 +0000] "GET /json/messages/last?n=a&room=b4xf HTTP/1.1" 200 1043 "https://miaou.dystroy.org/2960" "Mozilla/5.0 (X11; Linux x86_64) AppleWebKit/537.36 (KHTML, like Gecko) Chrome/73.0.3683.103 Safari/537.36"
112.82.74.203 - - [22/Jan/2021:05:42:01 +0000] "GET /petitpoucet/ HTTP/1.1" 301 185 "-" "Mozilla/5.0 (compatible; bingbot/2.0; +http://www.bing.com/bingbot.htm)"
40.205.208.119 - - [22/Jan/2021:05:42:16 +0000] "POST /sciz-webhook HTTP/1.1" 200 0 "-" "python-requests/2.21.0"
77.223.140.69 - - [22/Jan/2021:05:42:17 +0000] "GET /socket.io/?EIO=y&transport=c0qucvma5&sid=ztw01bgbla2a6nkqv63w HTTP/1.1" 101 2001 "-" "Mozilla/5.0 (Linux; Android 10; Redmi Note 7) AppleWebKit/537.36 (KHTML, like Gecko) Chrome/87.0.4280.101 Mobile Safari/537.36"
202.27.25.170 - - [22/Jan/2021:05:42:53 +0000] "GET /json/messages/last?n=0&room=i9rd HTTP/1.1" 304 0 "https://miaou.dystroy.org/2960" "Mozilla/5.0 (X11; Linux x86_64) AppleWebKit/537.36 (KHTML, like Gecko) Chrome/73.0.3683.103 Safari/537.36"
202.27.25.170 - - [22/Jan/2021:05:43:10 +0000] "GET /json/messages/last?n=a&room=8os1 HTTP/1.1" 304 0 "https://miaou.dystroy.org/2960" "Mozilla/5.0 (X11; Linux x86_64) AppleWebKit/537.36 (KHTML, like Gecko) Chrome/73.0.3683.103 Safari/537.36"
33.241.30.207 - - [22/Jan/2021:05:43:19 +0000] "GET / HTTP/1.1" 302 106 "-" "Mozilla/5.0 (Linux; Android 10; EML-L29) AppleWebKit/537.36 (KHTML, like Gecko) Chrome/87.0.4280.141 Mobile Safari/537.36"
33.241.30.207 - - [22/Jan/2021:05:43:19 +0000] "GET /login HTTP/1.1" 304 0 "-" "Mozilla/5.0 (Linux; Android 10; EML-L29) AppleWebKit/537.36 (KHTML, like Gecko) Chrome/87.0.4280.141 Mobile Safari/537.36"
33.241.30.207 - - [22/Jan/2021:05:43:20 +0000] "GET /auth/google HTTP/1.1" 302 0 "https://miaou.dystroy.org/login" "Mozilla/5.0 (Linux; Android 10; EML-L29) AppleWebKit/537.36 (KHTML, like Gecko) Chrome/87.0.4280.141 Mobile Safari/537.36"
b597:547:674b:cca1:b531:8a78:4036:185b - - [22/Jan/2021:05:43:47 +0000] "GET /json/messages/last?n=a&room=y HTTP/1.1" 200 1036 "https://miaou.dystroy.org/1903" "Mozilla/5.0 (Windows NT 10.0; Win64; x64) AppleWebKit/537.36 (KHTML, like Gecko) Chrome/87.0.4280.101 Safari/537.36"
b597:547:674b:cca1:b531:8a78:4036:185b - - [22/Jan/2021:05:43:47 +0000] "GET /json/messages/last?n=a&room=y HTTP/1.1" 304 0 "https://miaou.dystroy.org/1903" "Mozilla/5.0 (Windows NT 10.0; Win64; x64) AppleWebKit/537.36 (KHTML, like Gecko) Chrome/87.0.4280.101 Safari/537.36"
53.110.48.71 - - [22/Jan/2021:05:43:58 +0000] "GET /blog/atom.xml HTTP/1.1" 304 0 "-" "Feedbin feed-id:1894033 - 1 subscribers"
40.205.208.119 - - [22/Jan/2021:05:44:06 +0000] "POST /sciz-webhook HTTP/1.1" 200 0 "-" "python-requests/2.21.0"
40.205.208.119 - - [22/Jan/2021:05:44:07 +0000] "POST /sciz-webhook HTTP/1.1" 200 0 "-" "python-requests/2.21.0"
40.205.208.119 - - [22/Jan/2021:05:44:08 +0000] "POST /sciz-webhook HTTP/1.1" 200 0 "-" "python-requests/2.21.0"
40.205.208.119 - - [22/Jan/2021:05:44:09 +0000] "POST /sciz-webhook HTTP/1.1" 200 0 "-" "python-requests/2.21.0"
39.197.132.5 - - [22/Jan/2021:05:44:21 +0000] "GET /blog/atom.xml HTTP/1.1" 304 0 "https://dystroy.org/" "Mozilla/5.0 (compatible; inoreader.com; 2 subscribers)"
202.27.25.170 - - [22/Jan/2021:05:44:35 +0000] "GET /json/messages/last?n=a&room=myp3 HTTP/1.1" 304 0 "https://miaou.dystroy.org/2960" "Mozilla/5.0 (X11; Linux x86_64) AppleWebKit/537.36 (KHTML, like Gecko) Chrome/73.0.3683.103 Safari/537.36"
202.27.25.170 - - [22/Jan/2021:05:44:38 +0000] "GET /publicProfile?user=daiy&room=q7pl HTTP/1.1" 304 0 "https://miaou.dystroy.org/2960" "Mozilla/5.0 (X11; Linux x86_64) AppleWebKit/537.36 (KHTML, like Gecko) Chrome/73.0.3683.103 Safari/537.36"
202.27.25.170 - - [22/Jan/2021:05:45:13 +0000] "GET /json/messages/last?n=a&room=vkhh HTTP/1.1" 200 1237 "https://miaou.dystroy.org/2960" "Mozilla/5.0 (X11; Linux x86_64) AppleWebKit/537.36 (KHTML, like Gecko) Chrome/73.0.3683.103 Safari/537.36"
202.27.25.170 - - [22/Jan/2021:05:45:13 +0000] "GET /json/messages/last?n=a&room=5lqn HTTP/1.1" 200 746 "https://miaou.dystroy.org/2960" "Mozilla/5.0 (X11; Linux x86_64) AppleWebKit/537.36 (KHTML, like Gecko) Chrome/73.0.3683.103 Safari/537.36"
202.27.25.170 - - [22/Jan/2021:05:45:13 +0000] "GET /json/messages/last?n=a&room=jo HTTP/1.1" 200 1162 "https://miaou.dystroy.org/2960" "Mozilla/5.0 (X11; Linux x86_64) AppleWebKit/537.36 (KHTML, like Gecko) Chrome/73.0.3683.103 Safari/537.36"
202.27.25.170 - - [22/Jan/2021:05:45:13 +0000] "GET /json/messages/last?n=sd&room=a9v3 HTTP/1.1" 200 13037 "https://miaou.dystroy.org/2960" "Mozilla/5.0 (X11; Linux x86_64) AppleWebKit/537.36 (KHTML, like Gecko) Chrome/73.0.3683.103 Safari/537.36"
202.27.25.170 - - [22/Jan/2021:05:45:13 +0000] "GET /json/messages/last?n=a&room=y HTTP/1.1" 200 1036 "https://miaou.dystroy.org/2960" "Mozilla/5.0 (X11; Linux x86_64) AppleWebKit/537.36 (KHTML, like Gecko) Chrome/73.0.3683.103 Safari/537.36"
202.27.25.170 - - [22/Jan/2021:05:45:13 +0000] "GET /json/messages/last?n=a&room=myp3 HTTP/1.1" 304 0 "https://miaou.dystroy.org/2960" "Mozilla/5.0 (X11; Linux x86_64) AppleWebKit/537.36 (KHTML, like Gecko) Chrome/73.0.3683.103 Safari/537.36"
202.27.25.170 - - [22/Jan/2021:05:45:13 +0000] "GET /json/messages/last?n=a&room=10ua HTTP/1.1" 304 0 "https://miaou.dystroy.org/2960" "Mozilla/5.0 (X11; Linux x86_64) AppleWebKit/537.36 (KHTML, like Gecko) Chrome/73.0.3683.103 Safari/537.36"
202.27.25.170 - - [22/Jan/2021:05:45:13 +0000] "GET /json/messages/last?n=a&room=zqyw HTTP/1.1" 304 0 "https://miaou.dystroy.org/2960" "Mozilla/5.0 (X11; Linux x86_64) AppleWebKit/537.36 (KHTML, like Gecko) Chrome/73.0.3683.103 Safari/537.36"
202.27.25.170 - - [22/Jan/2021:05:45:14 +0000] "GET /json/messages/last?n=a&room=zqyw HTTP/1.1" 304 0 "https://miaou.dystroy.org/2960" "Mozilla/5.0 (X11; Linux x86_64) AppleWebKit/537.36 (KHTML, like Gecko) Chrome/73.0.3683.103 Safari/537.36"
202.27.25.170 - - [22/Jan/2021:05:45:14 +0000] "GET /json/messages/last?n=a&room=1xxh HTTP/1.1" 304 0 "https://miaou.dystroy.org/2960" "Mozilla/5.0 (X11; Linux x86_64) AppleWebKit/537.36 (KHTML, like Gecko) Chrome/73.0.3683.103 Safari/537.36"
202.27.25.170 - - [22/Jan/2021:05:45:14 +0000] "GET /json/messages/last?n=a&room=myp3 HTTP/1.1" 304 0 "https://miaou.dystroy.org/2960" "Mozilla/5.0 (X11; Linux x86_64) AppleWebKit/537.36 (KHTML, like Gecko) Chrome/73.0.3683.103 Safari/537.36"
202.27.25.170 - - [22/Jan/2021:05:45:14 +0000] "GET /json/messages/last?n=a&room=8os1 HTTP/1.1" 304 0 "https://miaou.dystroy.org/2960" "Mozilla/5.0 (X11; Linux x86_64) AppleWebKit/537.36 (KHTML, like Gecko) Chrome/73.0.3683.103 Safari/537.36"
202.27.25.170 - - [22/Jan/2021:05:45:14 +0000] "GET /json/messages/last?n=a&room=u HTTP/1.1" 200 1324 "https://miaou.dystroy.org/2960" "Mozilla/5.0 (X11; Linux x86_64) AppleWebKit/537.36 (KHTML, like Gecko) Chrome/73.0.3683.103 Safari/537.36"
202.27.25.170 - - [22/Jan/2021:05:45:14 +0000] "GET /json/messages/last?n=a&room=b4xf HTTP/1.1" 304 0 "https://miaou.dystroy.org/2960" "Mozilla/5.0 (X11; Linux x86_64) AppleWebKit/537.36 (KHTML, like Gecko) Chrome/73.0.3683.103 Safari/537.36"
b843:bcee:6c09:649c:d1a3:301e:3c52:37f5 - - [22/Jan/2021:05:45:29 +0000] "GET /gogo/json?action=mf331j19fcfriv57h&asker=0gtvw6&name=t5jfytp0d9i1vlwdlb0hgwc4g3gtk83b9nh27cfdlqen&monsterId=ba7d4hq HTTP/1.1" 200 2758 "https://games.mountyhall.com/" "Mozilla/5.0 (Windows NT 10.0; Win64; x64) AppleWebKit/537.36 (KHTML, like Gecko) Chrome/87.0.4280.141 Safari/537.36"
b843:bcee:6c09:649c:d1a3:301e:3c52:37f5 - - [22/Jan/2021:05:45:29 +0000] "GET /gogo/json?action=mf331j19fcfriv57h&asker=0gtvw6&name=jduy1zhkcmwckgc5kl1xmqhj25ehqezfiz2avlum4zm7ms7zyu94dg&monsterId=9k4ms6h HTTP/1.1" 200 114 "https://games.mountyhall.com/" "Mozilla/5.0 (Windows NT 10.0; Win64; x64) AppleWebKit/537.36 (KHTML, like Gecko) Chrome/87.0.4280.141 Safari/537.36"
58.103.75.216 - - [22/Jan/2021:05:45:30 +0000] "GET /JSON.prune/JSON.prune.js?_=ius82j4h6bcm5 HTTP/1.1" 200 5188 "https://esabora-schema-preprod.azurewebsites.net/" "Mozilla/5.0 (Windows NT 10.0; Win64; x64) AppleWebKit/537.36 (KHTML, like Gecko) Chrome/75.0.3770.142 Safari/537.36"
b843:bcee:6c09:649c:d1a3:301e:3c52:37f5 - - [22/Jan/2021:05:45:31 +0000] "GET /gogo/json?action=mf331j19fcfriv57h&asker=0gtvw6&name=71fa3b3jrr2v0u4qtxkwr59nougsxw33ozqrf9qyirs4&monsterId=nv5xmv6 HTTP/1.1" 200 104 "https://games.mountyhall.com/" "Mozilla/5.0 (Windows NT 10.0; Win64; x64) AppleWebKit/537.36 (KHTML, like Gecko) Chrome/87.0.4280.141 Safari/537.36"
b843:bcee:6c09:649c:d1a3:301e:3c52:37f5 - - [22/Jan/2021:05:45:31 +0000] "GET /gogo/json?action=mf331j19fcfriv57h&asker=0gtvw6&name=teoi0cg3lwy9ptjje6dy2ehrqgh9hwl&monsterId=dvl9oie HTTP/1.1" 200 2735 "https://games.mountyhall.com/" "Mozilla/5.0 (Windows NT 10.0; Win64; x64) AppleWebKit/537.36 (KHTML, like Gecko) Chrome/87.0.4280.141 Safari/537.36"
b843:bcee:6c09:649c:d1a3:301e:3c52:37f5 - - [22/Jan/2021:05:45:31 +0000] "GET /gogo/json?action=mf331j19fcfriv57h&asker=0gtvw6&name=meotohzftqeb4yda83gxbya4&monsterId=no1f06w HTTP/1.1" 200 2744 "https://games.mountyhall.com/" "Mozilla/5.0 (Windows NT 10.0; Win64; x64) AppleWebKit/537.36 (KHTML, like Gecko) Chrome/87.0.4280.141 Safari/537.36"
b843:bcee:6c09:649c:d1a3:301e:3c52:37f5 - - [22/Jan/2021:05:45:31 +0000] "GET /gogo/json?action=bgc6r5eeshp5nu&asker=0gtvw6&trollId=87limo HTTP/1.1" 200 85 "https://games.mountyhall.com/" "Mozilla/5.0 (Windows NT 10.0; Win64; x64) AppleWebKit/537.36 (KHTML, like Gecko) Chrome/87.0.4280.141 Safari/537.36"
b843:bcee:6c09:649c:d1a3:301e:3c52:37f5 - - [22/Jan/2021:05:45:31 +0000] "GET /gogo/json?action=bgc6r5eeshp5nu&trollId=0gtvw6 HTTP/1.1" 200 85 "https://games.mountyhall.com/" "Mozilla/5.0 (Windows NT 10.0; Win64; x64) AppleWebKit/537.36 (KHTML, like Gecko) Chrome/87.0.4280.141 Safari/537.36"
b597:547:674b:cca1:b531:8a78:4036:185b - - [22/Jan/2021:05:45:35 +0000] "GET /json/messages/last?n=a&room=32y9 HTTP/1.1" 304 0 "https://miaou.dystroy.org/1903" "Mozilla/5.0 (Windows NT 10.0; Win64; x64) AppleWebKit/537.36 (KHTML, like Gecko) Chrome/87.0.4280.101 Safari/537.36"
b36f:8ac7:d48:7bd1:13b6:1048:5ff3:0b9c - - [22/Jan/2021:05:45:55 +0000] "GET /json/rooms?pattern= HTTP/1.1" 200 8085 "https://miaou.dystroy.org/1616" "Mozilla/5.0 (X11; Linux x86_64; rv:78.0) Gecko/20100101 Firefox/78.0"
40.205.208.119 - - [22/Jan/2021:05:46:05 +0000] "POST /sciz-webhook HTTP/1.1" 200 0 "-" "python-requests/2.21.0"
5b16:8a4f:b444:de46:1de0:73cc:4e1:95e5 - - [22/Jan/2021:05:46:31 +0000] "GET /socket.io/?EIO=y&transport=xkmoyoi&t=2duxkn8 HTTP/1.1" 200 99 "https://miaou.dystroy.org/1757" "Mozilla/5.0 (Windows NT 10.0; Win64; x64; rv:84.0) Gecko/20100101 Firefox/84.0"
5b16:8a4f:b444:de46:1de0:73cc:4e1:95e5 - - [22/Jan/2021:05:46:31 +0000] "GET /socket.io/?EIO=y&transport=xkmoyoi&t=5dob7n7&sid=g1n3xe9k521a1qzw70ji HTTP/1.1" 200 18 "https://miaou.dystroy.org/1757" "Mozilla/5.0 (Windows NT 10.0; Win64; x64; rv:84.0) Gecko/20100101 Firefox/84.0"
5b16:8a4f:b444:de46:1de0:73cc:4e1:95e5 - - [22/Jan/2021:05:46:31 +0000] "POST /socket.io/?EIO=y&transport=xkmoyoi&t=ujghrj2&sid=g1n3xe9k521a1qzw70ji HTTP/1.1" 200 2 "https://miaou.dystroy.org/1757" "Mozilla/5.0 (Windows NT 10.0; Win64; x64; rv:84.0) Gecko/20100101 Firefox/84.0"
5b16:8a4f:b444:de46:1de0:73cc:4e1:95e5 - - [22/Jan/2021:05:46:31 +0000] "GET /socket.io/?EIO=y&transport=xkmoyoi&t=y5vqavkq1&sid=g1n3xe9k521a1qzw70ji HTTP/1.1" 200 3174 "https://miaou.dystroy.org/1757" "Mozilla/5.0 (Windows NT 10.0; Win64; x64; rv:84.0) Gecko/20100101 Firefox/84.0"
5b16:8a4f:b444:de46:1de0:73cc:4e1:95e5 - - [22/Jan/2021:05:46:31 +0000] "GET /socket.io/?EIO=y&transport=xkmoyoi&t=z4n3ym2&sid=g1n3xe9k521a1qzw70ji HTTP/1.1" 200 7869 "https://miaou.dystroy.org/1757" "Mozilla/5.0 (Windows NT 10.0; Win64; x64; rv:84.0) Gecko/20100101 Firefox/84.0"
112.82.74.203 - - [22/Jan/2021:05:46:40 +0000] "GET /688?Welcome_to_Miaou HTTP/1.1" 302 62 "-" "Mozilla/5.0 (compatible; bingbot/2.0; +http://www.bing.com/bingbot.htm)"
91.110.189.249 - - [22/Jan/2021:05:46:41 +0000] "HEAD / HTTP/1.1" 301 0 "http://www.dystroy.org" "Mozilla/5.0+(compatible; UptimeRobot/2.0; http://www.uptimerobot.com/)"
112.82.74.203 - - [22/Jan/2021:05:46:41 +0000] "GET /login?room=cer HTTP/1.1" 200 714 "-" "Mozilla/5.0 (compatible; bingbot/2.0; +http://www.bing.com/bingbot.htm)"
91.110.189.249 - - [22/Jan/2021:05:46:41 +0000] "HEAD / HTTP/1.1" 200 0 "http://www.dystroy.org" "Mozilla/5.0+(compatible; UptimeRobot/2.0; http://www.uptimerobot.com/)"
202.27.25.170 - - [22/Jan/2021:05:47:00 +0000] "GET /socket.io/?EIO=y&transport=c0qucvma5&sid=k04779vxrpzxh7ctafki HTTP/1.1" 101 5189 "-" "Mozilla/5.0 (X11; Linux x86_64) AppleWebKit/537.36 (KHTML, like Gecko) Chrome/73.0.3683.103 Safari/537.36"
202.27.25.170 - - [22/Jan/2021:05:47:18 +0000] "GET /socket.io/?EIO=y&transport=c0qucvma5&sid=gv4vhl92asjadin8kdsh HTTP/1.1" 101 2941 "-" "Mozilla/5.0 (X11; Linux x86_64) AppleWebKit/537.36 (KHTML, like Gecko) Chrome/73.0.3683.103 Safari/537.36"
40.205.208.119 - - [22/Jan/2021:05:47:27 +0000] "POST /sciz-webhook HTTP/1.1" 200 0 "-" "python-requests/2.21.0"
b3ba:001:b1c:e6e5:98d:4eb9:822b:861d - - [22/Jan/2021:05:47:43 +0000] "GET /json/external-link-preview?url=edje8emrtr58hrb32jgih4bibo0vilb4oin0w1y9s0q9geiwj81ux6sl1z97btwt6w8o641lmyz22a80t91fsz0cb9nqieo1gjg HTTP/1.1" 200 55 "https://miaou.dystroy.org/1765?Alcove_Privee_Humesque_" "Mozilla/5.0 (Windows NT 10.0; Win64; x64; rv:84.0) Gecko/20100101 Firefox/84.0"
40.205.208.119 - - [22/Jan/2021:05:48:05 +0000] "POST /sciz-webhook HTTP/1.1" 200 0 "-" "python-requests/2.21.0"
40.205.208.119 - - [22/Jan/2021:05:48:05 +0000] "POST /sciz-webhook HTTP/1.1" 200 0 "-" "python-requests/2.21.0"
40.205.208.119 - - [22/Jan/2021:05:48:06 +0000] "POST /sciz-webhook HTTP/1.1" 200 0 "-" "python-requests/2.21.0"
40.205.208.119 - - [22/Jan/2021:05:48:06 +0000] "POST /sciz-webhook HTTP/1.1" 200 0 "-" "python-requests/2.21.0"
5b16:8a4f:b444:de46:1de0:73cc:4e1:95e5 - - [22/Jan/2021:05:48:46 +0000] "GET /json/messages/last?n=a&room=kkpl HTTP/1.1" 200 919 "https://miaou.dystroy.org/1757" "Mozilla/5.0 (Windows NT 10.0; Win64; x64; rv:84.0) Gecko/20100101 Firefox/84.0"
5b16:8a4f:b444:de46:1de0:73cc:4e1:95e5 - - [22/Jan/2021:05:48:46 +0000] "GET /json/messages/last?n=a&room=9tpe HTTP/1.1" 200 1825 "https://miaou.dystroy.org/1757" "Mozilla/5.0 (Windows NT 10.0; Win64; x64; rv:84.0) Gecko/20100101 Firefox/84.0"
5b16:8a4f:b444:de46:1de0:73cc:4e1:95e5 - - [22/Jan/2021:05:48:46 +0000] "GET /json/messages/last?n=a&room=9tpe HTTP/1.1" 304 0 "https://miaou.dystroy.org/1757" "Mozilla/5.0 (Windows NT 10.0; Win64; x64; rv:84.0) Gecko/20100101 Firefox/84.0"
5b16:8a4f:b444:de46:1de0:73cc:4e1:95e5 - - [22/Jan/2021:05:48:47 +0000] "GET /socket.io/?EIO=y&transport=c0qucvma5&sid=g1n3xe9k521a1qzw70ji HTTP/1.1" 101 500 "-" "Mozilla/5.0 (Windows NT 10.0; Win64; x64; rv:84.0) Gecko/20100101 Firefox/84.0"
5b16:8a4f:b444:de46:1de0:73cc:4e1:95e5 - - [22/Jan/2021:05:48:47 +0000] "GET /1934 HTTP/1.1" 200 7094 "https://miaou.dystroy.org/1757" "Mozilla/5.0 (Windows NT 10.0; Win64; x64; rv:84.0) Gecko/20100101 Firefox/84.0"
5b16:8a4f:b444:de46:1de0:73cc:4e1:95e5 - - [22/Jan/2021:05:48:47 +0000] "GET /socket.io/socket.io.js HTTP/1.1" 304 0 "https://miaou.dystroy.org/1934" "Mozilla/5.0 (Windows NT 10.0; Win64; x64; rv:84.0) Gecko/20100101 Firefox/84.0"
5b16:8a4f:b444:de46:1de0:73cc:4e1:95e5 - - [22/Jan/2021:05:48:47 +0000] "GET /socket.io/?EIO=y&transport=xkmoyoi&t=73ddsf8 HTTP/1.1" 200 99 "https://miaou.dystroy.org/1934" "Mozilla/5.0 (Windows NT 10.0; Win64; x64; rv:84.0) Gecko/20100101 Firefox/84.0"
5b16:8a4f:b444:de46:1de0:73cc:4e1:95e5 - - [22/Jan/2021:05:48:47 +0000] "GET /socket.io/?EIO=y&transport=xkmoyoi&t=x89cjd7&sid=3xsohnkus1uxy9ngaxs1 HTTP/1.1" 200 18 "https://miaou.dystroy.org/1934" "Mozilla/5.0 (Windows NT 10.0; Win64; x64; rv:84.0) Gecko/20100101 Firefox/84.0"
5b16:8a4f:b444:de46:1de0:73cc:4e1:95e5 - - [22/Jan/2021:05:48:47 +0000] "POST /socket.io/?EIO=y&transport=xkmoyoi&t=o8jd02u&sid=3xsohnkus1uxy9ngaxs1 HTTP/1.1" 200 2 "https://miaou.dystroy.org/1934" "Mozilla/5.0 (Windows NT 10.0; Win64; x64; rv:84.0) Gecko/20100101 Firefox/84.0"
5b16:8a4f:b444:de46:1de0:73cc:4e1:95e5 - - [22/Jan/2021:05:48:47 +0000] "GET /socket.io/?EIO=y&transport=xkmoyoi&t=ehngn7i&sid=3xsohnkus1uxy9ngaxs1 HTTP/1.1" 200 34 "https://miaou.dystroy.org/1934" "Mozilla/5.0 (Windows NT 10.0; Win64; x64; rv:84.0) Gecko/20100101 Firefox/84.0"
50.228.19.43 - - [22/Jan/2021:05:48:55 +0000] "GET /JSON.prune/JSON.prune.js?_=7xlaz6u43d0hv HTTP/1.1" 200 5188 "https://schema02.esabora.solutions/" "Mozilla/5.0 (Macintosh; Intel Mac OS X 10_15_7) AppleWebKit/537.36 (KHTML, like Gecko) Chrome/87.0.4280.141 Safari/537.36"
98.87.196.34 - - [22/Jan/2021:05:48:59 +0000] "GET /broot/img/favicon.ico HTTP/1.1" 200 1150 "-" "Mozilla/5.0 (iPhone; CPU OS 14_3 like Mac OS X) AppleWebKit/605.1.15 (KHTML, like Gecko) FxiOS/30.0 Mobile/15E148 Safari/605.1.15"
b36f:8ac7:d48:7bd1:13b6:1048:5ff3:0b9c - - [22/Jan/2021:05:49:19 +0000] "GET /1616 HTTP/1.1" 200 5418 "https://miaou.dystroy.org/4017" "Mozilla/5.0 (X11; Linux x86_64; rv:78.0) Gecko/20100101 Firefox/78.0"
b36f:8ac7:d48:7bd1:13b6:1048:5ff3:0b9c - - [22/Jan/2021:05:49:19 +0000] "GET /socket.io/socket.io.js HTTP/1.1" 304 0 "https://miaou.dystroy.org/1616" "Mozilla/5.0 (X11; Linux x86_64; rv:78.0) Gecko/20100101 Firefox/78.0"
b36f:8ac7:d48:7bd1:13b6:1048:5ff3:0b9c - - [22/Jan/2021:05:49:20 +0000] "GET /socket.io/?EIO=y&transport=xkmoyoi&t=mu5ia9y HTTP/1.1" 200 99 "https://miaou.dystroy.org/1616" "Mozilla/5.0 (X11; Linux x86_64; rv:78.0) Gecko/20100101 Firefox/78.0"
b36f:8ac7:d48:7bd1:13b6:1048:5ff3:0b9c - - [22/Jan/2021:05:49:20 +0000] "GET /socket.io/?EIO=y&transport=xkmoyoi&t=asd6okx&sid=n0csgfre3ewtn2lx9t8k HTTP/1.1" 200 18 "https://miaou.dystroy.org/1616" "Mozilla/5.0 (X11; Linux x86_64; rv:78.0) Gecko/20100101 Firefox/78.0"
b36f:8ac7:d48:7bd1:13b6:1048:5ff3:0b9c - - [22/Jan/2021:05:49:20 +0000] "POST /socket.io/?EIO=y&transport=xkmoyoi&t=lh18xlr&sid=n0csgfre3ewtn2lx9t8k HTTP/1.1" 200 2 "https://miaou.dystroy.org/1616" "Mozilla/5.0 (X11; Linux x86_64; rv:78.0) Gecko/20100101 Firefox/78.0"
b36f:8ac7:d48:7bd1:13b6:1048:5ff3:0b9c - - [22/Jan/2021:05:49:20 +0000] "GET /socket.io/?EIO=y&transport=xkmoyoi&t=muhfowh&sid=n0csgfre3ewtn2lx9t8k HTTP/1.1" 200 57 "https://miaou.dystroy.org/1616" "Mozilla/5.0 (X11; Linux x86_64; rv:78.0) Gecko/20100101 Firefox/78.0"
b36f:8ac7:d48:7bd1:13b6:1048:5ff3:0b9c - - [22/Jan/2021:05:49:20 +0000] "GET /socket.io/?EIO=y&transport=xkmoyoi&t=mztlinn&sid=n0csgfre3ewtn2lx9t8k HTTP/1.1" 200 6350 "https://miaou.dystroy.org/1616" "Mozilla/5.0 (X11; Linux x86_64; rv:78.0) Gecko/20100101 Firefox/78.0"
77.82.9.117 - - [22/Jan/2021:05:50:00 +0000] "GET /bali2007/img/KL27-s.jpg HTTP/1.1" 200 262255 "-" "Mozilla/5.0 (compatible; YandexImages/3.0; +http://yandex.com/bots)"
131.68.165.104 - - [22/Jan/2021:05:50:01 +0000] "HEAD /broot/download/x86_64-pc-windows-gnu/broot.exe HTTP/1.1" 200 0 "-" "Mozilla/4.0 (compatible; MSIE 6.0; Windows NT 5.1)"
40.205.208.119 - - [22/Jan/2021:05:50:06 +0000] "POST /sciz-webhook HTTP/1.1" 200 0 "-" "python-requests/2.21.0"
40.205.208.119 - - [22/Jan/2021:05:50:08 +0000] "POST /sciz-webhook HTTP/1.1" 200 0 "-" "python-requests/2.21.0"
40.205.208.119 - - [22/Jan/2021:05:50:09 +0000] "POST /sciz-webhook HTTP/1.1" 200 0 "-" "python-requests/2.21.0"
4c2b:0f62:5f5a:e405:425d:06f1:d12b:f9c7 - - [22/Jan/2021:05:50:44 +0000] "GET /622 HTTP/1.1" 200 5345 "-" "Mozilla/5.0 (Android 10; Mobile; rv:84.0) Gecko/84.0 Firefox/84.0"
4c2b:0f62:5f5a:e405:425d:06f1:d12b:f9c7 - - [22/Jan/2021:05:50:44 +0000] "GET /socket.io/socket.io.js HTTP/1.1" 200 68739 "https://miaou.dystroy.org/622" "Mozilla/5.0 (Android 10; Mobile; rv:84.0) Gecko/84.0 Firefox/84.0"
50.228.19.43 - - [22/Jan/2021:05:50:45 +0000] "GET /JSON.prune/JSON.prune.js?_=nah6oszejw9p3 HTTP/1.1" 200 5188 "https://schema02.esabora.solutions/" "Mozilla/5.0 (Macintosh; Intel Mac OS X 10_15_7) AppleWebKit/537.36 (KHTML, like Gecko) Chrome/87.0.4280.141 Safari/537.36"
5b16:8a4f:b444:de46:1de0:73cc:4e1:95e5 - - [22/Jan/2021:05:50:49 +0000] "GET /publicProfile?user=2b7g&room=9tpe HTTP/1.1" 200 432 "https://miaou.dystroy.org/1934" "Mozilla/5.0 (Windows NT 10.0; Win64; x64; rv:84.0) Gecko/20100101 Firefox/84.0"
4c2b:0f62:5f5a:e405:425d:06f1:d12b:f9c7 - - [22/Jan/2021:05:50:49 +0000] "GET /socket.io/?EIO=y&transport=xkmoyoi&t=pbwfnnc HTTP/1.1" 200 99 "https://miaou.dystroy.org/622" "Mozilla/5.0 (Android 10; Mobile; rv:84.0) Gecko/84.0 Firefox/84.0"
4c2b:0f62:5f5a:e405:425d:06f1:d12b:f9c7 - - [22/Jan/2021:05:50:50 +0000] "GET /socket.io/?EIO=y&transport=xkmoyoi&t=zo00ai3&sid=nz811i6m6as2rzx6vguc HTTP/1.1" 200 18 "https://miaou.dystroy.org/622" "Mozilla/5.0 (Android 10; Mobile; rv:84.0) Gecko/84.0 Firefox/84.0"
4c2b:0f62:5f5a:e405:425d:06f1:d12b:f9c7 - - [22/Jan/2021:05:50:51 +0000] "POST /socket.io/?EIO=y&transport=xkmoyoi&t=spa9pq8&sid=nz811i6m6as2rzx6vguc HTTP/1.1" 200 2 "https://miaou.dystroy.org/622" "Mozilla/5.0 (Android 10; Mobile; rv:84.0) Gecko/84.0 Firefox/84.0"
4c2b:0f62:5f5a:e405:425d:06f1:d12b:f9c7 - - [22/Jan/2021:05:50:51 +0000] "GET /socket.io/?EIO=y&transport=xkmoyoi&t=u961wl3&sid=nz811i6m6as2rzx6vguc HTTP/1.1" 200 34 "https://miaou.dystroy.org/622" "Mozilla/5.0 (Android 10; Mobile; rv:84.0) Gecko/84.0 Firefox/84.0"
4c2b:0f62:5f5a:e405:425d:06f1:d12b:f9c7 - - [22/Jan/2021:05:50:55 +0000] "GET /socket.io/?EIO=y&transport=c0qucvma5&sid=nz811i6m6as2rzx6vguc HTTP/1.1" 101 7725 "-" "Mozilla/5.0 (Android 10; Mobile; rv:84.0) Gecko/84.0 Firefox/84.0"
4c2b:0f62:5f5a:e405:425d:06f1:d12b:f9c7 - - [22/Jan/2021:05:50:56 +0000] "GET /2960 HTTP/1.1" 200 4622 "https://miaou.dystroy.org/622" "Mozilla/5.0 (Android 10; Mobile; rv:84.0) Gecko/84.0 Firefox/84.0"
4c2b:0f62:5f5a:e405:425d:06f1:d12b:f9c7 - - [22/Jan/2021:05:50:56 +0000] "GET /socket.io/socket.io.js HTTP/1.1" 200 68739 "https://miaou.dystroy.org/2960" "Mozilla/5.0 (Android 10; Mobile; rv:84.0) Gecko/84.0 Firefox/84.0"
4c2b:0f62:5f5a:e405:425d:06f1:d12b:f9c7 - - [22/Jan/2021:05:51:00 +0000] "GET /socket.io/?EIO=y&transport=xkmoyoi&t=aj4hot2 HTTP/1.1" 200 99 "https://miaou.dystroy.org/2960" "Mozilla/5.0 (Android 10; Mobile; rv:84.0) Gecko/84.0 Firefox/84.0"
4c2b:0f62:5f5a:e405:425d:06f1:d12b:f9c7 - - [22/Jan/2021:05:51:01 +0000] "GET /socket.io/?EIO=y&transport=xkmoyoi&t=jwk04mi&sid=5htmek5xlgkgkeovz8n2 HTTP/1.1" 200 18 "https://miaou.dystroy.org/2960" "Mozilla/5.0 (Android 10; Mobile; rv:84.0) Gecko/84.0 Firefox/84.0"
4c2b:0f62:5f5a:e405:425d:06f1:d12b:f9c7 - - [22/Jan/2021:05:51:01 +0000] "POST /socket.io/?EIO=y&transport=xkmoyoi&t=77k77k1&sid=5htmek5xlgkgkeovz8n2 HTTP/1.1" 200 2 "https://miaou.dystroy.org/2960" "Mozilla/5.0 (Android 10; Mobile; rv:84.0) Gecko/84.0 Firefox/84.0"
4c2b:0f62:5f5a:e405:425d:06f1:d12b:f9c7 - - [22/Jan/2021:05:51:01 +0000] "GET /socket.io/?EIO=y&transport=xkmoyoi&t=lw0tboo&sid=5htmek5xlgkgkeovz8n2 HTTP/1.1" 200 34 "https://miaou.dystroy.org/2960" "Mozilla/5.0 (Android 10; Mobile; rv:84.0) Gecko/84.0 Firefox/84.0"
4c2b:0f62:5f5a:e405:425d:06f1:d12b:f9c7 - - [22/Jan/2021:05:51:01 +0000] "GET /socket.io/?EIO=y&transport=xkmoyoi&t=uroh8uw&sid=5htmek5xlgkgkeovz8n2 HTTP/1.1" 200 3541 "https://miaou.dystroy.org/2960" "Mozilla/5.0 (Android 10; Mobile; rv:84.0) Gecko/84.0 Firefox/84.0"
50.228.19.43 - - [22/Jan/2021:05:51:07 +0000] "GET /JSON.prune/JSON.prune.js?_=ysgmhw3smq6xo HTTP/1.1" 200 5188 "https://schema02.esabora.solutions/" "Mozilla/5.0 (Macintosh; Intel Mac OS X 10_15_7) AppleWebKit/537.36 (KHTML, like Gecko) Chrome/87.0.4280.141 Safari/537.36"
40.205.208.119 - - [22/Jan/2021:05:51:10 +0000] "POST /sciz-webhook HTTP/1.1" 200 0 "-" "python-requests/2.21.0"
45.65.208.194 - - [22/Jan/2021:05:51:12 +0000] "HEAD /broot/ HTTP/1.1" 200 0 "-" "Mozilla/5.0 (Macintosh; Intel Mac OS X 10_15_3) AppleWebKit/537.36 (KHTML, like Gecko) Chrome/80.0.3987.149 Safari/537.36"
4c2b:0f62:5f5a:e405:425d:06f1:d12b:f9c7 - - [22/Jan/2021:05:51:40 +0000] "GET /socket.io/?EIO=y&transport=c0qucvma5&sid=5htmek5xlgkgkeovz8n2 HTTP/1.1" 101 3193 "-" "Mozilla/5.0 (Android 10; Mobile; rv:84.0) Gecko/84.0 Firefox/84.0"
4c2b:0f62:5f5a:e405:425d:06f1:d12b:f9c7 - - [22/Jan/2021:05:51:40 +0000] "GET /458 HTTP/1.1" 200 4794 "https://miaou.dystroy.org/2960" "Mozilla/5.0 (Android 10; Mobile; rv:84.0) Gecko/84.0 Firefox/84.0"
4c2b:0f62:5f5a:e405:425d:06f1:d12b:f9c7 - - [22/Jan/2021:05:51:40 +0000] "GET /socket.io/socket.io.js HTTP/1.1" 304 0 "https://miaou.dystroy.org/458" "Mozilla/5.0 (Android 10; Mobile; rv:84.0) Gecko/84.0 Firefox/84.0"
91.110.189.249 - - [22/Jan/2021:05:51:41 +0000] "HEAD / HTTP/1.1" 301 0 "http://www.dystroy.org" "Mozilla/5.0+(compatible; UptimeRobot/2.0; http://www.uptimerobot.com/)"
91.110.189.249 - - [22/Jan/2021:05:51:41 +0000] "HEAD / HTTP/1.1" 200 0 "http://www.dystroy.org" "Mozilla/5.0+(compatible; UptimeRobot/2.0; http://www.uptimerobot.com/)"
4c2b:0f62:5f5a:e405:425d:06f1:d12b:f9c7 - - [22/Jan/2021:05:51:45 +0000] "GET /socket.io/?EIO=y&transport=xkmoyoi&t=0kxukt3 HTTP/1.1" 200 99 "https://miaou.dystroy.org/458" "Mozilla/5.0 (Android 10; Mobile; rv:84.0) Gecko/84.0 Firefox/84.0"
b36f:8ac7:d48:7bd1:13b6:1048:5ff3:0b9c - - [22/Jan/2021:05:51:45 +0000] "GET /json/messages/last?n=a&room=q0o1 HTTP/1.1" 200 639 "https://miaou.dystroy.org/1616" "Mozilla/5.0 (X11; Linux x86_64; rv:78.0) Gecko/20100101 Firefox/78.0"
b36f:8ac7:d48:7bd1:13b6:1048:5ff3:0b9c - - [22/Jan/2021:05:51:45 +0000] "GET /json/messages/last?n=jo&room=udgu HTTP/1.1" 200 3370 "https://miaou.dystroy.org/1616" "Mozilla/5.0 (X11; Linux x86_64; rv:78.0) Gecko/20100101 Firefox/78.0"
b36f:8ac7:d48:7bd1:13b6:1048:5ff3:0b9c - - [22/Jan/2021:05:51:45 +0000] "GET /json/rooms?pattern= HTTP/1.1" 200 8086 "https://miaou.dystroy.org/1616" "Mozilla/5.0 (X11; Linux x86_64; rv:78.0) Gecko/20100101 Firefox/78.0"
4c2b:0f62:5f5a:e405:425d:06f1:d12b:f9c7 - - [22/Jan/2021:05:51:46 +0000] "GET /socket.io/?EIO=y&transport=xkmoyoi&t=tlizw2x&sid=s4bpkf0wx4151zqjlzle HTTP/1.1" 200 18 "https://miaou.dystroy.org/458" "Mozilla/5.0 (Android 10; Mobile; rv:84.0) Gecko/84.0 Firefox/84.0"
4c2b:0f62:5f5a:e405:425d:06f1:d12b:f9c7 - - [22/Jan/2021:05:51:46 +0000] "POST /socket.io/?EIO=y&transport=xkmoyoi&t=clle7jx&sid=s4bpkf0wx4151zqjlzle HTTP/1.1" 200 2 "https://miaou.dystroy.org/458" "Mozilla/5.0 (Android 10; Mobile; rv:84.0) Gecko/84.0 Firefox/84.0"
4c2b:0f62:5f5a:e405:425d:06f1:d12b:f9c7 - - [22/Jan/2021:05:51:46 +0000] "GET /socket.io/?EIO=y&transport=xkmoyoi&t=0tech36&sid=s4bpkf0wx4151zqjlzle HTTP/1.1" 200 34 "https://miaou.dystroy.org/458" "Mozilla/5.0 (Android 10; Mobile; rv:84.0) Gecko/84.0 Firefox/84.0"
4c2b:0f62:5f5a:e405:425d:06f1:d12b:f9c7 - - [22/Jan/2021:05:51:46 +0000] "GET /socket.io/?EIO=y&transport=xkmoyoi&t=sljr9zz&sid=s4bpkf0wx4151zqjlzle HTTP/1.1" 200 6943 "https://miaou.dystroy.org/458" "Mozilla/5.0 (Android 10; Mobile; rv:84.0) Gecko/84.0 Firefox/84.0"
b36f:8ac7:d48:7bd1:13b6:1048:5ff3:0b9c - - [22/Jan/2021:05:51:46 +0000] "GET /json/messages/last?n=jo&room=udgu HTTP/1.1" 304 0 "https://miaou.dystroy.org/1616" "Mozilla/5.0 (X11; Linux x86_64; rv:78.0) Gecko/20100101 Firefox/78.0"
4c2b:0f62:5f5a:e405:425d:06f1:d12b:f9c7 - - [22/Jan/2021:05:51:48 +0000] "POST /socket.io/?EIO=y&transport=xkmoyoi&t=9x8b0u0&sid=s4bpkf0wx4151zqjlzle HTTP/1.1" 200 2 "https://miaou.dystroy.org/458" "Mozilla/5.0 (Android 10; Mobile; rv:84.0) Gecko/84.0 Firefox/84.0"
4c2b:0f62:5f5a:e405:425d:06f1:d12b:f9c7 - - [22/Jan/2021:05:51:48 +0000] "GET /socket.io/?EIO=y&transport=xkmoyoi&t=nx6f3nf&sid=s4bpkf0wx4151zqjlzle HTTP/1.1" 200 355 "https://miaou.dystroy.org/458" "Mozilla/5.0 (Android 10; Mobile; rv:84.0) Gecko/84.0 Firefox/84.0"
4c2b:0f62:5f5a:e405:425d:06f1:d12b:f9c7 - - [22/Jan/2021:05:51:49 +0000] "POST /socket.io/?EIO=y&transport=xkmoyoi&t=c755fhn&sid=s4bpkf0wx4151zqjlzle HTTP/1.1" 200 2 "https://miaou.dystroy.org/458" "Mozilla/5.0 (Android 10; Mobile; rv:84.0) Gecko/84.0 Firefox/84.0"
4c2b:0f62:5f5a:e405:425d:06f1:d12b:f9c7 - - [22/Jan/2021:05:51:49 +0000] "GET /socket.io/?EIO=y&transport=xkmoyoi&t=e8ookty&sid=s4bpkf0wx4151zqjlzle HTTP/1.1" 200 38 "https://miaou.dystroy.org/458" "Mozilla/5.0 (Android 10; Mobile; rv:84.0) Gecko/84.0 Firefox/84.0"
ceef:df8c:265:501c:7e57:472a:54a:2e5b - - [22/Jan/2021:05:51:50 +0000] "GET /json/messages/last?n=a&room=4x1 HTTP/1.1" 304 0 "https://miaou.dystroy.org/3" "Mozilla/5.0 (X11; Linux x86_64) AppleWebKit/537.36 (KHTML, like Gecko) Chrome/83.0.4103.116 Safari/537.36"
ceef:df8c:265:501c:7e57:472a:54a:2e5b - - [22/Jan/2021:05:51:51 +0000] "GET /json/messages/last?n=a&room=a9v3 HTTP/1.1" 200 3212 "https://miaou.dystroy.org/3" "Mozilla/5.0 (X11; Linux x86_64) AppleWebKit/537.36 (KHTML, like Gecko) Chrome/83.0.4103.116 Safari/537.36"
ceef:df8c:265:501c:7e57:472a:54a:2e5b - - [22/Jan/2021:05:51:52 +0000] "GET /json/external-link-preview?url=ddysl37meybeo2nqrrk413ssm3ov7u0s6hh22lzg HTTP/1.1" 304 0 "https://miaou.dystroy.org/3" "Mozilla/5.0 (X11; Linux x86_64) AppleWebKit/537.36 (KHTML, like Gecko) Chrome/83.0.4103.116 Safari/537.36"
ceef:df8c:265:501c:7e57:472a:54a:2e5b - - [22/Jan/2021:05:51:52 +0000] "GET /json/external-link-preview?url=3gqzt98s9ur7z5z4ruendb8c139k2bqm3kgm47mcvjhhsmg81lkne7j HTTP/1.1" 304 0 "https://miaou.dystroy.org/3" "Mozilla/5.0 (X11; Linux x86_64) AppleWebKit/537.36 (KHTML, like Gecko) Chrome/83.0.4103.116 Safari/537.36"
ceef:df8c:265:501c:7e57:472a:54a:2e5b - - [22/Jan/2021:05:51:53 +0000] "GET /json/external-link-preview?url=oq7hqwza3mhnznntwdk13xt6a01hq532ici8sxla3nojwwcanmhwp0q HTTP/1.1" 304 0 "https://miaou.dystroy.org/3" "Mozilla/5.0 (X11; Linux x86_64) AppleWebKit/537.36 (KHTML, like Gecko) Chrome/83.0.4103.116 Safari/537.36"
ceef:df8c:265:501c:7e57:472a:54a:2e5b - - [22/Jan/2021:05:51:57 +0000] "GET /3490 HTTP/1.1" 200 6997 "https://miaou.dystroy.org/3" "Mozilla/5.0 (X11; Linux x86_64) AppleWebKit/537.36 (KHTML, like Gecko) Chrome/83.0.4103.116 Safari/537.36"
ceef:df8c:265:501c:7e57:472a:54a:2e5b - - [22/Jan/2021:05:51:57 +0000] "GET /socket.io/socket.io.js HTTP/1.1" 304 0 "https://miaou.dystroy.org/3490" "Mozilla/5.0 (X11; Linux x86_64) AppleWebKit/537.36 (KHTML, like Gecko) Chrome/83.0.4103.116 Safari/537.36"
ceef:df8c:265:501c:7e57:472a:54a:2e5b - - [22/Jan/2021:05:51:57 +0000] "GET /socket.io/?EIO=y&transport=xkmoyoi&t=mmftcfd HTTP/1.1" 200 99 "https://miaou.dystroy.org/3490" "Mozilla/5.0 (X11; Linux x86_64) AppleWebKit/537.36 (KHTML, like Gecko) Chrome/83.0.4103.116 Safari/537.36"
ceef:df8c:265:501c:7e57:472a:54a:2e5b - - [22/Jan/2021:05:51:57 +0000] "GET /socket.io/?EIO=y&transport=xkmoyoi&t=jv5g2d6&sid=1a6z51bv5e708016yvxl HTTP/1.1" 200 18 "https://miaou.dystroy.org/3490" "Mozilla/5.0 (X11; Linux x86_64) AppleWebKit/537.36 (KHTML, like Gecko) Chrome/83.0.4103.116 Safari/537.36"
ceef:df8c:265:501c:7e57:472a:54a:2e5b - - [22/Jan/2021:05:51:58 +0000] "GET /socket.io/?EIO=y&transport=xkmoyoi&t=mm4oxx3&sid=1a6z51bv5e708016yvxl HTTP/1.1" 200 3 "https://miaou.dystroy.org/3490" "Mozilla/5.0 (X11; Linux x86_64) AppleWebKit/537.36 (KHTML, like Gecko) Chrome/83.0.4103.116 Safari/537.36"
ceef:df8c:265:501c:7e57:472a:54a:2e5b - - [22/Jan/2021:05:51:59 +0000] "GET /json/external-link-preview?url=u2sso1kqs1gh0qw228j8wvaui89xhf0jv7i87reg0lq06j9gbwjoq HTTP/1.1" 200 430 "https://miaou.dystroy.org/3" "Mozilla/5.0 (X11; Linux x86_64) AppleWebKit/537.36 (KHTML, like Gecko) Chrome/83.0.4103.116 Safari/537.36"
40.205.208.119 - - [22/Jan/2021:05:52:02 +0000] "POST /sciz-webhook HTTP/1.1" 200 0 "-" "python-requests/2.21.0"
40.205.208.119 - - [22/Jan/2021:05:52:28 +0000] "POST /sciz-webhook HTTP/1.1" 200 0 "-" "python-requests/2.21.0"
40.205.208.119 - - [22/Jan/2021:05:52:38 +0000] "POST /sciz-webhook HTTP/1.1" 200 0 "-" "python-requests/2.21.0"
3d3e:146:e80:a702:e33b:e996:2ec9:1bbe - - [22/Jan/2021:05:52:39 +0000] "GET /gogo/json?action=7c1uz2f9flrxff&TrollId=13nngr&ChrallVersion=9tku HTTP/1.1" 200 65 "https://games.mountyhall.com/" "Mozilla/5.0 (Macintosh; Intel Mac OS X 10_13_6) AppleWebKit/537.36 (KHTML, like Gecko) Chrome/87.0.4280.141 Safari/537.36"
c77a:bdd5:d84:1f01:d308:7826:1f19:0d92 - - [22/Jan/2021:05:53:02 +0000] "GET /3816 HTTP/1.1" 200 4863 "https://miaou.dystroy.org/1309" "Mozilla/5.0 (Windows NT 10.0; Win64; x64) AppleWebKit/537.36 (KHTML, like Gecko) Chrome/87.0.4280.141 Safari/537.36"
c77a:bdd5:d84:1f01:d308:7826:1f19:0d92 - - [22/Jan/2021:05:53:06 +0000] "GET /socket.io/socket.io.js HTTP/1.1" 200 68739 "https://miaou.dystroy.org/3816" "Mozilla/5.0 (Windows NT 10.0; Win64; x64) AppleWebKit/537.36 (KHTML, like Gecko) Chrome/87.0.4280.141 Safari/537.36"
c77a:bdd5:d84:1f01:d308:7826:1f19:0d92 - - [22/Jan/2021:05:53:13 +0000] "GET /socket.io/?EIO=y&transport=xkmoyoi&t=cab3vs5 HTTP/1.1" 200 99 "https://miaou.dystroy.org/3816" "Mozilla/5.0 (Windows NT 10.0; Win64; x64) AppleWebKit/537.36 (KHTML, like Gecko) Chrome/87.0.4280.141 Safari/537.36"
c77a:bdd5:d84:1f01:d308:7826:1f19:0d92 - - [22/Jan/2021:05:53:14 +0000] "GET /socket.io/?EIO=y&transport=xkmoyoi&t=6s8tdae&sid=4yx75dpnhuy7a4n8c2n3 HTTP/1.1" 200 18 "https://miaou.dystroy.org/3816" "Mozilla/5.0 (Windows NT 10.0; Win64; x64) AppleWebKit/537.36 (KHTML, like Gecko) Chrome/87.0.4280.141 Safari/537.36"
c77a:bdd5:d84:1f01:d308:7826:1f19:0d92 - - [22/Jan/2021:05:53:14 +0000] "GET /file-host/a6e9d2e1bcf85275240ea921.png HTTP/1.1" 200 125653 "https://miaou.dystroy.org/3816" "Mozilla/5.0 (Windows NT 10.0; Win64; x64) AppleWebKit/537.36 (KHTML, like Gecko) Chrome/87.0.4280.141 Safari/537.36"
c77a:bdd5:d84:1f01:d308:7826:1f19:0d92 - - [22/Jan/2021:05:53:14 +0000] "GET /file-host/69aaf25bc15bc7c39b562572.png HTTP/1.1" 200 177165 "https://miaou.dystroy.org/3816" "Mozilla/5.0 (Windows NT 10.0; Win64; x64) AppleWebKit/537.36 (KHTML, like Gecko) Chrome/87.0.4280.141 Safari/537.36"
c77a:bdd5:d84:1f01:d308:7826:1f19:0d92 - - [22/Jan/2021:05:53:16 +0000] "GET /file-host/d1e3f930b4e24655aeced7d4.png HTTP/1.1" 200 176361 "https://miaou.dystroy.org/3816" "Mozilla/5.0 (Windows NT 10.0; Win64; x64) AppleWebKit/537.36 (KHTML, like Gecko) Chrome/87.0.4280.141 Safari/537.36"
c77a:bdd5:d84:1f01:d308:7826:1f19:0d92 - - [22/Jan/2021:05:53:16 +0000] "GET /file-host/2dabf30bfe815f16702b5519.png HTTP/1.1" 200 147306 "https://miaou.dystroy.org/3816" "Mozilla/5.0 (Windows NT 10.0; Win64; x64) AppleWebKit/537.36 (KHTML, like Gecko) Chrome/87.0.4280.141 Safari/537.36"
77.223.140.69 - - [22/Jan/2021:05:53:32 +0000] "GET /socket.io/?EIO=y&transport=xkmoyoi&t=q1ckt1c HTTP/1.1" 200 99 "https://miaou.dystroy.org/3" "Mozilla/5.0 (Linux; Android 10; Redmi Note 7) AppleWebKit/537.36 (KHTML, like Gecko) Chrome/87.0.4280.101 Mobile Safari/537.36"
77.223.140.69 - - [22/Jan/2021:05:53:32 +0000] "GET /1556 HTTP/1.1" 304 0 "-" "Mozilla/5.0 (Linux; Android 10; Redmi Note 7) AppleWebKit/537.36 (KHTML, like Gecko) Chrome/87.0.4280.101 Mobile Safari/537.36"
77.223.140.69 - - [22/Jan/2021:05:53:33 +0000] "GET /socket.io/?EIO=y&transport=xkmoyoi&t=gq0lzy0&sid=b9nsrcw0uwfiw4fnfffq HTTP/1.1" 200 18 "https://miaou.dystroy.org/3" "Mozilla/5.0 (Linux; Android 10; Redmi Note 7) AppleWebKit/537.36 (KHTML, like Gecko) Chrome/87.0.4280.101 Mobile Safari/537.36"
