135.236.152.9 - - [22/Jan/2021:08:38:17 +0000] "GET /gogo/json?action=mf331j19fcfriv57h&asker=g8ngzo&name=g8dlbsap5836pym2054cb4p&monsterId=0inhbgp HTTP/1.1" 200 2363 "https://games.mountyhall.com/" "Mozilla/5.0 (Windows NT 10.0; Win64; x64) AppleWebKit/537.36 (KHTML, like Gecko) Chrome/87.0.4280.88 Safari/537.36"
236.215.5.153 - - [22/Jan/2021:08:38:17 +0000] "GET /rooms HTTP/1.1" 200 3189 "-" "Mozilla/5.0 (Linux; Android 8.0.0; SM-G930F) AppleWebKit/537.36 (KHTML, like Gecko) Chrome/87.0.4280.141 Mobile Safari/537.36"
236.215.5.153 - - [22/Jan/2021:08:38:18 +0000] "GET /json/rooms?pattern= HTTP/1.1" 200 7958 "https://miaou.dystroy.org/rooms" "Mozilla/5.0 (Linux; Android 8.0.0; SM-G930F) AppleWebKit/537.36 (KHTML, like Gecko) Chrome/87.0.4280.141 Mobile Safari/537.36"
018a:314c:7d8a:9c12:d5f5:3cf8:6af3:7079 - - [22/Jan/2021:08:38:20 +0000] "GET /socket.io/?EIO=y&transport=c0qucvma5&sid=rhlefk64ice7ar4meycy HTTP/1.1" 101 10572 "-" "Mozilla/5.0 (Android 10; Mobile; rv:84.0) Gecko/84.0 Firefox/84.0"
236.215.5.153 - - [22/Jan/2021:08:38:20 +0000] "GET /1556?ti_group HTTP/1.1" 200 5137 "https://miaou.dystroy.org/rooms" "Mozilla/5.0 (Linux; Android 8.0.0; SM-G930F) AppleWebKit/537.36 (KHTML, like Gecko) Chrome/87.0.4280.141 Mobile Safari/537.36"
236.215.5.153 - - [22/Jan/2021:08:38:20 +0000] "GET /socket.io/socket.io.js HTTP/1.1" 304 0 "https://miaou.dystroy.org/1556?ti_group" "Mozilla/5.0 (Linux; Android 8.0.0; SM-G930F) AppleWebKit/537.36 (KHTML, like Gecko) Chrome/87.0.4280.141 Mobile Safari/537.36"
236.215.5.153 - - [22/Jan/2021:08:38:21 +0000] "GET /socket.io/?EIO=y&transport=xkmoyoi&t=x9nkggd HTTP/1.1" 200 99 "https://miaou.dystroy.org/1556?ti_group" "Mozilla/5.0 (Linux; Android 8.0.0; SM-G930F) AppleWebKit/537.36 (KHTML, like Gecko) Chrome/87.0.4280.141 Mobile Safari/537.36"
236.215.5.153 - - [22/Jan/2021:08:38:21 +0000] "GET /socket.io/?EIO=y&transport=xkmoyoi&t=5dqw1wo&sid=x55mfpqvipfd6betylp0 HTTP/1.1" 200 18 "https://miaou.dystroy.org/1556?ti_group" "Mozilla/5.0 (Linux; Android 8.0.0; SM-G930F) AppleWebKit/537.36 (KHTML, like Gecko) Chrome/87.0.4280.141 Mobile Safari/537.36"
236.215.5.153 - - [22/Jan/2021:08:38:21 +0000] "POST /socket.io/?EIO=y&transport=xkmoyoi&t=jh6gll2&sid=x55mfpqvipfd6betylp0 HTTP/1.1" 200 2 "https://miaou.dystroy.org/1556?ti_group" "Mozilla/5.0 (Linux; Android 8.0.0; SM-G930F) AppleWebKit/537.36 (KHTML, like Gecko) Chrome/87.0.4280.141 Mobile Safari/537.36"
236.215.5.153 - - [22/Jan/2021:08:38:21 +0000] "GET /socket.io/?EIO=y&transport=xkmoyoi&t=zqaer9m&sid=x55mfpqvipfd6betylp0 HTTP/1.1" 200 34 "https://miaou.dystroy.org/1556?ti_group" "Mozilla/5.0 (Linux; Android 8.0.0; SM-G930F) AppleWebKit/537.36 (KHTML, like Gecko) Chrome/87.0.4280.141 Mobile Safari/537.36"
236.215.5.153 - - [22/Jan/2021:08:38:21 +0000] "GET /socket.io/?EIO=y&transport=xkmoyoi&t=st5vl98&sid=x55mfpqvipfd6betylp0 HTTP/1.1" 200 5563 "https://miaou.dystroy.org/1556?ti_group" "Mozilla/5.0 (Linux; Android 8.0.0; SM-G930F) AppleWebKit/537.36 (KHTML, like Gecko) Chrome/87.0.4280.141 Mobile Safari/537.36"
135.236.152.9 - - [22/Jan/2021:08:38:22 +0000] "GET /gogo/json?action=mf331j19fcfriv57h&asker=g8ngzo&name=g8dlbsap5836pym2054cb4p&monsterId=0inhbgp HTTP/1.1" 200 2363 "https://games.mountyhall.com/" "Mozilla/5.0 (Windows NT 10.0; Win64; x64) AppleWebKit/537.36 (KHTML, like Gecko) Chrome/87.0.4280.88 Safari/537.36"
135.236.152.9 - - [22/Jan/2021:08:38:22 +0000] "GET /gogo/json?action=mf331j19fcfriv57h&asker=g8ngzo&name=myrrtgtsefzj6fuuqh4s7gb0i6y13uqyusj5m6&monsterId=nb1cwqp HTTP/1.1" 200 2556 "https://games.mountyhall.com/" "Mozilla/5.0 (Windows NT 10.0; Win64; x64) AppleWebKit/537.36 (KHTML, like Gecko) Chrome/87.0.4280.88 Safari/537.36"
40.205.208.119 - - [22/Jan/2021:08:38:23 +0000] "POST /sciz-webhook HTTP/1.1" 200 0 "-" "python-requests/2.21.0"
135.236.152.9 - - [22/Jan/2021:08:38:35 +0000] "GET /gogo/json?action=mf331j19fcfriv57h&name=myrrtgtsefzj6fuuqh4s7gb0i6y13uqyusj5m6&monsterId=nb1cwqp HTTP/1.1" 200 2556 "https://games.mountyhall.com/" "Mozilla/5.0 (Windows NT 10.0; Win64; x64) AppleWebKit/537.36 (KHTML, like Gecko) Chrome/87.0.4280.88 Safari/537.36"
135.236.152.9 - - [22/Jan/2021:08:38:35 +0000] "GET /gogo/json?action=mf331j19fcfriv57h&name=myrrtgtsefzj6fuuqh4s7gb0i6y13uqyusj5m6&monsterId=nb1cwqp HTTP/1.1" 200 2556 "https://games.mountyhall.com/" "Mozilla/5.0 (Windows NT 10.0; Win64; x64) AppleWebKit/537.36 (KHTML, like Gecko) Chrome/87.0.4280.88 Safari/537.36"
135.236.152.9 - - [22/Jan/2021:08:38:36 +0000] "GET /gogo/json?action=mf331j19fcfriv57h&asker=g8ngzo&name=myrrtgtsefzj6fuuqh4s7gb0i6y13uqyusj5m6&monsterId=nb1cwqp HTTP/1.1" 200 2556 "https://games.mountyhall.com/" "Mozilla/5.0 (Windows NT 10.0; Win64; x64) AppleWebKit/537.36 (KHTML, like Gecko) Chrome/87.0.4280.88 Safari/537.36"
135.236.152.9 - - [22/Jan/2021:08:38:37 +0000] "GET /gogo/json?action=mf331j19fcfriv57h&asker=g8ngzo&name=myrrtgtsefzj6fuuqh4s7gb0i6y13uqyusj5m6&monsterId=nb1cwqp HTTP/1.1" 200 2556 "https://games.mountyhall.com/" "Mozilla/5.0 (Windows NT 10.0; Win64; x64) AppleWebKit/537.36 (KHTML, like Gecko) Chrome/87.0.4280.88 Safari/537.36"
135.236.152.9 - - [22/Jan/2021:08:38:37 +0000] "GET /gogo/json?action=mf331j19fcfriv57h&asker=g8ngzo&name=g8dlbsap5836pym2054cb4p&monsterId=0inhbgp HTTP/1.1" 200 2363 "https://games.mountyhall.com/" "Mozilla/5.0 (Windows NT 10.0; Win64; x64) AppleWebKit/537.36 (KHTML, like Gecko) Chrome/87.0.4280.88 Safari/537.36"
99.16.220.115 - - [22/Jan/2021:08:38:38 +0000] "GET /gogo/json?action=7c1uz2f9flrxff&TrollId=248ffa&ChrallVersion=9tku HTTP/1.1" 200 65 "https://games.mountyhall.com/" "Mozilla/5.0 (Macintosh; Intel Mac OS X 11_1_0) AppleWebKit/537.36 (KHTML, like Gecko) Chrome/87.0.4280.141 Safari/537.36"
135.236.152.9 - - [22/Jan/2021:08:38:41 +0000] "GET /gogo/json?action=7c1uz2f9flrxff&TrollId=g8ngzo&ChrallVersion=9tku HTTP/1.1" 200 65 "https://games.mountyhall.com/" "Mozilla/5.0 (Windows NT 10.0; Win64; x64) AppleWebKit/537.36 (KHTML, like Gecko) Chrome/87.0.4280.88 Safari/537.36"
135.236.152.9 - - [22/Jan/2021:08:38:49 +0000] "GET /gogo/json?action=mf331j19fcfriv57h&asker=g8ngzo&name=myrrtgtsefzj6fuuqh4s7gb0i6y13uqyusj5m6&monsterId=nb1cwqp HTTP/1.1" 200 2556 "https://games.mountyhall.com/" "Mozilla/5.0 (Windows NT 10.0; Win64; x64) AppleWebKit/537.36 (KHTML, like Gecko) Chrome/87.0.4280.88 Safari/537.36"
86.235.228.194 - - [22/Jan/2021:08:38:53 +0000] "GET /favicon.ico HTTP/1.1" 404 2047 "-" "Mozilla/5.0 (X11; Ubuntu; Linux x86_64; rv:84.0) Gecko/20100101 Firefox/84.0"
135.236.152.9 - - [22/Jan/2021:08:38:54 +0000] "GET /gogo/json?action=mf331j19fcfriv57h&name=myrrtgtsefzj6fuuqh4s7gb0i6y13uqyusj5m6&monsterId=nb1cwqp HTTP/1.1" 200 2556 "https://games.mountyhall.com/" "Mozilla/5.0 (Windows NT 10.0; Win64; x64) AppleWebKit/537.36 (KHTML, like Gecko) Chrome/87.0.4280.88 Safari/537.36"
135.236.152.9 - - [22/Jan/2021:08:38:54 +0000] "GET /gogo/json?action=mf331j19fcfriv57h&name=myrrtgtsefzj6fuuqh4s7gb0i6y13uqyusj5m6&monsterId=nb1cwqp HTTP/1.1" 200 2556 "https://games.mountyhall.com/" "Mozilla/5.0 (Windows NT 10.0; Win64; x64) AppleWebKit/537.36 (KHTML, like Gecko) Chrome/87.0.4280.88 Safari/537.36"
135.236.152.9 - - [22/Jan/2021:08:38:54 +0000] "GET /gogo/json?action=mf331j19fcfriv57h&name=myrrtgtsefzj6fuuqh4s7gb0i6y13uqyusj5m6&monsterId=nb1cwqp HTTP/1.1" 200 2556 "https://games.mountyhall.com/" "Mozilla/5.0 (Windows NT 10.0; Win64; x64) AppleWebKit/537.36 (KHTML, like Gecko) Chrome/87.0.4280.88 Safari/537.36"
135.236.152.9 - - [22/Jan/2021:08:38:54 +0000] "GET /gogo/json?action=mf331j19fcfriv57h&name=myrrtgtsefzj6fuuqh4s7gb0i6y13uqyusj5m6&monsterId=nb1cwqp HTTP/1.1" 200 2556 "https://games.mountyhall.com/" "Mozilla/5.0 (Windows NT 10.0; Win64; x64) AppleWebKit/537.36 (KHTML, like Gecko) Chrome/87.0.4280.88 Safari/537.36"
86.235.228.194 - - [22/Jan/2021:08:38:54 +0000] "GET /favicon.ico HTTP/1.1" 404 2047 "-" "Mozilla/5.0 (X11; Ubuntu; Linux x86_64; rv:84.0) Gecko/20100101 Firefox/84.0"
135.236.152.9 - - [22/Jan/2021:08:38:55 +0000] "GET /gogo/json?action=mf331j19fcfriv57h&name=myrrtgtsefzj6fuuqh4s7gb0i6y13uqyusj5m6&monsterId=nb1cwqp HTTP/1.1" 200 2556 "https://games.mountyhall.com/" "Mozilla/5.0 (Windows NT 10.0; Win64; x64) AppleWebKit/537.36 (KHTML, like Gecko) Chrome/87.0.4280.88 Safari/537.36"
135.236.152.9 - - [22/Jan/2021:08:38:55 +0000] "GET /gogo/json?action=mf331j19fcfriv57h&name=myrrtgtsefzj6fuuqh4s7gb0i6y13uqyusj5m6&monsterId=nb1cwqp HTTP/1.1" 200 2556 "https://games.mountyhall.com/" "Mozilla/5.0 (Windows NT 10.0; Win64; x64) AppleWebKit/537.36 (KHTML, like Gecko) Chrome/87.0.4280.88 Safari/537.36"
135.236.152.9 - - [22/Jan/2021:08:38:56 +0000] "GET /gogo/json?action=mf331j19fcfriv57h&name=myrrtgtsefzj6fuuqh4s7gb0i6y13uqyusj5m6&monsterId=nb1cwqp HTTP/1.1" 200 2556 "https://games.mountyhall.com/" "Mozilla/5.0 (Windows NT 10.0; Win64; x64) AppleWebKit/537.36 (KHTML, like Gecko) Chrome/87.0.4280.88 Safari/537.36"
135.236.152.9 - - [22/Jan/2021:08:38:57 +0000] "GET /gogo/json?action=mf331j19fcfriv57h&name=myrrtgtsefzj6fuuqh4s7gb0i6y13uqyusj5m6&monsterId=nb1cwqp HTTP/1.1" 200 2556 "https://games.mountyhall.com/" "Mozilla/5.0 (Windows NT 10.0; Win64; x64) AppleWebKit/537.36 (KHTML, like Gecko) Chrome/87.0.4280.88 Safari/537.36"
e8cf:a63:59b:7c6b:ac50:dacb:6b80:158b - - [22/Jan/2021:08:39:15 +0000] "GET /json/messages/last?n=a&room=0sbx HTTP/1.1" 304 0 "https://miaou.dystroy.org/2528" "Mozilla/5.0 (Windows NT 10.0; Win64; x64; rv:84.0) Gecko/20100101 Firefox/84.0"
e8cf:a63:59b:7c6b:ac50:dacb:6b80:158b - - [22/Jan/2021:08:39:15 +0000] "GET /json/messages/last?n=a&room=6m88 HTTP/1.1" 200 1475 "https://miaou.dystroy.org/2528" "Mozilla/5.0 (Windows NT 10.0; Win64; x64; rv:84.0) Gecko/20100101 Firefox/84.0"
e8cf:a63:59b:7c6b:ac50:dacb:6b80:158b - - [22/Jan/2021:08:39:15 +0000] "GET /json/messages/last?n=a&room=r4ht HTTP/1.1" 200 1143 "https://miaou.dystroy.org/2528" "Mozilla/5.0 (Windows NT 10.0; Win64; x64; rv:84.0) Gecko/20100101 Firefox/84.0"
e8cf:a63:59b:7c6b:ac50:dacb:6b80:158b - - [22/Jan/2021:08:39:15 +0000] "GET /json/messages/last?n=a&room=mj2i HTTP/1.1" 200 692 "https://miaou.dystroy.org/2528" "Mozilla/5.0 (Windows NT 10.0; Win64; x64; rv:84.0) Gecko/20100101 Firefox/84.0"
e8cf:a63:59b:7c6b:ac50:dacb:6b80:158b - - [22/Jan/2021:08:39:15 +0000] "GET /json/messages/last?n=a&room=ojp HTTP/1.1" 200 884 "https://miaou.dystroy.org/2528" "Mozilla/5.0 (Windows NT 10.0; Win64; x64; rv:84.0) Gecko/20100101 Firefox/84.0"
e8cf:a63:59b:7c6b:ac50:dacb:6b80:158b - - [22/Jan/2021:08:39:16 +0000] "GET /json/messages/last?n=a&room=y0v9 HTTP/1.1" 200 1495 "https://miaou.dystroy.org/2528" "Mozilla/5.0 (Windows NT 10.0; Win64; x64; rv:84.0) Gecko/20100101 Firefox/84.0"
135.236.152.9 - - [22/Jan/2021:08:39:20 +0000] "GET /gogo/json?action=mf331j19fcfriv57h&asker=g8ngzo&name=myrrtgtsefzj6fuuqh4s7gb0i6y13uqyusj5m6&monsterId=nb1cwqp HTTP/1.1" 200 2556 "https://games.mountyhall.com/" "Mozilla/5.0 (Windows NT 10.0; Win64; x64) AppleWebKit/537.36 (KHTML, like Gecko) Chrome/87.0.4280.88 Safari/537.36"
40.190.208.45 - - [22/Jan/2021:08:39:34 +0000] "GET /socket.io/?EIO=y&transport=c0qucvma5&sid=ljs3iofo2dk9fdtdxjvu HTTP/1.1" 101 6445 "-" "Mozilla/5.0 (Windows NT 10.0; Win64; x64; rv:84.0) Gecko/20100101 Firefox/84.0"
31.15.166.109 - - [22/Jan/2021:08:40:15 +0000] "GET /robots.txt HTTP/1.1" 404 2047 "-" "Mozilla/5.0 (compatible; AhrefsBot/6.1; +http://ahrefs.com/robot/)"
83.10.133.252 - - [22/Jan/2021:08:40:16 +0000] "GET / HTTP/1.1" 200 2026 "-" "Mozilla/5.0 (compatible; AhrefsBot/7.0; +http://ahrefs.com/robot/)"
66.117.89.209 - - [22/Jan/2021:08:40:25 +0000] "GET /socket.io/?EIO=y&transport=xkmoyoi&t=w3xpmqd HTTP/1.1" 200 99 "https://miaou.dystroy.org/1616" "Mozilla/5.0 (Linux; Android 10; ONEPLUS A6013) AppleWebKit/537.36 (KHTML, like Gecko) Chrome/87.0.4280.141 Mobile Safari/537.36"
66.117.89.209 - - [22/Jan/2021:08:40:25 +0000] "GET /socket.io/?EIO=y&transport=xkmoyoi&t=mzd1cl2&sid=g5sd6vngge98ur2a3sxs HTTP/1.1" 200 18 "https://miaou.dystroy.org/1616" "Mozilla/5.0 (Linux; Android 10; ONEPLUS A6013) AppleWebKit/537.36 (KHTML, like Gecko) Chrome/87.0.4280.141 Mobile Safari/537.36"
66.117.89.209 - - [22/Jan/2021:08:40:25 +0000] "POST /socket.io/?EIO=y&transport=xkmoyoi&t=wn3k7x0&sid=g5sd6vngge98ur2a3sxs HTTP/1.1" 200 2 "https://miaou.dystroy.org/1616" "Mozilla/5.0 (Linux; Android 10; ONEPLUS A6013) AppleWebKit/537.36 (KHTML, like Gecko) Chrome/87.0.4280.141 Mobile Safari/537.36"
66.117.89.209 - - [22/Jan/2021:08:40:25 +0000] "GET /socket.io/?EIO=y&transport=xkmoyoi&t=l52zj5u&sid=g5sd6vngge98ur2a3sxs HTTP/1.1" 200 6376 "https://miaou.dystroy.org/1616" "Mozilla/5.0 (Linux; Android 10; ONEPLUS A6013) AppleWebKit/537.36 (KHTML, like Gecko) Chrome/87.0.4280.141 Mobile Safari/537.36"
0314:0499:b76b:f3e9:3f2:36ec:de11:094f - - [22/Jan/2021:08:40:47 +0000] "GET /gogo/json?action=7c1uz2f9flrxff&TrollId=j3r1l&ChrallVersion=9tku HTTP/1.1" 200 65 "https://games.mountyhall.com/" "Mozilla/5.0 (Windows NT 10.0; Win64; x64) AppleWebKit/537.36 (KHTML, like Gecko) Chrome/87.0.4280.141 Safari/537.36"
0314:0499:b76b:f3e9:3f2:36ec:de11:094f - - [22/Jan/2021:08:40:54 +0000] "GET /gogo/json?action=7c1uz2f9flrxff&TrollId=j3r1l&ChrallVersion=9tku HTTP/1.1" 200 65 "https://games.mountyhall.com/" "Mozilla/5.0 (Windows NT 10.0; Win64; x64) AppleWebKit/537.36 (KHTML, like Gecko) Chrome/87.0.4280.141 Safari/537.36"
66.117.89.209 - - [22/Jan/2021:08:40:59 +0000] "GET /socket.io/?EIO=y&transport=c0qucvma5&sid=g5sd6vngge98ur2a3sxs HTTP/1.1" 101 4344 "-" "Mozilla/5.0 (Linux; Android 10; ONEPLUS A6013) AppleWebKit/537.36 (KHTML, like Gecko) Chrome/87.0.4280.141 Mobile Safari/537.36"
40.205.208.119 - - [22/Jan/2021:08:41:00 +0000] "POST /sciz-webhook HTTP/1.1" 200 0 "-" "python-requests/2.21.0"
40.205.208.119 - - [22/Jan/2021:08:41:00 +0000] "POST /sciz-webhook HTTP/1.1" 200 0 "-" "python-requests/2.21.0"
0314:0499:b76b:f3e9:3f2:36ec:de11:094f - - [22/Jan/2021:08:41:07 +0000] "GET /gogo/json?action=7c1uz2f9flrxff&TrollId=j3r1l&ChrallVersion=9tku HTTP/1.1" 200 65 "https://games.mountyhall.com/" "Mozilla/5.0 (Windows NT 10.0; Win64; x64) AppleWebKit/537.36 (KHTML, like Gecko) Chrome/87.0.4280.141 Safari/537.36"
40.205.208.119 - - [22/Jan/2021:08:41:08 +0000] "POST /sciz-webhook HTTP/1.1" 200 0 "-" "python-requests/2.21.0"
40.205.208.119 - - [22/Jan/2021:08:41:21 +0000] "POST /sciz-webhook HTTP/1.1" 200 0 "-" "python-requests/2.21.0"
40.205.208.119 - - [22/Jan/2021:08:41:21 +0000] "POST /sciz-webhook HTTP/1.1" 200 0 "-" "python-requests/2.21.0"
214.87.23.53 - - [22/Jan/2021:08:41:41 +0000] "GET /favicon.ico HTTP/1.1" 404 143 "-" "Mozilla/5.0 (iPhone; CPU OS 14_3 like Mac OS X) AppleWebKit/605.1.15 (KHTML, like Gecko) FxiOS/30.0 Mobile/15E148 Safari/605.1.15"
91.110.189.249 - - [22/Jan/2021:08:41:41 +0000] "HEAD / HTTP/1.1" 301 0 "http://www.dystroy.org" "Mozilla/5.0+(compatible; UptimeRobot/2.0; http://www.uptimerobot.com/)"
91.110.189.249 - - [22/Jan/2021:08:41:41 +0000] "HEAD / HTTP/1.1" 200 0 "http://www.dystroy.org" "Mozilla/5.0+(compatible; UptimeRobot/2.0; http://www.uptimerobot.com/)"
68.218.77.155 - - [22/Jan/2021:08:41:48 +0000] "GET /JSON.prune/JSON.prune.js?_=tleottgc8ulci HTTP/1.1" 200 5188 "https://schema02.esabora.solutions/" "Mozilla/5.0 (Windows NT 10.0; Win64; x64) AppleWebKit/537.36 (KHTML, like Gecko) Chrome/87.0.4280.141 Safari/537.36"
236.215.5.153 - - [22/Jan/2021:08:41:57 +0000] "GET /socket.io/?EIO=y&transport=c0qucvma5&sid=x55mfpqvipfd6betylp0 HTTP/1.1" 101 3962 "-" "Mozilla/5.0 (Linux; Android 8.0.0; SM-G930F) AppleWebKit/537.36 (KHTML, like Gecko) Chrome/87.0.4280.141 Mobile Safari/537.36"
236.215.5.153 - - [22/Jan/2021:08:42:04 +0000] "GET /socket.io/?EIO=y&transport=xkmoyoi&t=irixugx HTTP/1.1" 200 99 "https://miaou.dystroy.org/1556?ti_group" "Mozilla/5.0 (Linux; Android 8.0.0; SM-G930F) AppleWebKit/537.36 (KHTML, like Gecko) Chrome/87.0.4280.141 Mobile Safari/537.36"
236.215.5.153 - - [22/Jan/2021:08:42:04 +0000] "GET /socket.io/?EIO=y&transport=xkmoyoi&t=6gswpz5&sid=z8ronov7booplsujb1eb HTTP/1.1" 200 18 "https://miaou.dystroy.org/1556?ti_group" "Mozilla/5.0 (Linux; Android 8.0.0; SM-G930F) AppleWebKit/537.36 (KHTML, like Gecko) Chrome/87.0.4280.141 Mobile Safari/537.36"
236.215.5.153 - - [22/Jan/2021:08:42:04 +0000] "POST /socket.io/?EIO=y&transport=xkmoyoi&t=npwbqms&sid=z8ronov7booplsujb1eb HTTP/1.1" 200 2 "https://miaou.dystroy.org/1556?ti_group" "Mozilla/5.0 (Linux; Android 8.0.0; SM-G930F) AppleWebKit/537.36 (KHTML, like Gecko) Chrome/87.0.4280.141 Mobile Safari/537.36"
236.215.5.153 - - [22/Jan/2021:08:42:04 +0000] "GET /socket.io/?EIO=y&transport=xkmoyoi&t=zy2w25u&sid=z8ronov7booplsujb1eb HTTP/1.1" 200 5550 "https://miaou.dystroy.org/1556?ti_group" "Mozilla/5.0 (Linux; Android 8.0.0; SM-G930F) AppleWebKit/537.36 (KHTML, like Gecko) Chrome/87.0.4280.141 Mobile Safari/537.36"
236.215.5.153 - - [22/Jan/2021:08:42:18 +0000] "GET /socket.io/?EIO=y&transport=c0qucvma5&sid=z8ronov7booplsujb1eb HTTP/1.1" 101 10 "-" "Mozilla/5.0 (Linux; Android 8.0.0; SM-G930F) AppleWebKit/537.36 (KHTML, like Gecko) Chrome/87.0.4280.141 Mobile Safari/537.36"
40.205.208.119 - - [22/Jan/2021:08:42:21 +0000] "POST /sciz-webhook HTTP/1.1" 200 0 "-" "python-requests/2.21.0"
236.215.5.153 - - [22/Jan/2021:08:42:30 +0000] "GET /socket.io/?EIO=y&transport=xkmoyoi&t=l9143yi HTTP/1.1" 200 99 "https://miaou.dystroy.org/1556?ti_group" "Mozilla/5.0 (Linux; Android 8.0.0; SM-G930F) AppleWebKit/537.36 (KHTML, like Gecko) Chrome/87.0.4280.141 Mobile Safari/537.36"
40.205.208.119 - - [22/Jan/2021:08:42:30 +0000] "POST /sciz-webhook HTTP/1.1" 200 0 "-" "python-requests/2.21.0"
236.215.5.153 - - [22/Jan/2021:08:42:30 +0000] "GET /socket.io/?EIO=y&transport=xkmoyoi&t=1358nuq&sid=tsecyktr4lwb66jt8j5g HTTP/1.1" 200 18 "https://miaou.dystroy.org/1556?ti_group" "Mozilla/5.0 (Linux; Android 8.0.0; SM-G930F) AppleWebKit/537.36 (KHTML, like Gecko) Chrome/87.0.4280.141 Mobile Safari/537.36"
40.205.208.119 - - [22/Jan/2021:08:42:35 +0000] "POST /sciz-webhook HTTP/1.1" 200 0 "-" "python-requests/2.21.0"
236.215.5.153 - - [22/Jan/2021:08:42:43 +0000] "POST /socket.io/?EIO=y&transport=xkmoyoi&t=2tq0sy0&sid=tsecyktr4lwb66jt8j5g HTTP/1.1" 200 2 "https://miaou.dystroy.org/1556?ti_group" "Mozilla/5.0 (Linux; Android 8.0.0; SM-G930F) AppleWebKit/537.36 (KHTML, like Gecko) Chrome/87.0.4280.141 Mobile Safari/537.36"
236.215.5.153 - - [22/Jan/2021:08:42:43 +0000] "GET /socket.io/?EIO=y&transport=xkmoyoi&t=6rmp0i9&sid=tsecyktr4lwb66jt8j5g HTTP/1.1" 200 5550 "https://miaou.dystroy.org/1556?ti_group" "Mozilla/5.0 (Linux; Android 8.0.0; SM-G930F) AppleWebKit/537.36 (KHTML, like Gecko) Chrome/87.0.4280.141 Mobile Safari/537.36"
236.215.5.153 - - [22/Jan/2021:08:42:50 +0000] "GET /socket.io/?EIO=y&transport=c0qucvma5&sid=tsecyktr4lwb66jt8j5g HTTP/1.1" 101 2 "-" "Mozilla/5.0 (Linux; Android 8.0.0; SM-G930F) AppleWebKit/537.36 (KHTML, like Gecko) Chrome/87.0.4280.141 Mobile Safari/537.36"
236.215.5.153 - - [22/Jan/2021:08:42:50 +0000] "POST /socket.io/?EIO=y&transport=xkmoyoi&t=jy65nxo&sid=tsecyktr4lwb66jt8j5g HTTP/1.1" 200 2 "https://miaou.dystroy.org/1556?ti_group" "Mozilla/5.0 (Linux; Android 8.0.0; SM-G930F) AppleWebKit/537.36 (KHTML, like Gecko) Chrome/87.0.4280.141 Mobile Safari/537.36"
40.205.208.119 - - [22/Jan/2021:08:43:05 +0000] "POST /sciz-webhook HTTP/1.1" 200 0 "-" "python-requests/2.21.0"
64.6.19.59 - - [22/Jan/2021:08:43:07 +0000] "GET /json/messages/last?n=a&room=g4np HTTP/1.1" 304 0 "https://miaou.dystroy.org/1677" "Mozilla/5.0 (Windows NT 10.0; Win64; x64; rv:84.0) Gecko/20100101 Firefox/84.0"
64.6.19.59 - - [22/Jan/2021:08:43:07 +0000] "GET /json/messages/last?n=sd&room=mvw0 HTTP/1.1" 200 5921 "https://miaou.dystroy.org/1677" "Mozilla/5.0 (Windows NT 10.0; Win64; x64; rv:84.0) Gecko/20100101 Firefox/84.0"
64.6.19.59 - - [22/Jan/2021:08:43:07 +0000] "GET /json/messages/last?n=sd&room=mvw0 HTTP/1.1" 304 0 "https://miaou.dystroy.org/1677" "Mozilla/5.0 (Windows NT 10.0; Win64; x64; rv:84.0) Gecko/20100101 Firefox/84.0"
64.6.19.59 - - [22/Jan/2021:08:43:07 +0000] "GET /socket.io/?EIO=y&transport=c0qucvma5&sid=8u7d63w39g6ni2xiqkn2 HTTP/1.1" 101 17686 "-" "Mozilla/5.0 (Windows NT 10.0; Win64; x64; rv:84.0) Gecko/20100101 Firefox/84.0"
64.6.19.59 - - [22/Jan/2021:08:43:08 +0000] "GET /3404 HTTP/1.1" 200 5405 "https://miaou.dystroy.org/1677" "Mozilla/5.0 (Windows NT 10.0; Win64; x64; rv:84.0) Gecko/20100101 Firefox/84.0"
64.6.19.59 - - [22/Jan/2021:08:43:08 +0000] "GET /socket.io/socket.io.js HTTP/1.1" 304 0 "https://miaou.dystroy.org/3404" "Mozilla/5.0 (Windows NT 10.0; Win64; x64; rv:84.0) Gecko/20100101 Firefox/84.0"
64.6.19.59 - - [22/Jan/2021:08:43:08 +0000] "GET /socket.io/?EIO=y&transport=xkmoyoi&t=z06e47o HTTP/1.1" 200 99 "https://miaou.dystroy.org/3404" "Mozilla/5.0 (Windows NT 10.0; Win64; x64; rv:84.0) Gecko/20100101 Firefox/84.0"
64.6.19.59 - - [22/Jan/2021:08:43:08 +0000] "GET /socket.io/?EIO=y&transport=xkmoyoi&t=t87v01h&sid=hmflwd19a36tkbcm8ljn HTTP/1.1" 200 18 "https://miaou.dystroy.org/3404" "Mozilla/5.0 (Windows NT 10.0; Win64; x64; rv:84.0) Gecko/20100101 Firefox/84.0"
64.6.19.59 - - [22/Jan/2021:08:43:08 +0000] "POST /socket.io/?EIO=y&transport=xkmoyoi&t=963mjx8&sid=hmflwd19a36tkbcm8ljn HTTP/1.1" 200 2 "https://miaou.dystroy.org/3404" "Mozilla/5.0 (Windows NT 10.0; Win64; x64; rv:84.0) Gecko/20100101 Firefox/84.0"
64.6.19.59 - - [22/Jan/2021:08:43:08 +0000] "GET /socket.io/?EIO=y&transport=xkmoyoi&t=5scz1tm&sid=hmflwd19a36tkbcm8ljn HTTP/1.1" 200 57 "https://miaou.dystroy.org/3404" "Mozilla/5.0 (Windows NT 10.0; Win64; x64; rv:84.0) Gecko/20100101 Firefox/84.0"
64.6.19.59 - - [22/Jan/2021:08:43:08 +0000] "GET /socket.io/?EIO=y&transport=xkmoyoi&t=1x0lbb1&sid=hmflwd19a36tkbcm8ljn HTTP/1.1" 200 3726 "https://miaou.dystroy.org/3404" "Mozilla/5.0 (Windows NT 10.0; Win64; x64; rv:84.0) Gecko/20100101 Firefox/84.0"
64.6.19.59 - - [22/Jan/2021:08:43:08 +0000] "POST /socket.io/?EIO=y&transport=xkmoyoi&t=p5qltgk&sid=hmflwd19a36tkbcm8ljn HTTP/1.1" 200 2 "https://miaou.dystroy.org/3404" "Mozilla/5.0 (Windows NT 10.0; Win64; x64; rv:84.0) Gecko/20100101 Firefox/84.0"
64.6.19.59 - - [22/Jan/2021:08:43:08 +0000] "GET /socket.io/?EIO=y&transport=xkmoyoi&t=b5nvjfb&sid=hmflwd19a36tkbcm8ljn HTTP/1.1" 200 710 "https://miaou.dystroy.org/3404" "Mozilla/5.0 (Windows NT 10.0; Win64; x64; rv:84.0) Gecko/20100101 Firefox/84.0"
40.205.208.119 - - [22/Jan/2021:08:43:11 +0000] "POST /sciz-webhook HTTP/1.1" 200 0 "-" "python-requests/2.21.0"
40.205.208.119 - - [22/Jan/2021:08:43:11 +0000] "POST /sciz-webhook HTTP/1.1" 200 0 "-" "python-requests/2.21.0"
d2ac:e72:5c3a:5162:a45a:f0c6:1c5e:9c81 - - [22/Jan/2021:08:43:15 +0000] "GET /json/messages/last?n=a&room=5lqn HTTP/1.1" 304 0 "https://miaou.dystroy.org/3" "Mozilla/5.0 (X11; Ubuntu; Linux x86_64; rv:84.0) Gecko/20100101 Firefox/84.0"
d2ac:e72:5c3a:5162:a45a:f0c6:1c5e:9c81 - - [22/Jan/2021:08:43:15 +0000] "GET /json/messages/last?n=a&room=fba4 HTTP/1.1" 200 836 "https://miaou.dystroy.org/3" "Mozilla/5.0 (X11; Ubuntu; Linux x86_64; rv:84.0) Gecko/20100101 Firefox/84.0"
d2ac:e72:5c3a:5162:a45a:f0c6:1c5e:9c81 - - [22/Jan/2021:08:43:15 +0000] "GET /json/messages/last?n=a&room=v0t4 HTTP/1.1" 304 0 "https://miaou.dystroy.org/3" "Mozilla/5.0 (X11; Ubuntu; Linux x86_64; rv:84.0) Gecko/20100101 Firefox/84.0"
d2ac:e72:5c3a:5162:a45a:f0c6:1c5e:9c81 - - [22/Jan/2021:08:43:15 +0000] "GET /json/messages/last?n=sd&room=a9v3 HTTP/1.1" 200 13037 "https://miaou.dystroy.org/3" "Mozilla/5.0 (X11; Ubuntu; Linux x86_64; rv:84.0) Gecko/20100101 Firefox/84.0"
d2ac:e72:5c3a:5162:a45a:f0c6:1c5e:9c81 - - [22/Jan/2021:08:43:15 +0000] "GET /json/messages/last?n=a&room=myp3 HTTP/1.1" 200 1089 "https://miaou.dystroy.org/3" "Mozilla/5.0 (X11; Ubuntu; Linux x86_64; rv:84.0) Gecko/20100101 Firefox/84.0"
d2ac:e72:5c3a:5162:a45a:f0c6:1c5e:9c81 - - [22/Jan/2021:08:43:15 +0000] "GET /json/messages/last?n=em&room=q7pl HTTP/1.1" 200 2811 "https://miaou.dystroy.org/3" "Mozilla/5.0 (X11; Ubuntu; Linux x86_64; rv:84.0) Gecko/20100101 Firefox/84.0"
60.142.43.232 - - [22/Jan/2021:08:43:16 +0000] "GET /socket.io/?EIO=y&transport=c0qucvma5&sid=9zfz05jabk5acgq6ncqy HTTP/1.1" 101 16222 "-" "Mozilla/5.0 (X11; Ubuntu; Linux x86_64; rv:84.0) Gecko/20100101 Firefox/84.0"
d2ac:e72:5c3a:5162:a45a:f0c6:1c5e:9c81 - - [22/Jan/2021:08:43:16 +0000] "GET /2960 HTTP/1.1" 200 5261 "https://miaou.dystroy.org/3" "Mozilla/5.0 (X11; Ubuntu; Linux x86_64; rv:84.0) Gecko/20100101 Firefox/84.0"
d2ac:e72:5c3a:5162:a45a:f0c6:1c5e:9c81 - - [22/Jan/2021:08:43:16 +0000] "GET /socket.io/socket.io.js HTTP/1.1" 304 0 "https://miaou.dystroy.org/2960" "Mozilla/5.0 (X11; Ubuntu; Linux x86_64; rv:84.0) Gecko/20100101 Firefox/84.0"
d2ac:e72:5c3a:5162:a45a:f0c6:1c5e:9c81 - - [22/Jan/2021:08:43:17 +0000] "GET /socket.io/?EIO=y&transport=xkmoyoi&t=qpeyboz HTTP/1.1" 200 99 "https://miaou.dystroy.org/2960" "Mozilla/5.0 (X11; Ubuntu; Linux x86_64; rv:84.0) Gecko/20100101 Firefox/84.0"
d2ac:e72:5c3a:5162:a45a:f0c6:1c5e:9c81 - - [22/Jan/2021:08:43:17 +0000] "GET /socket.io/?EIO=y&transport=xkmoyoi&t=apdd2sg&sid=qzvqp5gnuzywl77wddh2 HTTP/1.1" 200 18 "https://miaou.dystroy.org/2960" "Mozilla/5.0 (X11; Ubuntu; Linux x86_64; rv:84.0) Gecko/20100101 Firefox/84.0"
d2ac:e72:5c3a:5162:a45a:f0c6:1c5e:9c81 - - [22/Jan/2021:08:43:17 +0000] "POST /socket.io/?EIO=y&transport=xkmoyoi&t=tyaty6j&sid=qzvqp5gnuzywl77wddh2 HTTP/1.1" 200 2 "https://miaou.dystroy.org/2960" "Mozilla/5.0 (X11; Ubuntu; Linux x86_64; rv:84.0) Gecko/20100101 Firefox/84.0"
d2ac:e72:5c3a:5162:a45a:f0c6:1c5e:9c81 - - [22/Jan/2021:08:43:17 +0000] "GET /socket.io/?EIO=y&transport=xkmoyoi&t=vlehrb4&sid=qzvqp5gnuzywl77wddh2 HTTP/1.1" 200 34 "https://miaou.dystroy.org/2960" "Mozilla/5.0 (X11; Ubuntu; Linux x86_64; rv:84.0) Gecko/20100101 Firefox/84.0"
236.215.5.153 - - [22/Jan/2021:08:43:20 +0000] "GET /socket.io/?EIO=y&transport=xkmoyoi&t=iw4nj92&sid=tsecyktr4lwb66jt8j5g HTTP/1.1" 400 52 "https://miaou.dystroy.org/1556?ti_group" "Mozilla/5.0 (Linux; Android 8.0.0; SM-G930F) AppleWebKit/537.36 (KHTML, like Gecko) Chrome/87.0.4280.141 Mobile Safari/537.36"
236.215.5.153 - - [22/Jan/2021:08:43:21 +0000] "POST /socket.io/?EIO=y&transport=xkmoyoi&t=xvm4edu&sid=tsecyktr4lwb66jt8j5g HTTP/1.1" 400 52 "https://miaou.dystroy.org/1556?ti_group" "Mozilla/5.0 (Linux; Android 8.0.0; SM-G930F) AppleWebKit/537.36 (KHTML, like Gecko) Chrome/87.0.4280.141 Mobile Safari/537.36"
236.215.5.153 - - [22/Jan/2021:08:43:21 +0000] "POST /socket.io/?EIO=y&transport=xkmoyoi&t=ffju66u&sid=tsecyktr4lwb66jt8j5g HTTP/1.1" 400 52 "https://miaou.dystroy.org/1556?ti_group" "Mozilla/5.0 (Linux; Android 8.0.0; SM-G930F) AppleWebKit/537.36 (KHTML, like Gecko) Chrome/87.0.4280.141 Mobile Safari/537.36"
5944:383a:2493:e9bf:9eea:862f:6073:7996 - - [22/Jan/2021:08:43:40 +0000] "GET /gogo/json?action=7c1uz2f9flrxff&TrollId=17glst&ChrallVersion=9tku HTTP/1.1" 200 65 "https://games.mountyhall.com/" "Mozilla/5.0 (Windows NT 10.0; Win64; x64) AppleWebKit/537.36 (KHTML, like Gecko) Chrome/87.0.4280.141 Safari/537.36"
5944:383a:2493:e9bf:9eea:862f:6073:7996 - - [22/Jan/2021:08:43:44 +0000] "GET /gogo/json?action=mf331j19fcfriv57h&asker=17glst&name=rkb169wn7v3oukgljo6o10&monsterId=6kfwg8r HTTP/1.1" 200 2733 "https://games.mountyhall.com/" "Mozilla/5.0 (Windows NT 10.0; Win64; x64) AppleWebKit/537.36 (KHTML, like Gecko) Chrome/87.0.4280.141 Safari/537.36"
5944:383a:2493:e9bf:9eea:862f:6073:7996 - - [22/Jan/2021:08:43:44 +0000] "GET /gogo/json?action=bgc6r5eeshp5nu&trollId=17glst HTTP/1.1" 200 85 "https://games.mountyhall.com/" "Mozilla/5.0 (Windows NT 10.0; Win64; x64) AppleWebKit/537.36 (KHTML, like Gecko) Chrome/87.0.4280.141 Safari/537.36"
5944:383a:2493:e9bf:9eea:862f:6073:7996 - - [22/Jan/2021:08:43:44 +0000] "GET /gogo/json?action=bgc6r5eeshp5nu&asker=17glst&trollId=q256e HTTP/1.1" 200 84 "https://games.mountyhall.com/" "Mozilla/5.0 (Windows NT 10.0; Win64; x64) AppleWebKit/537.36 (KHTML, like Gecko) Chrome/87.0.4280.141 Safari/537.36"
5944:383a:2493:e9bf:9eea:862f:6073:7996 - - [22/Jan/2021:08:43:44 +0000] "GET /gogo/json?action=mf331j19fcfriv57h&asker=17glst&name=71fa3b3jrr2v0u4qtxkwr59nougsxw33ozqrf9qyirs4&monsterId=jepk0pb HTTP/1.1" 200 104 "https://games.mountyhall.com/" "Mozilla/5.0 (Windows NT 10.0; Win64; x64) AppleWebKit/537.36 (KHTML, like Gecko) Chrome/87.0.4280.141 Safari/537.36"
5944:383a:2493:e9bf:9eea:862f:6073:7996 - - [22/Jan/2021:08:43:49 +0000] "GET /gogo/json?action=mf331j19fcfriv57h&asker=17glst&name=ppmrd3vw2vok4iqihfaghfup&monsterId=lwks9iw HTTP/1.1" 200 2737 "https://games.mountyhall.com/" "Mozilla/5.0 (Windows NT 10.0; Win64; x64) AppleWebKit/537.36 (KHTML, like Gecko) Chrome/87.0.4280.141 Safari/537.36"
5944:383a:2493:e9bf:9eea:862f:6073:7996 - - [22/Jan/2021:08:43:50 +0000] "GET /gogo/json?action=mf331j19fcfriv57h&asker=17glst&name=71fa3b3jrr2v0u4qtxkwr59nougsxw33ozqrf9qyirs4&monsterId=jepk0pb HTTP/1.1" 200 104 "https://games.mountyhall.com/" "Mozilla/5.0 (Windows NT 10.0; Win64; x64) AppleWebKit/537.36 (KHTML, like Gecko) Chrome/87.0.4280.141 Safari/537.36"
5944:383a:2493:e9bf:9eea:862f:6073:7996 - - [22/Jan/2021:08:43:50 +0000] "GET /gogo/json?action=mf331j19fcfriv57h&asker=17glst&name=71fa3b3jrr2v0u4qtxkwr59nougsxw33ozqrf9qyirs4&monsterId=ia3bqh6 HTTP/1.1" 200 104 "https://games.mountyhall.com/" "Mozilla/5.0 (Windows NT 10.0; Win64; x64) AppleWebKit/537.36 (KHTML, like Gecko) Chrome/87.0.4280.141 Safari/537.36"
5944:383a:2493:e9bf:9eea:862f:6073:7996 - - [22/Jan/2021:08:43:54 +0000] "GET /gogo/json?action=mf331j19fcfriv57h&asker=17glst&name=71fa3b3jrr2v0u4qtxkwr59nougsxw33ozqrf9qyirs4&monsterId=jepk0pb HTTP/1.1" 200 104 "https://games.mountyhall.com/" "Mozilla/5.0 (Windows NT 10.0; Win64; x64) AppleWebKit/537.36 (KHTML, like Gecko) Chrome/87.0.4280.141 Safari/537.36"
5944:383a:2493:e9bf:9eea:862f:6073:7996 - - [22/Jan/2021:08:43:54 +0000] "GET /gogo/json?action=mf331j19fcfriv57h&asker=17glst&name=71fa3b3jrr2v0u4qtxkwr59nougsxw33ozqrf9qyirs4&monsterId=ia3bqh6 HTTP/1.1" 200 104 "https://games.mountyhall.com/" "Mozilla/5.0 (Windows NT 10.0; Win64; x64) AppleWebKit/537.36 (KHTML, like Gecko) Chrome/87.0.4280.141 Safari/537.36"
40.205.208.119 - - [22/Jan/2021:08:44:04 +0000] "POST /sciz-webhook HTTP/1.1" 200 0 "-" "python-requests/2.21.0"
104.237.255.184 - - [22/Jan/2021:08:44:12 +0000] "GET /json/messages/last?n=a&room=y HTTP/1.1" 200 1036 "https://miaou.dystroy.org/1903" "Mozilla/5.0 (Windows NT 10.0; Win64; x64) AppleWebKit/537.36 (KHTML, like Gecko) Chrome/87.0.4280.141 Safari/537.36"
104.237.255.184 - - [22/Jan/2021:08:44:12 +0000] "GET /json/messages/last?n=a&room=lq96 HTTP/1.1" 304 0 "https://miaou.dystroy.org/1903" "Mozilla/5.0 (Windows NT 10.0; Win64; x64) AppleWebKit/537.36 (KHTML, like Gecko) Chrome/87.0.4280.141 Safari/537.36"
104.237.255.184 - - [22/Jan/2021:08:44:12 +0000] "GET /json/messages/last?n=a&room=zwkd HTTP/1.1" 304 0 "https://miaou.dystroy.org/1903" "Mozilla/5.0 (Windows NT 10.0; Win64; x64) AppleWebKit/537.36 (KHTML, like Gecko) Chrome/87.0.4280.141 Safari/537.36"
104.237.255.184 - - [22/Jan/2021:08:44:12 +0000] "GET /json/messages/last?n=a&room=0u5s HTTP/1.1" 304 0 "https://miaou.dystroy.org/1903" "Mozilla/5.0 (Windows NT 10.0; Win64; x64) AppleWebKit/537.36 (KHTML, like Gecko) Chrome/87.0.4280.141 Safari/537.36"
104.237.255.184 - - [22/Jan/2021:08:44:12 +0000] "GET /json/messages/last?n=a&room=g0pf HTTP/1.1" 304 0 "https://miaou.dystroy.org/1903" "Mozilla/5.0 (Windows NT 10.0; Win64; x64) AppleWebKit/537.36 (KHTML, like Gecko) Chrome/87.0.4280.141 Safari/537.36"
104.237.255.184 - - [22/Jan/2021:08:44:12 +0000] "GET /json/messages/last?n=a&room=1jea HTTP/1.1" 200 1235 "https://miaou.dystroy.org/1903" "Mozilla/5.0 (Windows NT 10.0; Win64; x64) AppleWebKit/537.36 (KHTML, like Gecko) Chrome/87.0.4280.141 Safari/537.36"
104.237.255.184 - - [22/Jan/2021:08:44:12 +0000] "GET /json/messages/last?n=a&room=rfm HTTP/1.1" 200 1339 "https://miaou.dystroy.org/1903" "Mozilla/5.0 (Windows NT 10.0; Win64; x64) AppleWebKit/537.36 (KHTML, like Gecko) Chrome/87.0.4280.141 Safari/537.36"
104.237.255.184 - - [22/Jan/2021:08:44:12 +0000] "GET /json/messages/last?n=a&room=fba4 HTTP/1.1" 200 836 "https://miaou.dystroy.org/1903" "Mozilla/5.0 (Windows NT 10.0; Win64; x64) AppleWebKit/537.36 (KHTML, like Gecko) Chrome/87.0.4280.141 Safari/537.36"
104.237.255.184 - - [22/Jan/2021:08:44:12 +0000] "GET /json/messages/last?n=a&room=rfm HTTP/1.1" 304 0 "https://miaou.dystroy.org/1903" "Mozilla/5.0 (Windows NT 10.0; Win64; x64) AppleWebKit/537.36 (KHTML, like Gecko) Chrome/87.0.4280.141 Safari/537.36"
104.237.255.184 - - [22/Jan/2021:08:44:13 +0000] "GET /json/messages/last?n=a&room=jo HTTP/1.1" 200 1143 "https://miaou.dystroy.org/1903" "Mozilla/5.0 (Windows NT 10.0; Win64; x64) AppleWebKit/537.36 (KHTML, like Gecko) Chrome/87.0.4280.141 Safari/537.36"
64.6.19.59 - - [22/Jan/2021:08:44:17 +0000] "GET /json/messages/last?n=a&room=7tpr HTTP/1.1" 200 1058 "https://miaou.dystroy.org/3404" "Mozilla/5.0 (Windows NT 10.0; Win64; x64; rv:84.0) Gecko/20100101 Firefox/84.0"
66.26.133.26 - - [22/Jan/2021:08:44:23 +0000] "GET / HTTP/1.1" 200 1297 "-" "Mozilla/5.0 (compatible; bingbot/2.0; +http://www.bing.com/bingbot.htm)"
96.41.81.97 - - [22/Jan/2021:08:44:29 +0000] "GET /gogo/json?action=7c1uz2f9flrxff&TrollId=wg844m&ChrallVersion=9tku HTTP/1.1" 200 65 "https://games.mountyhall.com/" "Mozilla/5.0 (Windows NT 10.0; Win64; x64) AppleWebKit/537.36 (KHTML, like Gecko) Chrome/87.0.4280.141 Safari/537.36"
96.41.81.97 - - [22/Jan/2021:08:44:35 +0000] "GET /gogo/json?action=mf331j19fcfriv57h&asker=wg844m&name=305yka29xrj8tybg2fwad2hsumnosdr9lkyqlphmmbpx2&monsterId=2hzxbdk HTTP/1.1" 200 2529 "https://games.mountyhall.com/" "Mozilla/5.0 (Windows NT 10.0; Win64; x64) AppleWebKit/537.36 (KHTML, like Gecko) Chrome/87.0.4280.141 Safari/537.36"
96.41.81.97 - - [22/Jan/2021:08:44:35 +0000] "GET /gogo/json?action=mf331j19fcfriv57h&asker=wg844m&name=e92o1gtu2goj5mobiben8gyygcf9wli2xjkser6jdm8xahp&monsterId=6ta41t9 HTTP/1.1" 200 2573 "https://games.mountyhall.com/" "Mozilla/5.0 (Windows NT 10.0; Win64; x64) AppleWebKit/537.36 (KHTML, like Gecko) Chrome/87.0.4280.141 Safari/537.36"
96.41.81.97 - - [22/Jan/2021:08:44:35 +0000] "GET /gogo/json?action=bgc6r5eeshp5nu&asker=wg844m&trollId=xu8nnu HTTP/1.1" 200 85 "https://games.mountyhall.com/" "Mozilla/5.0 (Windows NT 10.0; Win64; x64) AppleWebKit/537.36 (KHTML, like Gecko) Chrome/87.0.4280.141 Safari/537.36"
96.41.81.97 - - [22/Jan/2021:08:44:35 +0000] "GET /gogo/json?action=mf331j19fcfriv57h&asker=wg844m&name=n6f8liiekqf24pz89lku5t&monsterId=caw0iyc HTTP/1.1" 200 2739 "https://games.mountyhall.com/" "Mozilla/5.0 (Windows NT 10.0; Win64; x64) AppleWebKit/537.36 (KHTML, like Gecko) Chrome/87.0.4280.141 Safari/537.36"
96.41.81.97 - - [22/Jan/2021:08:44:35 +0000] "GET /gogo/json?action=bgc6r5eeshp5nu&asker=wg844m&trollId=jslee HTTP/1.1" 200 84 "https://games.mountyhall.com/" "Mozilla/5.0 (Windows NT 10.0; Win64; x64) AppleWebKit/537.36 (KHTML, like Gecko) Chrome/87.0.4280.141 Safari/537.36"
48ed:9230:f81c:e6a6:e705:62d7:212:5a2 - - [22/Jan/2021:08:44:36 +0000] "GET / HTTP/1.1" 302 106 "https://www.google.com/" "Mozilla/5.0 (Linux; Android 8.0.0; SM-A520F) AppleWebKit/537.36 (KHTML, like Gecko) Chrome/87.0.4280.141 Mobile Safari/537.36"
48ed:9230:f81c:e6a6:e705:62d7:212:5a2 - - [22/Jan/2021:08:44:36 +0000] "GET /login HTTP/1.1" 304 0 "https://www.google.com/" "Mozilla/5.0 (Linux; Android 8.0.0; SM-A520F) AppleWebKit/537.36 (KHTML, like Gecko) Chrome/87.0.4280.141 Mobile Safari/537.36"
48ed:9230:f81c:e6a6:e705:62d7:212:5a2 - - [22/Jan/2021:08:44:37 +0000] "GET /auth/google HTTP/1.1" 302 0 "https://miaou.dystroy.org/login" "Mozilla/5.0 (Linux; Android 8.0.0; SM-A520F) AppleWebKit/537.36 (KHTML, like Gecko) Chrome/87.0.4280.141 Mobile Safari/537.36"
48ed:9230:f81c:e6a6:e705:62d7:212:5a2 - - [22/Jan/2021:08:44:38 +0000] "GET /auth/google/callback?state=li1e&code=bey1buz4k25vvyctg13k5crj5iz49ru8llg4b6p3unu10eiza8brdubd3vlwhc1anwam9mkws8m&scope=umhv4kz0xi8t5his5d1cobpdvdr0bu12ldxemhih7qns84aw3vad7isaa8qilwpmpzn6h60tgcv36xeje78jb22vflxlbpyp56xwfa4kss8s2194096q4ehvzfpmdx286vr7tpbw&authuser=3&prompt=npme HTTP/1.1" 302 96 "https://miaou.dystroy.org/login" "Mozilla/5.0 (Linux; Android 8.0.0; SM-A520F) AppleWebKit/537.36 (KHTML, like Gecko) Chrome/87.0.4280.141 Mobile Safari/537.36"
48ed:9230:f81c:e6a6:e705:62d7:212:5a2 - - [22/Jan/2021:08:44:38 +0000] "GET / HTTP/1.1" 302 106 "https://miaou.dystroy.org/login" "Mozilla/5.0 (Linux; Android 8.0.0; SM-A520F) AppleWebKit/537.36 (KHTML, like Gecko) Chrome/87.0.4280.141 Mobile Safari/537.36"
48ed:9230:f81c:e6a6:e705:62d7:212:5a2 - - [22/Jan/2021:08:44:38 +0000] "GET /rooms HTTP/1.1" 200 2956 "https://miaou.dystroy.org/login" "Mozilla/5.0 (Linux; Android 8.0.0; SM-A520F) AppleWebKit/537.36 (KHTML, like Gecko) Chrome/87.0.4280.141 Mobile Safari/537.36"
48ed:9230:f81c:e6a6:e705:62d7:212:5a2 - - [22/Jan/2021:08:44:39 +0000] "GET /json/rooms?pattern= HTTP/1.1" 200 8093 "https://miaou.dystroy.org/rooms" "Mozilla/5.0 (Linux; Android 8.0.0; SM-A520F) AppleWebKit/537.36 (KHTML, like Gecko) Chrome/87.0.4280.141 Mobile Safari/537.36"
48ed:9230:f81c:e6a6:e705:62d7:212:5a2 - - [22/Jan/2021:08:44:41 +0000] "GET /1616?troll_a_troll HTTP/1.1" 200 4875 "https://miaou.dystroy.org/rooms" "Mozilla/5.0 (Linux; Android 8.0.0; SM-A520F) AppleWebKit/537.36 (KHTML, like Gecko) Chrome/87.0.4280.141 Mobile Safari/537.36"
48ed:9230:f81c:e6a6:e705:62d7:212:5a2 - - [22/Jan/2021:08:44:41 +0000] "GET /socket.io/socket.io.js HTTP/1.1" 304 0 "https://miaou.dystroy.org/1616?troll_a_troll" "Mozilla/5.0 (Linux; Android 8.0.0; SM-A520F) AppleWebKit/537.36 (KHTML, like Gecko) Chrome/87.0.4280.141 Mobile Safari/537.36"
48ed:9230:f81c:e6a6:e705:62d7:212:5a2 - - [22/Jan/2021:08:44:42 +0000] "GET /socket.io/?EIO=y&transport=xkmoyoi&t=c67z10d HTTP/1.1" 200 99 "https://miaou.dystroy.org/1616?troll_a_troll" "Mozilla/5.0 (Linux; Android 8.0.0; SM-A520F) AppleWebKit/537.36 (KHTML, like Gecko) Chrome/87.0.4280.141 Mobile Safari/537.36"
48ed:9230:f81c:e6a6:e705:62d7:212:5a2 - - [22/Jan/2021:08:44:43 +0000] "GET /socket.io/?EIO=y&transport=xkmoyoi&t=0thfnxj&sid=wmgnr25urps8641v9j93 HTTP/1.1" 200 18 "https://miaou.dystroy.org/1616?troll_a_troll" "Mozilla/5.0 (Linux; Android 8.0.0; SM-A520F) AppleWebKit/537.36 (KHTML, like Gecko) Chrome/87.0.4280.141 Mobile Safari/537.36"
48ed:9230:f81c:e6a6:e705:62d7:212:5a2 - - [22/Jan/2021:08:44:43 +0000] "POST /socket.io/?EIO=y&transport=xkmoyoi&t=keo3rrr&sid=wmgnr25urps8641v9j93 HTTP/1.1" 200 2 "https://miaou.dystroy.org/1616?troll_a_troll" "Mozilla/5.0 (Linux; Android 8.0.0; SM-A520F) AppleWebKit/537.36 (KHTML, like Gecko) Chrome/87.0.4280.141 Mobile Safari/537.36"
48ed:9230:f81c:e6a6:e705:62d7:212:5a2 - - [22/Jan/2021:08:44:43 +0000] "GET /socket.io/?EIO=y&transport=xkmoyoi&t=089kp5i&sid=wmgnr25urps8641v9j93 HTTP/1.1" 200 21 "https://miaou.dystroy.org/1616?troll_a_troll" "Mozilla/5.0 (Linux; Android 8.0.0; SM-A520F) AppleWebKit/537.36 (KHTML, like Gecko) Chrome/87.0.4280.141 Mobile Safari/537.36"
96.41.81.97 - - [22/Jan/2021:08:44:43 +0000] "GET /gogo/json?action=bgc6r5eeshp5nu&trollId=0ttt53zmf HTTP/1.1" 200 88 "https://games.mountyhall.com/" "Mozilla/5.0 (Windows NT 10.0; Win64; x64) AppleWebKit/537.36 (KHTML, like Gecko) Chrome/87.0.4280.141 Safari/537.36"
96.41.81.97 - - [22/Jan/2021:08:44:46 +0000] "GET /gogo/json?action=mf331j19fcfriv57h&name=l7iz1eagr5dc4i4c2vwvi2zip25un00uy5ja0vubhu&monsterId=9gdr91d HTTP/1.1" 200 2630 "https://games.mountyhall.com/" "Mozilla/5.0 (Windows NT 10.0; Win64; x64) AppleWebKit/537.36 (KHTML, like Gecko) Chrome/87.0.4280.141 Safari/537.36"
96.41.81.97 - - [22/Jan/2021:08:44:46 +0000] "GET /gogo/json?action=mf331j19fcfriv57h&name=5izubs4i4zyh6wr3k2371v2jx9qcji63w6h9zaqqon52kc9kk13c7zl696owmawy9&monsterId=8mil7xa HTTP/1.1" 200 123 "https://games.mountyhall.com/" "Mozilla/5.0 (Windows NT 10.0; Win64; x64) AppleWebKit/537.36 (KHTML, like Gecko) Chrome/87.0.4280.141 Safari/537.36"
96.41.81.97 - - [22/Jan/2021:08:44:46 +0000] "GET /gogo/json?action=mf331j19fcfriv57h&name=q9h09rimu5j41x012ii9phztoy6gnf9ewf7ngtaxq7ducmmrnlvzw&monsterId=0ttt53zmf HTTP/1.1" 200 2563 "https://games.mountyhall.com/" "Mozilla/5.0 (Windows NT 10.0; Win64; x64) AppleWebKit/537.36 (KHTML, like Gecko) Chrome/87.0.4280.141 Safari/537.36"
96.41.81.97 - - [22/Jan/2021:08:44:47 +0000] "GET /gogo/json?action=mf331j19fcfriv57h&name=g0nsn378wlv52r3073pdby0pyz10xab1yb3qxeb202mbwavcn3208&monsterId=0ttt53zmf HTTP/1.1" 200 2664 "https://games.mountyhall.com/" "Mozilla/5.0 (Windows NT 10.0; Win64; x64) AppleWebKit/537.36 (KHTML, like Gecko) Chrome/87.0.4280.141 Safari/537.36"
96.41.81.97 - - [22/Jan/2021:08:44:47 +0000] "GET /gogo/json?action=mf331j19fcfriv57h&name=g0nsn378wlv52r3073pdby0pyz10xab1yb3qxeb202mbwavcn3208&monsterId=tkbg2jr HTTP/1.1" 200 2664 "https://games.mountyhall.com/" "Mozilla/5.0 (Windows NT 10.0; Win64; x64) AppleWebKit/537.36 (KHTML, like Gecko) Chrome/87.0.4280.141 Safari/537.36"
96.41.81.97 - - [22/Jan/2021:08:44:47 +0000] "GET /gogo/json?action=mf331j19fcfriv57h&name=g0nsn378wlv52r3073pdby0pyz10xab1yb3qxeb202mbwavcn3208&monsterId=tkbg2jr HTTP/1.1" 200 2664 "https://games.mountyhall.com/" "Mozilla/5.0 (Windows NT 10.0; Win64; x64) AppleWebKit/537.36 (KHTML, like Gecko) Chrome/87.0.4280.141 Safari/537.36"
96.41.81.97 - - [22/Jan/2021:08:44:49 +0000] "GET /gogo/json?action=mf331j19fcfriv57h&name=q9h09rimu5j41x012ii9phztoy6gnf9ewf7ngtaxq7ducmmrnlvzw&monsterId=tkbg2jr HTTP/1.1" 200 2563 "https://games.mountyhall.com/" "Mozilla/5.0 (Windows NT 10.0; Win64; x64) AppleWebKit/537.36 (KHTML, like Gecko) Chrome/87.0.4280.141 Safari/537.36"
96.41.81.97 - - [22/Jan/2021:08:44:49 +0000] "GET /gogo/json?action=mf331j19fcfriv57h&name=q9h09rimu5j41x012ii9phztoy6gnf9ewf7ngtaxq7ducmmrnlvzw&monsterId=tkbg2jr HTTP/1.1" 200 2563 "https://games.mountyhall.com/" "Mozilla/5.0 (Windows NT 10.0; Win64; x64) AppleWebKit/537.36 (KHTML, like Gecko) Chrome/87.0.4280.141 Safari/537.36"
96.41.81.97 - - [22/Jan/2021:08:44:49 +0000] "GET /gogo/json?action=mf331j19fcfriv57h&name=q9h09rimu5j41x012ii9phztoy6gnf9ewf7ngtaxq7ducmmrnlvzw&monsterId=tkbg2jr HTTP/1.1" 200 2563 "https://games.mountyhall.com/" "Mozilla/5.0 (Windows NT 10.0; Win64; x64) AppleWebKit/537.36 (KHTML, like Gecko) Chrome/87.0.4280.141 Safari/537.36"
96.41.81.97 - - [22/Jan/2021:08:44:49 +0000] "GET /gogo/json?action=mf331j19fcfriv57h&name=q9h09rimu5j41x012ii9phztoy6gnf9ewf7ngtaxq7ducmmrnlvzw&monsterId=tkbg2jr HTTP/1.1" 200 2563 "https://games.mountyhall.com/" "Mozilla/5.0 (Windows NT 10.0; Win64; x64) AppleWebKit/537.36 (KHTML, like Gecko) Chrome/87.0.4280.141 Safari/537.36"
48ed:9230:f81c:e6a6:e705:62d7:212:5a2 - - [22/Jan/2021:08:44:52 +0000] "GET /4017 HTTP/1.1" 200 5351 "https://miaou.dystroy.org/1616?troll_a_troll" "Mozilla/5.0 (Linux; Android 8.0.0; SM-A520F) AppleWebKit/537.36 (KHTML, like Gecko) Chrome/87.0.4280.141 Mobile Safari/537.36"
48ed:9230:f81c:e6a6:e705:62d7:212:5a2 - - [22/Jan/2021:08:44:52 +0000] "GET /socket.io/?EIO=y&transport=c0qucvma5&sid=wmgnr25urps8641v9j93 HTTP/1.1" 101 13531 "-" "Mozilla/5.0 (Linux; Android 8.0.0; SM-A520F) AppleWebKit/537.36 (KHTML, like Gecko) Chrome/87.0.4280.141 Mobile Safari/537.36"
48ed:9230:f81c:e6a6:e705:62d7:212:5a2 - - [22/Jan/2021:08:44:53 +0000] "GET /socket.io/socket.io.js HTTP/1.1" 304 0 "https://miaou.dystroy.org/4017" "Mozilla/5.0 (Linux; Android 8.0.0; SM-A520F) AppleWebKit/537.36 (KHTML, like Gecko) Chrome/87.0.4280.141 Mobile Safari/537.36"
48ed:9230:f81c:e6a6:e705:62d7:212:5a2 - - [22/Jan/2021:08:44:53 +0000] "GET /socket.io/?EIO=y&transport=xkmoyoi&t=qtxmtqn HTTP/1.1" 200 99 "https://miaou.dystroy.org/4017" "Mozilla/5.0 (Linux; Android 8.0.0; SM-A520F) AppleWebKit/537.36 (KHTML, like Gecko) Chrome/87.0.4280.141 Mobile Safari/537.36"
48ed:9230:f81c:e6a6:e705:62d7:212:5a2 - - [22/Jan/2021:08:44:54 +0000] "GET /socket.io/?EIO=y&transport=xkmoyoi&t=aww8fp0&sid=9hbzt6gfcyc5rtk6thjd HTTP/1.1" 200 18 "https://miaou.dystroy.org/4017" "Mozilla/5.0 (Linux; Android 8.0.0; SM-A520F) AppleWebKit/537.36 (KHTML, like Gecko) Chrome/87.0.4280.141 Mobile Safari/537.36"
48ed:9230:f81c:e6a6:e705:62d7:212:5a2 - - [22/Jan/2021:08:44:54 +0000] "POST /socket.io/?EIO=y&transport=xkmoyoi&t=15np4rg&sid=9hbzt6gfcyc5rtk6thjd HTTP/1.1" 200 2 "https://miaou.dystroy.org/4017" "Mozilla/5.0 (Linux; Android 8.0.0; SM-A520F) AppleWebKit/537.36 (KHTML, like Gecko) Chrome/87.0.4280.141 Mobile Safari/537.36"
48ed:9230:f81c:e6a6:e705:62d7:212:5a2 - - [22/Jan/2021:08:44:54 +0000] "GET /socket.io/?EIO=y&transport=xkmoyoi&t=s0vzh2o&sid=9hbzt6gfcyc5rtk6thjd HTTP/1.1" 200 34 "https://miaou.dystroy.org/4017" "Mozilla/5.0 (Linux; Android 8.0.0; SM-A520F) AppleWebKit/537.36 (KHTML, like Gecko) Chrome/87.0.4280.141 Mobile Safari/537.36"
96.41.81.97 - - [22/Jan/2021:08:44:55 +0000] "GET /gogo/json?action=mf331j19fcfriv57h&asker=wg844m&name=d1rp2lrksywo4p2y50g1xej3bbm4ns214mloqw5vh9s6ic4b&monsterId=jxrpwky HTTP/1.1" 200 114 "https://games.mountyhall.com/" "Mozilla/5.0 (Windows NT 10.0; Win64; x64) AppleWebKit/537.36 (KHTML, like Gecko) Chrome/87.0.4280.141 Safari/537.36"
96.41.81.97 - - [22/Jan/2021:08:44:57 +0000] "GET /gogo/json?action=mf331j19fcfriv57h&asker=wg844m&name=d1rp2lrksywo4p2y50g1xej3bbm4ns214mloqw5vh9s6ic4b&monsterId=jxrpwky HTTP/1.1" 200 114 "https://games.mountyhall.com/" "Mozilla/5.0 (Windows NT 10.0; Win64; x64) AppleWebKit/537.36 (KHTML, like Gecko) Chrome/87.0.4280.141 Safari/537.36"
96.41.81.97 - - [22/Jan/2021:08:45:00 +0000] "GET /gogo/json?action=mf331j19fcfriv57h&asker=wg844m&name=d1rp2lrksywo4p2y50g1xej3bbm4ns214mloqw5vh9s6ic4b&monsterId=jxrpwky HTTP/1.1" 200 114 "https://games.mountyhall.com/" "Mozilla/5.0 (Windows NT 10.0; Win64; x64) AppleWebKit/537.36 (KHTML, like Gecko) Chrome/87.0.4280.141 Safari/537.36"
96.41.81.97 - - [22/Jan/2021:08:45:01 +0000] "GET /gogo/json?action=mf331j19fcfriv57h&asker=wg844m&name=s4gwm2vgte6jku4lfjossi&monsterId=vr7wcv6 HTTP/1.1" 200 2366 "https://games.mountyhall.com/" "Mozilla/5.0 (Windows NT 10.0; Win64; x64) AppleWebKit/537.36 (KHTML, like Gecko) Chrome/87.0.4280.141 Safari/537.36"
96.41.81.97 - - [22/Jan/2021:08:45:01 +0000] "GET /gogo/json?action=mf331j19fcfriv57h&asker=wg844m&name=s4gwm2vgte6jku4lfjossi&monsterId=krjo9gs HTTP/1.1" 200 2366 "https://games.mountyhall.com/" "Mozilla/5.0 (Windows NT 10.0; Win64; x64) AppleWebKit/537.36 (KHTML, like Gecko) Chrome/87.0.4280.141 Safari/537.36"
96.41.81.97 - - [22/Jan/2021:08:45:01 +0000] "GET /gogo/json?action=mf331j19fcfriv57h&asker=wg844m&name=s4gwm2vgte6jku4lfjossi&monsterId=vr7wcv6 HTTP/1.1" 200 2366 "https://games.mountyhall.com/" "Mozilla/5.0 (Windows NT 10.0; Win64; x64) AppleWebKit/537.36 (KHTML, like Gecko) Chrome/87.0.4280.141 Safari/537.36"
96.41.81.97 - - [22/Jan/2021:08:45:01 +0000] "GET /gogo/json?action=mf331j19fcfriv57h&asker=wg844m&name=jwxbo4m3u8iav6itgyvqil2&monsterId=f3m094k HTTP/1.1" 200 2653 "https://games.mountyhall.com/" "Mozilla/5.0 (Windows NT 10.0; Win64; x64) AppleWebKit/537.36 (KHTML, like Gecko) Chrome/87.0.4280.141 Safari/537.36"
96.41.81.97 - - [22/Jan/2021:08:45:01 +0000] "GET /gogo/json?action=mf331j19fcfriv57h&asker=wg844m&name=d1rp2lrksywo4p2y50g1xej3bbm4ns214mloqw5vh9s6ic4b&monsterId=jxrpwky HTTP/1.1" 200 114 "https://games.mountyhall.com/" "Mozilla/5.0 (Windows NT 10.0; Win64; x64) AppleWebKit/537.36 (KHTML, like Gecko) Chrome/87.0.4280.141 Safari/537.36"
96.41.81.97 - - [22/Jan/2021:08:45:01 +0000] "GET /gogo/json?action=mf331j19fcfriv57h&asker=wg844m&name=qbj018vriww8j92ccz2&monsterId=j23s9cf HTTP/1.1" 200 2445 "https://games.mountyhall.com/" "Mozilla/5.0 (Windows NT 10.0; Win64; x64) AppleWebKit/537.36 (KHTML, like Gecko) Chrome/87.0.4280.141 Safari/537.36"
96.41.81.97 - - [22/Jan/2021:08:45:01 +0000] "GET /gogo/json?action=mf331j19fcfriv57h&asker=wg844m&name=bi2gwm6b3c9zm1tvcrj94gqlc92jbzapgyldl907pa6xinroxcvotkdfv&monsterId=xx2atip HTTP/1.1" 200 1402 "https://games.mountyhall.com/" "Mozilla/5.0 (Windows NT 10.0; Win64; x64) AppleWebKit/537.36 (KHTML, like Gecko) Chrome/87.0.4280.141 Safari/537.36"
96.41.81.97 - - [22/Jan/2021:08:45:01 +0000] "GET /gogo/json?action=mf331j19fcfriv57h&asker=wg844m&name=l7iz1eagr5dc4i4c2vwvi2zip25un00uy5ja0vubhu&monsterId=9gdr91d HTTP/1.1" 200 2630 "https://games.mountyhall.com/" "Mozilla/5.0 (Windows NT 10.0; Win64; x64) AppleWebKit/537.36 (KHTML, like Gecko) Chrome/87.0.4280.141 Safari/537.36"
96.41.81.97 - - [22/Jan/2021:08:45:01 +0000] "GET /gogo/json?action=mf331j19fcfriv57h&asker=wg844m&name=xezl1hbt1jd2jhhvrtyywa1bhfcm8m7tbw&monsterId=0p00pkm HTTP/1.1" 200 2470 "https://games.mountyhall.com/" "Mozilla/5.0 (Windows NT 10.0; Win64; x64) AppleWebKit/537.36 (KHTML, like Gecko) Chrome/87.0.4280.141 Safari/537.36"
96.41.81.97 - - [22/Jan/2021:08:45:01 +0000] "GET /gogo/json?action=mf331j19fcfriv57h&asker=wg844m&name=305yka29xrj8tybg2fwad2hsumnosdr9lkyqlphmmbpx2&monsterId=2hzxbdk HTTP/1.1" 200 2529 "https://games.mountyhall.com/" "Mozilla/5.0 (Windows NT 10.0; Win64; x64) AppleWebKit/537.36 (KHTML, like Gecko) Chrome/87.0.4280.141 Safari/537.36"
96.41.81.97 - - [22/Jan/2021:08:45:01 +0000] "GET /gogo/json?action=mf331j19fcfriv57h&asker=wg844m&name=q9h09rimu5j41x012ii9phztoy6gnf9ewf7ngtaxq7ducmmrnlvzw&monsterId=tkbg2jr HTTP/1.1" 200 2563 "https://games.mountyhall.com/" "Mozilla/5.0 (Windows NT 10.0; Win64; x64) AppleWebKit/537.36 (KHTML, like Gecko) Chrome/87.0.4280.141 Safari/537.36"
96.41.81.97 - - [22/Jan/2021:08:45:02 +0000] "GET /gogo/json?action=mf331j19fcfriv57h&asker=wg844m&name=5ggg0oc3hrmo05gw4jap7gmg54mrgz8tue29mchdf&monsterId=u2q6f1h HTTP/1.1" 200 2768 "https://games.mountyhall.com/" "Mozilla/5.0 (Windows NT 10.0; Win64; x64) AppleWebKit/537.36 (KHTML, like Gecko) Chrome/87.0.4280.141 Safari/537.36"
96.41.81.97 - - [22/Jan/2021:08:45:02 +0000] "GET /gogo/json?action=mf331j19fcfriv57h&asker=wg844m&name=cbepn0ojophcpp63mi6rlbxr9qauzj7vs8p9cvnqt09l1b&monsterId=dq1r2fk HTTP/1.1" 200 2792 "https://games.mountyhall.com/" "Mozilla/5.0 (Windows NT 10.0; Win64; x64) AppleWebKit/537.36 (KHTML, like Gecko) Chrome/87.0.4280.141 Safari/537.36"
